[INFO] cloning repository https://github.com/APLanguage/aplang-rs
[INFO] running `Command { std: "git" "-c" "credential.helper=" "-c" "credential.helper=/workspace/cargo-home/bin/git-credential-null" "clone" "--bare" "https://github.com/APLanguage/aplang-rs" "/workspace/cache/git-repos/https%3A%2F%2Fgithub.com%2FAPLanguage%2Faplang-rs", kill_on_drop: false }`
[INFO] [stderr] Cloning into bare repository '/workspace/cache/git-repos/https%3A%2F%2Fgithub.com%2FAPLanguage%2Faplang-rs'...
[INFO] running `Command { std: "git" "rev-parse" "HEAD", kill_on_drop: false }`
[INFO] [stdout] ba1d4a38c72a80c7807874322be51ac80c3f7628
[INFO] testing APLanguage/aplang-rs against 1.69.0 for beta-1.70-1
[INFO] running `Command { std: "git" "clone" "/workspace/cache/git-repos/https%3A%2F%2Fgithub.com%2FAPLanguage%2Faplang-rs" "/workspace/builds/worker-1-tc1/source", kill_on_drop: false }`
[INFO] [stderr] Cloning into '/workspace/builds/worker-1-tc1/source'...
[INFO] [stderr] done.
[INFO] validating manifest of git repo https://github.com/APLanguage/aplang-rs on toolchain 1.69.0
[INFO] running `Command { std: CARGO_HOME="/workspace/cargo-home" RUSTUP_HOME="/workspace/rustup-home" "/workspace/cargo-home/bin/cargo" "+1.69.0" "metadata" "--manifest-path" "Cargo.toml" "--no-deps", kill_on_drop: false }`
[INFO] started tweaking git repo https://github.com/APLanguage/aplang-rs
[INFO] finished tweaking git repo https://github.com/APLanguage/aplang-rs
[INFO] tweaked toml for git repo https://github.com/APLanguage/aplang-rs written to /workspace/builds/worker-1-tc1/source/Cargo.toml
[INFO] crate git repo https://github.com/APLanguage/aplang-rs already has a lockfile, it will not be regenerated
[INFO] running `Command { std: CARGO_HOME="/workspace/cargo-home" RUSTUP_HOME="/workspace/rustup-home" "/workspace/cargo-home/bin/cargo" "+1.69.0" "fetch" "--manifest-path" "Cargo.toml", kill_on_drop: false }`
[INFO] [stderr]  Downloading crates ...
[INFO] [stderr]   Downloaded logos-derive v0.13.0
[INFO] [stderr]   Downloaded logos-codegen v0.13.0
[INFO] [stderr]   Downloaded ariadne v0.2.0
[INFO] [stderr]   Downloaded chumsky v1.0.0-alpha.3
[INFO] [stderr]   Downloaded logos v0.13.0
[INFO] running `Command { std: "docker" "create" "-v" "/var/lib/crater-agent-workspace/builds/worker-1-tc1/target:/opt/rustwide/target:rw,Z" "-v" "/var/lib/crater-agent-workspace/builds/worker-1-tc1/source:/opt/rustwide/workdir:ro,Z" "-v" "/var/lib/crater-agent-workspace/cargo-home:/opt/rustwide/cargo-home:ro,Z" "-v" "/var/lib/crater-agent-workspace/rustup-home:/opt/rustwide/rustup-home:ro,Z" "-e" "SOURCE_DIR=/opt/rustwide/workdir" "-e" "CARGO_TARGET_DIR=/opt/rustwide/target" "-e" "CARGO_HOME=/opt/rustwide/cargo-home" "-e" "RUSTUP_HOME=/opt/rustwide/rustup-home" "-w" "/opt/rustwide/workdir" "-m" "1610612736" "--user" "0:0" "--network" "none" "ghcr.io/rust-lang/crates-build-env/linux@sha256:5ff2268d62e97bff2cde7d5815dd6ed5b47097566f13b8d0ca110b04b60e07ed" "/opt/rustwide/cargo-home/bin/cargo" "+1.69.0" "metadata" "--no-deps" "--format-version=1", kill_on_drop: false }`
[INFO] [stdout] 3a4809b5065c8b162375854afcc676ce5f503bf50993df50649e0e8ca553aec2
[INFO] running `Command { std: "docker" "start" "-a" "3a4809b5065c8b162375854afcc676ce5f503bf50993df50649e0e8ca553aec2", kill_on_drop: false }`
[INFO] running `Command { std: "docker" "inspect" "3a4809b5065c8b162375854afcc676ce5f503bf50993df50649e0e8ca553aec2", kill_on_drop: false }`
[INFO] running `Command { std: "docker" "rm" "-f" "3a4809b5065c8b162375854afcc676ce5f503bf50993df50649e0e8ca553aec2", kill_on_drop: false }`
[INFO] [stdout] 3a4809b5065c8b162375854afcc676ce5f503bf50993df50649e0e8ca553aec2
[INFO] running `Command { std: "docker" "create" "-v" "/var/lib/crater-agent-workspace/builds/worker-1-tc1/target:/opt/rustwide/target:rw,Z" "-v" "/var/lib/crater-agent-workspace/builds/worker-1-tc1/source:/opt/rustwide/workdir:ro,Z" "-v" "/var/lib/crater-agent-workspace/cargo-home:/opt/rustwide/cargo-home:ro,Z" "-v" "/var/lib/crater-agent-workspace/rustup-home:/opt/rustwide/rustup-home:ro,Z" "-e" "SOURCE_DIR=/opt/rustwide/workdir" "-e" "CARGO_TARGET_DIR=/opt/rustwide/target" "-e" "CARGO_INCREMENTAL=0" "-e" "RUST_BACKTRACE=full" "-e" "RUSTFLAGS=--cap-lints=warn" "-e" "RUSTDOCFLAGS=--cap-lints=warn" "-e" "CARGO_HOME=/opt/rustwide/cargo-home" "-e" "RUSTUP_HOME=/opt/rustwide/rustup-home" "-w" "/opt/rustwide/workdir" "-m" "1610612736" "--user" "0:0" "--network" "none" "ghcr.io/rust-lang/crates-build-env/linux@sha256:5ff2268d62e97bff2cde7d5815dd6ed5b47097566f13b8d0ca110b04b60e07ed" "/opt/rustwide/cargo-home/bin/cargo" "+1.69.0" "build" "--frozen" "--message-format=json", kill_on_drop: false }`
[INFO] [stdout] 8843c01edb0c13c2004f6c2493f6054b659d1d7cd349c57c68523ece491b5b16
[INFO] running `Command { std: "docker" "start" "-a" "8843c01edb0c13c2004f6c2493f6054b659d1d7cd349c57c68523ece491b5b16", kill_on_drop: false }`
[INFO] [stderr]    Compiling proc-macro2 v1.0.56
[INFO] [stderr]    Compiling libc v0.2.139
[INFO] [stderr]    Compiling ahash v0.8.3
[INFO] [stderr]    Compiling psm v0.1.21
[INFO] [stderr]    Compiling stacker v0.1.15
[INFO] [stderr]    Compiling beef v0.5.2
[INFO] [stderr]    Compiling once_cell v1.17.1
[INFO] [stderr]    Compiling fnv v1.0.7
[INFO] [stderr]    Compiling regex-syntax v0.6.28
[INFO] [stderr]    Compiling num-traits v0.2.15
[INFO] [stderr]    Compiling paste v1.0.12
[INFO] [stderr]    Compiling either v1.8.1
[INFO] [stderr]    Compiling unicode-width v0.1.10
[INFO] [stderr]    Compiling yansi v0.5.1
[INFO] [stderr]    Compiling hashbrown v0.13.2
[INFO] [stderr]    Compiling itertools v0.10.5
[INFO] [stderr]    Compiling quote v1.0.26
[INFO] [stderr]    Compiling ariadne v0.2.0
[INFO] [stderr]    Compiling syn v2.0.14
[INFO] [stderr]    Compiling chumsky v1.0.0-alpha.3
[INFO] [stderr]    Compiling logos-codegen v0.13.0
[INFO] [stderr]    Compiling logos-derive v0.13.0
[INFO] [stderr]    Compiling logos v0.13.0
[INFO] [stderr]    Compiling aplang v0.0.1 (/opt/rustwide/workdir)
[INFO] [stdout] error[E0554]: `#![feature]` may not be used on the stable release channel
[INFO] [stdout]  --> src/main.rs:3:1
[INFO] [stdout]   |
[INFO] [stdout] 3 | #![feature(min_specialization)]
[INFO] [stdout]   | ^^^^^^^^^^^^^^^^^^^^^^^^^^^^^^^
[INFO] [stdout] 
[INFO] [stdout] 
[INFO] [stdout] error[E0554]: `#![feature]` may not be used on the stable release channel
[INFO] [stdout]  --> src/main.rs:4:1
[INFO] [stdout]   |
[INFO] [stdout] 4 | #![feature(iter_intersperse)]
[INFO] [stdout]   | ^^^^^^^^^^^^^^^^^^^^^^^^^^^^^
[INFO] [stdout] 
[INFO] [stdout] 
[INFO] [stdout] error[E0554]: `#![feature]` may not be used on the stable release channel
[INFO] [stdout]  --> src/main.rs:5:1
[INFO] [stdout]   |
[INFO] [stdout] 5 | #![feature(associated_type_defaults)]
[INFO] [stdout]   | ^^^^^^^^^^^^^^^^^^^^^^^^^^^^^^^^^^^^^
[INFO] [stdout] 
[INFO] [stdout] 
[INFO] [stdout] error[E0554]: `#![feature]` may not be used on the stable release channel
[INFO] [stdout]  --> src/main.rs:6:1
[INFO] [stdout]   |
[INFO] [stdout] 6 | #![feature(trait_alias)]
[INFO] [stdout]   | ^^^^^^^^^^^^^^^^^^^^^^^^
[INFO] [stdout] 
[INFO] [stdout] 
[INFO] [stdout] error[E0554]: `#![feature]` may not be used on the stable release channel
[INFO] [stdout]  --> src/main.rs:7:1
[INFO] [stdout]   |
[INFO] [stdout] 7 | #![feature(return_position_impl_trait_in_trait)]
[INFO] [stdout]   | ^^^^^^^^^^^^^^^^^^^^^^^^^^^^^^^^^^^^^^^^^^^^^^^^
[INFO] [stdout] 
[INFO] [stdout] 
[INFO] [stdout] error[E0658]: use of unstable library feature 'once_cell'
[INFO] [stdout]  --> src/parsing/literals/number.rs:3:5
[INFO] [stdout]   |
[INFO] [stdout] 3 |     sync::OnceLock,
[INFO] [stdout]   |     ^^^^^^^^^^^^^^
[INFO] [stdout]   |
[INFO] [stdout]   = note: see issue #74465 <https://github.com/rust-lang/rust/issues/74465> for more information
[INFO] [stdout] 
[INFO] [stdout] 
[INFO] [stdout] error[E0658]: use of unstable library feature 'once_cell'
[INFO] [stdout]    --> src/parsing/literals/number.rs:111:22
[INFO] [stdout]     |
[INFO] [stdout] 111 | static NUMBER_REGEX: OnceLock<Regex> = OnceLock::new();
[INFO] [stdout]     |                      ^^^^^^^^^^^^^^^
[INFO] [stdout]     |
[INFO] [stdout]     = note: see issue #74465 <https://github.com/rust-lang/rust/issues/74465> for more information
[INFO] [stdout] 
[INFO] [stdout] 
[INFO] [stdout] error[E0658]: use of unstable library feature 'once_cell'
[INFO] [stdout]    --> src/parsing/literals/number.rs:111:40
[INFO] [stdout]     |
[INFO] [stdout] 111 | static NUMBER_REGEX: OnceLock<Regex> = OnceLock::new();
[INFO] [stdout]     |                                        ^^^^^^^^
[INFO] [stdout]     |
[INFO] [stdout]     = note: see issue #74465 <https://github.com/rust-lang/rust/issues/74465> for more information
[INFO] [stdout] 
[INFO] [stdout] 
[INFO] [stdout] error[E0554]: `#![feature]` may not be used on the stable release channel
[INFO] [stdout]  --> src/main.rs:4:12
[INFO] [stdout]   |
[INFO] [stdout] 4 | #![feature(iter_intersperse)]
[INFO] [stdout]   |            ^^^^^^^^^^^^^^^^
[INFO] [stdout] 
[INFO] [stdout] 
[INFO] [stdout] error[E0658]: use of unstable library feature 'once_cell'
[INFO] [stdout]    --> src/parsing/literals/number.rs:111:40
[INFO] [stdout]     |
[INFO] [stdout] 111 | static NUMBER_REGEX: OnceLock<Regex> = OnceLock::new();
[INFO] [stdout]     |                                        ^^^^^^^^^^^^^
[INFO] [stdout]     |
[INFO] [stdout]     = note: see issue #74465 <https://github.com/rust-lang/rust/issues/74465> for more information
[INFO] [stdout] 
[INFO] [stdout] 
[INFO] [stdout] error[E0658]: use of unstable library feature 'once_cell'
[INFO] [stdout]    --> src/parsing/literals/number.rs:114:39
[INFO] [stdout]     |
[INFO] [stdout] 114 |     let Some(captures) = NUMBER_REGEX.get_or_init(|| {
[INFO] [stdout]     |                                       ^^^^^^^^^^^
[INFO] [stdout]     |
[INFO] [stdout]     = note: see issue #74465 <https://github.com/rust-lang/rust/issues/74465> for more information
[INFO] [stdout] 
[INFO] [stdout] 
[INFO] [stdout] error: aborting due to 11 previous errors
[INFO] [stdout] 
[INFO] [stdout] 
[INFO] [stdout] Some errors have detailed explanations: E0554, E0658.
[INFO] [stdout] 
[INFO] [stdout] For more information about an error, try `rustc --explain E0554`.
[INFO] [stdout] 
[INFO] [stderr] error: could not compile `aplang` due to 12 previous errors
[INFO] running `Command { std: "docker" "inspect" "8843c01edb0c13c2004f6c2493f6054b659d1d7cd349c57c68523ece491b5b16", kill_on_drop: false }`
[INFO] running `Command { std: "docker" "rm" "-f" "8843c01edb0c13c2004f6c2493f6054b659d1d7cd349c57c68523ece491b5b16", kill_on_drop: false }`
[INFO] [stdout] 8843c01edb0c13c2004f6c2493f6054b659d1d7cd349c57c68523ece491b5b16
