[INFO] cloning repository https://github.com/12101111/nettest
[INFO] running `Command { std: "git" "-c" "credential.helper=" "-c" "credential.helper=/workspace/cargo-home/bin/git-credential-null" "clone" "--bare" "https://github.com/12101111/nettest" "/workspace/cache/git-repos/https%3A%2F%2Fgithub.com%2F12101111%2Fnettest", kill_on_drop: false }`
[INFO] [stderr] Cloning into bare repository '/workspace/cache/git-repos/https%3A%2F%2Fgithub.com%2F12101111%2Fnettest'...
[INFO] running `Command { std: "git" "rev-parse" "HEAD", kill_on_drop: false }`
[INFO] [stdout] d4b9346115df8a42fe5269c9dac33bb8ec3638cd
[INFO] testing 12101111/nettest against beta-2023-04-20 for beta-1.70-1
[INFO] running `Command { std: "git" "clone" "/workspace/cache/git-repos/https%3A%2F%2Fgithub.com%2F12101111%2Fnettest" "/workspace/builds/worker-4-tc2/source", kill_on_drop: false }`
[INFO] [stderr] Cloning into '/workspace/builds/worker-4-tc2/source'...
[INFO] [stderr] done.
[INFO] validating manifest of git repo https://github.com/12101111/nettest on toolchain beta-2023-04-20
[INFO] running `Command { std: CARGO_HOME="/workspace/cargo-home" RUSTUP_HOME="/workspace/rustup-home" "/workspace/cargo-home/bin/cargo" "+beta-2023-04-20" "metadata" "--manifest-path" "Cargo.toml" "--no-deps", kill_on_drop: false }`
[INFO] started tweaking git repo https://github.com/12101111/nettest
[INFO] finished tweaking git repo https://github.com/12101111/nettest
[INFO] tweaked toml for git repo https://github.com/12101111/nettest written to /workspace/builds/worker-4-tc2/source/Cargo.toml
[INFO] crate git repo https://github.com/12101111/nettest already has a lockfile, it will not be regenerated
[INFO] running `Command { std: CARGO_HOME="/workspace/cargo-home" RUSTUP_HOME="/workspace/rustup-home" "/workspace/cargo-home/bin/cargo" "+beta-2023-04-20" "fetch" "--manifest-path" "Cargo.toml", kill_on_drop: false }`
[INFO] [stderr] warning: patch for the non root package will be ignored, specify patch at the workspace root:
[INFO] [stderr] package:   /workspace/builds/worker-4-tc2/source/server/Cargo.toml
[INFO] [stderr] workspace: /workspace/builds/worker-4-tc2/source/Cargo.toml
[INFO] [stderr]     Updating crates.io index
[INFO] [stderr]  Downloading crates ...
[INFO] [stderr]   Downloaded wepoll-sys v2.0.0
[INFO] [stderr]   Downloaded piper v0.1.3
[INFO] [stderr]   Downloaded pin-project-internal v0.4.20
[INFO] [stderr]   Downloaded pin-project v0.4.20
[INFO] [stderr]   Downloaded kv-log-macro v1.0.6
[INFO] [stderr]   Downloaded scoped-tls-hkt v0.1.2
[INFO] [stderr]   Downloaded smol v0.1.11
[INFO] [stderr]   Downloaded crossbeam-queue v0.2.2
[INFO] [stderr]   Downloaded wepoll-binding v2.0.2
[INFO] [stderr]   Downloaded async-std v1.6.0
[INFO] [stderr]   Downloaded quiche v0.4.0
[INFO] running `Command { std: "docker" "create" "-v" "/var/lib/crater-agent-workspace/builds/worker-4-tc2/target:/opt/rustwide/target:rw,Z" "-v" "/var/lib/crater-agent-workspace/builds/worker-4-tc2/source:/opt/rustwide/workdir:ro,Z" "-v" "/var/lib/crater-agent-workspace/cargo-home:/opt/rustwide/cargo-home:ro,Z" "-v" "/var/lib/crater-agent-workspace/rustup-home:/opt/rustwide/rustup-home:ro,Z" "-e" "SOURCE_DIR=/opt/rustwide/workdir" "-e" "CARGO_TARGET_DIR=/opt/rustwide/target" "-e" "CARGO_HOME=/opt/rustwide/cargo-home" "-e" "RUSTUP_HOME=/opt/rustwide/rustup-home" "-w" "/opt/rustwide/workdir" "-m" "1610612736" "--user" "0:0" "--network" "none" "ghcr.io/rust-lang/crates-build-env/linux@sha256:5ff2268d62e97bff2cde7d5815dd6ed5b47097566f13b8d0ca110b04b60e07ed" "/opt/rustwide/cargo-home/bin/cargo" "+beta-2023-04-20" "metadata" "--no-deps" "--format-version=1", kill_on_drop: false }`
[INFO] [stdout] 6f9e0ab38dbfc93d33f353758ac805565de43b253d654aef15d9e1d11a6826e5
[INFO] running `Command { std: "docker" "start" "-a" "6f9e0ab38dbfc93d33f353758ac805565de43b253d654aef15d9e1d11a6826e5", kill_on_drop: false }`
[INFO] running `Command { std: "docker" "inspect" "6f9e0ab38dbfc93d33f353758ac805565de43b253d654aef15d9e1d11a6826e5", kill_on_drop: false }`
[INFO] running `Command { std: "docker" "rm" "-f" "6f9e0ab38dbfc93d33f353758ac805565de43b253d654aef15d9e1d11a6826e5", kill_on_drop: false }`
[INFO] [stdout] 6f9e0ab38dbfc93d33f353758ac805565de43b253d654aef15d9e1d11a6826e5
[INFO] running `Command { std: "docker" "create" "-v" "/var/lib/crater-agent-workspace/builds/worker-4-tc2/target:/opt/rustwide/target:rw,Z" "-v" "/var/lib/crater-agent-workspace/builds/worker-4-tc2/source:/opt/rustwide/workdir:ro,Z" "-v" "/var/lib/crater-agent-workspace/cargo-home:/opt/rustwide/cargo-home:ro,Z" "-v" "/var/lib/crater-agent-workspace/rustup-home:/opt/rustwide/rustup-home:ro,Z" "-e" "SOURCE_DIR=/opt/rustwide/workdir" "-e" "CARGO_TARGET_DIR=/opt/rustwide/target" "-e" "CARGO_INCREMENTAL=0" "-e" "RUST_BACKTRACE=full" "-e" "RUSTFLAGS=--cap-lints=warn" "-e" "RUSTDOCFLAGS=--cap-lints=warn" "-e" "CARGO_HOME=/opt/rustwide/cargo-home" "-e" "RUSTUP_HOME=/opt/rustwide/rustup-home" "-w" "/opt/rustwide/workdir" "-m" "1610612736" "--user" "0:0" "--network" "none" "ghcr.io/rust-lang/crates-build-env/linux@sha256:5ff2268d62e97bff2cde7d5815dd6ed5b47097566f13b8d0ca110b04b60e07ed" "/opt/rustwide/cargo-home/bin/cargo" "+beta-2023-04-20" "build" "--frozen" "--message-format=json", kill_on_drop: false }`
[INFO] [stdout] c03e635017c4e05103455155efd196ce24fdac4c5ab2ea602d46823eb438eaaf
[INFO] running `Command { std: "docker" "start" "-a" "c03e635017c4e05103455155efd196ce24fdac4c5ab2ea602d46823eb438eaaf", kill_on_drop: false }`
[INFO] [stderr] warning: patch for the non root package will be ignored, specify patch at the workspace root:
[INFO] [stderr] package:   /opt/rustwide/workdir/server/Cargo.toml
[INFO] [stderr] workspace: /opt/rustwide/workdir/Cargo.toml
[INFO] [stderr]    Compiling libc v0.2.71
[INFO] [stderr]    Compiling proc-macro2 v1.0.18
[INFO] [stderr]    Compiling unicode-xid v0.2.0
[INFO] [stderr]    Compiling version_check v0.9.2
[INFO] [stderr]    Compiling cfg-if v0.1.10
[INFO] [stderr]    Compiling syn v1.0.30
[INFO] [stderr]    Compiling cc v1.0.54
[INFO] [stderr]    Compiling getrandom v0.1.14
[INFO] [stderr]    Compiling autocfg v1.0.0
[INFO] [stderr]    Compiling log v0.4.8
[INFO] [stderr]    Compiling unicode-segmentation v1.6.0
[INFO] [stderr]    Compiling libm v0.2.1
[INFO] [stderr]    Compiling anyhow v1.0.31
[INFO] [stderr]    Compiling once_cell v1.4.0
[INFO] [stderr]    Compiling unicode-width v0.1.7
[INFO] [stderr]    Compiling vec_map v0.8.2
[INFO] [stderr]    Compiling termcolor v1.1.0
[INFO] [stderr]    Compiling textwrap v0.11.0
[INFO] [stderr]    Compiling os_str_bytes v2.3.1
[INFO] [stderr]    Compiling proc-macro-error-attr v0.4.12
[INFO] [stderr]    Compiling proc-macro-error v0.4.12
[INFO] [stderr]    Compiling indexmap v1.4.0
[INFO] [stderr]    Compiling heck v0.3.1
[INFO] [stderr]    Compiling cmake v0.1.44
[INFO] [stderr]    Compiling ring v0.16.14
[INFO] [stderr]    Compiling quiche v0.4.0
[INFO] [stderr]    Compiling quote v1.0.7
[INFO] [stderr]    Compiling atty v0.2.14
[INFO] [stderr]    Compiling socket2 v0.3.12 (https://github.com/alexcrichton/socket2-rs.git#32969e53)
[INFO] [stderr]    Compiling rand_core v0.5.1 (https://github.com/rust-random/rand.git#2c2fbd64)
[INFO] [stderr]    Compiling rand v0.7.4 (https://github.com/rust-random/rand.git#2c2fbd64)
[INFO] [stderr]    Compiling rand_xoshiro v0.4.0
[INFO] [stderr]    Compiling syn-mid v0.5.0
[INFO] [stderr] error: failed to run custom build command for `quiche v0.4.0`
[INFO] [stderr] note: To improve backtraces for build dependencies, set the CARGO_PROFILE_DEV_BUILD_OVERRIDE_DEBUG=true environment variable to enable debug information generation.
[INFO] [stderr] 
[INFO] [stderr] Caused by:
[INFO] [stderr]   process didn't exit successfully: `/opt/rustwide/target/debug/build/quiche-1b67f41c397f739f/build-script-build` (exit status: 101)
[INFO] [stderr]   --- stdout
[INFO] [stderr]   running: cd "/opt/rustwide/target/debug/build/quiche-f0a68dd9408cbf02/out/build" && CMAKE_PREFIX_PATH="" "cmake" "/opt/rustwide/cargo-home/registry/src/index.crates.io-6f17d22bba15001f/quiche-0.4.0/deps/boringssl" "-DCMAKE_INSTALL_PREFIX=/opt/rustwide/target/debug/build/quiche-f0a68dd9408cbf02/out" "-DCMAKE_C_FLAGS= -ffunction-sections -fdata-sections -fPIC -m64" "-DCMAKE_C_COMPILER=/usr/bin/cc" "-DCMAKE_CXX_FLAGS= -ffunction-sections -fdata-sections -fPIC -m64" "-DCMAKE_CXX_COMPILER=/usr/bin/c++" "-DCMAKE_ASM_FLAGS= -ffunction-sections -fdata-sections -fPIC -m64" "-DCMAKE_ASM_COMPILER=/usr/bin/cc" "-DCMAKE_BUILD_TYPE=Debug"
[INFO] [stderr]   -- The C compiler identification is GNU 11.3.0
[INFO] [stderr]   -- Detecting C compiler ABI info
[INFO] [stderr]   -- Detecting C compiler ABI info - done
[INFO] [stderr]   -- Check for working C compiler: /usr/bin/cc - skipped
[INFO] [stderr]   -- Detecting C compile features
[INFO] [stderr]   -- Detecting C compile features - done
[INFO] [stderr]   -- The CXX compiler identification is GNU 11.3.0
[INFO] [stderr]   -- Detecting CXX compiler ABI info
[INFO] [stderr]   -- Detecting CXX compiler ABI info - done
[INFO] [stderr]   -- Check for working CXX compiler: /usr/bin/c++ - skipped
[INFO] [stderr]   -- Detecting CXX compile features
[INFO] [stderr]   -- Detecting CXX compile features - done
[INFO] [stderr]   -- Found Perl: /usr/bin/perl (found version "5.34.0") 
[INFO] [stderr]   -- Checking for module 'libunwind-generic'
[INFO] [stderr]   --   Found libunwind-generic, version 1.3.2
[INFO] [stderr]   -- The ASM compiler identification is GNU
[INFO] [stderr]   -- Found assembler: /usr/bin/cc
[INFO] [stderr]   -- Configuring done
[INFO] [stderr]   -- Generating done
[INFO] [stderr]   -- Build files have been written to: /opt/rustwide/target/debug/build/quiche-f0a68dd9408cbf02/out/build
[INFO] [stderr]   running: cd "/opt/rustwide/target/debug/build/quiche-f0a68dd9408cbf02/out/build" && MAKEFLAGS="-j --jobserver-fds=7,8 --jobserver-auth=7,8" "cmake" "--build" "." "--target" "bssl" "--config" "Debug" "--"
[INFO] [stderr]   [  0%] Built target global_target
[INFO] [stderr]   [  0%] Generating aesni-gcm-x86_64.S
[INFO] [stderr]   [  0%] Generating x86_64-mont5.S
[INFO] [stderr]   [  0%] Generating ghash-ssse3-x86_64.S
[INFO] [stderr]   [  1%] Generating aesni-x86_64.S
[INFO] [stderr]   [  1%] Generating ghash-x86_64.S
[INFO] [stderr]   [  1%] Generating md5-x86_64.S
[INFO] [stderr]   [  1%] Generating p256-x86_64-asm.S
[INFO] [stderr]   [  1%] Generating rsaz-avx2.S
[INFO] [stderr]   [  1%] Generating sha1-x86_64.S
[INFO] [stderr]   [  2%] Generating p256_beeu-x86_64-asm.S
[INFO] [stderr]   [  4%] Generating sha256-x86_64.S
[INFO] [stderr]   [  4%] Generating rdrand-x86_64.S
[INFO] [stderr]   [  4%] Generating sha512-x86_64.S
[INFO] [stderr]   [  4%] Generating vpaes-x86_64.S
[INFO] [stderr]   [  4%] Generating x86_64-mont.S
[INFO] [stderr]   Scanning dependencies of target fipsmodule
[INFO] [stderr]   [  6%] Building ASM object crypto/fipsmodule/CMakeFiles/fipsmodule.dir/aesni-x86_64.S.o
[INFO] [stderr]   [  6%] Building C object crypto/fipsmodule/CMakeFiles/fipsmodule.dir/bcm.c.o
[INFO] [stderr]   [  6%] Building ASM object crypto/fipsmodule/CMakeFiles/fipsmodule.dir/aesni-gcm-x86_64.S.o
[INFO] [stderr]   [  6%] Building C object crypto/fipsmodule/CMakeFiles/fipsmodule.dir/fips_shared_support.c.o
[INFO] [stderr]   [  6%] Building C object crypto/fipsmodule/CMakeFiles/fipsmodule.dir/is_fips.c.o
[INFO] [stderr]   [  6%] Building ASM object crypto/fipsmodule/CMakeFiles/fipsmodule.dir/ghash-x86_64.S.o
[INFO] [stderr]   [  6%] Building ASM object crypto/fipsmodule/CMakeFiles/fipsmodule.dir/md5-x86_64.S.o
[INFO] [stderr]   [  6%] Building ASM object crypto/fipsmodule/CMakeFiles/fipsmodule.dir/p256-x86_64-asm.S.o
[INFO] [stderr]   [  6%] Building ASM object crypto/fipsmodule/CMakeFiles/fipsmodule.dir/rdrand-x86_64.S.o
[INFO] [stderr]   [  8%] Building ASM object crypto/fipsmodule/CMakeFiles/fipsmodule.dir/ghash-ssse3-x86_64.S.o
[INFO] [stderr]   [  8%] Building ASM object crypto/fipsmodule/CMakeFiles/fipsmodule.dir/p256_beeu-x86_64-asm.S.o
[INFO] [stderr]   [  8%] Building ASM object crypto/fipsmodule/CMakeFiles/fipsmodule.dir/rsaz-avx2.S.o
[INFO] [stderr]   [  8%] Building ASM object crypto/fipsmodule/CMakeFiles/fipsmodule.dir/sha1-x86_64.S.o
[INFO] [stderr]   [  9%] Building ASM object crypto/fipsmodule/CMakeFiles/fipsmodule.dir/sha256-x86_64.S.o
[INFO] [stderr]   [  9%] Building ASM object crypto/fipsmodule/CMakeFiles/fipsmodule.dir/sha512-x86_64.S.o
[INFO] [stderr]   [  9%] Building ASM object crypto/fipsmodule/CMakeFiles/fipsmodule.dir/x86_64-mont5.S.o
[INFO] [stderr]   [  9%] Building ASM object crypto/fipsmodule/CMakeFiles/fipsmodule.dir/x86_64-mont.S.o
[INFO] [stderr]   [  9%] Building ASM object crypto/fipsmodule/CMakeFiles/fipsmodule.dir/vpaes-x86_64.S.o
[INFO] [stderr] 
[INFO] [stderr]   --- stderr
[INFO] [stderr]   In file included from /opt/rustwide/cargo-home/registry/src/index.crates.io-6f17d22bba15001f/quiche-0.4.0/deps/boringssl/crypto/fipsmodule/bcm.c:38:
[INFO] [stderr]   /opt/rustwide/cargo-home/registry/src/index.crates.io-6f17d22bba15001f/quiche-0.4.0/deps/boringssl/crypto/fipsmodule/bn/asm/x86_64-gcc.c:427:51: error: argument 2 of type 'const uint64_t[8]' {aka 'const long unsigned int[8]'} with mismatched bound [-Werror=array-parameter=]
[INFO] [stderr]     427 | void bn_sqr_comba8(BN_ULONG r[16], const BN_ULONG a[8]) {
[INFO] [stderr]         |                                    ~~~~~~~~~~~~~~~^~~~
[INFO] [stderr]   In file included from /opt/rustwide/cargo-home/registry/src/index.crates.io-6f17d22bba15001f/quiche-0.4.0/deps/boringssl/crypto/fipsmodule/bn/add.c:64,
[INFO] [stderr]                    from /opt/rustwide/cargo-home/registry/src/index.crates.io-6f17d22bba15001f/quiche-0.4.0/deps/boringssl/crypto/fipsmodule/bcm.c:37:
[INFO] [stderr]   /opt/rustwide/cargo-home/registry/src/index.crates.io-6f17d22bba15001f/quiche-0.4.0/deps/boringssl/crypto/fipsmodule/bn/internal.h:292:51: note: previously declared as 'const uint64_t[4]' {aka 'const long unsigned int[4]'}
[INFO] [stderr]     292 | void bn_sqr_comba8(BN_ULONG r[16], const BN_ULONG a[4]);
[INFO] [stderr]         |                                    ~~~~~~~~~~~~~~~^~~~
[INFO] [stderr]   In file included from /opt/rustwide/cargo-home/registry/src/index.crates.io-6f17d22bba15001f/quiche-0.4.0/deps/boringssl/crypto/fipsmodule/bcm.c:101:
[INFO] [stderr]   /opt/rustwide/cargo-home/registry/src/index.crates.io-6f17d22bba15001f/quiche-0.4.0/deps/boringssl/crypto/fipsmodule/sha/sha256.c: In function 'SHA224_Final':
[INFO] [stderr]   /opt/rustwide/cargo-home/registry/src/index.crates.io-6f17d22bba15001f/quiche-0.4.0/deps/boringssl/crypto/fipsmodule/sha/sha256.c:122:10: error: 'SHA256_Final' accessing 32 bytes in a region of size 28 [-Werror=stringop-overflow=]
[INFO] [stderr]     122 |   return SHA256_Final(out, ctx);
[INFO] [stderr]         |          ^~~~~~~~~~~~~~~~~~~~~~
[INFO] [stderr]   /opt/rustwide/cargo-home/registry/src/index.crates.io-6f17d22bba15001f/quiche-0.4.0/deps/boringssl/crypto/fipsmodule/sha/sha256.c:122:10: note: referencing argument 1 of type 'uint8_t *' {aka 'unsigned char *'}
[INFO] [stderr]   /opt/rustwide/cargo-home/registry/src/index.crates.io-6f17d22bba15001f/quiche-0.4.0/deps/boringssl/crypto/fipsmodule/sha/sha256.c:172:20: note: in a call to function 'SHA256_Final'
[INFO] [stderr]     172 | #define HASH_FINAL SHA256_Final
[INFO] [stderr]         |                    ^~~~~~~~~~~~
[INFO] [stderr]   /opt/rustwide/cargo-home/registry/src/index.crates.io-6f17d22bba15001f/quiche-0.4.0/deps/boringssl/crypto/fipsmodule/sha/../digest/md32_common.h:231:5: note: in expansion of macro 'HASH_FINAL'
[INFO] [stderr]     231 | int HASH_FINAL(uint8_t out[HASH_DIGEST_LENGTH], HASH_CTX *c) {
[INFO] [stderr]         |     ^~~~~~~~~~
[INFO] [stderr]   In file included from /opt/rustwide/cargo-home/registry/src/index.crates.io-6f17d22bba15001f/quiche-0.4.0/deps/boringssl/crypto/fipsmodule/bcm.c:102:
[INFO] [stderr]   /opt/rustwide/cargo-home/registry/src/index.crates.io-6f17d22bba15001f/quiche-0.4.0/deps/boringssl/crypto/fipsmodule/sha/sha512.c: In function 'SHA512_256':
[INFO] [stderr]   /opt/rustwide/cargo-home/registry/src/index.crates.io-6f17d22bba15001f/quiche-0.4.0/deps/boringssl/crypto/fipsmodule/sha/sha512.c:150:3: error: 'SHA512_Final' accessing 64 bytes in a region of size 32 [-Werror=stringop-overflow=]
[INFO] [stderr]     150 |   SHA512_Final(out, &ctx);
[INFO] [stderr]         |   ^~~~~~~~~~~~~~~~~~~~~~~
[INFO] [stderr]   /opt/rustwide/cargo-home/registry/src/index.crates.io-6f17d22bba15001f/quiche-0.4.0/deps/boringssl/crypto/fipsmodule/sha/sha512.c:150:3: note: referencing argument 1 of type 'uint8_t *' {aka 'unsigned char *'}
[INFO] [stderr]   /opt/rustwide/cargo-home/registry/src/index.crates.io-6f17d22bba15001f/quiche-0.4.0/deps/boringssl/crypto/fipsmodule/sha/sha512.c:234:5: note: in a call to function 'SHA512_Final'
[INFO] [stderr]     234 | int SHA512_Final(uint8_t out[SHA512_DIGEST_LENGTH], SHA512_CTX *sha) {
[INFO] [stderr]         |     ^~~~~~~~~~~~
[INFO] [stderr]   /opt/rustwide/cargo-home/registry/src/index.crates.io-6f17d22bba15001f/quiche-0.4.0/deps/boringssl/crypto/fipsmodule/sha/sha512.c: In function 'SHA384_Final':
[INFO] [stderr]   /opt/rustwide/cargo-home/registry/src/index.crates.io-6f17d22bba15001f/quiche-0.4.0/deps/boringssl/crypto/fipsmodule/sha/sha512.c:164:10: error: 'SHA512_Final' accessing 64 bytes in a region of size 48 [-Werror=stringop-overflow=]
[INFO] [stderr]     164 |   return SHA512_Final(out, sha);
[INFO] [stderr]         |          ^~~~~~~~~~~~~~~~~~~~~~
[INFO] [stderr]   /opt/rustwide/cargo-home/registry/src/index.crates.io-6f17d22bba15001f/quiche-0.4.0/deps/boringssl/crypto/fipsmodule/sha/sha512.c:164:10: note: referencing argument 1 of type 'uint8_t *' {aka 'unsigned char *'}
[INFO] [stderr]   /opt/rustwide/cargo-home/registry/src/index.crates.io-6f17d22bba15001f/quiche-0.4.0/deps/boringssl/crypto/fipsmodule/sha/sha512.c:234:5: note: in a call to function 'SHA512_Final'
[INFO] [stderr]     234 | int SHA512_Final(uint8_t out[SHA512_DIGEST_LENGTH], SHA512_CTX *sha) {
[INFO] [stderr]         |     ^~~~~~~~~~~~
[INFO] [stderr]   /opt/rustwide/cargo-home/registry/src/index.crates.io-6f17d22bba15001f/quiche-0.4.0/deps/boringssl/crypto/fipsmodule/sha/sha512.c: In function 'SHA512_256_Final':
[INFO] [stderr]   /opt/rustwide/cargo-home/registry/src/index.crates.io-6f17d22bba15001f/quiche-0.4.0/deps/boringssl/crypto/fipsmodule/sha/sha512.c:179:10: error: 'SHA512_Final' accessing 64 bytes in a region of size 32 [-Werror=stringop-overflow=]
[INFO] [stderr]     179 |   return SHA512_Final(out, sha);
[INFO] [stderr]         |          ^~~~~~~~~~~~~~~~~~~~~~
[INFO] [stderr]   /opt/rustwide/cargo-home/registry/src/index.crates.io-6f17d22bba15001f/quiche-0.4.0/deps/boringssl/crypto/fipsmodule/sha/sha512.c:179:10: note: referencing argument 1 of type 'uint8_t *' {aka 'unsigned char *'}
[INFO] [stderr]   /opt/rustwide/cargo-home/registry/src/index.crates.io-6f17d22bba15001f/quiche-0.4.0/deps/boringssl/crypto/fipsmodule/sha/sha512.c:234:5: note: in a call to function 'SHA512_Final'
[INFO] [stderr]     234 | int SHA512_Final(uint8_t out[SHA512_DIGEST_LENGTH], SHA512_CTX *sha) {
[INFO] [stderr]         |     ^~~~~~~~~~~~
[INFO] [stderr]   cc1: all warnings being treated as errors
[INFO] [stderr]   gmake[3]: *** [crypto/fipsmodule/CMakeFiles/fipsmodule.dir/build.make:256: crypto/fipsmodule/CMakeFiles/fipsmodule.dir/bcm.c.o] Error 1
[INFO] [stderr]   gmake[2]: *** [CMakeFiles/Makefile2:482: crypto/fipsmodule/CMakeFiles/fipsmodule.dir/all] Error 2
[INFO] [stderr]   gmake[1]: *** [CMakeFiles/Makefile2:685: tool/CMakeFiles/bssl.dir/rule] Error 2
[INFO] [stderr]   gmake: *** [Makefile:319: bssl] Error 2
[INFO] [stderr]   thread 'main' panicked at '
[INFO] [stderr]   command did not execute successfully, got: exit status: 2
[INFO] [stderr] 
[INFO] [stderr]   build script failed, must exit now', /opt/rustwide/cargo-home/registry/src/index.crates.io-6f17d22bba15001f/cmake-0.1.44/src/lib.rs:885:5
[INFO] [stderr]   stack backtrace:
[INFO] [stderr]      0:     0x5607671473ba - std::backtrace_rs::backtrace::libunwind::trace::h2f05d0192276a8f6
[INFO] [stderr]                                  at /rustc/1b7dd2252b99671ce5d1cb9664c5f8636329436d/library/std/src/../../backtrace/src/backtrace/libunwind.rs:93:5
[INFO] [stderr]      1:     0x5607671473ba - std::backtrace_rs::backtrace::trace_unsynchronized::hedc23dff7a1af150
[INFO] [stderr]                                  at /rustc/1b7dd2252b99671ce5d1cb9664c5f8636329436d/library/std/src/../../backtrace/src/backtrace/mod.rs:66:5
[INFO] [stderr]      2:     0x5607671473ba - std::sys_common::backtrace::_print_fmt::h17541ef7592f3ce2
[INFO] [stderr]                                  at /rustc/1b7dd2252b99671ce5d1cb9664c5f8636329436d/library/std/src/sys_common/backtrace.rs:65:5
[INFO] [stderr]      3:     0x5607671473ba - <std::sys_common::backtrace::_print::DisplayBacktrace as core::fmt::Display>::fmt::h20f75df5ab0c0792
[INFO] [stderr]                                  at /rustc/1b7dd2252b99671ce5d1cb9664c5f8636329436d/library/std/src/sys_common/backtrace.rs:44:22
[INFO] [stderr]      4:     0x56076716753f - core::fmt::write::h78109e6f466b3af6
[INFO] [stderr]                                  at /rustc/1b7dd2252b99671ce5d1cb9664c5f8636329436d/library/core/src/fmt/mod.rs:1254:17
[INFO] [stderr]      5:     0x5607671444c5 - std::io::Write::write_fmt::hc59e1b02dd273c8a
[INFO] [stderr]                                  at /rustc/1b7dd2252b99671ce5d1cb9664c5f8636329436d/library/std/src/io/mod.rs:1698:15
[INFO] [stderr]      6:     0x560767147185 - std::sys_common::backtrace::_print::h8dac57a9f8fbf9a5
[INFO] [stderr]                                  at /rustc/1b7dd2252b99671ce5d1cb9664c5f8636329436d/library/std/src/sys_common/backtrace.rs:47:5
[INFO] [stderr]      7:     0x560767147185 - std::sys_common::backtrace::print::hf9ecbf41d1aa712f
[INFO] [stderr]                                  at /rustc/1b7dd2252b99671ce5d1cb9664c5f8636329436d/library/std/src/sys_common/backtrace.rs:34:9
[INFO] [stderr]      8:     0x56076714892e - std::panicking::default_hook::{{closure}}::h04c07acfc84ca028
[INFO] [stderr]                                  at /rustc/1b7dd2252b99671ce5d1cb9664c5f8636329436d/library/std/src/panicking.rs:269:22
[INFO] [stderr]      9:     0x5607671486d5 - std::panicking::default_hook::h01f6bb23e1eceb2c
[INFO] [stderr]                                  at /rustc/1b7dd2252b99671ce5d1cb9664c5f8636329436d/library/std/src/panicking.rs:288:9
[INFO] [stderr]     10:     0x560767148e8e - std::panicking::rust_panic_with_hook::h2bb3722bbaf2f6df
[INFO] [stderr]                                  at /rustc/1b7dd2252b99671ce5d1cb9664c5f8636329436d/library/std/src/panicking.rs:691:13
[INFO] [stderr]     11:     0x560767148d89 - std::panicking::begin_panic_handler::{{closure}}::h91bc7f36a4be011b
[INFO] [stderr]                                  at /rustc/1b7dd2252b99671ce5d1cb9664c5f8636329436d/library/std/src/panicking.rs:582:13
[INFO] [stderr]     12:     0x560767147826 - std::sys_common::backtrace::__rust_end_short_backtrace::h8b3d3717114f9e59
[INFO] [stderr]                                  at /rustc/1b7dd2252b99671ce5d1cb9664c5f8636329436d/library/std/src/sys_common/backtrace.rs:150:18
[INFO] [stderr]     13:     0x560767148ae2 - rust_begin_unwind
[INFO] [stderr]                                  at /rustc/1b7dd2252b99671ce5d1cb9664c5f8636329436d/library/std/src/panicking.rs:578:5
[INFO] [stderr]     14:     0x5607670e2783 - core::panicking::panic_fmt::hfd368e3fbdabea26
[INFO] [stderr]                                  at /rustc/1b7dd2252b99671ce5d1cb9664c5f8636329436d/library/core/src/panicking.rs:67:14
[INFO] [stderr]     15:     0x5607670edc8f - cmake::fail::h80f6c9a6022296c3
[INFO] [stderr]     16:     0x5607670ed6f3 - cmake::run::ha3635a198a412b2a
[INFO] [stderr]     17:     0x5607670eadd5 - cmake::Config::build::hb857e4caf693ffa8
[INFO] [stderr]     18:     0x5607670e6813 - build_script_build::main::{{closure}}::h249d9837dbc1ca65
[INFO] [stderr]     19:     0x5607670e313e - core::result::Result<T,E>::unwrap_or_else::h9b4c3012867e9b04
[INFO] [stderr]     20:     0x5607670e6256 - build_script_build::main::hcc5efb8efb30cc24
[INFO] [stderr]     21:     0x5607670e6993 - core::ops::function::FnOnce::call_once::hc302ac3dc1419252
[INFO] [stderr]     22:     0x5607670e49c6 - std::sys_common::backtrace::__rust_begin_short_backtrace::h5b04043dd7b493a2
[INFO] [stderr]     23:     0x5607670e4959 - std::rt::lang_start::{{closure}}::h982c072d9243a7d3
[INFO] [stderr]     24:     0x560767140b5e - core::ops::function::impls::<impl core::ops::function::FnOnce<A> for &F>::call_once::h2eb19b8ce4148df4
[INFO] [stderr]                                  at /rustc/1b7dd2252b99671ce5d1cb9664c5f8636329436d/library/core/src/ops/function.rs:287:13
[INFO] [stderr]     25:     0x560767140b5e - std::panicking::try::do_call::h2e900feff5d504c5
[INFO] [stderr]                                  at /rustc/1b7dd2252b99671ce5d1cb9664c5f8636329436d/library/std/src/panicking.rs:485:40
[INFO] [stderr]     26:     0x560767140b5e - std::panicking::try::h8854836cb85aa9f2
[INFO] [stderr]                                  at /rustc/1b7dd2252b99671ce5d1cb9664c5f8636329436d/library/std/src/panicking.rs:449:19
[INFO] [stderr]     27:     0x560767140b5e - std::panic::catch_unwind::h706025dd4c48f64b
[INFO] [stderr]                                  at /rustc/1b7dd2252b99671ce5d1cb9664c5f8636329436d/library/std/src/panic.rs:140:14
[INFO] [stderr]     28:     0x560767140b5e - std::rt::lang_start_internal::{{closure}}::h7be5b97f4a07a91a
[INFO] [stderr]                                  at /rustc/1b7dd2252b99671ce5d1cb9664c5f8636329436d/library/std/src/rt.rs:148:48
[INFO] [stderr]     29:     0x560767140b5e - std::panicking::try::do_call::h59847e9d0a176965
[INFO] [stderr]                                  at /rustc/1b7dd2252b99671ce5d1cb9664c5f8636329436d/library/std/src/panicking.rs:485:40
[INFO] [stderr]     30:     0x560767140b5e - std::panicking::try::h399a918ba8522823
[INFO] [stderr]                                  at /rustc/1b7dd2252b99671ce5d1cb9664c5f8636329436d/library/std/src/panicking.rs:449:19
[INFO] [stderr]     31:     0x560767140b5e - std::panic::catch_unwind::hca7ca6c55b2a2e26
[INFO] [stderr]                                  at /rustc/1b7dd2252b99671ce5d1cb9664c5f8636329436d/library/std/src/panic.rs:140:14
[INFO] [stderr]     32:     0x560767140b5e - std::rt::lang_start_internal::h2c807a81560459eb
[INFO] [stderr]                                  at /rustc/1b7dd2252b99671ce5d1cb9664c5f8636329436d/library/std/src/rt.rs:148:20
[INFO] [stderr]     33:     0x5607670e4937 - std::rt::lang_start::hdc4141c9cd68493c
[INFO] [stderr]     34:     0x5607670e6935 - main
[INFO] [stderr]     35:     0x7f234872bd90 - <unknown>
[INFO] [stderr]     36:     0x7f234872be40 - __libc_start_main
[INFO] [stderr]     37:     0x5607670e2cb5 - _start
[INFO] [stderr]     38:                0x0 - <unknown>
[INFO] [stderr] warning: build failed, waiting for other jobs to finish...
[INFO] running `Command { std: "docker" "inspect" "c03e635017c4e05103455155efd196ce24fdac4c5ab2ea602d46823eb438eaaf", kill_on_drop: false }`
[INFO] running `Command { std: "docker" "rm" "-f" "c03e635017c4e05103455155efd196ce24fdac4c5ab2ea602d46823eb438eaaf", kill_on_drop: false }`
[INFO] [stdout] c03e635017c4e05103455155efd196ce24fdac4c5ab2ea602d46823eb438eaaf
