[INFO] cloning repository https://github.com/11bthornton/methinks-it-is-a-weasel
[INFO] running `Command { std: "git" "-c" "credential.helper=" "-c" "credential.helper=/workspace/cargo-home/bin/git-credential-null" "clone" "--bare" "https://github.com/11bthornton/methinks-it-is-a-weasel" "/workspace/cache/git-repos/https%3A%2F%2Fgithub.com%2F11bthornton%2Fmethinks-it-is-a-weasel", kill_on_drop: false }`
[INFO] [stderr] Cloning into bare repository '/workspace/cache/git-repos/https%3A%2F%2Fgithub.com%2F11bthornton%2Fmethinks-it-is-a-weasel'...
[INFO] running `Command { std: "git" "rev-parse" "HEAD", kill_on_drop: false }`
[INFO] [stdout] f335429a766111fcd82e0522ce3c194cac497327
[INFO] testing 11bthornton/methinks-it-is-a-weasel against 1.69.0 for beta-1.70-1
[INFO] running `Command { std: "git" "clone" "/workspace/cache/git-repos/https%3A%2F%2Fgithub.com%2F11bthornton%2Fmethinks-it-is-a-weasel" "/workspace/builds/worker-5-tc1/source", kill_on_drop: false }`
[INFO] [stderr] Cloning into '/workspace/builds/worker-5-tc1/source'...
[INFO] [stderr] done.
[INFO] validating manifest of git repo https://github.com/11bthornton/methinks-it-is-a-weasel on toolchain 1.69.0
[INFO] running `Command { std: CARGO_HOME="/workspace/cargo-home" RUSTUP_HOME="/workspace/rustup-home" "/workspace/cargo-home/bin/cargo" "+1.69.0" "metadata" "--manifest-path" "Cargo.toml" "--no-deps", kill_on_drop: false }`
[INFO] started tweaking git repo https://github.com/11bthornton/methinks-it-is-a-weasel
[INFO] finished tweaking git repo https://github.com/11bthornton/methinks-it-is-a-weasel
[INFO] tweaked toml for git repo https://github.com/11bthornton/methinks-it-is-a-weasel written to /workspace/builds/worker-5-tc1/source/Cargo.toml
[INFO] crate git repo https://github.com/11bthornton/methinks-it-is-a-weasel already has a lockfile, it will not be regenerated
[INFO] running `Command { std: CARGO_HOME="/workspace/cargo-home" RUSTUP_HOME="/workspace/rustup-home" "/workspace/cargo-home/bin/cargo" "+1.69.0" "fetch" "--manifest-path" "Cargo.toml", kill_on_drop: false }`
[INFO] running `Command { std: "docker" "create" "-v" "/var/lib/crater-agent-workspace/builds/worker-5-tc1/target:/opt/rustwide/target:rw,Z" "-v" "/var/lib/crater-agent-workspace/builds/worker-5-tc1/source:/opt/rustwide/workdir:ro,Z" "-v" "/var/lib/crater-agent-workspace/cargo-home:/opt/rustwide/cargo-home:ro,Z" "-v" "/var/lib/crater-agent-workspace/rustup-home:/opt/rustwide/rustup-home:ro,Z" "-e" "SOURCE_DIR=/opt/rustwide/workdir" "-e" "CARGO_TARGET_DIR=/opt/rustwide/target" "-e" "CARGO_HOME=/opt/rustwide/cargo-home" "-e" "RUSTUP_HOME=/opt/rustwide/rustup-home" "-w" "/opt/rustwide/workdir" "-m" "1610612736" "--user" "0:0" "--network" "none" "ghcr.io/rust-lang/crates-build-env/linux@sha256:5ff2268d62e97bff2cde7d5815dd6ed5b47097566f13b8d0ca110b04b60e07ed" "/opt/rustwide/cargo-home/bin/cargo" "+1.69.0" "metadata" "--no-deps" "--format-version=1", kill_on_drop: false }`
[INFO] [stdout] 40fd397bab9774fad3a8c4dc620f85cbabb668bfd00b59f3914f9a628e4f0b39
[INFO] running `Command { std: "docker" "start" "-a" "40fd397bab9774fad3a8c4dc620f85cbabb668bfd00b59f3914f9a628e4f0b39", kill_on_drop: false }`
[INFO] running `Command { std: "docker" "inspect" "40fd397bab9774fad3a8c4dc620f85cbabb668bfd00b59f3914f9a628e4f0b39", kill_on_drop: false }`
[INFO] running `Command { std: "docker" "rm" "-f" "40fd397bab9774fad3a8c4dc620f85cbabb668bfd00b59f3914f9a628e4f0b39", kill_on_drop: false }`
[INFO] [stdout] 40fd397bab9774fad3a8c4dc620f85cbabb668bfd00b59f3914f9a628e4f0b39
[INFO] running `Command { std: "docker" "create" "-v" "/var/lib/crater-agent-workspace/builds/worker-5-tc1/target:/opt/rustwide/target:rw,Z" "-v" "/var/lib/crater-agent-workspace/builds/worker-5-tc1/source:/opt/rustwide/workdir:ro,Z" "-v" "/var/lib/crater-agent-workspace/cargo-home:/opt/rustwide/cargo-home:ro,Z" "-v" "/var/lib/crater-agent-workspace/rustup-home:/opt/rustwide/rustup-home:ro,Z" "-e" "SOURCE_DIR=/opt/rustwide/workdir" "-e" "CARGO_TARGET_DIR=/opt/rustwide/target" "-e" "CARGO_INCREMENTAL=0" "-e" "RUST_BACKTRACE=full" "-e" "RUSTFLAGS=--cap-lints=warn" "-e" "RUSTDOCFLAGS=--cap-lints=warn" "-e" "CARGO_HOME=/opt/rustwide/cargo-home" "-e" "RUSTUP_HOME=/opt/rustwide/rustup-home" "-w" "/opt/rustwide/workdir" "-m" "1610612736" "--user" "0:0" "--network" "none" "ghcr.io/rust-lang/crates-build-env/linux@sha256:5ff2268d62e97bff2cde7d5815dd6ed5b47097566f13b8d0ca110b04b60e07ed" "/opt/rustwide/cargo-home/bin/cargo" "+1.69.0" "build" "--frozen" "--message-format=json", kill_on_drop: false }`
[INFO] [stdout] b09cddf0d46891251f9f2e0134aaa124b561e5d4c95949323ac2a1ad5a5bdf44
[INFO] running `Command { std: "docker" "start" "-a" "b09cddf0d46891251f9f2e0134aaa124b561e5d4c95949323ac2a1ad5a5bdf44", kill_on_drop: false }`
[INFO] [stderr]    Compiling libc v0.2.117
[INFO] [stderr]    Compiling getrandom v0.2.4
[INFO] [stderr]    Compiling rand_core v0.6.3
[INFO] [stderr]    Compiling rand_chacha v0.3.1
[INFO] [stderr]    Compiling rand v0.8.4
[INFO] [stderr]    Compiling geneticalgorithm v0.1.0 (/opt/rustwide/workdir)
[INFO] [stdout] error[E0554]: `#![feature]` may not be used on the stable release channel
[INFO] [stdout]  --> src/main.rs:1:12
[INFO] [stdout]   |
[INFO] [stdout] 1 | #![feature(array_zip)]
[INFO] [stdout]   |            ^^^^^^^^^
[INFO] [stdout] 
[INFO] [stdout] 
[INFO] [stdout] error[E0308]: mismatched types
[INFO] [stdout]   --> src/main.rs:23:5
[INFO] [stdout]    |
[INFO] [stdout] 17 | fn demo<T>(v: Vec<T>) -> [T; 23] where T: Copy {
[INFO] [stdout]    |                          ------- expected `[T; 23]` because of return type
[INFO] [stdout] ...
[INFO] [stdout] 23 |     array
[INFO] [stdout]    |     ^^^^^ expected an array with a fixed size of 23 elements, found one with 38 elements
[INFO] [stdout]    |
[INFO] [stdout]    = note: expected array `[T; 23]`
[INFO] [stdout]               found array `[T; 38]`
[INFO] [stdout] 
[INFO] [stdout] 
[INFO] [stdout] error[E0308]: mismatched types
[INFO] [stdout]   --> src/main.rs:80:11
[INFO] [stdout]    |
[INFO] [stdout] 80 |             chars: chars
[INFO] [stdout]    |                    ^^^^^ expected an array with a fixed size of 23 elements, found one with 38 elements
[INFO] [stdout] 
[INFO] [stdout] 
[INFO] [stdout] error: aborting due to 3 previous errors
[INFO] [stdout] 
[INFO] [stdout] 
[INFO] [stdout] Some errors have detailed explanations: E0308, E0554.
[INFO] [stdout] 
[INFO] [stdout] For more information about an error, try `rustc --explain E0308`.
[INFO] [stdout] 
[INFO] [stderr] error: could not compile `geneticalgorithm` due to 4 previous errors
[INFO] running `Command { std: "docker" "inspect" "b09cddf0d46891251f9f2e0134aaa124b561e5d4c95949323ac2a1ad5a5bdf44", kill_on_drop: false }`
[INFO] running `Command { std: "docker" "rm" "-f" "b09cddf0d46891251f9f2e0134aaa124b561e5d4c95949323ac2a1ad5a5bdf44", kill_on_drop: false }`
[INFO] [stdout] b09cddf0d46891251f9f2e0134aaa124b561e5d4c95949323ac2a1ad5a5bdf44
