[INFO] fetching crate rad1o-firmware 0.0.0...
[INFO] testing rad1o-firmware-0.0.0 against 1.69.0 for beta-1.70-1
[INFO] extracting crate rad1o-firmware 0.0.0 into /workspace/builds/worker-5-tc1/source
[INFO] validating manifest of crates.io crate rad1o-firmware 0.0.0 on toolchain 1.69.0
[INFO] running `Command { std: CARGO_HOME="/workspace/cargo-home" RUSTUP_HOME="/workspace/rustup-home" "/workspace/cargo-home/bin/cargo" "+1.69.0" "metadata" "--manifest-path" "Cargo.toml" "--no-deps", kill_on_drop: false }`
[INFO] started tweaking crates.io crate rad1o-firmware 0.0.0
[INFO] finished tweaking crates.io crate rad1o-firmware 0.0.0
[INFO] tweaked toml for crates.io crate rad1o-firmware 0.0.0 written to /workspace/builds/worker-5-tc1/source/Cargo.toml
[INFO] running `Command { std: CARGO_HOME="/workspace/cargo-home" RUSTUP_HOME="/workspace/rustup-home" __CARGO_TEST_CHANNEL_OVERRIDE_DO_NOT_USE_THIS="nightly" "/workspace/cargo-home/bin/cargo" "+1.69.0" "generate-lockfile" "--manifest-path" "Cargo.toml" "-Zno-index-update", kill_on_drop: false }`
[INFO] running `Command { std: CARGO_HOME="/workspace/cargo-home" RUSTUP_HOME="/workspace/rustup-home" "/workspace/cargo-home/bin/cargo" "+1.69.0" "fetch" "--manifest-path" "Cargo.toml", kill_on_drop: false }`
[INFO] [stderr]  Downloading crates ...
[INFO] [stderr]   Downloaded cortex-m-rt v0.5.7
[INFO] [stderr]   Downloaded cortex-m-rt-macros v0.6.15
[INFO] [stderr]   Downloaded cortex-m-rt v0.6.15
[INFO] [stderr]   Downloaded lpc43xx v0.1.0
[INFO] [stderr]   Downloaded core_io v0.1.20210325
[INFO] [stderr]   Downloaded lpc43xx-hal v0.0.0
[INFO] [stderr]   Downloaded fatfs v0.2.0
[INFO] [stderr]   Downloaded vga-framebuffer v0.2.1
[INFO] [stderr]   Downloaded console-traits v0.2.0
[INFO] running `Command { std: "docker" "create" "-v" "/var/lib/crater-agent-workspace/builds/worker-5-tc1/target:/opt/rustwide/target:rw,Z" "-v" "/var/lib/crater-agent-workspace/builds/worker-5-tc1/source:/opt/rustwide/workdir:ro,Z" "-v" "/var/lib/crater-agent-workspace/cargo-home:/opt/rustwide/cargo-home:ro,Z" "-v" "/var/lib/crater-agent-workspace/rustup-home:/opt/rustwide/rustup-home:ro,Z" "-e" "SOURCE_DIR=/opt/rustwide/workdir" "-e" "CARGO_TARGET_DIR=/opt/rustwide/target" "-e" "CARGO_HOME=/opt/rustwide/cargo-home" "-e" "RUSTUP_HOME=/opt/rustwide/rustup-home" "-w" "/opt/rustwide/workdir" "-m" "1610612736" "--user" "0:0" "--network" "none" "ghcr.io/rust-lang/crates-build-env/linux@sha256:5ff2268d62e97bff2cde7d5815dd6ed5b47097566f13b8d0ca110b04b60e07ed" "/opt/rustwide/cargo-home/bin/cargo" "+1.69.0" "metadata" "--no-deps" "--format-version=1", kill_on_drop: false }`
[INFO] [stdout] 1278a587010d6a4e9664b57148c87301a20879ef6e2b06069c46abcd1ffadbaf
[INFO] running `Command { std: "docker" "start" "-a" "1278a587010d6a4e9664b57148c87301a20879ef6e2b06069c46abcd1ffadbaf", kill_on_drop: false }`
[INFO] running `Command { std: "docker" "inspect" "1278a587010d6a4e9664b57148c87301a20879ef6e2b06069c46abcd1ffadbaf", kill_on_drop: false }`
[INFO] running `Command { std: "docker" "rm" "-f" "1278a587010d6a4e9664b57148c87301a20879ef6e2b06069c46abcd1ffadbaf", kill_on_drop: false }`
[INFO] [stdout] 1278a587010d6a4e9664b57148c87301a20879ef6e2b06069c46abcd1ffadbaf
[INFO] running `Command { std: "docker" "create" "-v" "/var/lib/crater-agent-workspace/builds/worker-5-tc1/target:/opt/rustwide/target:rw,Z" "-v" "/var/lib/crater-agent-workspace/builds/worker-5-tc1/source:/opt/rustwide/workdir:ro,Z" "-v" "/var/lib/crater-agent-workspace/cargo-home:/opt/rustwide/cargo-home:ro,Z" "-v" "/var/lib/crater-agent-workspace/rustup-home:/opt/rustwide/rustup-home:ro,Z" "-e" "SOURCE_DIR=/opt/rustwide/workdir" "-e" "CARGO_TARGET_DIR=/opt/rustwide/target" "-e" "CARGO_INCREMENTAL=0" "-e" "RUST_BACKTRACE=full" "-e" "RUSTFLAGS=--cap-lints=warn" "-e" "RUSTDOCFLAGS=--cap-lints=warn" "-e" "CARGO_HOME=/opt/rustwide/cargo-home" "-e" "RUSTUP_HOME=/opt/rustwide/rustup-home" "-w" "/opt/rustwide/workdir" "-m" "1610612736" "--user" "0:0" "--network" "none" "ghcr.io/rust-lang/crates-build-env/linux@sha256:5ff2268d62e97bff2cde7d5815dd6ed5b47097566f13b8d0ca110b04b60e07ed" "/opt/rustwide/cargo-home/bin/cargo" "+1.69.0" "build" "--frozen" "--message-format=json", kill_on_drop: false }`
[INFO] [stdout] d3d03229ded86b93c4d084f59920929ffba9065d1ddb268632f5485e7fda637f
[INFO] running `Command { std: "docker" "start" "-a" "d3d03229ded86b93c4d084f59920929ffba9065d1ddb268632f5485e7fda637f", kill_on_drop: false }`
[INFO] [stderr]    Compiling typenum v1.16.0
[INFO] [stderr]    Compiling semver-parser v0.7.0
[INFO] [stderr]    Compiling proc-macro2 v1.0.56
[INFO] [stderr]    Compiling version_check v0.9.4
[INFO] [stderr]    Compiling unicode-ident v1.0.8
[INFO] [stderr]    Compiling quote v1.0.26
[INFO] [stderr]    Compiling syn v1.0.109
[INFO] [stderr]    Compiling nb v1.1.0
[INFO] [stderr]    Compiling cortex-m v0.7.7
[INFO] [stderr]    Compiling nb v0.1.3
[INFO] [stderr]    Compiling stable_deref_trait v1.2.0
[INFO] [stderr]    Compiling semver v0.9.0
[INFO] [stderr]    Compiling generic-array v0.14.7
[INFO] [stderr]    Compiling void v1.0.2
[INFO] [stderr]    Compiling vcell v0.1.3
[INFO] [stderr]    Compiling embedded-hal v0.2.7
[INFO] [stderr]    Compiling cortex-m v0.6.7
[INFO] [stderr]    Compiling volatile-register v0.2.1
[INFO] [stderr]    Compiling bitfield v0.13.2
[INFO] [stderr]    Compiling rustc_version v0.2.3
[INFO] [stderr]    Compiling cortex-m-rt v0.6.15
[INFO] [stderr]    Compiling semver v0.1.20
[INFO] [stderr]    Compiling log v0.4.17
[INFO] [stderr]    Compiling cortex-m v0.5.11
[INFO] [stderr]    Compiling r0 v0.2.2
[INFO] [stderr]    Compiling bare-metal v0.2.5
[INFO] [stderr]    Compiling aligned v0.2.0
[INFO] [stderr]    Compiling rustc_version v0.1.7
[INFO] [stderr]    Compiling lpc43xx v0.1.0
[INFO] [stderr]    Compiling rad1o-firmware v0.0.0 (/opt/rustwide/workdir)
[INFO] [stderr]    Compiling generic-array v0.13.3
[INFO] [stderr]    Compiling generic-array v0.12.4
[INFO] [stderr]    Compiling core_io v0.1.20210325
[INFO] [stderr]    Compiling log v0.3.9
[INFO] [stderr]    Compiling byteorder v1.4.3
[INFO] [stderr]    Compiling console-traits v0.2.0
[INFO] [stderr]    Compiling vga-framebuffer v0.2.1
[INFO] [stderr]    Compiling fatfs v0.2.0
[INFO] [stderr]    Compiling as-slice v0.1.5
[INFO] [stdout] error[E0557]: feature has been removed
[INFO] [stdout]   --> /opt/rustwide/cargo-home/registry/src/github.com-1ecc6299db9ec823/vga-framebuffer-0.2.1/src/lib.rs:41:12
[INFO] [stdout]    |
[INFO] [stdout] 41 | #![feature(const_fn)]
[INFO] [stdout]    |            ^^^^^^^^ feature has been removed
[INFO] [stdout]    |
[INFO] [stdout]    = note: split into finer-grained feature gates
[INFO] [stdout] 
[INFO] [stdout] 
[INFO] [stdout] error: aborting due to previous error
[INFO] [stdout] 
[INFO] [stdout] 
[INFO] [stdout] For more information about this error, try `rustc --explain E0557`.
[INFO] [stdout] 
[INFO] [stderr] error: could not compile `vga-framebuffer` due to 2 previous errors
[INFO] [stderr] warning: build failed, waiting for other jobs to finish...
[INFO] [stdout] error[E0308]: mismatched types
[INFO] [stdout]    --> /opt/rustwide/cargo-home/registry/src/github.com-1ecc6299db9ec823/fatfs-0.2.0/src/dir_entry.rs:151:9
[INFO] [stdout]     |
[INFO] [stdout] 149 |     pub(crate) fn reset_created(&mut self) {
[INFO] [stdout]     |                                            - expected `()` because of default return type
[INFO] [stdout] 150 |         // nop - user controls timestamps manually
[INFO] [stdout] 151 |         false
[INFO] [stdout]     |         ^^^^^ expected `()`, found `bool`
[INFO] [stdout] 
[INFO] [stdout] 
[INFO] [stdout] error[E0308]: mismatched types
[INFO] [stdout]    --> /opt/rustwide/cargo-home/registry/src/github.com-1ecc6299db9ec823/fatfs-0.2.0/src/dir_entry.rs:163:9
[INFO] [stdout]     |
[INFO] [stdout] 161 |     pub(crate) fn reset_modified(&mut self) {
[INFO] [stdout]     |                                             - expected `()` because of default return type
[INFO] [stdout] 162 |         // nop - user controls timestamps manually
[INFO] [stdout] 163 |         false
[INFO] [stdout]     |         ^^^^^ expected `()`, found `bool`
[INFO] [stdout] 
[INFO] [stdout] 
[INFO] [stdout] error: aborting due to 2 previous errors
[INFO] [stdout] 
[INFO] [stdout] 
[INFO] [stdout] For more information about this error, try `rustc --explain E0308`.
[INFO] [stdout] 
[INFO] [stderr] error: could not compile `fatfs` due to 3 previous errors
[INFO] running `Command { std: "docker" "inspect" "d3d03229ded86b93c4d084f59920929ffba9065d1ddb268632f5485e7fda637f", kill_on_drop: false }`
[INFO] running `Command { std: "docker" "rm" "-f" "d3d03229ded86b93c4d084f59920929ffba9065d1ddb268632f5485e7fda637f", kill_on_drop: false }`
[INFO] [stdout] d3d03229ded86b93c4d084f59920929ffba9065d1ddb268632f5485e7fda637f
