[INFO] fetching crate ra_ap_syntax 0.0.149...
[INFO] testing ra_ap_syntax-0.0.149 against 1.69.0 for beta-1.70-1
[INFO] extracting crate ra_ap_syntax 0.0.149 into /workspace/builds/worker-5-tc1/source
[INFO] validating manifest of crates.io crate ra_ap_syntax 0.0.149 on toolchain 1.69.0
[INFO] running `Command { std: CARGO_HOME="/workspace/cargo-home" RUSTUP_HOME="/workspace/rustup-home" "/workspace/cargo-home/bin/cargo" "+1.69.0" "metadata" "--manifest-path" "Cargo.toml" "--no-deps", kill_on_drop: false }`
[INFO] started tweaking crates.io crate ra_ap_syntax 0.0.149
[INFO] finished tweaking crates.io crate ra_ap_syntax 0.0.149
[INFO] tweaked toml for crates.io crate ra_ap_syntax 0.0.149 written to /workspace/builds/worker-5-tc1/source/Cargo.toml
[INFO] running `Command { std: CARGO_HOME="/workspace/cargo-home" RUSTUP_HOME="/workspace/rustup-home" __CARGO_TEST_CHANNEL_OVERRIDE_DO_NOT_USE_THIS="nightly" "/workspace/cargo-home/bin/cargo" "+1.69.0" "generate-lockfile" "--manifest-path" "Cargo.toml" "-Zno-index-update", kill_on_drop: false }`
[INFO] running `Command { std: CARGO_HOME="/workspace/cargo-home" RUSTUP_HOME="/workspace/rustup-home" "/workspace/cargo-home/bin/cargo" "+1.69.0" "fetch" "--manifest-path" "Cargo.toml", kill_on_drop: false }`
[INFO] [stderr]  Downloading crates ...
[INFO] [stderr]   Downloaded ra_ap_text_edit v0.0.149
[INFO] [stderr]   Downloaded always-assert v0.1.3
[INFO] [stderr]   Downloaded miow v0.5.0
[INFO] [stderr]   Downloaded ra_ap_stdx v0.0.149
[INFO] [stderr]   Downloaded text-size v1.1.0
[INFO] [stderr]   Downloaded ra_ap_profile v0.0.149
[INFO] [stderr]   Downloaded perf-event-open-sys v4.0.0
[INFO] [stderr]   Downloaded expect-test v1.4.1
[INFO] [stderr]   Downloaded perf-event v0.4.8
[INFO] [stderr]   Downloaded drop_bomb v0.1.5
[INFO] [stderr]   Downloaded ra_ap_limit v0.0.149
[INFO] [stderr]   Downloaded ra_ap_la-arena v0.0.149
[INFO] [stderr]   Downloaded rustc-ap-rustc_lexer v725.0.0
[INFO] [stderr]   Downloaded ungrammar v1.16.1
[INFO] [stderr]   Downloaded cov-mark v2.0.0-pre.1
[INFO] [stderr]   Downloaded rowan v0.15.11
[INFO] [stderr]   Downloaded countme v3.0.1
[INFO] [stderr]   Downloaded ra_ap_parser v0.0.149
[INFO] running `Command { std: "docker" "create" "-v" "/var/lib/crater-agent-workspace/builds/worker-5-tc1/target:/opt/rustwide/target:rw,Z" "-v" "/var/lib/crater-agent-workspace/builds/worker-5-tc1/source:/opt/rustwide/workdir:ro,Z" "-v" "/var/lib/crater-agent-workspace/cargo-home:/opt/rustwide/cargo-home:ro,Z" "-v" "/var/lib/crater-agent-workspace/rustup-home:/opt/rustwide/rustup-home:ro,Z" "-e" "SOURCE_DIR=/opt/rustwide/workdir" "-e" "CARGO_TARGET_DIR=/opt/rustwide/target" "-e" "CARGO_HOME=/opt/rustwide/cargo-home" "-e" "RUSTUP_HOME=/opt/rustwide/rustup-home" "-w" "/opt/rustwide/workdir" "-m" "1610612736" "--user" "0:0" "--network" "none" "ghcr.io/rust-lang/crates-build-env/linux@sha256:5ff2268d62e97bff2cde7d5815dd6ed5b47097566f13b8d0ca110b04b60e07ed" "/opt/rustwide/cargo-home/bin/cargo" "+1.69.0" "metadata" "--no-deps" "--format-version=1", kill_on_drop: false }`
[INFO] [stdout] 44cdb8f7c2dacee11336e89335e7da043e587a4f594cabaaaec8cd8b92f1063b
[INFO] running `Command { std: "docker" "start" "-a" "44cdb8f7c2dacee11336e89335e7da043e587a4f594cabaaaec8cd8b92f1063b", kill_on_drop: false }`
[INFO] running `Command { std: "docker" "inspect" "44cdb8f7c2dacee11336e89335e7da043e587a4f594cabaaaec8cd8b92f1063b", kill_on_drop: false }`
[INFO] running `Command { std: "docker" "rm" "-f" "44cdb8f7c2dacee11336e89335e7da043e587a4f594cabaaaec8cd8b92f1063b", kill_on_drop: false }`
[INFO] [stdout] 44cdb8f7c2dacee11336e89335e7da043e587a4f594cabaaaec8cd8b92f1063b
[INFO] running `Command { std: "docker" "create" "-v" "/var/lib/crater-agent-workspace/builds/worker-5-tc1/target:/opt/rustwide/target:rw,Z" "-v" "/var/lib/crater-agent-workspace/builds/worker-5-tc1/source:/opt/rustwide/workdir:ro,Z" "-v" "/var/lib/crater-agent-workspace/cargo-home:/opt/rustwide/cargo-home:ro,Z" "-v" "/var/lib/crater-agent-workspace/rustup-home:/opt/rustwide/rustup-home:ro,Z" "-e" "SOURCE_DIR=/opt/rustwide/workdir" "-e" "CARGO_TARGET_DIR=/opt/rustwide/target" "-e" "CARGO_INCREMENTAL=0" "-e" "RUST_BACKTRACE=full" "-e" "RUSTFLAGS=--cap-lints=warn" "-e" "RUSTDOCFLAGS=--cap-lints=warn" "-e" "CARGO_HOME=/opt/rustwide/cargo-home" "-e" "RUSTUP_HOME=/opt/rustwide/rustup-home" "-w" "/opt/rustwide/workdir" "-m" "1610612736" "--user" "0:0" "--network" "none" "ghcr.io/rust-lang/crates-build-env/linux@sha256:5ff2268d62e97bff2cde7d5815dd6ed5b47097566f13b8d0ca110b04b60e07ed" "/opt/rustwide/cargo-home/bin/cargo" "+1.69.0" "build" "--frozen" "--message-format=json", kill_on_drop: false }`
[INFO] [stdout] 4241ebc14f127ae1c443991893e6c197e45e74f6fb2056db5384828c04cad1b3
[INFO] running `Command { std: "docker" "start" "-a" "4241ebc14f127ae1c443991893e6c197e45e74f6fb2056db5384828c04cad1b3", kill_on_drop: false }`
[INFO] [stderr]     Blocking waiting for file lock on package cache
[INFO] [stderr]    Compiling lock_api v0.4.9
[INFO] [stderr]    Compiling parking_lot_core v0.9.7
[INFO] [stderr]    Compiling hashbrown v0.12.3
[INFO] [stderr]    Compiling smallvec v1.10.0
[INFO] [stderr]    Compiling memoffset v0.8.0
[INFO] [stderr]    Compiling serde v1.0.160
[INFO] [stderr]    Compiling indexmap v1.9.3
[INFO] [stderr]    Compiling unicode-xid v0.2.4
[INFO] [stderr]    Compiling text-size v1.1.0
[INFO] [stderr]    Compiling either v1.8.1
[INFO] [stderr]    Compiling drop_bomb v0.1.5
[INFO] [stderr]    Compiling ra_ap_limit v0.0.149
[INFO] [stderr]    Compiling ra_ap_la-arena v0.0.149
[INFO] [stderr]    Compiling cov-mark v2.0.0-pre.1
[INFO] [stderr]    Compiling perf-event-open-sys v4.0.0
[INFO] [stderr]    Compiling always-assert v0.1.3
[INFO] [stderr]    Compiling rustc-ap-rustc_lexer v725.0.0
[INFO] [stderr]    Compiling ra_ap_stdx v0.0.149
[INFO] [stderr]    Compiling itertools v0.10.5
[INFO] [stderr]    Compiling perf-event v0.4.8
[INFO] [stderr]    Compiling ra_ap_parser v0.0.149
[INFO] [stderr]    Compiling dashmap v5.4.0
[INFO] [stderr]    Compiling countme v3.0.1
[INFO] [stderr]    Compiling rowan v0.15.11
[INFO] [stderr]    Compiling ra_ap_profile v0.0.149
[INFO] [stderr]    Compiling ra_ap_text_edit v0.0.149
[INFO] [stderr]    Compiling smol_str v0.1.24
[INFO] [stderr]    Compiling ra_ap_syntax v0.0.149 (/opt/rustwide/workdir)
[INFO] [stderr]     Finished dev [unoptimized + debuginfo] target(s) in 9.08s
[INFO] running `Command { std: "docker" "inspect" "4241ebc14f127ae1c443991893e6c197e45e74f6fb2056db5384828c04cad1b3", kill_on_drop: false }`
[INFO] running `Command { std: "docker" "rm" "-f" "4241ebc14f127ae1c443991893e6c197e45e74f6fb2056db5384828c04cad1b3", kill_on_drop: false }`
[INFO] [stdout] 4241ebc14f127ae1c443991893e6c197e45e74f6fb2056db5384828c04cad1b3
[INFO] running `Command { std: "docker" "create" "-v" "/var/lib/crater-agent-workspace/builds/worker-5-tc1/target:/opt/rustwide/target:rw,Z" "-v" "/var/lib/crater-agent-workspace/builds/worker-5-tc1/source:/opt/rustwide/workdir:ro,Z" "-v" "/var/lib/crater-agent-workspace/cargo-home:/opt/rustwide/cargo-home:ro,Z" "-v" "/var/lib/crater-agent-workspace/rustup-home:/opt/rustwide/rustup-home:ro,Z" "-e" "SOURCE_DIR=/opt/rustwide/workdir" "-e" "CARGO_TARGET_DIR=/opt/rustwide/target" "-e" "CARGO_INCREMENTAL=0" "-e" "RUST_BACKTRACE=full" "-e" "RUSTFLAGS=--cap-lints=warn" "-e" "RUSTDOCFLAGS=--cap-lints=warn" "-e" "CARGO_HOME=/opt/rustwide/cargo-home" "-e" "RUSTUP_HOME=/opt/rustwide/rustup-home" "-w" "/opt/rustwide/workdir" "-m" "1610612736" "--user" "0:0" "--network" "none" "ghcr.io/rust-lang/crates-build-env/linux@sha256:5ff2268d62e97bff2cde7d5815dd6ed5b47097566f13b8d0ca110b04b60e07ed" "/opt/rustwide/cargo-home/bin/cargo" "+1.69.0" "test" "--frozen" "--no-run" "--message-format=json", kill_on_drop: false }`
[INFO] [stdout] bf069bc8edf712a38e0b1669cf3aead8eb1361766c62c15a5958eaa71259dd27
[INFO] running `Command { std: "docker" "start" "-a" "bf069bc8edf712a38e0b1669cf3aead8eb1361766c62c15a5958eaa71259dd27", kill_on_drop: false }`
[INFO] [stderr]    Compiling crossbeam-utils v0.8.15
[INFO] [stderr]    Compiling crossbeam-epoch v0.9.14
[INFO] [stderr]    Compiling rayon-core v1.11.0
[INFO] [stderr]    Compiling proc-macro2 v1.0.56
[INFO] [stderr]    Compiling unicode-ident v1.0.8
[INFO] [stderr]    Compiling quote v1.0.26
[INFO] [stderr]    Compiling num_cpus v1.15.0
[INFO] [stderr]    Compiling dissimilar v1.0.6
[INFO] [stderr]    Compiling ungrammar v1.16.1
[INFO] [stderr]    Compiling expect-test v1.4.1
[INFO] [stderr]    Compiling crossbeam-channel v0.5.8
[INFO] [stderr]    Compiling crossbeam-deque v0.8.3
[INFO] [stderr]    Compiling rayon v1.7.0
[INFO] [stderr]    Compiling ra_ap_syntax v0.0.149 (/opt/rustwide/workdir)
[INFO] [stdout] error[E0432]: unresolved import `test_utils`
[INFO] [stdout]    --> src/parsing/reparsing.rs:177:9
[INFO] [stdout]     |
[INFO] [stdout] 177 |     use test_utils::{assert_eq_text, extract_range};
[INFO] [stdout]     |         ^^^^^^^^^^ use of undeclared crate or module `test_utils`
[INFO] [stdout] 
[INFO] [stdout] 
[INFO] [stdout] error[E0432]: unresolved import `test_utils`
[INFO] [stdout]   --> src/tests.rs:14:5
[INFO] [stdout]    |
[INFO] [stdout] 14 | use test_utils::{bench, bench_fixture, project_root};
[INFO] [stdout]    |     ^^^^^^^^^^ use of undeclared crate or module `test_utils`
[INFO] [stdout] 
[INFO] [stdout] 
[INFO] [stdout] error[E0432]: unresolved import `test_utils`
[INFO] [stdout]    --> src/ast/edit_in_place.rs:742:9
[INFO] [stdout]     |
[INFO] [stdout] 742 |     use test_utils::assert_eq_text;
[INFO] [stdout]     |         ^^^^^^^^^^ use of undeclared crate or module `test_utils`
[INFO] [stdout] 
[INFO] [stdout] 
[INFO] [stdout] error: cannot determine resolution for the macro `assert_eq_text`
[INFO] [stdout]    --> src/ast/edit_in_place.rs:891:9
[INFO] [stdout]     |
[INFO] [stdout] 891 |         assert_eq_text!(&trim_indent(expected.trim()), &trim_indent(after.trim()));
[INFO] [stdout]     |         ^^^^^^^^^^^^^^
[INFO] [stdout]     |
[INFO] [stdout]     = note: import resolution is stuck, try simplifying macro imports
[INFO] [stdout] 
[INFO] [stdout] 
[INFO] [stdout] error: cannot determine resolution for the macro `assert_eq_text`
[INFO] [stdout]    --> src/parsing/reparsing.rs:200:9
[INFO] [stdout]     |
[INFO] [stdout] 200 |         assert_eq_text!(
[INFO] [stdout]     |         ^^^^^^^^^^^^^^
[INFO] [stdout]     |
[INFO] [stdout]     = note: import resolution is stuck, try simplifying macro imports
[INFO] [stdout] 
[INFO] [stdout] 
[INFO] [stdout] error[E0433]: failed to resolve: could not find `sourcegen` in the list of imported crates
[INFO] [stdout]   --> src/tests.rs:84:23
[INFO] [stdout]    |
[INFO] [stdout] 84 |     let mut files = ::sourcegen::list_rust_files(&crates_dir);
[INFO] [stdout]    |                       ^^^^^^^^^ could not find `sourcegen` in the list of imported crates
[INFO] [stdout] 
[INFO] [stdout] 
[INFO] [stdout] warning: unused import: `stdx::trim_indent`
[INFO] [stdout]    --> src/ast/edit_in_place.rs:741:9
[INFO] [stdout]     |
[INFO] [stdout] 741 |     use stdx::trim_indent;
[INFO] [stdout]     |         ^^^^^^^^^^^^^^^^^
[INFO] [stdout]     |
[INFO] [stdout]     = note: `#[warn(unused_imports)]` on by default
[INFO] [stdout] 
[INFO] [stdout] 
[INFO] [stdout] error[E0433]: failed to resolve: use of undeclared crate or module `sourcegen`
[INFO] [stdout]   --> src/tests/sourcegen_ast.rs:24:9
[INFO] [stdout]    |
[INFO] [stdout] 24 |         sourcegen::project_root().join("crates/parser/src/syntax_kind/generated.rs");
[INFO] [stdout]    |         ^^^^^^^^^ use of undeclared crate or module `sourcegen`
[INFO] [stdout] 
[INFO] [stdout] 
[INFO] [stdout] error[E0433]: failed to resolve: use of undeclared crate or module `sourcegen`
[INFO] [stdout]   --> src/tests/sourcegen_ast.rs:25:5
[INFO] [stdout]    |
[INFO] [stdout] 25 |     sourcegen::ensure_file_contents(syntax_kinds_file.as_path(), &syntax_kinds);
[INFO] [stdout]    |     ^^^^^^^^^ use of undeclared crate or module `sourcegen`
[INFO] [stdout] 
[INFO] [stdout] 
[INFO] [stdout] error[E0433]: failed to resolve: use of undeclared crate or module `sourcegen`
[INFO] [stdout]   --> src/tests/sourcegen_ast.rs:33:9
[INFO] [stdout]    |
[INFO] [stdout] 33 |         sourcegen::project_root().join("crates/syntax/src/ast/generated/tokens.rs");
[INFO] [stdout]    |         ^^^^^^^^^ use of undeclared crate or module `sourcegen`
[INFO] [stdout] 
[INFO] [stdout] 
[INFO] [stdout] error[E0433]: failed to resolve: use of undeclared crate or module `sourcegen`
[INFO] [stdout]   --> src/tests/sourcegen_ast.rs:34:5
[INFO] [stdout]    |
[INFO] [stdout] 34 |     sourcegen::ensure_file_contents(ast_tokens_file.as_path(), &ast_tokens);
[INFO] [stdout]    |     ^^^^^^^^^ use of undeclared crate or module `sourcegen`
[INFO] [stdout] 
[INFO] [stdout] 
[INFO] [stdout] error[E0433]: failed to resolve: use of undeclared crate or module `sourcegen`
[INFO] [stdout]   --> src/tests/sourcegen_ast.rs:37:26
[INFO] [stdout]    |
[INFO] [stdout] 37 |     let ast_nodes_file = sourcegen::project_root().join("crates/syntax/src/ast/generated/nodes.rs");
[INFO] [stdout]    |                          ^^^^^^^^^ use of undeclared crate or module `sourcegen`
[INFO] [stdout] 
[INFO] [stdout] 
[INFO] [stdout] error[E0433]: failed to resolve: use of undeclared crate or module `sourcegen`
[INFO] [stdout]   --> src/tests/sourcegen_ast.rs:38:5
[INFO] [stdout]    |
[INFO] [stdout] 38 |     sourcegen::ensure_file_contents(ast_nodes_file.as_path(), &ast_nodes);
[INFO] [stdout]    |     ^^^^^^^^^ use of undeclared crate or module `sourcegen`
[INFO] [stdout] 
[INFO] [stdout] 
[INFO] [stdout] error[E0433]: failed to resolve: use of undeclared crate or module `sourcegen`
[INFO] [stdout]   --> src/tests/sourcegen_ast.rs:65:5
[INFO] [stdout]    |
[INFO] [stdout] 65 |     sourcegen::add_preamble(
[INFO] [stdout]    |     ^^^^^^^^^ use of undeclared crate or module `sourcegen`
[INFO] [stdout] 
[INFO] [stdout] 
[INFO] [stdout] error[E0433]: failed to resolve: use of undeclared crate or module `sourcegen`
[INFO] [stdout]   --> src/tests/sourcegen_ast.rs:67:9
[INFO] [stdout]    |
[INFO] [stdout] 67 |         sourcegen::reformat(
[INFO] [stdout]    |         ^^^^^^^^^ use of undeclared crate or module `sourcegen`
[INFO] [stdout] 
[INFO] [stdout] 
[INFO] [stdout] error[E0433]: failed to resolve: use of undeclared crate or module `sourcegen`
[INFO] [stdout]    --> src/tests/sourcegen_ast.rs:325:15
[INFO] [stdout]     |
[INFO] [stdout] 325 |     let res = sourcegen::add_preamble("sourcegen_ast", sourcegen::reformat(res));
[INFO] [stdout]     |               ^^^^^^^^^ use of undeclared crate or module `sourcegen`
[INFO] [stdout] 
[INFO] [stdout] 
[INFO] [stdout] error[E0433]: failed to resolve: use of undeclared crate or module `sourcegen`
[INFO] [stdout]    --> src/tests/sourcegen_ast.rs:325:56
[INFO] [stdout]     |
[INFO] [stdout] 325 |     let res = sourcegen::add_preamble("sourcegen_ast", sourcegen::reformat(res));
[INFO] [stdout]     |                                                        ^^^^^^^^^ use of undeclared crate or module `sourcegen`
[INFO] [stdout] 
[INFO] [stdout] 
[INFO] [stdout] error[E0433]: failed to resolve: use of undeclared crate or module `sourcegen`
[INFO] [stdout]    --> src/tests/sourcegen_ast.rs:456:5
[INFO] [stdout]     |
[INFO] [stdout] 456 |     sourcegen::add_preamble("sourcegen_ast", sourcegen::reformat(ast.to_string()))
[INFO] [stdout]     |     ^^^^^^^^^ use of undeclared crate or module `sourcegen`
[INFO] [stdout] 
[INFO] [stdout] 
[INFO] [stdout] error[E0433]: failed to resolve: use of undeclared crate or module `sourcegen`
[INFO] [stdout]    --> src/tests/sourcegen_ast.rs:456:46
[INFO] [stdout]     |
[INFO] [stdout] 456 |     sourcegen::add_preamble("sourcegen_ast", sourcegen::reformat(ast.to_string()))
[INFO] [stdout]     |                                              ^^^^^^^^^ use of undeclared crate or module `sourcegen`
[INFO] [stdout] 
[INFO] [stdout] 
[INFO] [stdout] error[E0277]: the size for values of type `[u8]` cannot be known at compilation time
[INFO] [stdout]   --> src/tests.rs:97:22
[INFO] [stdout]    |
[INFO] [stdout] 97 |         .filter_map(|file| {
[INFO] [stdout]    |                      ^^^^ doesn't have a size known at compile-time
[INFO] [stdout]    |
[INFO] [stdout]    = help: within `std::path::Path`, the trait `Sized` is not implemented for `[u8]`
[INFO] [stdout]    = note: required because it appears within the type `Path`
[INFO] [stdout] help: function arguments must have a statically known size, borrowed types always have a known size
[INFO] [stdout]    |
[INFO] [stdout] 97 |         .filter_map(|&file| {
[INFO] [stdout]    |                      +
[INFO] [stdout] 
[INFO] [stdout] 
[INFO] [stdout] error[E0277]: the size for values of type `[u8]` cannot be known at compilation time
[INFO] [stdout]    --> src/tests.rs:101:29
[INFO] [stdout]     |
[INFO] [stdout] 101 |                 Err(err) => Some((file, err)),
[INFO] [stdout]     |                             ^^^^ doesn't have a size known at compile-time
[INFO] [stdout]     |
[INFO] [stdout]     = help: within `std::path::Path`, the trait `Sized` is not implemented for `[u8]`
[INFO] [stdout]     = note: required because it appears within the type `Path`
[INFO] [stdout]     = note: only the last element of a tuple may have a dynamically sized type
[INFO] [stdout] 
[INFO] [stdout] 
[INFO] [stdout] error[E0277]: the size for values of type `[u8]` cannot be known at compilation time
[INFO] [stdout]    --> src/tests.rs:101:29
[INFO] [stdout]     |
[INFO] [stdout] 101 |                 Err(err) => Some((file, err)),
[INFO] [stdout]     |                             ^^^^^^^^^^^^^^^^^ doesn't have a size known at compile-time
[INFO] [stdout]     |
[INFO] [stdout]     = help: within `std::path::Path`, the trait `Sized` is not implemented for `[u8]`
[INFO] [stdout]     = note: required because it appears within the type `Path`
[INFO] [stdout]     = note: only the last element of a tuple may have a dynamically sized type
[INFO] [stdout] 
[INFO] [stdout] 
[INFO] [stdout] error[E0277]: the size for values of type `[u8]` cannot be known at compilation time
[INFO] [stdout]    --> src/tests.rs:100:26
[INFO] [stdout]     |
[INFO] [stdout] 100 |                 Ok(_) => None,
[INFO] [stdout]     |                          ^^^^ doesn't have a size known at compile-time
[INFO] [stdout]     |
[INFO] [stdout]     = help: within `std::path::Path`, the trait `Sized` is not implemented for `[u8]`
[INFO] [stdout]     = note: required because it appears within the type `Path`
[INFO] [stdout]     = note: only the last element of a tuple may have a dynamically sized type
[INFO] [stdout] 
[INFO] [stdout] 
[INFO] [stdout] warning: unused import: `rayon::prelude`
[INFO] [stdout]   --> src/tests.rs:13:5
[INFO] [stdout]    |
[INFO] [stdout] 13 | use rayon::prelude::*;
[INFO] [stdout]    |     ^^^^^^^^^^^^^^
[INFO] [stdout] 
[INFO] [stdout] 
[INFO] [stdout] error: aborting due to 22 previous errors; 2 warnings emitted
[INFO] [stdout] 
[INFO] [stdout] 
[INFO] [stdout] Some errors have detailed explanations: E0277, E0432, E0433.
[INFO] [stdout] 
[INFO] [stdout] For more information about an error, try `rustc --explain E0277`.
[INFO] [stdout] 
[INFO] [stderr] error: could not compile `ra_ap_syntax` due to 23 previous errors; 2 warnings emitted
[INFO] running `Command { std: "docker" "inspect" "bf069bc8edf712a38e0b1669cf3aead8eb1361766c62c15a5958eaa71259dd27", kill_on_drop: false }`
[INFO] running `Command { std: "docker" "rm" "-f" "bf069bc8edf712a38e0b1669cf3aead8eb1361766c62c15a5958eaa71259dd27", kill_on_drop: false }`
[INFO] [stdout] bf069bc8edf712a38e0b1669cf3aead8eb1361766c62c15a5958eaa71259dd27
