[INFO] fetching crate ra_ap_ide_db 0.0.149...
[INFO] testing ra_ap_ide_db-0.0.149 against 1.69.0 for beta-1.70-1
[INFO] extracting crate ra_ap_ide_db 0.0.149 into /workspace/builds/worker-1-tc1/source
[INFO] validating manifest of crates.io crate ra_ap_ide_db 0.0.149 on toolchain 1.69.0
[INFO] running `Command { std: CARGO_HOME="/workspace/cargo-home" RUSTUP_HOME="/workspace/rustup-home" "/workspace/cargo-home/bin/cargo" "+1.69.0" "metadata" "--manifest-path" "Cargo.toml" "--no-deps", kill_on_drop: false }`
[INFO] started tweaking crates.io crate ra_ap_ide_db 0.0.149
[INFO] finished tweaking crates.io crate ra_ap_ide_db 0.0.149
[INFO] tweaked toml for crates.io crate ra_ap_ide_db 0.0.149 written to /workspace/builds/worker-1-tc1/source/Cargo.toml
[INFO] running `Command { std: CARGO_HOME="/workspace/cargo-home" RUSTUP_HOME="/workspace/rustup-home" __CARGO_TEST_CHANNEL_OVERRIDE_DO_NOT_USE_THIS="nightly" "/workspace/cargo-home/bin/cargo" "+1.69.0" "generate-lockfile" "--manifest-path" "Cargo.toml" "-Zno-index-update", kill_on_drop: false }`
[INFO] running `Command { std: CARGO_HOME="/workspace/cargo-home" RUSTUP_HOME="/workspace/rustup-home" "/workspace/cargo-home/bin/cargo" "+1.69.0" "fetch" "--manifest-path" "Cargo.toml", kill_on_drop: false }`
[INFO] [stderr]  Downloading crates ...
[INFO] [stderr]   Downloaded chalk-ir v0.88.0
[INFO] [stderr]   Downloaded chalk-solve v0.88.0
[INFO] [stderr]   Downloaded ra_ap_text_edit v0.0.149
[INFO] [stderr]   Downloaded anymap v1.0.0-beta.2
[INFO] [stderr]   Downloaded hkalbasi-rustc-ap-rustc_abi v0.0.20221221
[INFO] [stderr]   Downloaded ra_ap_intern v0.0.149
[INFO] [stderr]   Downloaded always-assert v0.1.3
[INFO] [stderr]   Downloaded ra_ap_parser v0.0.149
[INFO] [stderr]   Downloaded ra_ap_cfg v0.0.149
[INFO] [stderr]   Downloaded xshell v0.2.3
[INFO] [stderr]   Downloaded ra_ap_limit v0.0.149
[INFO] [stderr]   Downloaded ra_ap_vfs v0.0.149
[INFO] [stderr]   Downloaded ra_ap_stdx v0.0.149
[INFO] [stderr]   Downloaded ra_ap_paths v0.0.149
[INFO] [stderr]   Downloaded rustc-ap-rustc_lexer v725.0.0
[INFO] [stderr]   Downloaded hkalbasi-rustc-ap-rustc_index v0.0.20221221
[INFO] [stderr]   Downloaded ra_ap_tt v0.0.149
[INFO] [stderr]   Downloaded chalk-derive v0.88.0
[INFO] [stderr]   Downloaded drop_bomb v0.1.5
[INFO] [stderr]   Downloaded ra_ap_profile v0.0.149
[INFO] [stderr]   Downloaded xshell-macros v0.2.3
[INFO] [stderr]   Downloaded chalk-recursive v0.88.0
[INFO] [stderr]   Downloaded ra_ap_mbe v0.0.149
[INFO] [stderr]   Downloaded ra_ap_base_db v0.0.149
[INFO] [stderr]   Downloaded ra_ap_test_utils v0.0.149
[INFO] [stderr]   Downloaded salsa-macros v0.17.0-pre.2
[INFO] [stderr]   Downloaded perf-event v0.4.8
[INFO] [stderr]   Downloaded cov-mark v2.0.0-pre.1
[INFO] [stderr]   Downloaded perf-event-open-sys v4.0.0
[INFO] [stderr]   Downloaded ra_ap_la-arena v0.0.149
[INFO] [stderr]   Downloaded ra_ap_hir_expand v0.0.149
[INFO] [stderr]   Downloaded ra_ap_hir v0.0.149
[INFO] [stderr]   Downloaded ra_ap_syntax v0.0.149
[INFO] [stderr]   Downloaded ra_ap_hir_def v0.0.149
[INFO] [stderr]   Downloaded ra_ap_hir_ty v0.0.149
[INFO] [stderr]   Downloaded salsa v0.17.0-pre.2
[INFO] [stderr]   Downloaded fst v0.4.7
[INFO] running `Command { std: "docker" "create" "-v" "/var/lib/crater-agent-workspace/builds/worker-1-tc1/target:/opt/rustwide/target:rw,Z" "-v" "/var/lib/crater-agent-workspace/builds/worker-1-tc1/source:/opt/rustwide/workdir:ro,Z" "-v" "/var/lib/crater-agent-workspace/cargo-home:/opt/rustwide/cargo-home:ro,Z" "-v" "/var/lib/crater-agent-workspace/rustup-home:/opt/rustwide/rustup-home:ro,Z" "-e" "SOURCE_DIR=/opt/rustwide/workdir" "-e" "CARGO_TARGET_DIR=/opt/rustwide/target" "-e" "CARGO_HOME=/opt/rustwide/cargo-home" "-e" "RUSTUP_HOME=/opt/rustwide/rustup-home" "-w" "/opt/rustwide/workdir" "-m" "1610612736" "--user" "0:0" "--network" "none" "ghcr.io/rust-lang/crates-build-env/linux@sha256:5ff2268d62e97bff2cde7d5815dd6ed5b47097566f13b8d0ca110b04b60e07ed" "/opt/rustwide/cargo-home/bin/cargo" "+1.69.0" "metadata" "--no-deps" "--format-version=1", kill_on_drop: false }`
[INFO] [stdout] eb5cfb7d45af850f776609ed081a4da755b7884adf4896d3e77f4201f9be857f
[INFO] running `Command { std: "docker" "start" "-a" "eb5cfb7d45af850f776609ed081a4da755b7884adf4896d3e77f4201f9be857f", kill_on_drop: false }`
[INFO] running `Command { std: "docker" "inspect" "eb5cfb7d45af850f776609ed081a4da755b7884adf4896d3e77f4201f9be857f", kill_on_drop: false }`
[INFO] running `Command { std: "docker" "rm" "-f" "eb5cfb7d45af850f776609ed081a4da755b7884adf4896d3e77f4201f9be857f", kill_on_drop: false }`
[INFO] [stdout] eb5cfb7d45af850f776609ed081a4da755b7884adf4896d3e77f4201f9be857f
[INFO] running `Command { std: "docker" "create" "-v" "/var/lib/crater-agent-workspace/builds/worker-1-tc1/target:/opt/rustwide/target:rw,Z" "-v" "/var/lib/crater-agent-workspace/builds/worker-1-tc1/source:/opt/rustwide/workdir:ro,Z" "-v" "/var/lib/crater-agent-workspace/cargo-home:/opt/rustwide/cargo-home:ro,Z" "-v" "/var/lib/crater-agent-workspace/rustup-home:/opt/rustwide/rustup-home:ro,Z" "-e" "SOURCE_DIR=/opt/rustwide/workdir" "-e" "CARGO_TARGET_DIR=/opt/rustwide/target" "-e" "CARGO_INCREMENTAL=0" "-e" "RUST_BACKTRACE=full" "-e" "RUSTFLAGS=--cap-lints=warn" "-e" "RUSTDOCFLAGS=--cap-lints=warn" "-e" "CARGO_HOME=/opt/rustwide/cargo-home" "-e" "RUSTUP_HOME=/opt/rustwide/rustup-home" "-w" "/opt/rustwide/workdir" "-m" "1610612736" "--user" "0:0" "--network" "none" "ghcr.io/rust-lang/crates-build-env/linux@sha256:5ff2268d62e97bff2cde7d5815dd6ed5b47097566f13b8d0ca110b04b60e07ed" "/opt/rustwide/cargo-home/bin/cargo" "+1.69.0" "build" "--frozen" "--message-format=json", kill_on_drop: false }`
[INFO] [stdout] 9c55915e092c42ea925f8fd174660d8e3e2810d5551441a4bbb25c8ba2932917
[INFO] running `Command { std: "docker" "start" "-a" "9c55915e092c42ea925f8fd174660d8e3e2810d5551441a4bbb25c8ba2932917", kill_on_drop: false }`
[INFO] [stderr]    Compiling smallvec v1.10.0
[INFO] [stderr]    Compiling hashbrown v0.12.3
[INFO] [stderr]    Compiling once_cell v1.17.1
[INFO] [stderr]    Compiling rustc-hash v1.1.0
[INFO] [stderr]    Compiling syn v1.0.109
[INFO] [stderr]    Compiling unicode-xid v0.2.4
[INFO] [stderr]    Compiling crossbeam-utils v0.8.15
[INFO] [stderr]    Compiling either v1.8.1
[INFO] [stderr]    Compiling libc v0.2.142
[INFO] [stderr]    Compiling memoffset v0.8.0
[INFO] [stderr]    Compiling indexmap v1.9.3
[INFO] [stderr]    Compiling serde v1.0.160
[INFO] [stderr]    Compiling text-size v1.1.0
[INFO] [stderr]    Compiling always-assert v0.1.3
[INFO] [stderr]    Compiling syn v2.0.15
[INFO] [stderr]    Compiling parking_lot_core v0.8.6
[INFO] [stderr]    Compiling ra_ap_la-arena v0.0.149
[INFO] [stderr]    Compiling rustc-ap-rustc_lexer v725.0.0
[INFO] [stderr]    Compiling instant v0.1.12
[INFO] [stderr]    Compiling itertools v0.10.5
[INFO] [stderr]    Compiling tracing-core v0.1.30
[INFO] [stderr]    Compiling drop_bomb v0.1.5
[INFO] [stderr]    Compiling fst v0.4.7
[INFO] [stderr]    Compiling unicode-segmentation v1.10.1
[INFO] [stderr]    Compiling ra_ap_limit v0.0.149
[INFO] [stderr]    Compiling cov-mark v2.0.0-pre.1
[INFO] [stderr]    Compiling ra_ap_parser v0.0.149
[INFO] [stderr]    Compiling dissimilar v1.0.6
[INFO] [stderr]    Compiling ra_ap_paths v0.0.149
[INFO] [stderr]    Compiling oorandom v11.1.3
[INFO] [stderr]    Compiling crossbeam-epoch v0.9.14
[INFO] [stderr]    Compiling heck v0.3.3
[INFO] [stderr]    Compiling arrayvec v0.7.2
[INFO] [stderr]    Compiling parking_lot_core v0.9.7
[INFO] [stderr]    Compiling ra_ap_stdx v0.0.149
[INFO] [stderr]    Compiling perf-event-open-sys v4.0.0
[INFO] [stderr]    Compiling fixedbitset v0.2.0
[INFO] [stderr]    Compiling dashmap v5.4.0
[INFO] [stderr]    Compiling hkalbasi-rustc-ap-rustc_index v0.0.20221221
[INFO] [stderr]    Compiling ena v0.14.2
[INFO] [stderr]    Compiling perf-event v0.4.8
[INFO] [stderr]    Compiling parking_lot v0.11.2
[INFO] [stderr]    Compiling ra_ap_vfs v0.0.149
[INFO] [stderr]    Compiling petgraph v0.5.1
[INFO] [stderr]    Compiling anymap v1.0.0-beta.2
[INFO] [stderr]    Compiling rayon-core v1.11.0
[INFO] [stderr]    Compiling crossbeam-deque v0.8.3
[INFO] [stderr]    Compiling countme v3.0.1
[INFO] [stderr]    Compiling ra_ap_intern v0.0.149
[INFO] [stderr]    Compiling num_cpus v1.15.0
[INFO] [stderr]    Compiling ra_ap_text_edit v0.0.149
[INFO] [stderr]    Compiling crossbeam-channel v0.5.8
[INFO] [stderr]    Compiling scoped-tls v1.0.1
[INFO] [stderr]    Compiling typed-arena v2.0.2
[INFO] [stderr]    Compiling ra_ap_profile v0.0.149
[INFO] [stderr]    Compiling rowan v0.15.11
[INFO] [stderr]    Compiling ra_ap_test_utils v0.0.149
[INFO] [stderr]    Compiling rayon v1.7.0
[INFO] [stderr]    Compiling smol_str v0.1.24
[INFO] [stderr]    Compiling ra_ap_tt v0.0.149
[INFO] [stderr]    Compiling ra_ap_syntax v0.0.149
[INFO] [stderr]    Compiling ra_ap_cfg v0.0.149
[INFO] [stderr]    Compiling synstructure v0.12.6
[INFO] [stderr]    Compiling tracing-attributes v0.1.24
[INFO] [stderr]    Compiling salsa-macros v0.17.0-pre.2
[INFO] [stderr]    Compiling chalk-derive v0.88.0
[INFO] [stderr]    Compiling tracing v0.1.37
[INFO] [stderr]    Compiling hkalbasi-rustc-ap-rustc_abi v0.0.20221221
[INFO] [stderr]    Compiling chalk-ir v0.88.0
[INFO] [stderr]    Compiling ra_ap_mbe v0.0.149
[INFO] [stderr]    Compiling salsa v0.17.0-pre.2
[INFO] [stderr]    Compiling ra_ap_base_db v0.0.149
[INFO] [stderr]    Compiling ra_ap_hir_expand v0.0.149
[INFO] [stderr]    Compiling chalk-solve v0.88.0
[INFO] [stderr]    Compiling ra_ap_hir_def v0.0.149
[INFO] [stderr]    Compiling chalk-recursive v0.88.0
[INFO] [stderr]    Compiling ra_ap_hir_ty v0.0.149
[INFO] [stderr]    Compiling ra_ap_hir v0.0.149
[INFO] [stderr]    Compiling ra_ap_ide_db v0.0.149 (/opt/rustwide/workdir)
[INFO] [stderr]     Finished dev [unoptimized + debuginfo] target(s) in 29.01s
[INFO] running `Command { std: "docker" "inspect" "9c55915e092c42ea925f8fd174660d8e3e2810d5551441a4bbb25c8ba2932917", kill_on_drop: false }`
[INFO] running `Command { std: "docker" "rm" "-f" "9c55915e092c42ea925f8fd174660d8e3e2810d5551441a4bbb25c8ba2932917", kill_on_drop: false }`
[INFO] [stdout] 9c55915e092c42ea925f8fd174660d8e3e2810d5551441a4bbb25c8ba2932917
[INFO] running `Command { std: "docker" "create" "-v" "/var/lib/crater-agent-workspace/builds/worker-1-tc1/target:/opt/rustwide/target:rw,Z" "-v" "/var/lib/crater-agent-workspace/builds/worker-1-tc1/source:/opt/rustwide/workdir:ro,Z" "-v" "/var/lib/crater-agent-workspace/cargo-home:/opt/rustwide/cargo-home:ro,Z" "-v" "/var/lib/crater-agent-workspace/rustup-home:/opt/rustwide/rustup-home:ro,Z" "-e" "SOURCE_DIR=/opt/rustwide/workdir" "-e" "CARGO_TARGET_DIR=/opt/rustwide/target" "-e" "CARGO_INCREMENTAL=0" "-e" "RUST_BACKTRACE=full" "-e" "RUSTFLAGS=--cap-lints=warn" "-e" "RUSTDOCFLAGS=--cap-lints=warn" "-e" "CARGO_HOME=/opt/rustwide/cargo-home" "-e" "RUSTUP_HOME=/opt/rustwide/rustup-home" "-w" "/opt/rustwide/workdir" "-m" "1610612736" "--user" "0:0" "--network" "none" "ghcr.io/rust-lang/crates-build-env/linux@sha256:5ff2268d62e97bff2cde7d5815dd6ed5b47097566f13b8d0ca110b04b60e07ed" "/opt/rustwide/cargo-home/bin/cargo" "+1.69.0" "test" "--frozen" "--no-run" "--message-format=json", kill_on_drop: false }`
[INFO] [stdout] 954ecf0a187099a381b81eb2cad7d630583e8b09b006dfe73c0fdeb99082b78c
[INFO] running `Command { std: "docker" "start" "-a" "954ecf0a187099a381b81eb2cad7d630583e8b09b006dfe73c0fdeb99082b78c", kill_on_drop: false }`
[INFO] [stderr]    Compiling xshell-macros v0.2.3
[INFO] [stderr]    Compiling expect-test v1.4.1
[INFO] [stderr]    Compiling xshell v0.2.3
[INFO] [stderr]    Compiling ra_ap_ide_db v0.0.149 (/opt/rustwide/workdir)
[INFO] [stdout] error[E0432]: unresolved import `test_utils`
[INFO] [stdout]  --> src/imports/insert_use/tests.rs:4:5
[INFO] [stdout]   |
[INFO] [stdout] 4 | use test_utils::{assert_eq_text, CURSOR_MARKER};
[INFO] [stdout]   |     ^^^^^^^^^^ use of undeclared crate or module `test_utils`
[INFO] [stdout] 
[INFO] [stdout] 
[INFO] [stdout] error[E0432]: unresolved import `test_utils`
[INFO] [stdout]  --> src/tests/sourcegen_lints.rs:6:5
[INFO] [stdout]   |
[INFO] [stdout] 6 | use test_utils::project_root;
[INFO] [stdout]   |     ^^^^^^^^^^ use of undeclared crate or module `test_utils`
[INFO] [stdout] 
[INFO] [stdout] 
[INFO] [stdout] error: cannot determine resolution for the macro `assert_eq_text`
[INFO] [stdout]     --> src/imports/insert_use/tests.rs:1026:5
[INFO] [stdout]      |
[INFO] [stdout] 1026 |     assert_eq_text!(&trim_indent(ra_fixture_after), &result);
[INFO] [stdout]      |     ^^^^^^^^^^^^^^
[INFO] [stdout]      |
[INFO] [stdout]      = note: import resolution is stuck, try simplifying macro imports
[INFO] [stdout] 
[INFO] [stdout] 
[INFO] [stdout] warning: unused import: `stdx::trim_indent`
[INFO] [stdout]  --> src/imports/insert_use/tests.rs:3:5
[INFO] [stdout]   |
[INFO] [stdout] 3 | use stdx::trim_indent;
[INFO] [stdout]   |     ^^^^^^^^^^^^^^^^^
[INFO] [stdout]   |
[INFO] [stdout]   = note: `#[warn(unused_imports)]` on by default
[INFO] [stdout] 
[INFO] [stdout] 
[INFO] [stdout] error[E0433]: failed to resolve: use of undeclared crate or module `sourcegen`
[INFO] [stdout]   --> src/tests/sourcegen_lints.rs:52:20
[INFO] [stdout]    |
[INFO] [stdout] 52 |     let contents = sourcegen::add_preamble("sourcegen_lints", sourcegen::reformat(contents));
[INFO] [stdout]    |                    ^^^^^^^^^ use of undeclared crate or module `sourcegen`
[INFO] [stdout] 
[INFO] [stdout] 
[INFO] [stdout] error[E0433]: failed to resolve: use of undeclared crate or module `sourcegen`
[INFO] [stdout]   --> src/tests/sourcegen_lints.rs:52:63
[INFO] [stdout]    |
[INFO] [stdout] 52 |     let contents = sourcegen::add_preamble("sourcegen_lints", sourcegen::reformat(contents));
[INFO] [stdout]    |                                                               ^^^^^^^^^ use of undeclared crate or module `sourcegen`
[INFO] [stdout] 
[INFO] [stdout] 
[INFO] [stdout] error[E0433]: failed to resolve: use of undeclared crate or module `sourcegen`
[INFO] [stdout]   --> src/tests/sourcegen_lints.rs:55:5
[INFO] [stdout]    |
[INFO] [stdout] 55 |     sourcegen::ensure_file_contents(destination.as_path(), &contents);
[INFO] [stdout]    |     ^^^^^^^^^ use of undeclared crate or module `sourcegen`
[INFO] [stdout] 
[INFO] [stdout] 
[INFO] [stdout] error[E0433]: failed to resolve: use of undeclared crate or module `sourcegen`
[INFO] [stdout]    --> src/tests/sourcegen_lints.rs:163:24
[INFO] [stdout]     |
[INFO] [stdout] 163 |         .flat_map(|it| sourcegen::list_files(&src_dir.join(it)))
[INFO] [stdout]     |                        ^^^^^^^^^ use of undeclared crate or module `sourcegen`
[INFO] [stdout] 
[INFO] [stdout] 
[INFO] [stdout] error[E0277]: the size for values of type `str` cannot be known at compilation time
[INFO] [stdout]    --> src/tests/sourcegen_lints.rs:177:10
[INFO] [stdout]     |
[INFO] [stdout] 177 |     for (feature_ident, doc) in features.into_iter() {
[INFO] [stdout]     |          ^^^^^^^^^^^^^ doesn't have a size known at compile-time
[INFO] [stdout]     |
[INFO] [stdout]     = help: the trait `Sized` is not implemented for `str`
[INFO] [stdout]     = note: all local variables must have a statically known size
[INFO] [stdout]     = help: unsized locals are gated as an unstable feature
[INFO] [stdout] 
[INFO] [stdout] 
[INFO] [stdout] error[E0277]: the size for values of type `str` cannot be known at compilation time
[INFO] [stdout]    --> src/tests/sourcegen_lints.rs:177:33
[INFO] [stdout]     |
[INFO] [stdout] 177 |     for (feature_ident, doc) in features.into_iter() {
[INFO] [stdout]     |                                 ^^^^^^^^^^^^^^^^^^^^ doesn't have a size known at compile-time
[INFO] [stdout]     |
[INFO] [stdout]     = help: the trait `Sized` is not implemented for `str`
[INFO] [stdout]     = note: only the last element of a tuple may have a dynamically sized type
[INFO] [stdout] 
[INFO] [stdout] 
[INFO] [stdout] error[E0277]: the size for values of type `str` cannot be known at compilation time
[INFO] [stdout]    --> src/tests/sourcegen_lints.rs:177:25
[INFO] [stdout]     |
[INFO] [stdout] 177 |     for (feature_ident, doc) in features.into_iter() {
[INFO] [stdout]     |                         ^^^ doesn't have a size known at compile-time
[INFO] [stdout]     |
[INFO] [stdout]     = help: the trait `Sized` is not implemented for `str`
[INFO] [stdout]     = note: all local variables must have a statically known size
[INFO] [stdout]     = help: unsized locals are gated as an unstable feature
[INFO] [stdout] 
[INFO] [stdout] 
[INFO] [stdout] error[E0277]: the size for values of type `str` cannot be known at compilation time
[INFO] [stdout]    --> src/tests/sourcegen_lints.rs:177:5
[INFO] [stdout]     |
[INFO] [stdout] 177 | /     for (feature_ident, doc) in features.into_iter() {
[INFO] [stdout] 178 | |         push_lint_completion(buf, &feature_ident, &doc)
[INFO] [stdout] 179 | |     }
[INFO] [stdout]     | |_____^ doesn't have a size known at compile-time
[INFO] [stdout]     |
[INFO] [stdout]     = help: within `(str, str)`, the trait `Sized` is not implemented for `str`
[INFO] [stdout]     = note: required because it appears within the type `(str, str)`
[INFO] [stdout] note: required by a bound in `std::prelude::v1::None`
[INFO] [stdout]    --> /rustc/84c898d65adf2f39a5a98507f1fe0ce10a2b8dbc/library/core/src/option.rs:567:5
[INFO] [stdout] 
[INFO] [stdout] 
[INFO] [stdout] error: aborting due to 11 previous errors; 1 warning emitted
[INFO] [stdout] 
[INFO] [stdout] 
[INFO] [stdout] Some errors have detailed explanations: E0277, E0432, E0433.
[INFO] [stdout] 
[INFO] [stdout] For more information about an error, try `rustc --explain E0277`.
[INFO] [stdout] 
[INFO] [stderr] error: could not compile `ra_ap_ide_db` due to 12 previous errors; 1 warning emitted
[INFO] running `Command { std: "docker" "inspect" "954ecf0a187099a381b81eb2cad7d630583e8b09b006dfe73c0fdeb99082b78c", kill_on_drop: false }`
[INFO] running `Command { std: "docker" "rm" "-f" "954ecf0a187099a381b81eb2cad7d630583e8b09b006dfe73c0fdeb99082b78c", kill_on_drop: false }`
[INFO] [stdout] 954ecf0a187099a381b81eb2cad7d630583e8b09b006dfe73c0fdeb99082b78c
