[INFO] fetching crate qrotate 0.2.0...
[INFO] testing qrotate-0.2.0 against 1.69.0 for beta-1.70-1
[INFO] extracting crate qrotate 0.2.0 into /workspace/builds/worker-5-tc1/source
[INFO] validating manifest of crates.io crate qrotate 0.2.0 on toolchain 1.69.0
[INFO] running `Command { std: CARGO_HOME="/workspace/cargo-home" RUSTUP_HOME="/workspace/rustup-home" "/workspace/cargo-home/bin/cargo" "+1.69.0" "metadata" "--manifest-path" "Cargo.toml" "--no-deps", kill_on_drop: false }`
[INFO] started tweaking crates.io crate qrotate 0.2.0
[INFO] finished tweaking crates.io crate qrotate 0.2.0
[INFO] tweaked toml for crates.io crate qrotate 0.2.0 written to /workspace/builds/worker-5-tc1/source/Cargo.toml
[INFO] running `Command { std: CARGO_HOME="/workspace/cargo-home" RUSTUP_HOME="/workspace/rustup-home" __CARGO_TEST_CHANNEL_OVERRIDE_DO_NOT_USE_THIS="nightly" "/workspace/cargo-home/bin/cargo" "+1.69.0" "generate-lockfile" "--manifest-path" "Cargo.toml" "-Zno-index-update", kill_on_drop: false }`
[INFO] running `Command { std: CARGO_HOME="/workspace/cargo-home" RUSTUP_HOME="/workspace/rustup-home" "/workspace/cargo-home/bin/cargo" "+1.69.0" "fetch" "--manifest-path" "Cargo.toml", kill_on_drop: false }`
[INFO] [stderr]  Downloading crates ...
[INFO] [stderr]   Downloaded numpy v0.18.0
[INFO] running `Command { std: "docker" "create" "-v" "/var/lib/crater-agent-workspace/builds/worker-5-tc1/target:/opt/rustwide/target:rw,Z" "-v" "/var/lib/crater-agent-workspace/builds/worker-5-tc1/source:/opt/rustwide/workdir:ro,Z" "-v" "/var/lib/crater-agent-workspace/cargo-home:/opt/rustwide/cargo-home:ro,Z" "-v" "/var/lib/crater-agent-workspace/rustup-home:/opt/rustwide/rustup-home:ro,Z" "-e" "SOURCE_DIR=/opt/rustwide/workdir" "-e" "CARGO_TARGET_DIR=/opt/rustwide/target" "-e" "CARGO_HOME=/opt/rustwide/cargo-home" "-e" "RUSTUP_HOME=/opt/rustwide/rustup-home" "-w" "/opt/rustwide/workdir" "-m" "1610612736" "--user" "0:0" "--network" "none" "ghcr.io/rust-lang/crates-build-env/linux@sha256:97d61d7686bf65f8ecb15491ab51835e82dc9176a96a831f143a431b191fc501" "/opt/rustwide/cargo-home/bin/cargo" "+1.69.0" "metadata" "--no-deps" "--format-version=1", kill_on_drop: false }`
[INFO] [stdout] 31164f1fce04b5adddc7e4a40476ec3ff757cb5d49dc4643248a8f3007e39415
[INFO] running `Command { std: "docker" "start" "-a" "31164f1fce04b5adddc7e4a40476ec3ff757cb5d49dc4643248a8f3007e39415", kill_on_drop: false }`
[INFO] running `Command { std: "docker" "inspect" "31164f1fce04b5adddc7e4a40476ec3ff757cb5d49dc4643248a8f3007e39415", kill_on_drop: false }`
[INFO] running `Command { std: "docker" "rm" "-f" "31164f1fce04b5adddc7e4a40476ec3ff757cb5d49dc4643248a8f3007e39415", kill_on_drop: false }`
[INFO] [stdout] 31164f1fce04b5adddc7e4a40476ec3ff757cb5d49dc4643248a8f3007e39415
[INFO] running `Command { std: "docker" "create" "-v" "/var/lib/crater-agent-workspace/builds/worker-5-tc1/target:/opt/rustwide/target:rw,Z" "-v" "/var/lib/crater-agent-workspace/builds/worker-5-tc1/source:/opt/rustwide/workdir:ro,Z" "-v" "/var/lib/crater-agent-workspace/cargo-home:/opt/rustwide/cargo-home:ro,Z" "-v" "/var/lib/crater-agent-workspace/rustup-home:/opt/rustwide/rustup-home:ro,Z" "-e" "SOURCE_DIR=/opt/rustwide/workdir" "-e" "CARGO_TARGET_DIR=/opt/rustwide/target" "-e" "CARGO_INCREMENTAL=0" "-e" "RUST_BACKTRACE=full" "-e" "RUSTFLAGS=--cap-lints=warn" "-e" "RUSTDOCFLAGS=--cap-lints=warn" "-e" "CARGO_HOME=/opt/rustwide/cargo-home" "-e" "RUSTUP_HOME=/opt/rustwide/rustup-home" "-w" "/opt/rustwide/workdir" "-m" "1610612736" "--user" "0:0" "--network" "none" "ghcr.io/rust-lang/crates-build-env/linux@sha256:97d61d7686bf65f8ecb15491ab51835e82dc9176a96a831f143a431b191fc501" "/opt/rustwide/cargo-home/bin/cargo" "+1.69.0" "build" "--frozen" "--message-format=json", kill_on_drop: false }`
[INFO] [stdout] 044609b67af8102d00777ab350923e6afebd5bc0680c0743731b79e5e1006bfc
[INFO] running `Command { std: "docker" "start" "-a" "044609b67af8102d00777ab350923e6afebd5bc0680c0743731b79e5e1006bfc", kill_on_drop: false }`
[INFO] [stderr]    Compiling matrixmultiply v0.3.4
[INFO] [stderr]    Compiling rawpointer v0.2.1
[INFO] [stderr]    Compiling num-integer v0.1.45
[INFO] [stderr]    Compiling num-complex v0.4.3
[INFO] [stderr]    Compiling ndarray v0.15.6
[INFO] [stderr]    Compiling qrotate v0.2.0 (/opt/rustwide/workdir)
[INFO] [stderr]     Finished dev [unoptimized + debuginfo] target(s) in 4.10s
[INFO] running `Command { std: "docker" "inspect" "044609b67af8102d00777ab350923e6afebd5bc0680c0743731b79e5e1006bfc", kill_on_drop: false }`
[INFO] running `Command { std: "docker" "rm" "-f" "044609b67af8102d00777ab350923e6afebd5bc0680c0743731b79e5e1006bfc", kill_on_drop: false }`
[INFO] [stdout] 044609b67af8102d00777ab350923e6afebd5bc0680c0743731b79e5e1006bfc
[INFO] running `Command { std: "docker" "create" "-v" "/var/lib/crater-agent-workspace/builds/worker-5-tc1/target:/opt/rustwide/target:rw,Z" "-v" "/var/lib/crater-agent-workspace/builds/worker-5-tc1/source:/opt/rustwide/workdir:ro,Z" "-v" "/var/lib/crater-agent-workspace/cargo-home:/opt/rustwide/cargo-home:ro,Z" "-v" "/var/lib/crater-agent-workspace/rustup-home:/opt/rustwide/rustup-home:ro,Z" "-e" "SOURCE_DIR=/opt/rustwide/workdir" "-e" "CARGO_TARGET_DIR=/opt/rustwide/target" "-e" "CARGO_INCREMENTAL=0" "-e" "RUST_BACKTRACE=full" "-e" "RUSTFLAGS=--cap-lints=warn" "-e" "RUSTDOCFLAGS=--cap-lints=warn" "-e" "CARGO_HOME=/opt/rustwide/cargo-home" "-e" "RUSTUP_HOME=/opt/rustwide/rustup-home" "-w" "/opt/rustwide/workdir" "-m" "1610612736" "--user" "0:0" "--network" "none" "ghcr.io/rust-lang/crates-build-env/linux@sha256:97d61d7686bf65f8ecb15491ab51835e82dc9176a96a831f143a431b191fc501" "/opt/rustwide/cargo-home/bin/cargo" "+1.69.0" "test" "--frozen" "--no-run" "--message-format=json", kill_on_drop: false }`
[INFO] [stdout] 5d128434b42e95e4ed927fa5a8065273cc82202633056f9989c188b314b19740
[INFO] running `Command { std: "docker" "start" "-a" "5d128434b42e95e4ed927fa5a8065273cc82202633056f9989c188b314b19740", kill_on_drop: false }`
[INFO] [stderr]    Compiling libc v0.2.142
[INFO] [stderr]    Compiling ppv-lite86 v0.2.17
[INFO] [stderr]    Compiling getrandom v0.2.9
[INFO] [stderr]    Compiling rand_core v0.6.4
[INFO] [stderr]    Compiling rand_chacha v0.3.1
[INFO] [stderr]    Compiling rand v0.8.5
[INFO] [stderr]    Compiling qrotate v0.2.0 (/opt/rustwide/workdir)
[INFO] [stderr]     Finished test [unoptimized + debuginfo] target(s) in 2.52s
[INFO] running `Command { std: "docker" "inspect" "5d128434b42e95e4ed927fa5a8065273cc82202633056f9989c188b314b19740", kill_on_drop: false }`
[INFO] running `Command { std: "docker" "rm" "-f" "5d128434b42e95e4ed927fa5a8065273cc82202633056f9989c188b314b19740", kill_on_drop: false }`
[INFO] [stdout] 5d128434b42e95e4ed927fa5a8065273cc82202633056f9989c188b314b19740
[INFO] running `Command { std: "docker" "create" "-v" "/var/lib/crater-agent-workspace/builds/worker-5-tc1/target:/opt/rustwide/target:rw,Z" "-v" "/var/lib/crater-agent-workspace/builds/worker-5-tc1/source:/opt/rustwide/workdir:ro,Z" "-v" "/var/lib/crater-agent-workspace/cargo-home:/opt/rustwide/cargo-home:ro,Z" "-v" "/var/lib/crater-agent-workspace/rustup-home:/opt/rustwide/rustup-home:ro,Z" "-e" "SOURCE_DIR=/opt/rustwide/workdir" "-e" "CARGO_TARGET_DIR=/opt/rustwide/target" "-e" "CARGO_INCREMENTAL=0" "-e" "RUST_BACKTRACE=full" "-e" "RUSTFLAGS=--cap-lints=warn" "-e" "RUSTDOCFLAGS=--cap-lints=warn" "-e" "CARGO_HOME=/opt/rustwide/cargo-home" "-e" "RUSTUP_HOME=/opt/rustwide/rustup-home" "-w" "/opt/rustwide/workdir" "-m" "1610612736" "--user" "0:0" "--network" "none" "ghcr.io/rust-lang/crates-build-env/linux@sha256:97d61d7686bf65f8ecb15491ab51835e82dc9176a96a831f143a431b191fc501" "/opt/rustwide/cargo-home/bin/cargo" "+1.69.0" "test" "--frozen", kill_on_drop: false }`
[INFO] [stdout] 95fe34448730763ae545435c237f121f1103a18f7f900406bacd931f8ed1f9b5
[INFO] running `Command { std: "docker" "start" "-a" "95fe34448730763ae545435c237f121f1103a18f7f900406bacd931f8ed1f9b5", kill_on_drop: false }`
[INFO] [stderr]     Finished test [unoptimized + debuginfo] target(s) in 0.02s
[INFO] [stderr]      Running unittests src/lib.rs (/opt/rustwide/target/debug/deps/qrotate-7b5457f32040c6c1)
[INFO] [stdout] 
[INFO] [stdout] running 6 tests
[INFO] [stdout] test qoperators::tests::rotate ... ok
[INFO] [stdout] test qoperators::tests::simple_tests ... ok
[INFO] [stdout] test quaternion::tests::q2dcm2q ... ok
[INFO] [stdout] test quaternion::tests::qv1tov2 ... ok
[INFO] [stdout] test quaternion::tests::qrot ... ok
[INFO] [stdout] test qndarray::tests::rotation_tests ... ok
[INFO] [stdout] 
[INFO] [stdout] test result: ok. 6 passed; 0 failed; 0 ignored; 0 measured; 0 filtered out; finished in 0.03s
[INFO] [stdout] 
[INFO] [stderr]    Doc-tests qrotate
[INFO] [stdout] 
[INFO] [stdout] running 3 tests
[INFO] [stdout] test src/qndarray.rs - qndarray::Quaternion<T> (line 14) ... FAILED
[INFO] [stdout] test src/qoperators.rs - qoperators::Quaternion<T> (line 213) ... FAILED
[INFO] [stdout] test src/quaternion.rs - quaternion::Quaternion<T>::ldcm (line 340) ... FAILED
[INFO] [stdout] 
[INFO] [stdout] failures:
[INFO] [stdout] 
[INFO] [stdout] ---- src/qndarray.rs - qndarray::Quaternion<T> (line 14) stdout ----
[INFO] [stdout] error[E0432]: unresolved import `rotations`
[INFO] [stdout]  --> src/qndarray.rs:15:5
[INFO] [stdout]   |
[INFO] [stdout] 3 | use rotations::QuaternionD;
[INFO] [stdout]   |     ^^^^^^^^^ use of undeclared crate or module `rotations`
[INFO] [stdout] 
[INFO] [stdout] error: aborting due to previous error
[INFO] [stdout] 
[INFO] [stdout] For more information about this error, try `rustc --explain E0432`.
[INFO] [stdout] Couldn't compile the test.
[INFO] [stdout] ---- src/qoperators.rs - qoperators::Quaternion<T> (line 213) stdout ----
[INFO] [stdout] error[E0432]: unresolved import `rotations`
[INFO] [stdout]  --> src/qoperators.rs:216:5
[INFO] [stdout]   |
[INFO] [stdout] 5 | use rotations::Quaternion;
[INFO] [stdout]   |     ^^^^^^^^^ use of undeclared crate or module `rotations`
[INFO] [stdout] 
[INFO] [stdout] error: aborting due to previous error
[INFO] [stdout] 
[INFO] [stdout] For more information about this error, try `rustc --explain E0432`.
[INFO] [stdout] Couldn't compile the test.
[INFO] [stdout] ---- src/quaternion.rs - quaternion::Quaternion<T>::ldcm (line 340) stdout ----
[INFO] [stdout] error[E0432]: unresolved import `rotations`
[INFO] [stdout]  --> src/quaternion.rs:341:5
[INFO] [stdout]   |
[INFO] [stdout] 3 | use rotations::QuaternionD;
[INFO] [stdout]   |     ^^^^^^^^^ use of undeclared crate or module `rotations`
[INFO] [stdout] 
[INFO] [stdout] error: aborting due to previous error
[INFO] [stdout] 
[INFO] [stdout] For more information about this error, try `rustc --explain E0432`.
[INFO] [stdout] Couldn't compile the test.
[INFO] [stdout] 
[INFO] [stdout] failures:
[INFO] [stdout]     src/qndarray.rs - qndarray::Quaternion<T> (line 14)
[INFO] [stdout]     src/qoperators.rs - qoperators::Quaternion<T> (line 213)
[INFO] [stdout]     src/quaternion.rs - quaternion::Quaternion<T>::ldcm (line 340)
[INFO] [stdout] 
[INFO] [stdout] test result: FAILED. 0 passed; 3 failed; 0 ignored; 0 measured; 0 filtered out; finished in 0.04s
[INFO] [stdout] 
[INFO] [stderr] error: doctest failed, to rerun pass `--doc`
[INFO] running `Command { std: "docker" "inspect" "95fe34448730763ae545435c237f121f1103a18f7f900406bacd931f8ed1f9b5", kill_on_drop: false }`
[INFO] running `Command { std: "docker" "rm" "-f" "95fe34448730763ae545435c237f121f1103a18f7f900406bacd931f8ed1f9b5", kill_on_drop: false }`
[INFO] [stdout] 95fe34448730763ae545435c237f121f1103a18f7f900406bacd931f8ed1f9b5
