[INFO] fetching crate qiniu-apis 0.2.2...
[INFO] testing qiniu-apis-0.2.2 against 1.69.0 for beta-1.70-1
[INFO] extracting crate qiniu-apis 0.2.2 into /workspace/builds/worker-3-tc1/source
[INFO] validating manifest of crates.io crate qiniu-apis 0.2.2 on toolchain 1.69.0
[INFO] running `Command { std: CARGO_HOME="/workspace/cargo-home" RUSTUP_HOME="/workspace/rustup-home" "/workspace/cargo-home/bin/cargo" "+1.69.0" "metadata" "--manifest-path" "Cargo.toml" "--no-deps", kill_on_drop: false }`
[INFO] started tweaking crates.io crate qiniu-apis 0.2.2
[INFO] finished tweaking crates.io crate qiniu-apis 0.2.2
[INFO] tweaked toml for crates.io crate qiniu-apis 0.2.2 written to /workspace/builds/worker-3-tc1/source/Cargo.toml
[INFO] running `Command { std: CARGO_HOME="/workspace/cargo-home" RUSTUP_HOME="/workspace/rustup-home" __CARGO_TEST_CHANNEL_OVERRIDE_DO_NOT_USE_THIS="nightly" "/workspace/cargo-home/bin/cargo" "+1.69.0" "generate-lockfile" "--manifest-path" "Cargo.toml" "-Zno-index-update", kill_on_drop: false }`
[INFO] running `Command { std: CARGO_HOME="/workspace/cargo-home" RUSTUP_HOME="/workspace/rustup-home" "/workspace/cargo-home/bin/cargo" "+1.69.0" "fetch" "--manifest-path" "Cargo.toml", kill_on_drop: false }`
[INFO] [stderr]  Downloading crates ...
[INFO] [stderr]   Downloaded assert-impl v0.1.3
[INFO] [stderr]   Downloaded smallstr v0.3.0
[INFO] [stderr]   Downloaded qiniu-utils v0.2.2
[INFO] [stderr]   Downloaded async-once-cell v0.3.1
[INFO] [stderr]   Downloaded qiniu-reqwest v0.2.2
[INFO] [stderr]   Downloaded c-types v2.0.2
[INFO] [stderr]   Downloaded qiniu-credential v0.2.2
[INFO] [stderr]   Downloaded c-ares v7.6.0
[INFO] [stderr]   Downloaded fs4 v0.6.3
[INFO] [stderr]   Downloaded async-std-resolver v0.21.2
[INFO] [stderr]   Downloaded c-ares-resolver v7.5.0
[INFO] [stderr]   Downloaded dns-lookup v1.0.8
[INFO] [stderr]   Downloaded io-lifetimes v0.7.5
[INFO] [stderr]   Downloaded maybe-owned v0.3.4
[INFO] [stderr]   Downloaded duplicate v0.2.9
[INFO] [stderr]   Downloaded qiniu-upload-token v0.2.2
[INFO] [stderr]   Downloaded rustix v0.35.13
[INFO] [stderr]   Downloaded c-ares-sys v5.4.1
[INFO] [stderr]   Downloaded tokio v0.3.7
[INFO] [stderr]   Downloaded qiniu-http v0.2.2
[INFO] [stderr]   Downloaded qiniu-ureq v0.2.2
[INFO] [stderr]   Downloaded qiniu-isahc v0.2.2
[INFO] [stderr]   Downloaded qiniu-http-client v0.2.2
[INFO] running `Command { std: "docker" "create" "-v" "/var/lib/crater-agent-workspace/builds/worker-3-tc1/target:/opt/rustwide/target:rw,Z" "-v" "/var/lib/crater-agent-workspace/builds/worker-3-tc1/source:/opt/rustwide/workdir:ro,Z" "-v" "/var/lib/crater-agent-workspace/cargo-home:/opt/rustwide/cargo-home:ro,Z" "-v" "/var/lib/crater-agent-workspace/rustup-home:/opt/rustwide/rustup-home:ro,Z" "-e" "SOURCE_DIR=/opt/rustwide/workdir" "-e" "CARGO_TARGET_DIR=/opt/rustwide/target" "-e" "CARGO_HOME=/opt/rustwide/cargo-home" "-e" "RUSTUP_HOME=/opt/rustwide/rustup-home" "-w" "/opt/rustwide/workdir" "-m" "1610612736" "--user" "0:0" "--network" "none" "ghcr.io/rust-lang/crates-build-env/linux@sha256:5ff2268d62e97bff2cde7d5815dd6ed5b47097566f13b8d0ca110b04b60e07ed" "/opt/rustwide/cargo-home/bin/cargo" "+1.69.0" "metadata" "--no-deps" "--format-version=1", kill_on_drop: false }`
[INFO] [stdout] f9752a05ca614b98d768fd170f89884449f41d66c85f4889091b36f1826467ac
[INFO] running `Command { std: "docker" "start" "-a" "f9752a05ca614b98d768fd170f89884449f41d66c85f4889091b36f1826467ac", kill_on_drop: false }`
[INFO] running `Command { std: "docker" "inspect" "f9752a05ca614b98d768fd170f89884449f41d66c85f4889091b36f1826467ac", kill_on_drop: false }`
[INFO] running `Command { std: "docker" "rm" "-f" "f9752a05ca614b98d768fd170f89884449f41d66c85f4889091b36f1826467ac", kill_on_drop: false }`
[INFO] [stdout] f9752a05ca614b98d768fd170f89884449f41d66c85f4889091b36f1826467ac
[INFO] running `Command { std: "docker" "create" "-v" "/var/lib/crater-agent-workspace/builds/worker-3-tc1/target:/opt/rustwide/target:rw,Z" "-v" "/var/lib/crater-agent-workspace/builds/worker-3-tc1/source:/opt/rustwide/workdir:ro,Z" "-v" "/var/lib/crater-agent-workspace/cargo-home:/opt/rustwide/cargo-home:ro,Z" "-v" "/var/lib/crater-agent-workspace/rustup-home:/opt/rustwide/rustup-home:ro,Z" "-e" "SOURCE_DIR=/opt/rustwide/workdir" "-e" "CARGO_TARGET_DIR=/opt/rustwide/target" "-e" "CARGO_INCREMENTAL=0" "-e" "RUST_BACKTRACE=full" "-e" "RUSTFLAGS=--cap-lints=warn" "-e" "RUSTDOCFLAGS=--cap-lints=warn" "-e" "CARGO_HOME=/opt/rustwide/cargo-home" "-e" "RUSTUP_HOME=/opt/rustwide/rustup-home" "-w" "/opt/rustwide/workdir" "-m" "1610612736" "--user" "0:0" "--network" "none" "ghcr.io/rust-lang/crates-build-env/linux@sha256:5ff2268d62e97bff2cde7d5815dd6ed5b47097566f13b8d0ca110b04b60e07ed" "/opt/rustwide/cargo-home/bin/cargo" "+1.69.0" "build" "--frozen" "--message-format=json", kill_on_drop: false }`
[INFO] [stdout] 0caa266e041aacdc595e1fe868d6914d75fe94eb4eaec108f9625c1c845e6a7e
[INFO] running `Command { std: "docker" "start" "-a" "0caa266e041aacdc595e1fe868d6914d75fe94eb4eaec108f9625c1c845e6a7e", kill_on_drop: false }`
[INFO] [stderr]    Compiling libc v0.2.142
[INFO] [stderr]    Compiling cfg-if v1.0.0
[INFO] [stderr]    Compiling syn v1.0.109
[INFO] [stderr]    Compiling typenum v1.16.0
[INFO] [stderr]    Compiling generic-array v0.14.7
[INFO] [stderr]    Compiling cc v1.0.79
[INFO] [stderr]    Compiling smallvec v1.10.0
[INFO] [stderr]    Compiling serde v1.0.160
[INFO] [stderr]    Compiling spin v0.5.2
[INFO] [stderr]    Compiling semver v1.0.17
[INFO] [stderr]    Compiling untrusted v0.7.1
[INFO] [stderr]    Compiling base64 v0.13.1
[INFO] [stderr]    Compiling tinyvec_macros v0.1.1
[INFO] [stderr]    Compiling percent-encoding v2.2.0
[INFO] [stderr]    Compiling itoa v1.0.6
[INFO] [stderr]    Compiling num-traits v0.2.15
[INFO] [stderr]    Compiling unicase v2.6.0
[INFO] [stderr]    Compiling tinyvec v1.6.0
[INFO] [stderr]    Compiling anyhow v1.0.71
[INFO] [stderr]    Compiling form_urlencoded v1.1.0
[INFO] [stderr]    Compiling crc32fast v1.3.2
[INFO] [stderr]    Compiling getrandom v0.1.16
[INFO] [stderr]    Compiling smallstr v0.3.0
[INFO] [stderr]    Compiling fnv v1.0.7
[INFO] [stderr]    Compiling bytes v1.4.0
[INFO] [stderr]    Compiling log v0.4.17
[INFO] [stderr]    Compiling num-integer v0.1.45
[INFO] [stderr]    Compiling io-lifetimes v0.7.5
[INFO] [stderr]    Compiling crossbeam-utils v0.8.15
[INFO] [stderr]    Compiling memchr v2.5.0
[INFO] [stderr]    Compiling adler v1.0.2
[INFO] [stderr]    Compiling opaque-debug v0.3.0
[INFO] [stderr]    Compiling unicode-bidi v0.3.13
[INFO] [stderr]    Compiling rustc_version v0.4.0
[INFO] [stderr]    Compiling http v0.2.9
[INFO] [stderr]    Compiling rustls v0.20.8
[INFO] [stderr]    Compiling assert-impl v0.1.3
[INFO] [stderr]    Compiling unicode-normalization v0.1.22
[INFO] [stderr]    Compiling subtle v2.4.1
[INFO] [stderr]    Compiling miniz_oxide v0.7.1
[INFO] [stderr]    Compiling lock_api v0.4.9
[INFO] [stderr]    Compiling qiniu-http v0.2.2
[INFO] [stderr]    Compiling ring v0.16.20
[INFO] [stderr]    Compiling cpufeatures v0.2.7
[INFO] [stderr]    Compiling thiserror v1.0.40
[INFO] [stderr]    Compiling idna v0.3.0
[INFO] [stderr]    Compiling mime v0.3.17
[INFO] [stderr]    Compiling serde_json v1.0.96
[INFO] [stderr]    Compiling parking_lot_core v0.9.7
[INFO] [stderr]    Compiling dyn-clone v1.0.11
[INFO] [stderr]    Compiling rustix v0.35.13
[INFO] [stderr]    Compiling digest v0.9.0
[INFO] [stderr]    Compiling block-buffer v0.9.0
[INFO] [stderr]    Compiling crypto-mac v0.11.1
[INFO] [stderr]    Compiling rand_core v0.5.1
[INFO] [stderr]    Compiling sha-1 v0.9.8
[INFO] [stderr]    Compiling url v2.3.1
[INFO] [stderr]    Compiling flate2 v1.0.26
[INFO] [stderr]    Compiling hmac v0.11.0
[INFO] [stderr]    Compiling mime_guess v2.0.4
[INFO] [stderr]    Compiling thiserror-impl v1.0.40
[INFO] [stderr]    Compiling num-rational v0.3.2
[INFO] [stderr]    Compiling linux-raw-sys v0.0.46
[INFO] [stderr]    Compiling convert_case v0.4.0
[INFO] [stderr]    Compiling ppv-lite86 v0.2.17
[INFO] [stderr]    Compiling ryu v1.0.13
[INFO] [stderr]    Compiling crossbeam-queue v0.3.8
[INFO] [stderr]    Compiling scopeguard v1.1.0
[INFO] [stderr]    Compiling aho-corasick v1.0.1
[INFO] [stderr]    Compiling rand_chacha v0.2.2
[INFO] [stderr]    Compiling time v0.1.45
[INFO] [stderr]    Compiling dirs-sys v0.3.7
[INFO] [stderr]    Compiling socket2 v0.4.9
[INFO] [stderr]    Compiling indexmap v1.9.3
[INFO] [stderr]    Compiling regex-syntax v0.7.1
[INFO] [stderr]    Compiling dns-lookup v1.0.8
[INFO] [stderr]    Compiling chrono v0.4.24
[INFO] [stderr]    Compiling dirs v3.0.2
[INFO] [stderr]    Compiling rand v0.7.3
[INFO] [stderr]    Compiling dashmap v5.4.0
[INFO] [stderr]    Compiling crossbeam-channel v0.5.8
[INFO] [stderr]    Compiling md-5 v0.9.1
[INFO] [stderr]    Compiling proc-macro-error v1.0.4
[INFO] [stderr]    Compiling qiniu-utils v0.2.2
[INFO] [stderr]    Compiling hex v0.4.3
[INFO] [stderr]    Compiling ipnet v2.7.2
[INFO] [stderr]    Compiling maybe-owned v0.3.4
[INFO] [stderr]    Compiling tap v1.0.1
[INFO] [stderr]    Compiling fs4 v0.6.3
[INFO] [stderr]    Compiling regex v1.8.1
[INFO] [stderr]    Compiling auto_impl v1.0.1
[INFO] [stderr]    Compiling dyn-clonable-impl v0.9.0
[INFO] [stderr]    Compiling duplicate v0.2.9
[INFO] [stderr]    Compiling smart-default v0.6.0
[INFO] [stderr]    Compiling webpki v0.22.0
[INFO] [stderr]    Compiling sct v0.7.0
[INFO] [stderr]    Compiling dyn-clonable v0.9.0
[INFO] [stderr]    Compiling webpki-roots v0.22.6
[INFO] [stderr]    Compiling qiniu-credential v0.2.2
[INFO] [stderr]    Compiling qiniu-upload-token v0.2.2
[INFO] [stderr]    Compiling ureq v2.6.2
[INFO] [stderr]    Compiling qiniu-ureq v0.2.2
[INFO] [stderr]    Compiling qiniu-http-client v0.2.2
[INFO] [stderr]    Compiling qiniu-apis v0.2.2 (/opt/rustwide/workdir)
[INFO] [stderr]     Finished dev [unoptimized + debuginfo] target(s) in 19.46s
[INFO] running `Command { std: "docker" "inspect" "0caa266e041aacdc595e1fe868d6914d75fe94eb4eaec108f9625c1c845e6a7e", kill_on_drop: false }`
[INFO] running `Command { std: "docker" "rm" "-f" "0caa266e041aacdc595e1fe868d6914d75fe94eb4eaec108f9625c1c845e6a7e", kill_on_drop: false }`
[INFO] [stdout] 0caa266e041aacdc595e1fe868d6914d75fe94eb4eaec108f9625c1c845e6a7e
[INFO] running `Command { std: "docker" "create" "-v" "/var/lib/crater-agent-workspace/builds/worker-3-tc1/target:/opt/rustwide/target:rw,Z" "-v" "/var/lib/crater-agent-workspace/builds/worker-3-tc1/source:/opt/rustwide/workdir:ro,Z" "-v" "/var/lib/crater-agent-workspace/cargo-home:/opt/rustwide/cargo-home:ro,Z" "-v" "/var/lib/crater-agent-workspace/rustup-home:/opt/rustwide/rustup-home:ro,Z" "-e" "SOURCE_DIR=/opt/rustwide/workdir" "-e" "CARGO_TARGET_DIR=/opt/rustwide/target" "-e" "CARGO_INCREMENTAL=0" "-e" "RUST_BACKTRACE=full" "-e" "RUSTFLAGS=--cap-lints=warn" "-e" "RUSTDOCFLAGS=--cap-lints=warn" "-e" "CARGO_HOME=/opt/rustwide/cargo-home" "-e" "RUSTUP_HOME=/opt/rustwide/rustup-home" "-w" "/opt/rustwide/workdir" "-m" "1610612736" "--user" "0:0" "--network" "none" "ghcr.io/rust-lang/crates-build-env/linux@sha256:5ff2268d62e97bff2cde7d5815dd6ed5b47097566f13b8d0ca110b04b60e07ed" "/opt/rustwide/cargo-home/bin/cargo" "+1.69.0" "test" "--frozen" "--no-run" "--message-format=json", kill_on_drop: false }`
[INFO] [stdout] cdad364ce1a2cab01cbe563086392b1c287f85485d144f1ac7c7cdb1c0e4e121
[INFO] running `Command { std: "docker" "start" "-a" "cdad364ce1a2cab01cbe563086392b1c287f85485d144f1ac7c7cdb1c0e4e121", kill_on_drop: false }`
[INFO] [stderr]    Compiling qiniu-apis v0.2.2 (/opt/rustwide/workdir)
[INFO] [stderr]     Finished test [unoptimized + debuginfo] target(s) in 3.77s
[INFO] running `Command { std: "docker" "inspect" "cdad364ce1a2cab01cbe563086392b1c287f85485d144f1ac7c7cdb1c0e4e121", kill_on_drop: false }`
[INFO] running `Command { std: "docker" "rm" "-f" "cdad364ce1a2cab01cbe563086392b1c287f85485d144f1ac7c7cdb1c0e4e121", kill_on_drop: false }`
[INFO] [stdout] cdad364ce1a2cab01cbe563086392b1c287f85485d144f1ac7c7cdb1c0e4e121
[INFO] running `Command { std: "docker" "create" "-v" "/var/lib/crater-agent-workspace/builds/worker-3-tc1/target:/opt/rustwide/target:rw,Z" "-v" "/var/lib/crater-agent-workspace/builds/worker-3-tc1/source:/opt/rustwide/workdir:ro,Z" "-v" "/var/lib/crater-agent-workspace/cargo-home:/opt/rustwide/cargo-home:ro,Z" "-v" "/var/lib/crater-agent-workspace/rustup-home:/opt/rustwide/rustup-home:ro,Z" "-e" "SOURCE_DIR=/opt/rustwide/workdir" "-e" "CARGO_TARGET_DIR=/opt/rustwide/target" "-e" "CARGO_INCREMENTAL=0" "-e" "RUST_BACKTRACE=full" "-e" "RUSTFLAGS=--cap-lints=warn" "-e" "RUSTDOCFLAGS=--cap-lints=warn" "-e" "CARGO_HOME=/opt/rustwide/cargo-home" "-e" "RUSTUP_HOME=/opt/rustwide/rustup-home" "-w" "/opt/rustwide/workdir" "-m" "1610612736" "--user" "0:0" "--network" "none" "ghcr.io/rust-lang/crates-build-env/linux@sha256:5ff2268d62e97bff2cde7d5815dd6ed5b47097566f13b8d0ca110b04b60e07ed" "/opt/rustwide/cargo-home/bin/cargo" "+1.69.0" "test" "--frozen", kill_on_drop: false }`
[INFO] [stdout] 7b177c72717066d6d094eb8b7708ee7869aa4b0ffeca894e7191a8ed5eea88ce
[INFO] running `Command { std: "docker" "start" "-a" "7b177c72717066d6d094eb8b7708ee7869aa4b0ffeca894e7191a8ed5eea88ce", kill_on_drop: false }`
[INFO] [stderr]     Finished test [unoptimized + debuginfo] target(s) in 0.16s
[INFO] [stderr]      Running unittests src/lib.rs (/opt/rustwide/target/debug/deps/qiniu_apis-24f765cda928a460)
[INFO] [stdout] 
[INFO] [stdout] running 1 test
[INFO] [stdout] test base_utils::tests::test_join_path ... ok
[INFO] [stdout] 
[INFO] [stdout] test result: ok. 1 passed; 0 failed; 0 ignored; 0 measured; 0 filtered out; finished in 0.00s
[INFO] [stdout] 
[INFO] [stderr]    Doc-tests qiniu-apis
[INFO] [stdout] 
[INFO] [stdout] running 6 tests
[INFO] [stdout] test src/lib.rs - (line 111) ... FAILED
[INFO] [stdout] test src/lib.rs - (line 183) ... FAILED
[INFO] [stdout] test src/lib.rs - (line 256) ... FAILED
[INFO] [stdout] test src/lib.rs - (line 83) ... ok
[INFO] [stdout] test src/lib.rs - (line 149) ... ok
[INFO] [stdout] test src/lib.rs - (line 227) ... ok
[INFO] [stdout] 
[INFO] [stdout] failures:
[INFO] [stdout] 
[INFO] [stdout] ---- src/lib.rs - (line 111) stdout ----
[INFO] [stdout] error[E0599]: no method named `async_get` found for struct `AllRegionsProvider` in the current scope
[INFO] [stdout]   --> src/lib.rs:121:6
[INFO] [stdout]    |
[INFO] [stdout] 12 |   let region = AllRegionsProvider::new(credential.to_owned())
[INFO] [stdout]    |  ______________-
[INFO] [stdout] 13 | |     .async_get(Default::default())
[INFO] [stdout]    | |     -^^^^^^^^^ method not found in `AllRegionsProvider`
[INFO] [stdout]    | |_____|
[INFO] [stdout]    | 
[INFO] [stdout] 
[INFO] [stdout] error[E0599]: no method named `new_async_request` found for struct `qiniu_apis::storage::create_bucket::Client` in the current scope
[INFO] [stdout]   --> src/lib.rs:126:6
[INFO] [stdout]    |
[INFO] [stdout] 15 | / Client::default()
[INFO] [stdout] 16 | |     .storage()
[INFO] [stdout] 17 | |     .create_bucket()
[INFO] [stdout] 18 | |     .new_async_request(
[INFO] [stdout]    | |     -^^^^^^^^^^^^^^^^^ help: there is a method with a similar name: `new_request`
[INFO] [stdout]    | |_____|
[INFO] [stdout]    | 
[INFO] [stdout] 
[INFO] [stdout] error: aborting due to 2 previous errors
[INFO] [stdout] 
[INFO] [stdout] For more information about this error, try `rustc --explain E0599`.
[INFO] [stdout] Couldn't compile the test.
[INFO] [stdout] ---- src/lib.rs - (line 183) stdout ----
[INFO] [stdout] error[E0599]: no method named `new_async_request` found for struct `qiniu_apis::storage::set_bucket_taggings::Client` in the current scope
[INFO] [stdout]   --> src/lib.rs:208:6
[INFO] [stdout]    |
[INFO] [stdout] 25 | / Client::default()
[INFO] [stdout] 26 | |     .storage()
[INFO] [stdout] 27 | |     .set_bucket_taggings()
[INFO] [stdout] 28 | |     .new_async_request(RegionsProviderEndpoints::new(&region), credential)
[INFO] [stdout]    | |     -^^^^^^^^^^^^^^^^^ help: there is a method with a similar name: `new_request`
[INFO] [stdout]    | |_____|
[INFO] [stdout]    | 
[INFO] [stdout] 
[INFO] [stdout] error: aborting due to previous error
[INFO] [stdout] 
[INFO] [stdout] For more information about this error, try `rustc --explain E0599`.
[INFO] [stdout] Couldn't compile the test.
[INFO] [stdout] ---- src/lib.rs - (line 256) stdout ----
[INFO] [stdout] error[E0599]: no method named `new_async_request` found for struct `qiniu_apis::storage::get_bucket_taggings::Client` in the current scope
[INFO] [stdout]   --> src/lib.rs:270:6
[INFO] [stdout]    |
[INFO] [stdout] 14 |   let tags = Client::default()
[INFO] [stdout]    |  ____________-
[INFO] [stdout] 15 | |     .storage()
[INFO] [stdout] 16 | |     .get_bucket_taggings()
[INFO] [stdout] 17 | |     .new_async_request(RegionsProviderEndpoints::new(&region), credential)
[INFO] [stdout]    | |     -^^^^^^^^^^^^^^^^^ help: there is a method with a similar name: `new_request`
[INFO] [stdout]    | |_____|
[INFO] [stdout]    | 
[INFO] [stdout] 
[INFO] [stdout] error: aborting due to previous error
[INFO] [stdout] 
[INFO] [stdout] For more information about this error, try `rustc --explain E0599`.
[INFO] [stdout] Couldn't compile the test.
[INFO] [stdout] 
[INFO] [stdout] failures:
[INFO] [stdout]     src/lib.rs - (line 111)
[INFO] [stdout]     src/lib.rs - (line 183)
[INFO] [stdout]     src/lib.rs - (line 256)
[INFO] [stdout] 
[INFO] [stdout] test result: FAILED. 3 passed; 3 failed; 0 ignored; 0 measured; 0 filtered out; finished in 0.39s
[INFO] [stdout] 
[INFO] [stderr] error: doctest failed, to rerun pass `--doc`
[INFO] running `Command { std: "docker" "inspect" "7b177c72717066d6d094eb8b7708ee7869aa4b0ffeca894e7191a8ed5eea88ce", kill_on_drop: false }`
[INFO] running `Command { std: "docker" "rm" "-f" "7b177c72717066d6d094eb8b7708ee7869aa4b0ffeca894e7191a8ed5eea88ce", kill_on_drop: false }`
[INFO] [stdout] 7b177c72717066d6d094eb8b7708ee7869aa4b0ffeca894e7191a8ed5eea88ce
