[INFO] fetching crate qinetic_window 0.2.0...
[INFO] testing qinetic_window-0.2.0 against 1.69.0 for beta-1.70-1
[INFO] extracting crate qinetic_window 0.2.0 into /workspace/builds/worker-0-tc1/source
[INFO] validating manifest of crates.io crate qinetic_window 0.2.0 on toolchain 1.69.0
[INFO] running `Command { std: CARGO_HOME="/workspace/cargo-home" RUSTUP_HOME="/workspace/rustup-home" "/workspace/cargo-home/bin/cargo" "+1.69.0" "metadata" "--manifest-path" "Cargo.toml" "--no-deps", kill_on_drop: false }`
[INFO] started tweaking crates.io crate qinetic_window 0.2.0
[INFO] finished tweaking crates.io crate qinetic_window 0.2.0
[INFO] tweaked toml for crates.io crate qinetic_window 0.2.0 written to /workspace/builds/worker-0-tc1/source/Cargo.toml
[INFO] running `Command { std: CARGO_HOME="/workspace/cargo-home" RUSTUP_HOME="/workspace/rustup-home" __CARGO_TEST_CHANNEL_OVERRIDE_DO_NOT_USE_THIS="nightly" "/workspace/cargo-home/bin/cargo" "+1.69.0" "generate-lockfile" "--manifest-path" "Cargo.toml" "-Zno-index-update", kill_on_drop: false }`
[INFO] running `Command { std: CARGO_HOME="/workspace/cargo-home" RUSTUP_HOME="/workspace/rustup-home" "/workspace/cargo-home/bin/cargo" "+1.69.0" "fetch" "--manifest-path" "Cargo.toml", kill_on_drop: false }`
[INFO] [stderr]  Downloading crates ...
[INFO] [stderr]   Downloaded qinetic_app_macros v0.1.0
[INFO] [stderr]   Downloaded qinetic_ecs v0.2.0
[INFO] [stderr]   Downloaded qinetic_app v0.2.0
[INFO] [stderr]   Downloaded qinetic_utils_macros v0.1.0
[INFO] [stderr]   Downloaded qinetic_ecs_macros v0.1.0
[INFO] running `Command { std: "docker" "create" "-v" "/var/lib/crater-agent-workspace/builds/worker-0-tc1/target:/opt/rustwide/target:rw,Z" "-v" "/var/lib/crater-agent-workspace/builds/worker-0-tc1/source:/opt/rustwide/workdir:ro,Z" "-v" "/var/lib/crater-agent-workspace/cargo-home:/opt/rustwide/cargo-home:ro,Z" "-v" "/var/lib/crater-agent-workspace/rustup-home:/opt/rustwide/rustup-home:ro,Z" "-e" "SOURCE_DIR=/opt/rustwide/workdir" "-e" "CARGO_TARGET_DIR=/opt/rustwide/target" "-e" "CARGO_HOME=/opt/rustwide/cargo-home" "-e" "RUSTUP_HOME=/opt/rustwide/rustup-home" "-w" "/opt/rustwide/workdir" "-m" "1610612736" "--user" "0:0" "--network" "none" "ghcr.io/rust-lang/crates-build-env/linux@sha256:5ff2268d62e97bff2cde7d5815dd6ed5b47097566f13b8d0ca110b04b60e07ed" "/opt/rustwide/cargo-home/bin/cargo" "+1.69.0" "metadata" "--no-deps" "--format-version=1", kill_on_drop: false }`
[INFO] [stdout] 4a74761c4b2228954c15268b628da39c33ca1b83aed8e6fbe1aefc38eb535564
[INFO] running `Command { std: "docker" "start" "-a" "4a74761c4b2228954c15268b628da39c33ca1b83aed8e6fbe1aefc38eb535564", kill_on_drop: false }`
[INFO] running `Command { std: "docker" "inspect" "4a74761c4b2228954c15268b628da39c33ca1b83aed8e6fbe1aefc38eb535564", kill_on_drop: false }`
[INFO] running `Command { std: "docker" "rm" "-f" "4a74761c4b2228954c15268b628da39c33ca1b83aed8e6fbe1aefc38eb535564", kill_on_drop: false }`
[INFO] [stdout] 4a74761c4b2228954c15268b628da39c33ca1b83aed8e6fbe1aefc38eb535564
[INFO] running `Command { std: "docker" "create" "-v" "/var/lib/crater-agent-workspace/builds/worker-0-tc1/target:/opt/rustwide/target:rw,Z" "-v" "/var/lib/crater-agent-workspace/builds/worker-0-tc1/source:/opt/rustwide/workdir:ro,Z" "-v" "/var/lib/crater-agent-workspace/cargo-home:/opt/rustwide/cargo-home:ro,Z" "-v" "/var/lib/crater-agent-workspace/rustup-home:/opt/rustwide/rustup-home:ro,Z" "-e" "SOURCE_DIR=/opt/rustwide/workdir" "-e" "CARGO_TARGET_DIR=/opt/rustwide/target" "-e" "CARGO_INCREMENTAL=0" "-e" "RUST_BACKTRACE=full" "-e" "RUSTFLAGS=--cap-lints=warn" "-e" "RUSTDOCFLAGS=--cap-lints=warn" "-e" "CARGO_HOME=/opt/rustwide/cargo-home" "-e" "RUSTUP_HOME=/opt/rustwide/rustup-home" "-w" "/opt/rustwide/workdir" "-m" "1610612736" "--user" "0:0" "--network" "none" "ghcr.io/rust-lang/crates-build-env/linux@sha256:5ff2268d62e97bff2cde7d5815dd6ed5b47097566f13b8d0ca110b04b60e07ed" "/opt/rustwide/cargo-home/bin/cargo" "+1.69.0" "build" "--frozen" "--message-format=json", kill_on_drop: false }`
[INFO] [stdout] 071a18b43129467806699b8cd7aaa19d810561e8e9d813319297d7916efe0d2b
[INFO] running `Command { std: "docker" "start" "-a" "071a18b43129467806699b8cd7aaa19d810561e8e9d813319297d7916efe0d2b", kill_on_drop: false }`
[INFO] [stderr]    Compiling proc-macro2 v1.0.56
[INFO] [stderr]    Compiling serde v1.0.160
[INFO] [stderr]    Compiling syn v1.0.109
[INFO] [stderr]    Compiling downcast-rs v1.2.0
[INFO] [stderr]    Compiling quote v1.0.26
[INFO] [stderr]    Compiling toml v0.5.11
[INFO] [stderr]    Compiling qinetic_utils_macros v0.1.0
[INFO] [stderr]    Compiling qinetic_ecs_macros v0.1.0
[INFO] [stderr]    Compiling qinetic_app_macros v0.1.0
[INFO] [stderr]    Compiling qinetic_ecs v0.2.0
[INFO] [stderr]    Compiling qinetic_app v0.2.0
[INFO] [stderr]    Compiling qinetic_window v0.2.0 (/opt/rustwide/workdir)
[INFO] [stdout] warning: unused imports: `CursorEvent`, `WindowEvent`
[INFO] [stdout]  --> src/event_loop.rs:3:13
[INFO] [stdout]   |
[INFO] [stdout] 3 | use crate::{CursorEvent, WindowEvent};
[INFO] [stdout]   |             ^^^^^^^^^^^  ^^^^^^^^^^^
[INFO] [stdout]   |
[INFO] [stdout]   = note: `#[warn(unused_imports)]` on by default
[INFO] [stdout] 
[INFO] [stdout] 
[INFO] [stdout] warning: unused variable: `title`
[INFO] [stdout]   --> src/window.rs:37:51
[INFO] [stdout]    |
[INFO] [stdout] 37 |     pub fn with_title<T: Into<String>>(&mut self, title: T) -> &mut Self {
[INFO] [stdout]    |                                                   ^^^^^ help: if this is intentional, prefix it with an underscore: `_title`
[INFO] [stdout]    |
[INFO] [stdout]    = note: `#[warn(unused_variables)]` on by default
[INFO] [stdout] 
[INFO] [stdout] 
[INFO] [stdout] warning: unused variable: `event_loop`
[INFO] [stdout]   --> src/window.rs:49:29
[INFO] [stdout]    |
[INFO] [stdout] 49 |     pub fn build(&mut self, event_loop: &EventLoop) -> Window {
[INFO] [stdout]    |                             ^^^^^^^^^^ help: if this is intentional, prefix it with an underscore: `_event_loop`
[INFO] [stdout] 
[INFO] [stdout] 
[INFO] [stdout] warning: 3 warnings emitted
[INFO] [stdout] 
[INFO] [stdout] 
[INFO] [stderr]     Finished dev [unoptimized + debuginfo] target(s) in 5.52s
[INFO] running `Command { std: "docker" "inspect" "071a18b43129467806699b8cd7aaa19d810561e8e9d813319297d7916efe0d2b", kill_on_drop: false }`
[INFO] running `Command { std: "docker" "rm" "-f" "071a18b43129467806699b8cd7aaa19d810561e8e9d813319297d7916efe0d2b", kill_on_drop: false }`
[INFO] [stdout] 071a18b43129467806699b8cd7aaa19d810561e8e9d813319297d7916efe0d2b
[INFO] running `Command { std: "docker" "create" "-v" "/var/lib/crater-agent-workspace/builds/worker-0-tc1/target:/opt/rustwide/target:rw,Z" "-v" "/var/lib/crater-agent-workspace/builds/worker-0-tc1/source:/opt/rustwide/workdir:ro,Z" "-v" "/var/lib/crater-agent-workspace/cargo-home:/opt/rustwide/cargo-home:ro,Z" "-v" "/var/lib/crater-agent-workspace/rustup-home:/opt/rustwide/rustup-home:ro,Z" "-e" "SOURCE_DIR=/opt/rustwide/workdir" "-e" "CARGO_TARGET_DIR=/opt/rustwide/target" "-e" "CARGO_INCREMENTAL=0" "-e" "RUST_BACKTRACE=full" "-e" "RUSTFLAGS=--cap-lints=warn" "-e" "RUSTDOCFLAGS=--cap-lints=warn" "-e" "CARGO_HOME=/opt/rustwide/cargo-home" "-e" "RUSTUP_HOME=/opt/rustwide/rustup-home" "-w" "/opt/rustwide/workdir" "-m" "1610612736" "--user" "0:0" "--network" "none" "ghcr.io/rust-lang/crates-build-env/linux@sha256:5ff2268d62e97bff2cde7d5815dd6ed5b47097566f13b8d0ca110b04b60e07ed" "/opt/rustwide/cargo-home/bin/cargo" "+1.69.0" "test" "--frozen" "--no-run" "--message-format=json", kill_on_drop: false }`
[INFO] [stdout] dc9bde33aced0a6873f04dd39166f407cc9d7e534fa4d0ec72930c16c7f81dd3
[INFO] running `Command { std: "docker" "start" "-a" "dc9bde33aced0a6873f04dd39166f407cc9d7e534fa4d0ec72930c16c7f81dd3", kill_on_drop: false }`
[INFO] [stdout] warning: unused imports: `CursorEvent`, `WindowEvent`
[INFO] [stdout]  --> src/event_loop.rs:3:13
[INFO] [stdout]   |
[INFO] [stdout] 3 | use crate::{CursorEvent, WindowEvent};
[INFO] [stdout]   |             ^^^^^^^^^^^  ^^^^^^^^^^^
[INFO] [stdout]   |
[INFO] [stdout]   = note: `#[warn(unused_imports)]` on by default
[INFO] [stdout] 
[INFO] [stdout] 
[INFO] [stdout] warning: unused variable: `title`
[INFO] [stdout]   --> src/window.rs:37:51
[INFO] [stdout]    |
[INFO] [stdout] 37 |     pub fn with_title<T: Into<String>>(&mut self, title: T) -> &mut Self {
[INFO] [stdout]    |                                                   ^^^^^ help: if this is intentional, prefix it with an underscore: `_title`
[INFO] [stdout]    |
[INFO] [stdout]    = note: `#[warn(unused_variables)]` on by default
[INFO] [stdout] 
[INFO] [stdout] 
[INFO] [stderr]    Compiling qinetic_window v0.2.0 (/opt/rustwide/workdir)
[INFO] [stdout] warning: unused variable: `event_loop`
[INFO] [stdout]   --> src/window.rs:49:29
[INFO] [stdout]    |
[INFO] [stdout] 49 |     pub fn build(&mut self, event_loop: &EventLoop) -> Window {
[INFO] [stdout]    |                             ^^^^^^^^^^ help: if this is intentional, prefix it with an underscore: `_event_loop`
[INFO] [stdout] 
[INFO] [stdout] 
[INFO] [stdout] warning: 3 warnings emitted
[INFO] [stdout] 
[INFO] [stdout] 
[INFO] [stdout] warning: unused imports: `CursorEvent`, `WindowEvent`
[INFO] [stdout]  --> src/event_loop.rs:3:13
[INFO] [stdout]   |
[INFO] [stdout] 3 | use crate::{CursorEvent, WindowEvent};
[INFO] [stdout]   |             ^^^^^^^^^^^  ^^^^^^^^^^^
[INFO] [stdout]   |
[INFO] [stdout]   = note: `#[warn(unused_imports)]` on by default
[INFO] [stdout] 
[INFO] [stdout] 
[INFO] [stdout] warning: unused variable: `title`
[INFO] [stdout]   --> src/window.rs:37:51
[INFO] [stdout]    |
[INFO] [stdout] 37 |     pub fn with_title<T: Into<String>>(&mut self, title: T) -> &mut Self {
[INFO] [stdout]    |                                                   ^^^^^ help: if this is intentional, prefix it with an underscore: `_title`
[INFO] [stdout]    |
[INFO] [stdout]    = note: `#[warn(unused_variables)]` on by default
[INFO] [stdout] 
[INFO] [stdout] 
[INFO] [stdout] warning: unused variable: `event_loop`
[INFO] [stdout]   --> src/window.rs:49:29
[INFO] [stdout]    |
[INFO] [stdout] 49 |     pub fn build(&mut self, event_loop: &EventLoop) -> Window {
[INFO] [stdout]    |                             ^^^^^^^^^^ help: if this is intentional, prefix it with an underscore: `_event_loop`
[INFO] [stdout] 
[INFO] [stdout] 
[INFO] [stdout] warning: 3 warnings emitted
[INFO] [stdout] 
[INFO] [stdout] 
[INFO] [stderr]     Finished test [unoptimized + debuginfo] target(s) in 0.24s
[INFO] running `Command { std: "docker" "inspect" "dc9bde33aced0a6873f04dd39166f407cc9d7e534fa4d0ec72930c16c7f81dd3", kill_on_drop: false }`
[INFO] running `Command { std: "docker" "rm" "-f" "dc9bde33aced0a6873f04dd39166f407cc9d7e534fa4d0ec72930c16c7f81dd3", kill_on_drop: false }`
[INFO] [stdout] dc9bde33aced0a6873f04dd39166f407cc9d7e534fa4d0ec72930c16c7f81dd3
[INFO] running `Command { std: "docker" "create" "-v" "/var/lib/crater-agent-workspace/builds/worker-0-tc1/target:/opt/rustwide/target:rw,Z" "-v" "/var/lib/crater-agent-workspace/builds/worker-0-tc1/source:/opt/rustwide/workdir:ro,Z" "-v" "/var/lib/crater-agent-workspace/cargo-home:/opt/rustwide/cargo-home:ro,Z" "-v" "/var/lib/crater-agent-workspace/rustup-home:/opt/rustwide/rustup-home:ro,Z" "-e" "SOURCE_DIR=/opt/rustwide/workdir" "-e" "CARGO_TARGET_DIR=/opt/rustwide/target" "-e" "CARGO_INCREMENTAL=0" "-e" "RUST_BACKTRACE=full" "-e" "RUSTFLAGS=--cap-lints=warn" "-e" "RUSTDOCFLAGS=--cap-lints=warn" "-e" "CARGO_HOME=/opt/rustwide/cargo-home" "-e" "RUSTUP_HOME=/opt/rustwide/rustup-home" "-w" "/opt/rustwide/workdir" "-m" "1610612736" "--user" "0:0" "--network" "none" "ghcr.io/rust-lang/crates-build-env/linux@sha256:5ff2268d62e97bff2cde7d5815dd6ed5b47097566f13b8d0ca110b04b60e07ed" "/opt/rustwide/cargo-home/bin/cargo" "+1.69.0" "test" "--frozen", kill_on_drop: false }`
[INFO] [stdout] 0abbd9a4631bdff9666a3d45e0561f0d8b8d5cd9815a6adbac8c0ccd43cb101c
[INFO] running `Command { std: "docker" "start" "-a" "0abbd9a4631bdff9666a3d45e0561f0d8b8d5cd9815a6adbac8c0ccd43cb101c", kill_on_drop: false }`
[INFO] [stderr] warning: unused imports: `CursorEvent`, `WindowEvent`
[INFO] [stderr]  --> src/event_loop.rs:3:13
[INFO] [stderr]   |
[INFO] [stderr] 3 | use crate::{CursorEvent, WindowEvent};
[INFO] [stderr]   |             ^^^^^^^^^^^  ^^^^^^^^^^^
[INFO] [stderr]   |
[INFO] [stderr]   = note: `#[warn(unused_imports)]` on by default
[INFO] [stderr] 
[INFO] [stderr] warning: unused variable: `title`
[INFO] [stderr]   --> src/window.rs:37:51
[INFO] [stderr]    |
[INFO] [stderr] 37 |     pub fn with_title<T: Into<String>>(&mut self, title: T) -> &mut Self {
[INFO] [stderr]    |                                                   ^^^^^ help: if this is intentional, prefix it with an underscore: `_title`
[INFO] [stderr]    |
[INFO] [stderr]    = note: `#[warn(unused_variables)]` on by default
[INFO] [stderr] 
[INFO] [stderr] warning: unused variable: `event_loop`
[INFO] [stderr]   --> src/window.rs:49:29
[INFO] [stderr]    |
[INFO] [stderr] 49 |     pub fn build(&mut self, event_loop: &EventLoop) -> Window {
[INFO] [stderr]    |                             ^^^^^^^^^^ help: if this is intentional, prefix it with an underscore: `_event_loop`
[INFO] [stderr] 
[INFO] [stderr] warning: `qinetic_window` (lib) generated 3 warnings (run `cargo fix --lib -p qinetic_window` to apply 3 suggestions)
[INFO] [stderr] warning: `qinetic_window` (lib test) generated 3 warnings (3 duplicates)
[INFO] [stderr]     Finished test [unoptimized + debuginfo] target(s) in 0.01s
[INFO] [stderr]      Running unittests src/lib.rs (/opt/rustwide/target/debug/deps/qinetic_window-be450b3c7f74848e)
[INFO] [stdout] 
[INFO] [stdout] running 0 tests
[INFO] [stdout] 
[INFO] [stdout] test result: ok. 0 passed; 0 failed; 0 ignored; 0 measured; 0 filtered out; finished in 0.00s
[INFO] [stdout] 
[INFO] [stderr]    Doc-tests qinetic_window
[INFO] [stdout] 
[INFO] [stdout] running 12 tests
[INFO] [stdout] test src/lib.rs - WindowStage (line 64) ... FAILED
[INFO] [stdout] test src/lib.rs - WindowEvent (line 256) ... FAILED
[INFO] [stdout] test src/lib.rs - CursorEvent (line 286) ... FAILED
[INFO] [stdout] test src/window.rs - window::WindowBuilder::build (line 44) ... FAILED
[INFO] [stdout] test src/lib.rs - WindowSizeConstraints (line 221) ... FAILED
[INFO] [stdout] test src/window.rs - window::WindowBuilder::with_title (line 29) ... FAILED
[INFO] [stdout] test src/lib.rs - WindowMode (line 134) ... ok
[INFO] [stdout] test src/lib.rs - WindowResource (line 76) ... ok
[INFO] [stdout] test src/lib.rs - WindowPosition (line 165) ... ok
[INFO] [stdout] test src/lib.rs - WindowMonitor (line 193) ... ok
[INFO] [stdout] test src/lib.rs - WindowPlugin (line 37) ... ok
[INFO] [stdout] test src/window.rs - window::Window::builder (line 12) ... ok
[INFO] [stdout] 
[INFO] [stdout] failures:
[INFO] [stdout] 
[INFO] [stdout] ---- src/lib.rs - WindowStage (line 64) stdout ----
[INFO] [stdout] error: expected `::`, found `:`
[INFO] [stdout]  --> src/lib.rs:66:19
[INFO] [stdout]   |
[INFO] [stdout] 5 | use qinetic_window:prelude::*;
[INFO] [stdout]   |                   ^ help: use double colon
[INFO] [stdout]   |
[INFO] [stdout]   = note: import paths are delimited using `::`
[INFO] [stdout] 
[INFO] [stdout] error: expected one of `;` or `as`, found `::`
[INFO] [stdout]  --> src/lib.rs:66:27
[INFO] [stdout]   |
[INFO] [stdout] 5 | use qinetic_window:prelude::*;
[INFO] [stdout]   |                           ^^ expected one of `;` or `as`
[INFO] [stdout] 
[INFO] [stdout] error: aborting due to 2 previous errors
[INFO] [stdout] 
[INFO] [stdout] Couldn't compile the test.
[INFO] [stdout] ---- src/lib.rs - WindowEvent (line 256) stdout ----
[INFO] [stdout] error[E0433]: failed to resolve: use of undeclared type `WindowEvent`
[INFO] [stdout]  --> src/lib.rs:261:17
[INFO] [stdout]   |
[INFO] [stdout] 8 |     .with_event(WindowEvent::Resized)
[INFO] [stdout]   |                 ^^^^^^^^^^^ use of undeclared type `WindowEvent`
[INFO] [stdout] 
[INFO] [stdout] error: aborting due to previous error
[INFO] [stdout] 
[INFO] [stdout] For more information about this error, try `rustc --explain E0433`.
[INFO] [stdout] Couldn't compile the test.
[INFO] [stdout] ---- src/lib.rs - CursorEvent (line 286) stdout ----
[INFO] [stdout] error[E0433]: failed to resolve: use of undeclared type `CursorEvent`
[INFO] [stdout]  --> src/lib.rs:291:17
[INFO] [stdout]   |
[INFO] [stdout] 8 |     .with_event(CursorEvent::Moved)
[INFO] [stdout]   |                 ^^^^^^^^^^^ use of undeclared type `CursorEvent`
[INFO] [stdout] 
[INFO] [stdout] error: aborting due to previous error
[INFO] [stdout] 
[INFO] [stdout] For more information about this error, try `rustc --explain E0433`.
[INFO] [stdout] Couldn't compile the test.
[INFO] [stdout] ---- src/window.rs - window::WindowBuilder::build (line 44) stdout ----
[INFO] [stdout] error[E0061]: this method takes 1 argument but 0 arguments were supplied
[INFO] [stdout]   --> src/window.rs:47:19
[INFO] [stdout]    |
[INFO] [stdout] 6  | Window::builder().build();
[INFO] [stdout]    |                   ^^^^^-- an argument of type `&EventLoop` is missing
[INFO] [stdout]    |
[INFO] [stdout] note: method defined here
[INFO] [stdout]   --> /opt/rustwide/workdir/src/window.rs:49:12
[INFO] [stdout]    |
[INFO] [stdout] 49 |     pub fn build(&mut self, event_loop: &EventLoop) -> Window {
[INFO] [stdout]    |            ^^^^^
[INFO] [stdout] help: provide the argument
[INFO] [stdout]    |
[INFO] [stdout] 6  | Window::builder().build(/* &EventLoop */);
[INFO] [stdout]    |                        ~~~~~~~~~~~~~~~~~~
[INFO] [stdout] 
[INFO] [stdout] error: aborting due to previous error
[INFO] [stdout] 
[INFO] [stdout] For more information about this error, try `rustc --explain E0061`.
[INFO] [stdout] Couldn't compile the test.
[INFO] [stdout] ---- src/lib.rs - WindowSizeConstraints (line 221) stdout ----
[INFO] [stdout] error: unknown start of token: `
[INFO] [stdout]  --> src/lib.rs:225:1
[INFO] [stdout]   |
[INFO] [stdout] 7 | `App::builder()
[INFO] [stdout]   | ^
[INFO] [stdout]   |
[INFO] [stdout] help: Unicode character '`' (Grave Accent) looks like ''' (Single Quote), but it is not
[INFO] [stdout]   |
[INFO] [stdout] 7 | 'App::builder()
[INFO] [stdout]   | ~
[INFO] [stdout] 
[INFO] [stdout] error: aborting due to previous error
[INFO] [stdout] 
[INFO] [stdout] Couldn't compile the test.
[INFO] [stdout] ---- src/window.rs - window::WindowBuilder::with_title (line 29) stdout ----
[INFO] [stdout] error[E0061]: this method takes 1 argument but 0 arguments were supplied
[INFO] [stdout]   --> src/window.rs:34:6
[INFO] [stdout]    |
[INFO] [stdout] 8  |     .build()
[INFO] [stdout]    |      ^^^^^-- an argument of type `&EventLoop` is missing
[INFO] [stdout]    |
[INFO] [stdout] note: method defined here
[INFO] [stdout]   --> /opt/rustwide/workdir/src/window.rs:49:12
[INFO] [stdout]    |
[INFO] [stdout] 49 |     pub fn build(&mut self, event_loop: &EventLoop) -> Window {
[INFO] [stdout]    |            ^^^^^
[INFO] [stdout] help: provide the argument
[INFO] [stdout]    |
[INFO] [stdout] 8  |     .build(/* &EventLoop */)
[INFO] [stdout]    |           ~~~~~~~~~~~~~~~~~~
[INFO] [stdout] 
[INFO] [stdout] error[E0599]: no method named `run` found for struct `qinetic_window::window::Window` in the current scope
[INFO] [stdout]  --> src/window.rs:35:6
[INFO] [stdout]   |
[INFO] [stdout] 6 | / Window::builder()
[INFO] [stdout] 7 | |     .with_title("Qinetic")
[INFO] [stdout] 8 | |     .build()
[INFO] [stdout] 9 | |     .run();
[INFO] [stdout]   | |     -^^^ method not found in `Window`
[INFO] [stdout]   | |_____|
[INFO] [stdout]   | 
[INFO] [stdout] 
[INFO] [stdout] error: aborting due to 2 previous errors
[INFO] [stdout] 
[INFO] [stdout] Some errors have detailed explanations: E0061, E0599.
[INFO] [stdout] For more information about an error, try `rustc --explain E0061`.
[INFO] [stdout] Couldn't compile the test.
[INFO] [stdout] 
[INFO] [stdout] failures:
[INFO] [stdout]     src/lib.rs - CursorEvent (line 286)
[INFO] [stdout]     src/lib.rs - WindowEvent (line 256)
[INFO] [stdout]     src/lib.rs - WindowSizeConstraints (line 221)
[INFO] [stdout]     src/lib.rs - WindowStage (line 64)
[INFO] [stdout]     src/window.rs - window::WindowBuilder::build (line 44)
[INFO] [stdout]     src/window.rs - window::WindowBuilder::with_title (line 29)
[INFO] [stdout] 
[INFO] [stdout] test result: FAILED. 6 passed; 6 failed; 0 ignored; 0 measured; 0 filtered out; finished in 0.20s
[INFO] [stdout] 
[INFO] [stderr] error: doctest failed, to rerun pass `--doc`
[INFO] running `Command { std: "docker" "inspect" "0abbd9a4631bdff9666a3d45e0561f0d8b8d5cd9815a6adbac8c0ccd43cb101c", kill_on_drop: false }`
[INFO] running `Command { std: "docker" "rm" "-f" "0abbd9a4631bdff9666a3d45e0561f0d8b8d5cd9815a6adbac8c0ccd43cb101c", kill_on_drop: false }`
[INFO] [stdout] 0abbd9a4631bdff9666a3d45e0561f0d8b8d5cd9815a6adbac8c0ccd43cb101c
