[INFO] fetching crate qinetic_vr 0.1.1...
[INFO] testing qinetic_vr-0.1.1 against 1.69.0 for beta-1.70-1
[INFO] extracting crate qinetic_vr 0.1.1 into /workspace/builds/worker-0-tc1/source
[INFO] validating manifest of crates.io crate qinetic_vr 0.1.1 on toolchain 1.69.0
[INFO] running `Command { std: CARGO_HOME="/workspace/cargo-home" RUSTUP_HOME="/workspace/rustup-home" "/workspace/cargo-home/bin/cargo" "+1.69.0" "metadata" "--manifest-path" "Cargo.toml" "--no-deps", kill_on_drop: false }`
[INFO] started tweaking crates.io crate qinetic_vr 0.1.1
[INFO] finished tweaking crates.io crate qinetic_vr 0.1.1
[INFO] tweaked toml for crates.io crate qinetic_vr 0.1.1 written to /workspace/builds/worker-0-tc1/source/Cargo.toml
[INFO] running `Command { std: CARGO_HOME="/workspace/cargo-home" RUSTUP_HOME="/workspace/rustup-home" __CARGO_TEST_CHANNEL_OVERRIDE_DO_NOT_USE_THIS="nightly" "/workspace/cargo-home/bin/cargo" "+1.69.0" "generate-lockfile" "--manifest-path" "Cargo.toml" "-Zno-index-update", kill_on_drop: false }`
[INFO] running `Command { std: CARGO_HOME="/workspace/cargo-home" RUSTUP_HOME="/workspace/rustup-home" "/workspace/cargo-home/bin/cargo" "+1.69.0" "fetch" "--manifest-path" "Cargo.toml", kill_on_drop: false }`
[INFO] [stderr]  Downloading crates ...
[INFO] [stderr]   Downloaded qinetic_ecs_macros v0.1.0
[INFO] [stderr]   Downloaded qinetic_app_macros v0.1.0
[INFO] [stderr]   Downloaded qinetic_app v0.2.0
[INFO] [stderr]   Downloaded qinetic_utils_macros v0.1.0
[INFO] [stderr]   Downloaded qinetic_ecs v0.2.0
[INFO] [stderr]   Downloaded qinetic_xr v0.1.0
[INFO] running `Command { std: "docker" "create" "-v" "/var/lib/crater-agent-workspace/builds/worker-0-tc1/target:/opt/rustwide/target:rw,Z" "-v" "/var/lib/crater-agent-workspace/builds/worker-0-tc1/source:/opt/rustwide/workdir:ro,Z" "-v" "/var/lib/crater-agent-workspace/cargo-home:/opt/rustwide/cargo-home:ro,Z" "-v" "/var/lib/crater-agent-workspace/rustup-home:/opt/rustwide/rustup-home:ro,Z" "-e" "SOURCE_DIR=/opt/rustwide/workdir" "-e" "CARGO_TARGET_DIR=/opt/rustwide/target" "-e" "CARGO_HOME=/opt/rustwide/cargo-home" "-e" "RUSTUP_HOME=/opt/rustwide/rustup-home" "-w" "/opt/rustwide/workdir" "-m" "1610612736" "--user" "0:0" "--network" "none" "ghcr.io/rust-lang/crates-build-env/linux@sha256:5ff2268d62e97bff2cde7d5815dd6ed5b47097566f13b8d0ca110b04b60e07ed" "/opt/rustwide/cargo-home/bin/cargo" "+1.69.0" "metadata" "--no-deps" "--format-version=1", kill_on_drop: false }`
[INFO] [stdout] f42f988db2061158403d83eb735c700d281f2c3e1cc63981a8ea9d008a71911c
[INFO] running `Command { std: "docker" "start" "-a" "f42f988db2061158403d83eb735c700d281f2c3e1cc63981a8ea9d008a71911c", kill_on_drop: false }`
[INFO] running `Command { std: "docker" "inspect" "f42f988db2061158403d83eb735c700d281f2c3e1cc63981a8ea9d008a71911c", kill_on_drop: false }`
[INFO] running `Command { std: "docker" "rm" "-f" "f42f988db2061158403d83eb735c700d281f2c3e1cc63981a8ea9d008a71911c", kill_on_drop: false }`
[INFO] [stdout] f42f988db2061158403d83eb735c700d281f2c3e1cc63981a8ea9d008a71911c
[INFO] running `Command { std: "docker" "create" "-v" "/var/lib/crater-agent-workspace/builds/worker-0-tc1/target:/opt/rustwide/target:rw,Z" "-v" "/var/lib/crater-agent-workspace/builds/worker-0-tc1/source:/opt/rustwide/workdir:ro,Z" "-v" "/var/lib/crater-agent-workspace/cargo-home:/opt/rustwide/cargo-home:ro,Z" "-v" "/var/lib/crater-agent-workspace/rustup-home:/opt/rustwide/rustup-home:ro,Z" "-e" "SOURCE_DIR=/opt/rustwide/workdir" "-e" "CARGO_TARGET_DIR=/opt/rustwide/target" "-e" "CARGO_INCREMENTAL=0" "-e" "RUST_BACKTRACE=full" "-e" "RUSTFLAGS=--cap-lints=warn" "-e" "RUSTDOCFLAGS=--cap-lints=warn" "-e" "CARGO_HOME=/opt/rustwide/cargo-home" "-e" "RUSTUP_HOME=/opt/rustwide/rustup-home" "-w" "/opt/rustwide/workdir" "-m" "1610612736" "--user" "0:0" "--network" "none" "ghcr.io/rust-lang/crates-build-env/linux@sha256:5ff2268d62e97bff2cde7d5815dd6ed5b47097566f13b8d0ca110b04b60e07ed" "/opt/rustwide/cargo-home/bin/cargo" "+1.69.0" "build" "--frozen" "--message-format=json", kill_on_drop: false }`
[INFO] [stdout] 652a4ebda33258f7afeac578d3d1b5bc86ec754f7cc037c0d02ebd2b1fd28495
[INFO] running `Command { std: "docker" "start" "-a" "652a4ebda33258f7afeac578d3d1b5bc86ec754f7cc037c0d02ebd2b1fd28495", kill_on_drop: false }`
[INFO] [stderr]    Compiling proc-macro2 v1.0.56
[INFO] [stderr]    Compiling serde v1.0.160
[INFO] [stderr]    Compiling syn v1.0.109
[INFO] [stderr]    Compiling qinetic_xr v0.1.0
[INFO] [stderr]    Compiling quote v1.0.26
[INFO] [stderr]    Compiling toml v0.5.11
[INFO] [stderr]    Compiling qinetic_utils_macros v0.1.0
[INFO] [stderr]    Compiling qinetic_ecs_macros v0.1.0
[INFO] [stderr]    Compiling qinetic_app_macros v0.1.0
[INFO] [stderr]    Compiling qinetic_ecs v0.2.0
[INFO] [stderr]    Compiling qinetic_app v0.2.0
[INFO] [stderr]    Compiling qinetic_vr v0.1.1 (/opt/rustwide/workdir)
[INFO] [stderr]     Finished dev [unoptimized + debuginfo] target(s) in 8.60s
[INFO] running `Command { std: "docker" "inspect" "652a4ebda33258f7afeac578d3d1b5bc86ec754f7cc037c0d02ebd2b1fd28495", kill_on_drop: false }`
[INFO] running `Command { std: "docker" "rm" "-f" "652a4ebda33258f7afeac578d3d1b5bc86ec754f7cc037c0d02ebd2b1fd28495", kill_on_drop: false }`
[INFO] [stdout] 652a4ebda33258f7afeac578d3d1b5bc86ec754f7cc037c0d02ebd2b1fd28495
[INFO] running `Command { std: "docker" "create" "-v" "/var/lib/crater-agent-workspace/builds/worker-0-tc1/target:/opt/rustwide/target:rw,Z" "-v" "/var/lib/crater-agent-workspace/builds/worker-0-tc1/source:/opt/rustwide/workdir:ro,Z" "-v" "/var/lib/crater-agent-workspace/cargo-home:/opt/rustwide/cargo-home:ro,Z" "-v" "/var/lib/crater-agent-workspace/rustup-home:/opt/rustwide/rustup-home:ro,Z" "-e" "SOURCE_DIR=/opt/rustwide/workdir" "-e" "CARGO_TARGET_DIR=/opt/rustwide/target" "-e" "CARGO_INCREMENTAL=0" "-e" "RUST_BACKTRACE=full" "-e" "RUSTFLAGS=--cap-lints=warn" "-e" "RUSTDOCFLAGS=--cap-lints=warn" "-e" "CARGO_HOME=/opt/rustwide/cargo-home" "-e" "RUSTUP_HOME=/opt/rustwide/rustup-home" "-w" "/opt/rustwide/workdir" "-m" "1610612736" "--user" "0:0" "--network" "none" "ghcr.io/rust-lang/crates-build-env/linux@sha256:5ff2268d62e97bff2cde7d5815dd6ed5b47097566f13b8d0ca110b04b60e07ed" "/opt/rustwide/cargo-home/bin/cargo" "+1.69.0" "test" "--frozen" "--no-run" "--message-format=json", kill_on_drop: false }`
[INFO] [stdout] 6d0be9fbc0493f2654454cd159a2425444d868b7ea300b0e5f8b669d27501faa
[INFO] running `Command { std: "docker" "start" "-a" "6d0be9fbc0493f2654454cd159a2425444d868b7ea300b0e5f8b669d27501faa", kill_on_drop: false }`
[INFO] [stderr]    Compiling qinetic_vr v0.1.1 (/opt/rustwide/workdir)
[INFO] [stderr]     Finished test [unoptimized + debuginfo] target(s) in 0.43s
[INFO] running `Command { std: "docker" "inspect" "6d0be9fbc0493f2654454cd159a2425444d868b7ea300b0e5f8b669d27501faa", kill_on_drop: false }`
[INFO] running `Command { std: "docker" "rm" "-f" "6d0be9fbc0493f2654454cd159a2425444d868b7ea300b0e5f8b669d27501faa", kill_on_drop: false }`
[INFO] [stdout] 6d0be9fbc0493f2654454cd159a2425444d868b7ea300b0e5f8b669d27501faa
[INFO] running `Command { std: "docker" "create" "-v" "/var/lib/crater-agent-workspace/builds/worker-0-tc1/target:/opt/rustwide/target:rw,Z" "-v" "/var/lib/crater-agent-workspace/builds/worker-0-tc1/source:/opt/rustwide/workdir:ro,Z" "-v" "/var/lib/crater-agent-workspace/cargo-home:/opt/rustwide/cargo-home:ro,Z" "-v" "/var/lib/crater-agent-workspace/rustup-home:/opt/rustwide/rustup-home:ro,Z" "-e" "SOURCE_DIR=/opt/rustwide/workdir" "-e" "CARGO_TARGET_DIR=/opt/rustwide/target" "-e" "CARGO_INCREMENTAL=0" "-e" "RUST_BACKTRACE=full" "-e" "RUSTFLAGS=--cap-lints=warn" "-e" "RUSTDOCFLAGS=--cap-lints=warn" "-e" "CARGO_HOME=/opt/rustwide/cargo-home" "-e" "RUSTUP_HOME=/opt/rustwide/rustup-home" "-w" "/opt/rustwide/workdir" "-m" "1610612736" "--user" "0:0" "--network" "none" "ghcr.io/rust-lang/crates-build-env/linux@sha256:5ff2268d62e97bff2cde7d5815dd6ed5b47097566f13b8d0ca110b04b60e07ed" "/opt/rustwide/cargo-home/bin/cargo" "+1.69.0" "test" "--frozen", kill_on_drop: false }`
[INFO] [stdout] a3d72df23ba67dfb9c22262d370e6ddb871dc01ffa81d5a31898a1771f84795b
[INFO] running `Command { std: "docker" "start" "-a" "a3d72df23ba67dfb9c22262d370e6ddb871dc01ffa81d5a31898a1771f84795b", kill_on_drop: false }`
[INFO] [stderr]     Finished test [unoptimized + debuginfo] target(s) in 0.02s
[INFO] [stderr]      Running unittests src/lib.rs (/opt/rustwide/target/debug/deps/qinetic_vr-f051b8b4d4657937)
[INFO] [stdout] 
[INFO] [stderr]    Doc-tests qinetic_vr
[INFO] [stdout] running 0 tests
[INFO] [stdout] 
[INFO] [stdout] test result: ok. 0 passed; 0 failed; 0 ignored; 0 measured; 0 filtered out; finished in 0.00s
[INFO] [stdout] 
[INFO] [stdout] 
[INFO] [stdout] running 4 tests
[INFO] [stdout] test src/lib.rs - VrController (line 58) ... FAILED
[INFO] [stdout] test src/lib.rs - VrTracker (line 69) ... FAILED
[INFO] [stdout] test src/lib.rs - VrStage (line 46) ... FAILED
[INFO] [stdout] test src/lib.rs - VrPlugin (line 28) ... ok
[INFO] [stdout] 
[INFO] [stdout] failures:
[INFO] [stdout] 
[INFO] [stdout] ---- src/lib.rs - VrController (line 58) stdout ----
[INFO] [stdout] error[E0599]: no function or associated item named `default` found for struct `qinetic_vr::VrController` in the current scope
[INFO] [stdout]  --> src/lib.rs:62:45
[INFO] [stdout]   |
[INFO] [stdout] 7 | App::builder().with_component(VrController::default()).build().run();
[INFO] [stdout]   |                                             ^^^^^^^ function or associated item not found in `VrController`
[INFO] [stdout] 
[INFO] [stdout] error: aborting due to previous error
[INFO] [stdout] 
[INFO] [stdout] For more information about this error, try `rustc --explain E0599`.
[INFO] [stdout] Couldn't compile the test.
[INFO] [stdout] ---- src/lib.rs - VrTracker (line 69) stdout ----
[INFO] [stdout] error[E0433]: failed to resolve: use of undeclared type `Tracker`
[INFO] [stdout]  --> src/lib.rs:73:31
[INFO] [stdout]   |
[INFO] [stdout] 7 | App::builder().with_component(Tracker::default()).build().run();
[INFO] [stdout]   |                               ^^^^^^^
[INFO] [stdout]   |                               |
[INFO] [stdout]   |                               use of undeclared type `Tracker`
[INFO] [stdout]   |                               help: a struct with a similar name exists: `VrTracker`
[INFO] [stdout] 
[INFO] [stdout] error: aborting due to previous error
[INFO] [stdout] 
[INFO] [stdout] For more information about this error, try `rustc --explain E0433`.
[INFO] [stderr] error: doctest failed, to rerun pass `--doc`
[INFO] [stdout] Couldn't compile the test.
[INFO] [stdout] ---- src/lib.rs - VrStage (line 46) stdout ----
[INFO] [stdout] error[E0433]: failed to resolve: use of undeclared crate or module `qinetic_ai`
[INFO] [stdout]  --> src/lib.rs:48:5
[INFO] [stdout]   |
[INFO] [stdout] 4 | use qinetic_ai::prelude::*;
[INFO] [stdout]   |     ^^^^^^^^^^ use of undeclared crate or module `qinetic_ai`
[INFO] [stdout]   |
[INFO] [stdout] help: there is a crate or module with a similar name
[INFO] [stdout]   |
[INFO] [stdout] 4 | use qinetic_app::prelude::*;
[INFO] [stdout]   |     ~~~~~~~~~~~
[INFO] [stdout] 
[INFO] [stdout] error[E0433]: failed to resolve: use of undeclared type `VrStage`
[INFO] [stdout]  --> src/lib.rs:50:27
[INFO] [stdout]   |
[INFO] [stdout] 6 | App::builder().with_stage(VrStage::default()).build().run();
[INFO] [stdout]   |                           ^^^^^^^ use of undeclared type `VrStage`
[INFO] [stdout]   |
[INFO] [stdout] help: a trait with a similar name exists
[INFO] [stdout]   |
[INFO] [stdout] 6 | App::builder().with_stage(Stage::default()).build().run();
[INFO] [stdout]   |                           ~~~~~
[INFO] [stdout] help: consider importing this struct
[INFO] [stdout]   |
[INFO] [stdout] 2 | use qinetic_vr::VrStage;
[INFO] [stdout]   |
[INFO] [stdout] 
[INFO] [stdout] error: aborting due to 2 previous errors
[INFO] [stdout] 
[INFO] [stdout] For more information about this error, try `rustc --explain E0433`.
[INFO] [stdout] Couldn't compile the test.
[INFO] [stdout] 
[INFO] [stdout] failures:
[INFO] [stdout]     src/lib.rs - VrController (line 58)
[INFO] [stdout]     src/lib.rs - VrStage (line 46)
[INFO] [stdout]     src/lib.rs - VrTracker (line 69)
[INFO] [stdout] 
[INFO] [stdout] test result: FAILED. 1 passed; 3 failed; 0 ignored; 0 measured; 0 filtered out; finished in 0.38s
[INFO] [stdout] 
[INFO] running `Command { std: "docker" "inspect" "a3d72df23ba67dfb9c22262d370e6ddb871dc01ffa81d5a31898a1771f84795b", kill_on_drop: false }`
[INFO] running `Command { std: "docker" "rm" "-f" "a3d72df23ba67dfb9c22262d370e6ddb871dc01ffa81d5a31898a1771f84795b", kill_on_drop: false }`
[INFO] [stdout] a3d72df23ba67dfb9c22262d370e6ddb871dc01ffa81d5a31898a1771f84795b
