[INFO] fetching crate qinetic_utils 0.1.1...
[INFO] testing qinetic_utils-0.1.1 against 1.69.0 for beta-1.70-1
[INFO] extracting crate qinetic_utils 0.1.1 into /workspace/builds/worker-2-tc1/source
[INFO] validating manifest of crates.io crate qinetic_utils 0.1.1 on toolchain 1.69.0
[INFO] running `Command { std: CARGO_HOME="/workspace/cargo-home" RUSTUP_HOME="/workspace/rustup-home" "/workspace/cargo-home/bin/cargo" "+1.69.0" "metadata" "--manifest-path" "Cargo.toml" "--no-deps", kill_on_drop: false }`
[INFO] started tweaking crates.io crate qinetic_utils 0.1.1
[INFO] finished tweaking crates.io crate qinetic_utils 0.1.1
[INFO] tweaked toml for crates.io crate qinetic_utils 0.1.1 written to /workspace/builds/worker-2-tc1/source/Cargo.toml
[INFO] running `Command { std: CARGO_HOME="/workspace/cargo-home" RUSTUP_HOME="/workspace/rustup-home" __CARGO_TEST_CHANNEL_OVERRIDE_DO_NOT_USE_THIS="nightly" "/workspace/cargo-home/bin/cargo" "+1.69.0" "generate-lockfile" "--manifest-path" "Cargo.toml" "-Zno-index-update", kill_on_drop: false }`
[INFO] running `Command { std: CARGO_HOME="/workspace/cargo-home" RUSTUP_HOME="/workspace/rustup-home" "/workspace/cargo-home/bin/cargo" "+1.69.0" "fetch" "--manifest-path" "Cargo.toml", kill_on_drop: false }`
[INFO] running `Command { std: "docker" "create" "-v" "/var/lib/crater-agent-workspace/builds/worker-2-tc1/target:/opt/rustwide/target:rw,Z" "-v" "/var/lib/crater-agent-workspace/builds/worker-2-tc1/source:/opt/rustwide/workdir:ro,Z" "-v" "/var/lib/crater-agent-workspace/cargo-home:/opt/rustwide/cargo-home:ro,Z" "-v" "/var/lib/crater-agent-workspace/rustup-home:/opt/rustwide/rustup-home:ro,Z" "-e" "SOURCE_DIR=/opt/rustwide/workdir" "-e" "CARGO_TARGET_DIR=/opt/rustwide/target" "-e" "CARGO_HOME=/opt/rustwide/cargo-home" "-e" "RUSTUP_HOME=/opt/rustwide/rustup-home" "-w" "/opt/rustwide/workdir" "-m" "1610612736" "--user" "0:0" "--network" "none" "ghcr.io/rust-lang/crates-build-env/linux@sha256:5ff2268d62e97bff2cde7d5815dd6ed5b47097566f13b8d0ca110b04b60e07ed" "/opt/rustwide/cargo-home/bin/cargo" "+1.69.0" "metadata" "--no-deps" "--format-version=1", kill_on_drop: false }`
[INFO] [stdout] 4d5f2a16062d86071bc3ad6f1d2af230c2b27b60ff4b86a3a3fa0dc620e99004
[INFO] running `Command { std: "docker" "start" "-a" "4d5f2a16062d86071bc3ad6f1d2af230c2b27b60ff4b86a3a3fa0dc620e99004", kill_on_drop: false }`
[INFO] running `Command { std: "docker" "inspect" "4d5f2a16062d86071bc3ad6f1d2af230c2b27b60ff4b86a3a3fa0dc620e99004", kill_on_drop: false }`
[INFO] running `Command { std: "docker" "rm" "-f" "4d5f2a16062d86071bc3ad6f1d2af230c2b27b60ff4b86a3a3fa0dc620e99004", kill_on_drop: false }`
[INFO] [stdout] 4d5f2a16062d86071bc3ad6f1d2af230c2b27b60ff4b86a3a3fa0dc620e99004
[INFO] running `Command { std: "docker" "create" "-v" "/var/lib/crater-agent-workspace/builds/worker-2-tc1/target:/opt/rustwide/target:rw,Z" "-v" "/var/lib/crater-agent-workspace/builds/worker-2-tc1/source:/opt/rustwide/workdir:ro,Z" "-v" "/var/lib/crater-agent-workspace/cargo-home:/opt/rustwide/cargo-home:ro,Z" "-v" "/var/lib/crater-agent-workspace/rustup-home:/opt/rustwide/rustup-home:ro,Z" "-e" "SOURCE_DIR=/opt/rustwide/workdir" "-e" "CARGO_TARGET_DIR=/opt/rustwide/target" "-e" "CARGO_INCREMENTAL=0" "-e" "RUST_BACKTRACE=full" "-e" "RUSTFLAGS=--cap-lints=warn" "-e" "RUSTDOCFLAGS=--cap-lints=warn" "-e" "CARGO_HOME=/opt/rustwide/cargo-home" "-e" "RUSTUP_HOME=/opt/rustwide/rustup-home" "-w" "/opt/rustwide/workdir" "-m" "1610612736" "--user" "0:0" "--network" "none" "ghcr.io/rust-lang/crates-build-env/linux@sha256:5ff2268d62e97bff2cde7d5815dd6ed5b47097566f13b8d0ca110b04b60e07ed" "/opt/rustwide/cargo-home/bin/cargo" "+1.69.0" "build" "--frozen" "--message-format=json", kill_on_drop: false }`
[INFO] [stdout] 053ed304e8a5ff2add3a1ccd600e4409a0b24bdd267aaee607965b9b93213e9e
[INFO] running `Command { std: "docker" "start" "-a" "053ed304e8a5ff2add3a1ccd600e4409a0b24bdd267aaee607965b9b93213e9e", kill_on_drop: false }`
[INFO] [stderr]    Compiling proc-macro2 v1.0.56
[INFO] [stderr]    Compiling unicode-ident v1.0.8
[INFO] [stderr]    Compiling syn v1.0.109
[INFO] [stderr]    Compiling quote v1.0.26
[INFO] [stderr]    Compiling toml v0.5.11
[INFO] [stderr]    Compiling qinetic_utils_macros v0.1.0
[INFO] [stderr]    Compiling qinetic_utils v0.1.1 (/opt/rustwide/workdir)
[INFO] [stdout] warning: fields `allocated` and `capacity` are never read
[INFO] [stdout]   --> src/linear_allocator.rs:13:5
[INFO] [stdout]    |
[INFO] [stdout] 11 | pub struct LinearAllocator {
[INFO] [stdout]    |            --------------- fields in this struct
[INFO] [stdout] 12 |     /// Size of allocated `memory`.
[INFO] [stdout] 13 |     allocated: usize,
[INFO] [stdout]    |     ^^^^^^^^^
[INFO] [stdout] ...
[INFO] [stdout] 16 |     capacity: usize,
[INFO] [stdout]    |     ^^^^^^^^
[INFO] [stdout]    |
[INFO] [stdout]    = note: `#[warn(dead_code)]` on by default
[INFO] [stdout] 
[INFO] [stdout] 
[INFO] [stdout] warning: fields `allocated`, `chunk`, and `capacity` are never read
[INFO] [stdout]   --> src/pool_allocator.rs:13:5
[INFO] [stdout]    |
[INFO] [stdout] 11 | pub struct PoolAllocator {
[INFO] [stdout]    |            ------------- fields in this struct
[INFO] [stdout] 12 |     /// Size of allocated `memory`.
[INFO] [stdout] 13 |     allocated: usize,
[INFO] [stdout]    |     ^^^^^^^^^
[INFO] [stdout] ...
[INFO] [stdout] 16 |     chunk: usize,
[INFO] [stdout]    |     ^^^^^
[INFO] [stdout] ...
[INFO] [stdout] 19 |     capacity: usize,
[INFO] [stdout]    |     ^^^^^^^^
[INFO] [stdout] 
[INFO] [stdout] 
[INFO] [stdout] warning: fields `allocated` and `capacity` are never read
[INFO] [stdout]   --> src/stack_allocator.rs:13:5
[INFO] [stdout]    |
[INFO] [stdout] 11 | pub struct StackAllocator {
[INFO] [stdout]    |            -------------- fields in this struct
[INFO] [stdout] 12 |     /// Size of allocated `memory`.
[INFO] [stdout] 13 |     allocated: usize,
[INFO] [stdout]    |     ^^^^^^^^^
[INFO] [stdout] ...
[INFO] [stdout] 16 |     capacity: usize,
[INFO] [stdout]    |     ^^^^^^^^
[INFO] [stdout] 
[INFO] [stdout] 
[INFO] [stdout] warning: 3 warnings emitted
[INFO] [stdout] 
[INFO] [stdout] 
[INFO] [stderr]     Finished dev [unoptimized + debuginfo] target(s) in 8.32s
[INFO] running `Command { std: "docker" "inspect" "053ed304e8a5ff2add3a1ccd600e4409a0b24bdd267aaee607965b9b93213e9e", kill_on_drop: false }`
[INFO] running `Command { std: "docker" "rm" "-f" "053ed304e8a5ff2add3a1ccd600e4409a0b24bdd267aaee607965b9b93213e9e", kill_on_drop: false }`
[INFO] [stdout] 053ed304e8a5ff2add3a1ccd600e4409a0b24bdd267aaee607965b9b93213e9e
[INFO] running `Command { std: "docker" "create" "-v" "/var/lib/crater-agent-workspace/builds/worker-2-tc1/target:/opt/rustwide/target:rw,Z" "-v" "/var/lib/crater-agent-workspace/builds/worker-2-tc1/source:/opt/rustwide/workdir:ro,Z" "-v" "/var/lib/crater-agent-workspace/cargo-home:/opt/rustwide/cargo-home:ro,Z" "-v" "/var/lib/crater-agent-workspace/rustup-home:/opt/rustwide/rustup-home:ro,Z" "-e" "SOURCE_DIR=/opt/rustwide/workdir" "-e" "CARGO_TARGET_DIR=/opt/rustwide/target" "-e" "CARGO_INCREMENTAL=0" "-e" "RUST_BACKTRACE=full" "-e" "RUSTFLAGS=--cap-lints=warn" "-e" "RUSTDOCFLAGS=--cap-lints=warn" "-e" "CARGO_HOME=/opt/rustwide/cargo-home" "-e" "RUSTUP_HOME=/opt/rustwide/rustup-home" "-w" "/opt/rustwide/workdir" "-m" "1610612736" "--user" "0:0" "--network" "none" "ghcr.io/rust-lang/crates-build-env/linux@sha256:5ff2268d62e97bff2cde7d5815dd6ed5b47097566f13b8d0ca110b04b60e07ed" "/opt/rustwide/cargo-home/bin/cargo" "+1.69.0" "test" "--frozen" "--no-run" "--message-format=json", kill_on_drop: false }`
[INFO] [stdout] 1964006b4a1771986055a15b650c3e5ecbe812e6c859afbda052bd3626ccb900
[INFO] running `Command { std: "docker" "start" "-a" "1964006b4a1771986055a15b650c3e5ecbe812e6c859afbda052bd3626ccb900", kill_on_drop: false }`
[INFO] [stderr]    Compiling qinetic_utils v0.1.1 (/opt/rustwide/workdir)
[INFO] [stdout] warning: fields `allocated` and `capacity` are never read
[INFO] [stdout]   --> src/linear_allocator.rs:13:5
[INFO] [stdout]    |
[INFO] [stdout] 11 | pub struct LinearAllocator {
[INFO] [stdout]    |            --------------- fields in this struct
[INFO] [stdout] 12 |     /// Size of allocated `memory`.
[INFO] [stdout] 13 |     allocated: usize,
[INFO] [stdout]    |     ^^^^^^^^^
[INFO] [stdout] ...
[INFO] [stdout] 16 |     capacity: usize,
[INFO] [stdout]    |     ^^^^^^^^
[INFO] [stdout]    |
[INFO] [stdout]    = note: `#[warn(dead_code)]` on by default
[INFO] [stdout] 
[INFO] [stdout] 
[INFO] [stdout] warning: fields `allocated`, `chunk`, and `capacity` are never read
[INFO] [stdout]   --> src/pool_allocator.rs:13:5
[INFO] [stdout]    |
[INFO] [stdout] 11 | pub struct PoolAllocator {
[INFO] [stdout]    |            ------------- fields in this struct
[INFO] [stdout] 12 |     /// Size of allocated `memory`.
[INFO] [stdout] 13 |     allocated: usize,
[INFO] [stdout]    |     ^^^^^^^^^
[INFO] [stdout] ...
[INFO] [stdout] 16 |     chunk: usize,
[INFO] [stdout]    |     ^^^^^
[INFO] [stdout] ...
[INFO] [stdout] 19 |     capacity: usize,
[INFO] [stdout]    |     ^^^^^^^^
[INFO] [stdout] 
[INFO] [stdout] 
[INFO] [stdout] warning: fields `allocated` and `capacity` are never read
[INFO] [stdout]   --> src/stack_allocator.rs:13:5
[INFO] [stdout]    |
[INFO] [stdout] 11 | pub struct StackAllocator {
[INFO] [stdout]    |            -------------- fields in this struct
[INFO] [stdout] 12 |     /// Size of allocated `memory`.
[INFO] [stdout] 13 |     allocated: usize,
[INFO] [stdout]    |     ^^^^^^^^^
[INFO] [stdout] ...
[INFO] [stdout] 16 |     capacity: usize,
[INFO] [stdout]    |     ^^^^^^^^
[INFO] [stdout] 
[INFO] [stdout] 
[INFO] [stdout] warning: 3 warnings emitted
[INFO] [stdout] 
[INFO] [stdout] 
[INFO] [stdout] warning: fields `allocated` and `capacity` are never read
[INFO] [stdout]   --> src/linear_allocator.rs:13:5
[INFO] [stdout]    |
[INFO] [stdout] 11 | pub struct LinearAllocator {
[INFO] [stdout]    |            --------------- fields in this struct
[INFO] [stdout] 12 |     /// Size of allocated `memory`.
[INFO] [stdout] 13 |     allocated: usize,
[INFO] [stdout]    |     ^^^^^^^^^
[INFO] [stdout] ...
[INFO] [stdout] 16 |     capacity: usize,
[INFO] [stdout]    |     ^^^^^^^^
[INFO] [stdout]    |
[INFO] [stdout]    = note: `#[warn(dead_code)]` on by default
[INFO] [stdout] 
[INFO] [stdout] 
[INFO] [stdout] warning: fields `allocated`, `chunk`, and `capacity` are never read
[INFO] [stdout]   --> src/pool_allocator.rs:13:5
[INFO] [stdout]    |
[INFO] [stdout] 11 | pub struct PoolAllocator {
[INFO] [stdout]    |            ------------- fields in this struct
[INFO] [stdout] 12 |     /// Size of allocated `memory`.
[INFO] [stdout] 13 |     allocated: usize,
[INFO] [stdout]    |     ^^^^^^^^^
[INFO] [stdout] ...
[INFO] [stdout] 16 |     chunk: usize,
[INFO] [stdout]    |     ^^^^^
[INFO] [stdout] ...
[INFO] [stdout] 19 |     capacity: usize,
[INFO] [stdout]    |     ^^^^^^^^
[INFO] [stdout] 
[INFO] [stdout] 
[INFO] [stdout] warning: fields `allocated` and `capacity` are never read
[INFO] [stdout]   --> src/stack_allocator.rs:13:5
[INFO] [stdout]    |
[INFO] [stdout] 11 | pub struct StackAllocator {
[INFO] [stdout]    |            -------------- fields in this struct
[INFO] [stdout] 12 |     /// Size of allocated `memory`.
[INFO] [stdout] 13 |     allocated: usize,
[INFO] [stdout]    |     ^^^^^^^^^
[INFO] [stdout] ...
[INFO] [stdout] 16 |     capacity: usize,
[INFO] [stdout]    |     ^^^^^^^^
[INFO] [stdout] 
[INFO] [stdout] 
[INFO] [stdout] warning: 3 warnings emitted
[INFO] [stdout] 
[INFO] [stdout] 
[INFO] [stderr]     Finished test [unoptimized + debuginfo] target(s) in 0.55s
[INFO] running `Command { std: "docker" "inspect" "1964006b4a1771986055a15b650c3e5ecbe812e6c859afbda052bd3626ccb900", kill_on_drop: false }`
[INFO] running `Command { std: "docker" "rm" "-f" "1964006b4a1771986055a15b650c3e5ecbe812e6c859afbda052bd3626ccb900", kill_on_drop: false }`
[INFO] [stdout] 1964006b4a1771986055a15b650c3e5ecbe812e6c859afbda052bd3626ccb900
[INFO] running `Command { std: "docker" "create" "-v" "/var/lib/crater-agent-workspace/builds/worker-2-tc1/target:/opt/rustwide/target:rw,Z" "-v" "/var/lib/crater-agent-workspace/builds/worker-2-tc1/source:/opt/rustwide/workdir:ro,Z" "-v" "/var/lib/crater-agent-workspace/cargo-home:/opt/rustwide/cargo-home:ro,Z" "-v" "/var/lib/crater-agent-workspace/rustup-home:/opt/rustwide/rustup-home:ro,Z" "-e" "SOURCE_DIR=/opt/rustwide/workdir" "-e" "CARGO_TARGET_DIR=/opt/rustwide/target" "-e" "CARGO_INCREMENTAL=0" "-e" "RUST_BACKTRACE=full" "-e" "RUSTFLAGS=--cap-lints=warn" "-e" "RUSTDOCFLAGS=--cap-lints=warn" "-e" "CARGO_HOME=/opt/rustwide/cargo-home" "-e" "RUSTUP_HOME=/opt/rustwide/rustup-home" "-w" "/opt/rustwide/workdir" "-m" "1610612736" "--user" "0:0" "--network" "none" "ghcr.io/rust-lang/crates-build-env/linux@sha256:5ff2268d62e97bff2cde7d5815dd6ed5b47097566f13b8d0ca110b04b60e07ed" "/opt/rustwide/cargo-home/bin/cargo" "+1.69.0" "test" "--frozen", kill_on_drop: false }`
[INFO] [stdout] 4303e3eb9a8bb740387b6117be4eadcac6d3034df4796c841b2fa92439fcf332
[INFO] running `Command { std: "docker" "start" "-a" "4303e3eb9a8bb740387b6117be4eadcac6d3034df4796c841b2fa92439fcf332", kill_on_drop: false }`
[INFO] [stderr] warning: fields `allocated` and `capacity` are never read
[INFO] [stderr]   --> src/linear_allocator.rs:13:5
[INFO] [stderr]    |
[INFO] [stderr] 11 | pub struct LinearAllocator {
[INFO] [stderr]    |            --------------- fields in this struct
[INFO] [stderr] 12 |     /// Size of allocated `memory`.
[INFO] [stderr] 13 |     allocated: usize,
[INFO] [stderr]    |     ^^^^^^^^^
[INFO] [stderr] ...
[INFO] [stderr] 16 |     capacity: usize,
[INFO] [stderr]    |     ^^^^^^^^
[INFO] [stderr]    |
[INFO] [stderr]    = note: `#[warn(dead_code)]` on by default
[INFO] [stderr] 
[INFO] [stderr] warning: fields `allocated`, `chunk`, and `capacity` are never read
[INFO] [stderr]   --> src/pool_allocator.rs:13:5
[INFO] [stderr]    |
[INFO] [stderr] 11 | pub struct PoolAllocator {
[INFO] [stderr]    |            ------------- fields in this struct
[INFO] [stderr] 12 |     /// Size of allocated `memory`.
[INFO] [stderr] 13 |     allocated: usize,
[INFO] [stderr]    |     ^^^^^^^^^
[INFO] [stderr] ...
[INFO] [stderr] 16 |     chunk: usize,
[INFO] [stderr]    |     ^^^^^
[INFO] [stderr] ...
[INFO] [stderr] 19 |     capacity: usize,
[INFO] [stderr]    |     ^^^^^^^^
[INFO] [stderr] 
[INFO] [stderr] warning: fields `allocated` and `capacity` are never read
[INFO] [stderr]   --> src/stack_allocator.rs:13:5
[INFO] [stderr]    |
[INFO] [stderr] 11 | pub struct StackAllocator {
[INFO] [stderr]    |            -------------- fields in this struct
[INFO] [stderr] 12 |     /// Size of allocated `memory`.
[INFO] [stderr] 13 |     allocated: usize,
[INFO] [stderr]    |     ^^^^^^^^^
[INFO] [stderr] ...
[INFO] [stderr] 16 |     capacity: usize,
[INFO] [stderr]    |     ^^^^^^^^
[INFO] [stderr] 
[INFO] [stderr] warning: `qinetic_utils` (lib) generated 3 warnings
[INFO] [stderr] warning: `qinetic_utils` (lib test) generated 3 warnings (3 duplicates)
[INFO] [stderr]     Finished test [unoptimized + debuginfo] target(s) in 0.01s
[INFO] [stderr]      Running unittests src/lib.rs (/opt/rustwide/target/debug/deps/qinetic_utils-c2f3ead4222cbc4a)
[INFO] [stdout] 
[INFO] [stderr]    Doc-tests qinetic_utils
[INFO] [stdout] running 0 tests
[INFO] [stdout] 
[INFO] [stdout] test result: ok. 0 passed; 0 failed; 0 ignored; 0 measured; 0 filtered out; finished in 0.00s
[INFO] [stdout] 
[INFO] [stdout] 
[INFO] [stdout] running 9 tests
[INFO] [stdout] test src/linear_allocator.rs - linear_allocator::LinearAllocator (line 6) ... FAILED
[INFO] [stdout] test src/pool_allocator.rs - pool_allocator::PoolAllocator (line 6) ... FAILED
[INFO] [stdout] test src/linear_allocator.rs - linear_allocator::LinearAllocator::with_capacity (line 40) ... FAILED
[INFO] [stdout] test src/pool_allocator.rs - pool_allocator::PoolAllocator::new (line 28) ... FAILED
[INFO] [stdout] test src/pool_allocator.rs - pool_allocator::PoolAllocator::with_capacity (line 44) ... FAILED
[INFO] [stdout] test src/stack_allocator.rs - stack_allocator::StackAllocator (line 6) ... FAILED
[INFO] [stdout] test src/stack_allocator.rs - stack_allocator::StackAllocator::with_capacity (line 40) ... FAILED
[INFO] [stdout] test src/stack_allocator.rs - stack_allocator::StackAllocator::new (line 25) ... ok
[INFO] [stdout] test src/linear_allocator.rs - linear_allocator::LinearAllocator::new (line 25) ... ok
[INFO] [stdout] 
[INFO] [stdout] failures:
[INFO] [stdout] 
[INFO] [stdout] ---- src/linear_allocator.rs - linear_allocator::LinearAllocator (line 6) stdout ----
[INFO] [stdout] error: comparison operators cannot be chained
[INFO] [stdout]  --> src/linear_allocator.rs:9:72
[INFO] [stdout]   |
[INFO] [stdout] 6 | let linear_allocator = LinearAllocator::with_capacity(std::mem::size_of<u32> * 1024);
[INFO] [stdout]   |                                                                        ^   ^
[INFO] [stdout]   |
[INFO] [stdout]   = help: use `::<...>` instead of `<...>` to specify lifetime, type, or const arguments
[INFO] [stdout]   = help: or use `(...)` if you meant to specify fn arguments
[INFO] [stdout] 
[INFO] [stdout] error: aborting due to previous error
[INFO] [stdout] 
[INFO] [stdout] Couldn't compile the test.
[INFO] [stdout] ---- src/pool_allocator.rs - pool_allocator::PoolAllocator (line 6) stdout ----
[INFO] [stdout] error: comparison operators cannot be chained
[INFO] [stdout]  --> src/pool_allocator.rs:9:68
[INFO] [stdout]   |
[INFO] [stdout] 6 | let pool_allocator = PoolAllocator::with_capacity(std::mem::size_of<u32>, 1024);
[INFO] [stdout]   |                                                                    ^   ^
[INFO] [stdout]   |
[INFO] [stdout]   = help: use `::<...>` instead of `<...>` to specify lifetime, type, or const arguments
[INFO] [stdout]   = help: or use `(...)` if you meant to specify fn arguments
[INFO] [stdout] 
[INFO] [stdout] error: aborting due to previous error
[INFO] [stdout] 
[INFO] [stdout] Couldn't compile the test.
[INFO] [stdout] ---- src/linear_allocator.rs - linear_allocator::LinearAllocator::with_capacity (line 40) stdout ----
[INFO] [stdout] error: comparison operators cannot be chained
[INFO] [stdout]  --> src/linear_allocator.rs:43:72
[INFO] [stdout]   |
[INFO] [stdout] 6 | let linear_allocator = LinearAllocator::with_capacity(std::mem::size_of<u32> * 1024);
[INFO] [stdout]   |                                                                        ^   ^
[INFO] [stdout]   |
[INFO] [stdout]   = help: use `::<...>` instead of `<...>` to specify lifetime, type, or const arguments
[INFO] [stdout]   = help: or use `(...)` if you meant to specify fn arguments
[INFO] [stdout] 
[INFO] [stdout] error: aborting due to previous error
[INFO] [stdout] 
[INFO] [stdout] Couldn't compile the test.
[INFO] [stdout] ---- src/pool_allocator.rs - pool_allocator::PoolAllocator::new (line 28) stdout ----
[INFO] [stdout] error: comparison operators cannot be chained
[INFO] [stdout]  --> src/pool_allocator.rs:31:58
[INFO] [stdout]   |
[INFO] [stdout] 6 | let pool_allocator = PoolAllocator::new(std::mem::size_of<u32>);
[INFO] [stdout]   |                                                          ^   ^
[INFO] [stdout]   |
[INFO] [stdout]   = help: use `::<...>` instead of `<...>` to specify lifetime, type, or const arguments
[INFO] [stdout]   = help: or use `(...)` if you meant to specify fn arguments
[INFO] [stdout] 
[INFO] [stdout] error: aborting due to previous error
[INFO] [stdout] 
[INFO] [stdout] Couldn't compile the test.
[INFO] [stdout] ---- src/pool_allocator.rs - pool_allocator::PoolAllocator::with_capacity (line 44) stdout ----
[INFO] [stdout] error: comparison operators cannot be chained
[INFO] [stdout]  --> src/pool_allocator.rs:47:68
[INFO] [stdout]   |
[INFO] [stdout] 6 | let pool_allocator = PoolAllocator::with_capacity(std::mem::size_of<u32>, 1024);
[INFO] [stdout]   |                                                                    ^   ^
[INFO] [stdout]   |
[INFO] [stdout]   = help: use `::<...>` instead of `<...>` to specify lifetime, type, or const arguments
[INFO] [stdout]   = help: or use `(...)` if you meant to specify fn arguments
[INFO] [stdout] 
[INFO] [stdout] error: aborting due to previous error
[INFO] [stdout] 
[INFO] [stdout] Couldn't compile the test.
[INFO] [stdout] ---- src/stack_allocator.rs - stack_allocator::StackAllocator (line 6) stdout ----
[INFO] [stdout] error: comparison operators cannot be chained
[INFO] [stdout]  --> src/stack_allocator.rs:9:70
[INFO] [stdout]   |
[INFO] [stdout] 6 | let stack_allocator = StackAllocator::with_capacity(std::mem::size_of<u32> * 1024);
[INFO] [stdout]   |                                                                      ^   ^
[INFO] [stdout]   |
[INFO] [stdout]   = help: use `::<...>` instead of `<...>` to specify lifetime, type, or const arguments
[INFO] [stdout]   = help: or use `(...)` if you meant to specify fn arguments
[INFO] [stdout] 
[INFO] [stdout] error: aborting due to previous error
[INFO] [stdout] 
[INFO] [stdout] Couldn't compile the test.
[INFO] [stdout] ---- src/stack_allocator.rs - stack_allocator::StackAllocator::with_capacity (line 40) stdout ----
[INFO] [stdout] error: comparison operators cannot be chained
[INFO] [stdout]  --> src/stack_allocator.rs:43:70
[INFO] [stdout]   |
[INFO] [stdout] 6 | let stack_allocator = StackAllocator::with_capacity(std::mem::size_of<u32> * 1024);
[INFO] [stdout]   |                                                                      ^   ^
[INFO] [stdout]   |
[INFO] [stdout]   = help: use `::<...>` instead of `<...>` to specify lifetime, type, or const arguments
[INFO] [stdout]   = help: or use `(...)` if you meant to specify fn arguments
[INFO] [stdout] 
[INFO] [stdout] error: aborting due to previous error
[INFO] [stdout] 
[INFO] [stdout] Couldn't compile the test.
[INFO] [stdout] 
[INFO] [stdout] failures:
[INFO] [stdout]     src/linear_allocator.rs - linear_allocator::LinearAllocator (line 6)
[INFO] [stdout]     src/linear_allocator.rs - linear_allocator::LinearAllocator::with_capacity (line 40)
[INFO] [stdout]     src/pool_allocator.rs - pool_allocator::PoolAllocator (line 6)
[INFO] [stdout]     src/pool_allocator.rs - pool_allocator::PoolAllocator::new (line 28)
[INFO] [stdout]     src/pool_allocator.rs - pool_allocator::PoolAllocator::with_capacity (line 44)
[INFO] [stdout]     src/stack_allocator.rs - stack_allocator::StackAllocator (line 6)
[INFO] [stdout]     src/stack_allocator.rs - stack_allocator::StackAllocator::with_capacity (line 40)
[INFO] [stdout] 
[INFO] [stdout] test result: FAILED. 2 passed; 7 failed; 0 ignored; 0 measured; 0 filtered out; finished in 0.50s
[INFO] [stdout] 
[INFO] [stderr] error: doctest failed, to rerun pass `--doc`
[INFO] running `Command { std: "docker" "inspect" "4303e3eb9a8bb740387b6117be4eadcac6d3034df4796c841b2fa92439fcf332", kill_on_drop: false }`
[INFO] running `Command { std: "docker" "rm" "-f" "4303e3eb9a8bb740387b6117be4eadcac6d3034df4796c841b2fa92439fcf332", kill_on_drop: false }`
[INFO] [stdout] 4303e3eb9a8bb740387b6117be4eadcac6d3034df4796c841b2fa92439fcf332
