[INFO] fetching crate qinetic_render 0.1.3...
[INFO] testing qinetic_render-0.1.3 against 1.69.0 for beta-1.70-1
[INFO] extracting crate qinetic_render 0.1.3 into /workspace/builds/worker-7-tc1/source
[INFO] validating manifest of crates.io crate qinetic_render 0.1.3 on toolchain 1.69.0
[INFO] running `Command { std: CARGO_HOME="/workspace/cargo-home" RUSTUP_HOME="/workspace/rustup-home" "/workspace/cargo-home/bin/cargo" "+1.69.0" "metadata" "--manifest-path" "Cargo.toml" "--no-deps", kill_on_drop: false }`
[INFO] started tweaking crates.io crate qinetic_render 0.1.3
[INFO] finished tweaking crates.io crate qinetic_render 0.1.3
[INFO] tweaked toml for crates.io crate qinetic_render 0.1.3 written to /workspace/builds/worker-7-tc1/source/Cargo.toml
[INFO] running `Command { std: CARGO_HOME="/workspace/cargo-home" RUSTUP_HOME="/workspace/rustup-home" __CARGO_TEST_CHANNEL_OVERRIDE_DO_NOT_USE_THIS="nightly" "/workspace/cargo-home/bin/cargo" "+1.69.0" "generate-lockfile" "--manifest-path" "Cargo.toml" "-Zno-index-update", kill_on_drop: false }`
[INFO] running `Command { std: CARGO_HOME="/workspace/cargo-home" RUSTUP_HOME="/workspace/rustup-home" "/workspace/cargo-home/bin/cargo" "+1.69.0" "fetch" "--manifest-path" "Cargo.toml", kill_on_drop: false }`
[INFO] [stderr]  Downloading crates ...
[INFO] [stderr]   Downloaded qinetic_utils_macros v0.1.0
[INFO] [stderr]   Downloaded qinetic_app v0.2.0
[INFO] [stderr]   Downloaded qinetic_app_macros v0.1.0
[INFO] [stderr]   Downloaded qinetic_core v0.1.4
[INFO] [stderr]   Downloaded qinetic_ecs v0.2.0
[INFO] [stderr]   Downloaded qinetic_ecs_macros v0.1.0
[INFO] running `Command { std: "docker" "create" "-v" "/var/lib/crater-agent-workspace/builds/worker-7-tc1/target:/opt/rustwide/target:rw,Z" "-v" "/var/lib/crater-agent-workspace/builds/worker-7-tc1/source:/opt/rustwide/workdir:ro,Z" "-v" "/var/lib/crater-agent-workspace/cargo-home:/opt/rustwide/cargo-home:ro,Z" "-v" "/var/lib/crater-agent-workspace/rustup-home:/opt/rustwide/rustup-home:ro,Z" "-e" "SOURCE_DIR=/opt/rustwide/workdir" "-e" "CARGO_TARGET_DIR=/opt/rustwide/target" "-e" "CARGO_HOME=/opt/rustwide/cargo-home" "-e" "RUSTUP_HOME=/opt/rustwide/rustup-home" "-w" "/opt/rustwide/workdir" "-m" "1610612736" "--user" "0:0" "--network" "none" "ghcr.io/rust-lang/crates-build-env/linux@sha256:5ff2268d62e97bff2cde7d5815dd6ed5b47097566f13b8d0ca110b04b60e07ed" "/opt/rustwide/cargo-home/bin/cargo" "+1.69.0" "metadata" "--no-deps" "--format-version=1", kill_on_drop: false }`
[INFO] [stdout] 1fa47e883876ef1afb7b866b17cf4860a3d1664ae96ffb0d1dc85d5f604f9f35
[INFO] running `Command { std: "docker" "start" "-a" "1fa47e883876ef1afb7b866b17cf4860a3d1664ae96ffb0d1dc85d5f604f9f35", kill_on_drop: false }`
[INFO] running `Command { std: "docker" "inspect" "1fa47e883876ef1afb7b866b17cf4860a3d1664ae96ffb0d1dc85d5f604f9f35", kill_on_drop: false }`
[INFO] running `Command { std: "docker" "rm" "-f" "1fa47e883876ef1afb7b866b17cf4860a3d1664ae96ffb0d1dc85d5f604f9f35", kill_on_drop: false }`
[INFO] [stdout] 1fa47e883876ef1afb7b866b17cf4860a3d1664ae96ffb0d1dc85d5f604f9f35
[INFO] running `Command { std: "docker" "create" "-v" "/var/lib/crater-agent-workspace/builds/worker-7-tc1/target:/opt/rustwide/target:rw,Z" "-v" "/var/lib/crater-agent-workspace/builds/worker-7-tc1/source:/opt/rustwide/workdir:ro,Z" "-v" "/var/lib/crater-agent-workspace/cargo-home:/opt/rustwide/cargo-home:ro,Z" "-v" "/var/lib/crater-agent-workspace/rustup-home:/opt/rustwide/rustup-home:ro,Z" "-e" "SOURCE_DIR=/opt/rustwide/workdir" "-e" "CARGO_TARGET_DIR=/opt/rustwide/target" "-e" "CARGO_INCREMENTAL=0" "-e" "RUST_BACKTRACE=full" "-e" "RUSTFLAGS=--cap-lints=warn" "-e" "RUSTDOCFLAGS=--cap-lints=warn" "-e" "CARGO_HOME=/opt/rustwide/cargo-home" "-e" "RUSTUP_HOME=/opt/rustwide/rustup-home" "-w" "/opt/rustwide/workdir" "-m" "1610612736" "--user" "0:0" "--network" "none" "ghcr.io/rust-lang/crates-build-env/linux@sha256:5ff2268d62e97bff2cde7d5815dd6ed5b47097566f13b8d0ca110b04b60e07ed" "/opt/rustwide/cargo-home/bin/cargo" "+1.69.0" "build" "--frozen" "--message-format=json", kill_on_drop: false }`
[INFO] [stdout] f8e00a992ded5114abd1ce9c30c8c5740ca69ddac1a8281e68e667b6eb87769e
[INFO] running `Command { std: "docker" "start" "-a" "f8e00a992ded5114abd1ce9c30c8c5740ca69ddac1a8281e68e667b6eb87769e", kill_on_drop: false }`
[INFO] [stderr]    Compiling proc-macro2 v1.0.56
[INFO] [stderr]    Compiling serde v1.0.160
[INFO] [stderr]    Compiling downcast-rs v1.2.0
[INFO] [stderr]    Compiling quote v1.0.26
[INFO] [stderr]    Compiling syn v1.0.109
[INFO] [stderr]    Compiling toml v0.5.11
[INFO] [stderr]    Compiling qinetic_utils_macros v0.1.0
[INFO] [stderr]    Compiling qinetic_ecs_macros v0.1.0
[INFO] [stderr]    Compiling qinetic_app_macros v0.1.0
[INFO] [stderr]    Compiling qinetic_ecs v0.2.0
[INFO] [stderr]    Compiling qinetic_app v0.2.0
[INFO] [stderr]    Compiling qinetic_core v0.1.4
[INFO] [stderr]    Compiling qinetic_render v0.1.3 (/opt/rustwide/workdir)
[INFO] [stderr]     Finished dev [unoptimized + debuginfo] target(s) in 11.90s
[INFO] running `Command { std: "docker" "inspect" "f8e00a992ded5114abd1ce9c30c8c5740ca69ddac1a8281e68e667b6eb87769e", kill_on_drop: false }`
[INFO] running `Command { std: "docker" "rm" "-f" "f8e00a992ded5114abd1ce9c30c8c5740ca69ddac1a8281e68e667b6eb87769e", kill_on_drop: false }`
[INFO] [stdout] f8e00a992ded5114abd1ce9c30c8c5740ca69ddac1a8281e68e667b6eb87769e
[INFO] running `Command { std: "docker" "create" "-v" "/var/lib/crater-agent-workspace/builds/worker-7-tc1/target:/opt/rustwide/target:rw,Z" "-v" "/var/lib/crater-agent-workspace/builds/worker-7-tc1/source:/opt/rustwide/workdir:ro,Z" "-v" "/var/lib/crater-agent-workspace/cargo-home:/opt/rustwide/cargo-home:ro,Z" "-v" "/var/lib/crater-agent-workspace/rustup-home:/opt/rustwide/rustup-home:ro,Z" "-e" "SOURCE_DIR=/opt/rustwide/workdir" "-e" "CARGO_TARGET_DIR=/opt/rustwide/target" "-e" "CARGO_INCREMENTAL=0" "-e" "RUST_BACKTRACE=full" "-e" "RUSTFLAGS=--cap-lints=warn" "-e" "RUSTDOCFLAGS=--cap-lints=warn" "-e" "CARGO_HOME=/opt/rustwide/cargo-home" "-e" "RUSTUP_HOME=/opt/rustwide/rustup-home" "-w" "/opt/rustwide/workdir" "-m" "1610612736" "--user" "0:0" "--network" "none" "ghcr.io/rust-lang/crates-build-env/linux@sha256:5ff2268d62e97bff2cde7d5815dd6ed5b47097566f13b8d0ca110b04b60e07ed" "/opt/rustwide/cargo-home/bin/cargo" "+1.69.0" "test" "--frozen" "--no-run" "--message-format=json", kill_on_drop: false }`
[INFO] [stdout] dd71ef9fd90692ce7c316b00515fe9c4538b60d0de93e237df5220638910cd84
[INFO] running `Command { std: "docker" "start" "-a" "dd71ef9fd90692ce7c316b00515fe9c4538b60d0de93e237df5220638910cd84", kill_on_drop: false }`
[INFO] [stderr]    Compiling qinetic_render v0.1.3 (/opt/rustwide/workdir)
[INFO] [stderr]     Finished test [unoptimized + debuginfo] target(s) in 0.44s
[INFO] running `Command { std: "docker" "inspect" "dd71ef9fd90692ce7c316b00515fe9c4538b60d0de93e237df5220638910cd84", kill_on_drop: false }`
[INFO] running `Command { std: "docker" "rm" "-f" "dd71ef9fd90692ce7c316b00515fe9c4538b60d0de93e237df5220638910cd84", kill_on_drop: false }`
[INFO] [stdout] dd71ef9fd90692ce7c316b00515fe9c4538b60d0de93e237df5220638910cd84
[INFO] running `Command { std: "docker" "create" "-v" "/var/lib/crater-agent-workspace/builds/worker-7-tc1/target:/opt/rustwide/target:rw,Z" "-v" "/var/lib/crater-agent-workspace/builds/worker-7-tc1/source:/opt/rustwide/workdir:ro,Z" "-v" "/var/lib/crater-agent-workspace/cargo-home:/opt/rustwide/cargo-home:ro,Z" "-v" "/var/lib/crater-agent-workspace/rustup-home:/opt/rustwide/rustup-home:ro,Z" "-e" "SOURCE_DIR=/opt/rustwide/workdir" "-e" "CARGO_TARGET_DIR=/opt/rustwide/target" "-e" "CARGO_INCREMENTAL=0" "-e" "RUST_BACKTRACE=full" "-e" "RUSTFLAGS=--cap-lints=warn" "-e" "RUSTDOCFLAGS=--cap-lints=warn" "-e" "CARGO_HOME=/opt/rustwide/cargo-home" "-e" "RUSTUP_HOME=/opt/rustwide/rustup-home" "-w" "/opt/rustwide/workdir" "-m" "1610612736" "--user" "0:0" "--network" "none" "ghcr.io/rust-lang/crates-build-env/linux@sha256:5ff2268d62e97bff2cde7d5815dd6ed5b47097566f13b8d0ca110b04b60e07ed" "/opt/rustwide/cargo-home/bin/cargo" "+1.69.0" "test" "--frozen", kill_on_drop: false }`
[INFO] [stdout] dcb6f98f195bca4ca862905c67b4312c4ca0611465784fe71eca784763c7c86b
[INFO] running `Command { std: "docker" "start" "-a" "dcb6f98f195bca4ca862905c67b4312c4ca0611465784fe71eca784763c7c86b", kill_on_drop: false }`
[INFO] [stderr]     Finished test [unoptimized + debuginfo] target(s) in 0.04s
[INFO] [stderr]      Running unittests src/lib.rs (/opt/rustwide/target/debug/deps/qinetic_render-a7502da3676ec815)
[INFO] [stdout] 
[INFO] [stdout] running 0 tests
[INFO] [stdout] 
[INFO] [stdout] test result: ok. 0 passed; 0 failed; 0 ignored; 0 measured; 0 filtered out; finished in 0.00s
[INFO] [stdout] 
[INFO] [stderr]    Doc-tests qinetic_render
[INFO] [stdout] 
[INFO] [stdout] running 6 tests
[INFO] [stdout] test src/lib.rs - Camera (line 139) ... FAILED
[INFO] [stdout] test src/lib.rs - RenderPlugin (line 32) ... ok
[INFO] [stdout] test src/lib.rs - Mesh (line 127) ... ok
[INFO] [stdout] test src/lib.rs - RenderStage (line 115) ... ok
[INFO] [stdout] test src/lib.rs - RenderApi (line 53) ... ok
[INFO] [stdout] test src/lib.rs - RenderResource (line 79) ... ok
[INFO] [stdout] 
[INFO] [stdout] failures:
[INFO] [stdout] 
[INFO] [stdout] ---- src/lib.rs - Camera (line 139) stdout ----
[INFO] [stdout] error[E0433]: failed to resolve: use of undeclared type `Camera`
[INFO] [stdout]  --> src/lib.rs:143:31
[INFO] [stdout]   |
[INFO] [stdout] 7 | App::builder().with_component(Camera::default()).build().run();
[INFO] [stdout]   |                               ^^^^^^ use of undeclared type `Camera`
[INFO] [stdout]   |
[INFO] [stdout] help: consider importing this struct
[INFO] [stdout]   |
[INFO] [stdout] 2 | use qinetic_render::Camera;
[INFO] [stdout]   |
[INFO] [stdout] 
[INFO] [stdout] error: aborting due to previous error
[INFO] [stdout] 
[INFO] [stdout] For more information about this error, try `rustc --explain E0433`.
[INFO] [stdout] Couldn't compile the test.
[INFO] [stdout] 
[INFO] [stdout] failures:
[INFO] [stdout]     src/lib.rs - Camera (line 139)
[INFO] [stdout] 
[INFO] [stdout] test result: FAILED. 5 passed; 1 failed; 0 ignored; 0 measured; 0 filtered out; finished in 1.04s
[INFO] [stdout] 
[INFO] [stderr] error: doctest failed, to rerun pass `--doc`
[INFO] running `Command { std: "docker" "inspect" "dcb6f98f195bca4ca862905c67b4312c4ca0611465784fe71eca784763c7c86b", kill_on_drop: false }`
[INFO] running `Command { std: "docker" "rm" "-f" "dcb6f98f195bca4ca862905c67b4312c4ca0611465784fe71eca784763c7c86b", kill_on_drop: false }`
[INFO] [stdout] dcb6f98f195bca4ca862905c67b4312c4ca0611465784fe71eca784763c7c86b
