[INFO] fetching crate qinetic_network 0.1.3...
[INFO] testing qinetic_network-0.1.3 against 1.69.0 for beta-1.70-1
[INFO] extracting crate qinetic_network 0.1.3 into /workspace/builds/worker-1-tc1/source
[INFO] validating manifest of crates.io crate qinetic_network 0.1.3 on toolchain 1.69.0
[INFO] running `Command { std: CARGO_HOME="/workspace/cargo-home" RUSTUP_HOME="/workspace/rustup-home" "/workspace/cargo-home/bin/cargo" "+1.69.0" "metadata" "--manifest-path" "Cargo.toml" "--no-deps", kill_on_drop: false }`
[INFO] started tweaking crates.io crate qinetic_network 0.1.3
[INFO] finished tweaking crates.io crate qinetic_network 0.1.3
[INFO] tweaked toml for crates.io crate qinetic_network 0.1.3 written to /workspace/builds/worker-1-tc1/source/Cargo.toml
[INFO] running `Command { std: CARGO_HOME="/workspace/cargo-home" RUSTUP_HOME="/workspace/rustup-home" __CARGO_TEST_CHANNEL_OVERRIDE_DO_NOT_USE_THIS="nightly" "/workspace/cargo-home/bin/cargo" "+1.69.0" "generate-lockfile" "--manifest-path" "Cargo.toml" "-Zno-index-update", kill_on_drop: false }`
[INFO] running `Command { std: CARGO_HOME="/workspace/cargo-home" RUSTUP_HOME="/workspace/rustup-home" "/workspace/cargo-home/bin/cargo" "+1.69.0" "fetch" "--manifest-path" "Cargo.toml", kill_on_drop: false }`
[INFO] [stderr]  Downloading crates ...
[INFO] [stderr]   Downloaded qinetic_app_macros v0.1.0
[INFO] [stderr]   Downloaded qinetic_app v0.2.0
[INFO] [stderr]   Downloaded qinetic_utils_macros v0.1.0
[INFO] [stderr]   Downloaded qinetic_ecs_macros v0.1.0
[INFO] [stderr]   Downloaded qinetic_ecs v0.2.0
[INFO] running `Command { std: "docker" "create" "-v" "/var/lib/crater-agent-workspace/builds/worker-1-tc1/target:/opt/rustwide/target:rw,Z" "-v" "/var/lib/crater-agent-workspace/builds/worker-1-tc1/source:/opt/rustwide/workdir:ro,Z" "-v" "/var/lib/crater-agent-workspace/cargo-home:/opt/rustwide/cargo-home:ro,Z" "-v" "/var/lib/crater-agent-workspace/rustup-home:/opt/rustwide/rustup-home:ro,Z" "-e" "SOURCE_DIR=/opt/rustwide/workdir" "-e" "CARGO_TARGET_DIR=/opt/rustwide/target" "-e" "CARGO_HOME=/opt/rustwide/cargo-home" "-e" "RUSTUP_HOME=/opt/rustwide/rustup-home" "-w" "/opt/rustwide/workdir" "-m" "1610612736" "--user" "0:0" "--network" "none" "ghcr.io/rust-lang/crates-build-env/linux@sha256:5ff2268d62e97bff2cde7d5815dd6ed5b47097566f13b8d0ca110b04b60e07ed" "/opt/rustwide/cargo-home/bin/cargo" "+1.69.0" "metadata" "--no-deps" "--format-version=1", kill_on_drop: false }`
[INFO] [stdout] 020aa2ce13cd11052bad846d88d7469be658e6b77fd5e2a99bf55c8c83b5a748
[INFO] running `Command { std: "docker" "start" "-a" "020aa2ce13cd11052bad846d88d7469be658e6b77fd5e2a99bf55c8c83b5a748", kill_on_drop: false }`
[INFO] running `Command { std: "docker" "inspect" "020aa2ce13cd11052bad846d88d7469be658e6b77fd5e2a99bf55c8c83b5a748", kill_on_drop: false }`
[INFO] running `Command { std: "docker" "rm" "-f" "020aa2ce13cd11052bad846d88d7469be658e6b77fd5e2a99bf55c8c83b5a748", kill_on_drop: false }`
[INFO] [stdout] 020aa2ce13cd11052bad846d88d7469be658e6b77fd5e2a99bf55c8c83b5a748
[INFO] running `Command { std: "docker" "create" "-v" "/var/lib/crater-agent-workspace/builds/worker-1-tc1/target:/opt/rustwide/target:rw,Z" "-v" "/var/lib/crater-agent-workspace/builds/worker-1-tc1/source:/opt/rustwide/workdir:ro,Z" "-v" "/var/lib/crater-agent-workspace/cargo-home:/opt/rustwide/cargo-home:ro,Z" "-v" "/var/lib/crater-agent-workspace/rustup-home:/opt/rustwide/rustup-home:ro,Z" "-e" "SOURCE_DIR=/opt/rustwide/workdir" "-e" "CARGO_TARGET_DIR=/opt/rustwide/target" "-e" "CARGO_INCREMENTAL=0" "-e" "RUST_BACKTRACE=full" "-e" "RUSTFLAGS=--cap-lints=warn" "-e" "RUSTDOCFLAGS=--cap-lints=warn" "-e" "CARGO_HOME=/opt/rustwide/cargo-home" "-e" "RUSTUP_HOME=/opt/rustwide/rustup-home" "-w" "/opt/rustwide/workdir" "-m" "1610612736" "--user" "0:0" "--network" "none" "ghcr.io/rust-lang/crates-build-env/linux@sha256:5ff2268d62e97bff2cde7d5815dd6ed5b47097566f13b8d0ca110b04b60e07ed" "/opt/rustwide/cargo-home/bin/cargo" "+1.69.0" "build" "--frozen" "--message-format=json", kill_on_drop: false }`
[INFO] [stdout] 8909d03cb8fb2c37bf8e1af51f6f3c16a37595921ff88e46466f9415e0716ec2
[INFO] running `Command { std: "docker" "start" "-a" "8909d03cb8fb2c37bf8e1af51f6f3c16a37595921ff88e46466f9415e0716ec2", kill_on_drop: false }`
[INFO] [stderr]    Compiling proc-macro2 v1.0.56
[INFO] [stderr]    Compiling syn v1.0.109
[INFO] [stderr]    Compiling downcast-rs v1.2.0
[INFO] [stderr]    Compiling serde v1.0.160
[INFO] [stderr]    Compiling quote v1.0.26
[INFO] [stderr]    Compiling toml v0.5.11
[INFO] [stderr]    Compiling qinetic_utils_macros v0.1.0
[INFO] [stderr]    Compiling qinetic_ecs_macros v0.1.0
[INFO] [stderr]    Compiling qinetic_app_macros v0.1.0
[INFO] [stderr]    Compiling qinetic_ecs v0.2.0
[INFO] [stderr]    Compiling qinetic_app v0.2.0
[INFO] [stderr]    Compiling qinetic_network v0.1.3 (/opt/rustwide/workdir)
[INFO] [stderr]     Finished dev [unoptimized + debuginfo] target(s) in 7.07s
[INFO] running `Command { std: "docker" "inspect" "8909d03cb8fb2c37bf8e1af51f6f3c16a37595921ff88e46466f9415e0716ec2", kill_on_drop: false }`
[INFO] running `Command { std: "docker" "rm" "-f" "8909d03cb8fb2c37bf8e1af51f6f3c16a37595921ff88e46466f9415e0716ec2", kill_on_drop: false }`
[INFO] [stdout] 8909d03cb8fb2c37bf8e1af51f6f3c16a37595921ff88e46466f9415e0716ec2
[INFO] running `Command { std: "docker" "create" "-v" "/var/lib/crater-agent-workspace/builds/worker-1-tc1/target:/opt/rustwide/target:rw,Z" "-v" "/var/lib/crater-agent-workspace/builds/worker-1-tc1/source:/opt/rustwide/workdir:ro,Z" "-v" "/var/lib/crater-agent-workspace/cargo-home:/opt/rustwide/cargo-home:ro,Z" "-v" "/var/lib/crater-agent-workspace/rustup-home:/opt/rustwide/rustup-home:ro,Z" "-e" "SOURCE_DIR=/opt/rustwide/workdir" "-e" "CARGO_TARGET_DIR=/opt/rustwide/target" "-e" "CARGO_INCREMENTAL=0" "-e" "RUST_BACKTRACE=full" "-e" "RUSTFLAGS=--cap-lints=warn" "-e" "RUSTDOCFLAGS=--cap-lints=warn" "-e" "CARGO_HOME=/opt/rustwide/cargo-home" "-e" "RUSTUP_HOME=/opt/rustwide/rustup-home" "-w" "/opt/rustwide/workdir" "-m" "1610612736" "--user" "0:0" "--network" "none" "ghcr.io/rust-lang/crates-build-env/linux@sha256:5ff2268d62e97bff2cde7d5815dd6ed5b47097566f13b8d0ca110b04b60e07ed" "/opt/rustwide/cargo-home/bin/cargo" "+1.69.0" "test" "--frozen" "--no-run" "--message-format=json", kill_on_drop: false }`
[INFO] [stdout] f81e99784ce7bc3a7b1462fdce718d4c10672efa4dbc8c56e46b5a4009c095db
[INFO] running `Command { std: "docker" "start" "-a" "f81e99784ce7bc3a7b1462fdce718d4c10672efa4dbc8c56e46b5a4009c095db", kill_on_drop: false }`
[INFO] [stderr]    Compiling qinetic_network v0.1.3 (/opt/rustwide/workdir)
[INFO] [stderr]     Finished test [unoptimized + debuginfo] target(s) in 0.24s
[INFO] running `Command { std: "docker" "inspect" "f81e99784ce7bc3a7b1462fdce718d4c10672efa4dbc8c56e46b5a4009c095db", kill_on_drop: false }`
[INFO] running `Command { std: "docker" "rm" "-f" "f81e99784ce7bc3a7b1462fdce718d4c10672efa4dbc8c56e46b5a4009c095db", kill_on_drop: false }`
[INFO] [stdout] f81e99784ce7bc3a7b1462fdce718d4c10672efa4dbc8c56e46b5a4009c095db
[INFO] running `Command { std: "docker" "create" "-v" "/var/lib/crater-agent-workspace/builds/worker-1-tc1/target:/opt/rustwide/target:rw,Z" "-v" "/var/lib/crater-agent-workspace/builds/worker-1-tc1/source:/opt/rustwide/workdir:ro,Z" "-v" "/var/lib/crater-agent-workspace/cargo-home:/opt/rustwide/cargo-home:ro,Z" "-v" "/var/lib/crater-agent-workspace/rustup-home:/opt/rustwide/rustup-home:ro,Z" "-e" "SOURCE_DIR=/opt/rustwide/workdir" "-e" "CARGO_TARGET_DIR=/opt/rustwide/target" "-e" "CARGO_INCREMENTAL=0" "-e" "RUST_BACKTRACE=full" "-e" "RUSTFLAGS=--cap-lints=warn" "-e" "RUSTDOCFLAGS=--cap-lints=warn" "-e" "CARGO_HOME=/opt/rustwide/cargo-home" "-e" "RUSTUP_HOME=/opt/rustwide/rustup-home" "-w" "/opt/rustwide/workdir" "-m" "1610612736" "--user" "0:0" "--network" "none" "ghcr.io/rust-lang/crates-build-env/linux@sha256:5ff2268d62e97bff2cde7d5815dd6ed5b47097566f13b8d0ca110b04b60e07ed" "/opt/rustwide/cargo-home/bin/cargo" "+1.69.0" "test" "--frozen", kill_on_drop: false }`
[INFO] [stdout] 3821c1762019fbb19d1eb16ade19d8d46a3f13b445f66baf0aa4d69489f4dbb2
[INFO] running `Command { std: "docker" "start" "-a" "3821c1762019fbb19d1eb16ade19d8d46a3f13b445f66baf0aa4d69489f4dbb2", kill_on_drop: false }`
[INFO] [stdout] 
[INFO] [stderr]     Finished test [unoptimized + debuginfo] target(s) in 0.03s
[INFO] [stdout] running 0 tests
[INFO] [stderr]      Running unittests src/lib.rs (/opt/rustwide/target/debug/deps/qinetic_network-457df178ba15fb22)
[INFO] [stdout] 
[INFO] [stderr]    Doc-tests qinetic_network
[INFO] [stdout] test result: ok. 0 passed; 0 failed; 0 ignored; 0 measured; 0 filtered out; finished in 0.00s
[INFO] [stdout] 
[INFO] [stdout] 
[INFO] [stdout] running 2 tests
[INFO] [stdout] test src/lib.rs - NetworkStage (line 42) ... FAILED
[INFO] [stdout] test src/lib.rs - NetworkPlugin (line 24) ... ok
[INFO] [stdout] 
[INFO] [stdout] failures:
[INFO] [stdout] 
[INFO] [stdout] ---- src/lib.rs - NetworkStage (line 42) stdout ----
[INFO] [stdout] error[E0433]: failed to resolve: use of undeclared crate or module `qinetic_networl`
[INFO] [stdout]  --> src/lib.rs:44:5
[INFO] [stdout]   |
[INFO] [stdout] 4 | use qinetic_networl::prelude::*;
[INFO] [stdout]   |     ^^^^^^^^^^^^^^^ use of undeclared crate or module `qinetic_networl`
[INFO] [stdout]   |
[INFO] [stdout] help: there is a crate or module with a similar name
[INFO] [stdout]   |
[INFO] [stdout] 4 | use qinetic_network::prelude::*;
[INFO] [stdout]   |     ~~~~~~~~~~~~~~~
[INFO] [stdout] 
[INFO] [stdout] error[E0433]: failed to resolve: use of undeclared type `NetworkStage`
[INFO] [stdout]  --> src/lib.rs:46:27
[INFO] [stdout]   |
[INFO] [stdout] 6 | App::builder().with_stage(NetworkStage::default()).build().run();
[INFO] [stdout]   |                           ^^^^^^^^^^^^ use of undeclared type `NetworkStage`
[INFO] [stdout]   |
[INFO] [stdout] help: consider importing this struct
[INFO] [stdout]   |
[INFO] [stdout] 2 | use qinetic_network::NetworkStage;
[INFO] [stdout]   |
[INFO] [stdout] 
[INFO] [stdout] error: aborting due to 2 previous errors
[INFO] [stdout] 
[INFO] [stdout] For more information about this error, try `rustc --explain E0433`.
[INFO] [stdout] Couldn't compile the test.
[INFO] [stdout] 
[INFO] [stdout] failures:
[INFO] [stdout]     src/lib.rs - NetworkStage (line 42)
[INFO] [stdout] 
[INFO] [stdout] test result: FAILED. 1 passed; 1 failed; 0 ignored; 0 measured; 0 filtered out; finished in 0.24s
[INFO] [stdout] 
[INFO] [stderr] error: doctest failed, to rerun pass `--doc`
[INFO] running `Command { std: "docker" "inspect" "3821c1762019fbb19d1eb16ade19d8d46a3f13b445f66baf0aa4d69489f4dbb2", kill_on_drop: false }`
[INFO] running `Command { std: "docker" "rm" "-f" "3821c1762019fbb19d1eb16ade19d8d46a3f13b445f66baf0aa4d69489f4dbb2", kill_on_drop: false }`
[INFO] [stdout] 3821c1762019fbb19d1eb16ade19d8d46a3f13b445f66baf0aa4d69489f4dbb2
