[INFO] fetching crate qinetic_ar 0.1.0...
[INFO] testing qinetic_ar-0.1.0 against 1.69.0 for beta-1.70-1
[INFO] extracting crate qinetic_ar 0.1.0 into /workspace/builds/worker-4-tc1/source
[INFO] validating manifest of crates.io crate qinetic_ar 0.1.0 on toolchain 1.69.0
[INFO] running `Command { std: CARGO_HOME="/workspace/cargo-home" RUSTUP_HOME="/workspace/rustup-home" "/workspace/cargo-home/bin/cargo" "+1.69.0" "metadata" "--manifest-path" "Cargo.toml" "--no-deps", kill_on_drop: false }`
[INFO] started tweaking crates.io crate qinetic_ar 0.1.0
[INFO] finished tweaking crates.io crate qinetic_ar 0.1.0
[INFO] tweaked toml for crates.io crate qinetic_ar 0.1.0 written to /workspace/builds/worker-4-tc1/source/Cargo.toml
[INFO] running `Command { std: CARGO_HOME="/workspace/cargo-home" RUSTUP_HOME="/workspace/rustup-home" __CARGO_TEST_CHANNEL_OVERRIDE_DO_NOT_USE_THIS="nightly" "/workspace/cargo-home/bin/cargo" "+1.69.0" "generate-lockfile" "--manifest-path" "Cargo.toml" "-Zno-index-update", kill_on_drop: false }`
[INFO] running `Command { std: CARGO_HOME="/workspace/cargo-home" RUSTUP_HOME="/workspace/rustup-home" "/workspace/cargo-home/bin/cargo" "+1.69.0" "fetch" "--manifest-path" "Cargo.toml", kill_on_drop: false }`
[INFO] [stderr]  Downloading crates ...
[INFO] [stderr]   Downloaded qinetic_app_macros v0.1.0
[INFO] [stderr]   Downloaded qinetic_app v0.2.0
[INFO] [stderr]   Downloaded qinetic_ecs_macros v0.1.0
[INFO] [stderr]   Downloaded qinetic_utils_macros v0.1.0
[INFO] [stderr]   Downloaded qinetic_ecs v0.2.0
[INFO] [stderr]   Downloaded qinetic_xr v0.1.0
[INFO] running `Command { std: "docker" "create" "-v" "/var/lib/crater-agent-workspace/builds/worker-4-tc1/target:/opt/rustwide/target:rw,Z" "-v" "/var/lib/crater-agent-workspace/builds/worker-4-tc1/source:/opt/rustwide/workdir:ro,Z" "-v" "/var/lib/crater-agent-workspace/cargo-home:/opt/rustwide/cargo-home:ro,Z" "-v" "/var/lib/crater-agent-workspace/rustup-home:/opt/rustwide/rustup-home:ro,Z" "-e" "SOURCE_DIR=/opt/rustwide/workdir" "-e" "CARGO_TARGET_DIR=/opt/rustwide/target" "-e" "CARGO_HOME=/opt/rustwide/cargo-home" "-e" "RUSTUP_HOME=/opt/rustwide/rustup-home" "-w" "/opt/rustwide/workdir" "-m" "1610612736" "--user" "0:0" "--network" "none" "ghcr.io/rust-lang/crates-build-env/linux@sha256:5ff2268d62e97bff2cde7d5815dd6ed5b47097566f13b8d0ca110b04b60e07ed" "/opt/rustwide/cargo-home/bin/cargo" "+1.69.0" "metadata" "--no-deps" "--format-version=1", kill_on_drop: false }`
[INFO] [stdout] a3470584abeac41321b2826fb63216899ae52c9b04a58e6dabebd70f470e933b
[INFO] running `Command { std: "docker" "start" "-a" "a3470584abeac41321b2826fb63216899ae52c9b04a58e6dabebd70f470e933b", kill_on_drop: false }`
[INFO] running `Command { std: "docker" "inspect" "a3470584abeac41321b2826fb63216899ae52c9b04a58e6dabebd70f470e933b", kill_on_drop: false }`
[INFO] running `Command { std: "docker" "rm" "-f" "a3470584abeac41321b2826fb63216899ae52c9b04a58e6dabebd70f470e933b", kill_on_drop: false }`
[INFO] [stdout] a3470584abeac41321b2826fb63216899ae52c9b04a58e6dabebd70f470e933b
[INFO] running `Command { std: "docker" "create" "-v" "/var/lib/crater-agent-workspace/builds/worker-4-tc1/target:/opt/rustwide/target:rw,Z" "-v" "/var/lib/crater-agent-workspace/builds/worker-4-tc1/source:/opt/rustwide/workdir:ro,Z" "-v" "/var/lib/crater-agent-workspace/cargo-home:/opt/rustwide/cargo-home:ro,Z" "-v" "/var/lib/crater-agent-workspace/rustup-home:/opt/rustwide/rustup-home:ro,Z" "-e" "SOURCE_DIR=/opt/rustwide/workdir" "-e" "CARGO_TARGET_DIR=/opt/rustwide/target" "-e" "CARGO_INCREMENTAL=0" "-e" "RUST_BACKTRACE=full" "-e" "RUSTFLAGS=--cap-lints=warn" "-e" "RUSTDOCFLAGS=--cap-lints=warn" "-e" "CARGO_HOME=/opt/rustwide/cargo-home" "-e" "RUSTUP_HOME=/opt/rustwide/rustup-home" "-w" "/opt/rustwide/workdir" "-m" "1610612736" "--user" "0:0" "--network" "none" "ghcr.io/rust-lang/crates-build-env/linux@sha256:5ff2268d62e97bff2cde7d5815dd6ed5b47097566f13b8d0ca110b04b60e07ed" "/opt/rustwide/cargo-home/bin/cargo" "+1.69.0" "build" "--frozen" "--message-format=json", kill_on_drop: false }`
[INFO] [stdout] 29bd83b7059e6f0be9a277e5cc550d5901f66b8d7b3892e9ef89530bcac7aa1d
[INFO] running `Command { std: "docker" "start" "-a" "29bd83b7059e6f0be9a277e5cc550d5901f66b8d7b3892e9ef89530bcac7aa1d", kill_on_drop: false }`
[INFO] [stderr]    Compiling proc-macro2 v1.0.56
[INFO] [stderr]    Compiling serde v1.0.160
[INFO] [stderr]    Compiling syn v1.0.109
[INFO] [stderr]    Compiling qinetic_xr v0.1.0
[INFO] [stderr]    Compiling quote v1.0.26
[INFO] [stderr]    Compiling toml v0.5.11
[INFO] [stderr]    Compiling qinetic_utils_macros v0.1.0
[INFO] [stderr]    Compiling qinetic_ecs_macros v0.1.0
[INFO] [stderr]    Compiling qinetic_app_macros v0.1.0
[INFO] [stderr]    Compiling qinetic_ecs v0.2.0
[INFO] [stderr]    Compiling qinetic_app v0.2.0
[INFO] [stderr]    Compiling qinetic_ar v0.1.0 (/opt/rustwide/workdir)
[INFO] [stderr]     Finished dev [unoptimized + debuginfo] target(s) in 9.00s
[INFO] running `Command { std: "docker" "inspect" "29bd83b7059e6f0be9a277e5cc550d5901f66b8d7b3892e9ef89530bcac7aa1d", kill_on_drop: false }`
[INFO] running `Command { std: "docker" "rm" "-f" "29bd83b7059e6f0be9a277e5cc550d5901f66b8d7b3892e9ef89530bcac7aa1d", kill_on_drop: false }`
[INFO] [stdout] 29bd83b7059e6f0be9a277e5cc550d5901f66b8d7b3892e9ef89530bcac7aa1d
[INFO] running `Command { std: "docker" "create" "-v" "/var/lib/crater-agent-workspace/builds/worker-4-tc1/target:/opt/rustwide/target:rw,Z" "-v" "/var/lib/crater-agent-workspace/builds/worker-4-tc1/source:/opt/rustwide/workdir:ro,Z" "-v" "/var/lib/crater-agent-workspace/cargo-home:/opt/rustwide/cargo-home:ro,Z" "-v" "/var/lib/crater-agent-workspace/rustup-home:/opt/rustwide/rustup-home:ro,Z" "-e" "SOURCE_DIR=/opt/rustwide/workdir" "-e" "CARGO_TARGET_DIR=/opt/rustwide/target" "-e" "CARGO_INCREMENTAL=0" "-e" "RUST_BACKTRACE=full" "-e" "RUSTFLAGS=--cap-lints=warn" "-e" "RUSTDOCFLAGS=--cap-lints=warn" "-e" "CARGO_HOME=/opt/rustwide/cargo-home" "-e" "RUSTUP_HOME=/opt/rustwide/rustup-home" "-w" "/opt/rustwide/workdir" "-m" "1610612736" "--user" "0:0" "--network" "none" "ghcr.io/rust-lang/crates-build-env/linux@sha256:5ff2268d62e97bff2cde7d5815dd6ed5b47097566f13b8d0ca110b04b60e07ed" "/opt/rustwide/cargo-home/bin/cargo" "+1.69.0" "test" "--frozen" "--no-run" "--message-format=json", kill_on_drop: false }`
[INFO] [stdout] 01aa4fed1bd8f49d7b1ac0990393d3155ac4e62a70f6664ccfce904b2d6bb38b
[INFO] running `Command { std: "docker" "start" "-a" "01aa4fed1bd8f49d7b1ac0990393d3155ac4e62a70f6664ccfce904b2d6bb38b", kill_on_drop: false }`
[INFO] [stderr]    Compiling qinetic_ar v0.1.0 (/opt/rustwide/workdir)
[INFO] [stderr]     Finished test [unoptimized + debuginfo] target(s) in 0.49s
[INFO] running `Command { std: "docker" "inspect" "01aa4fed1bd8f49d7b1ac0990393d3155ac4e62a70f6664ccfce904b2d6bb38b", kill_on_drop: false }`
[INFO] running `Command { std: "docker" "rm" "-f" "01aa4fed1bd8f49d7b1ac0990393d3155ac4e62a70f6664ccfce904b2d6bb38b", kill_on_drop: false }`
[INFO] [stdout] 01aa4fed1bd8f49d7b1ac0990393d3155ac4e62a70f6664ccfce904b2d6bb38b
[INFO] running `Command { std: "docker" "create" "-v" "/var/lib/crater-agent-workspace/builds/worker-4-tc1/target:/opt/rustwide/target:rw,Z" "-v" "/var/lib/crater-agent-workspace/builds/worker-4-tc1/source:/opt/rustwide/workdir:ro,Z" "-v" "/var/lib/crater-agent-workspace/cargo-home:/opt/rustwide/cargo-home:ro,Z" "-v" "/var/lib/crater-agent-workspace/rustup-home:/opt/rustwide/rustup-home:ro,Z" "-e" "SOURCE_DIR=/opt/rustwide/workdir" "-e" "CARGO_TARGET_DIR=/opt/rustwide/target" "-e" "CARGO_INCREMENTAL=0" "-e" "RUST_BACKTRACE=full" "-e" "RUSTFLAGS=--cap-lints=warn" "-e" "RUSTDOCFLAGS=--cap-lints=warn" "-e" "CARGO_HOME=/opt/rustwide/cargo-home" "-e" "RUSTUP_HOME=/opt/rustwide/rustup-home" "-w" "/opt/rustwide/workdir" "-m" "1610612736" "--user" "0:0" "--network" "none" "ghcr.io/rust-lang/crates-build-env/linux@sha256:5ff2268d62e97bff2cde7d5815dd6ed5b47097566f13b8d0ca110b04b60e07ed" "/opt/rustwide/cargo-home/bin/cargo" "+1.69.0" "test" "--frozen", kill_on_drop: false }`
[INFO] [stdout] e2d2eed369b5bb5fa9faedcb187e18f27dcb8c1e6b96664029366df184656a9d
[INFO] running `Command { std: "docker" "start" "-a" "e2d2eed369b5bb5fa9faedcb187e18f27dcb8c1e6b96664029366df184656a9d", kill_on_drop: false }`
[INFO] [stderr]     Finished test [unoptimized + debuginfo] target(s) in 0.02s
[INFO] [stderr]      Running unittests src/lib.rs (/opt/rustwide/target/debug/deps/qinetic_ar-49f1d3ba57dc65bf)
[INFO] [stdout] 
[INFO] [stdout] running 0 tests
[INFO] [stdout] 
[INFO] [stdout] test result: ok. 0 passed; 0 failed; 0 ignored; 0 measured; 0 filtered out; finished in 0.00s
[INFO] [stdout] 
[INFO] [stderr]    Doc-tests qinetic_ar
[INFO] [stdout] 
[INFO] [stdout] running 4 tests
[INFO] [stdout] test src/lib.rs - ArPlugin (line 28) ... FAILED
[INFO] [stdout] test src/lib.rs - ArTracker (line 69) ... FAILED
[INFO] [stdout] test src/lib.rs - ArStage (line 46) ... FAILED
[INFO] [stdout] test src/lib.rs - ArController (line 58) ... FAILED
[INFO] [stdout] 
[INFO] [stdout] failures:
[INFO] [stdout] 
[INFO] [stdout] ---- src/lib.rs - ArPlugin (line 28) stdout ----
[INFO] [stdout] error[E0433]: failed to resolve: use of undeclared crate or module `qinetic_vr`
[INFO] [stdout]  --> src/lib.rs:30:5
[INFO] [stdout]   |
[INFO] [stdout] 4 | use qinetic_vr::prelude::*;
[INFO] [stdout]   |     ^^^^^^^^^^ use of undeclared crate or module `qinetic_vr`
[INFO] [stdout]   |
[INFO] [stdout] help: there is a crate or module with a similar name
[INFO] [stdout]   |
[INFO] [stdout] 4 | use qinetic_ar::prelude::*;
[INFO] [stdout]   |     ~~~~~~~~~~
[INFO] [stdout] 
[INFO] [stdout] error[E0433]: failed to resolve: use of undeclared type `ArPlugin`
[INFO] [stdout]  --> src/lib.rs:32:28
[INFO] [stdout]   |
[INFO] [stdout] 6 | App::builder().with_plugin(ArPlugin::default()).build().run();
[INFO] [stdout]   |                            ^^^^^^^^ use of undeclared type `ArPlugin`
[INFO] [stdout]   |
[INFO] [stdout] help: a trait with a similar name exists
[INFO] [stdout]   |
[INFO] [stdout] 6 | App::builder().with_plugin(Plugin::default()).build().run();
[INFO] [stdout]   |                            ~~~~~~
[INFO] [stdout] help: consider importing this struct
[INFO] [stdout]   |
[INFO] [stdout] 2 | use qinetic_ar::ArPlugin;
[INFO] [stdout]   |
[INFO] [stdout] 
[INFO] [stdout] error: aborting due to 2 previous errors
[INFO] [stdout] 
[INFO] [stdout] For more information about this error, try `rustc --explain E0433`.
[INFO] [stdout] Couldn't compile the test.
[INFO] [stdout] ---- src/lib.rs - ArTracker (line 69) stdout ----
[INFO] [stdout] error[E0433]: failed to resolve: use of undeclared crate or module `qinetic_vr`
[INFO] [stdout]  --> src/lib.rs:71:5
[INFO] [stdout]   |
[INFO] [stdout] 4 | use qinetic_vr::prelude::*;
[INFO] [stdout]   |     ^^^^^^^^^^ use of undeclared crate or module `qinetic_vr`
[INFO] [stdout]   |
[INFO] [stdout] help: there is a crate or module with a similar name
[INFO] [stdout]   |
[INFO] [stdout] 4 | use qinetic_ar::prelude::*;
[INFO] [stdout]   |     ~~~~~~~~~~
[INFO] [stdout] 
[INFO] [stdout] error[E0433]: failed to resolve: use of undeclared type `Tracker`
[INFO] [stdout]  --> src/lib.rs:73:31
[INFO] [stdout]   |
[INFO] [stdout] 6 | App::builder().with_component(Tracker::default()).build().run();
[INFO] [stdout]   |                               ^^^^^^^ use of undeclared type `Tracker`
[INFO] [stdout] 
[INFO] [stdout] error: aborting due to 2 previous errors
[INFO] [stdout] 
[INFO] [stdout] For more information about this error, try `rustc --explain E0433`.
[INFO] [stdout] Couldn't compile the test.
[INFO] [stdout] ---- src/lib.rs - ArStage (line 46) stdout ----
[INFO] [stdout] error[E0433]: failed to resolve: use of undeclared crate or module `qinetic_ai`
[INFO] [stdout]  --> src/lib.rs:48:5
[INFO] [stdout]   |
[INFO] [stdout] 4 | use qinetic_ai::prelude::*;
[INFO] [stdout]   |     ^^^^^^^^^^ use of undeclared crate or module `qinetic_ai`
[INFO] [stdout]   |
[INFO] [stdout] help: there is a crate or module with a similar name
[INFO] [stdout]   |
[INFO] [stdout] 4 | use qinetic_ar::prelude::*;
[INFO] [stdout]   |     ~~~~~~~~~~
[INFO] [stdout] 
[INFO] [stdout] error[E0433]: failed to resolve: use of undeclared type `ArStage`
[INFO] [stdout]  --> src/lib.rs:50:27
[INFO] [stdout]   |
[INFO] [stdout] 6 | App::builder().with_stage(ArStage::default()).build().run();
[INFO] [stdout]   |                           ^^^^^^^ use of undeclared type `ArStage`
[INFO] [stdout]   |
[INFO] [stdout] help: a trait with a similar name exists
[INFO] [stdout]   |
[INFO] [stdout] 6 | App::builder().with_stage(Stage::default()).build().run();
[INFO] [stdout]   |                           ~~~~~
[INFO] [stdout] help: consider importing this struct
[INFO] [stdout]   |
[INFO] [stdout] 2 | use qinetic_ar::ArStage;
[INFO] [stdout]   |
[INFO] [stdout] 
[INFO] [stdout] error: aborting due to 2 previous errors
[INFO] [stdout] 
[INFO] [stdout] For more information about this error, try `rustc --explain E0433`.
[INFO] [stdout] Couldn't compile the test.
[INFO] [stdout] ---- src/lib.rs - ArController (line 58) stdout ----
[INFO] [stdout] error[E0433]: failed to resolve: use of undeclared crate or module `qinetic_vr`
[INFO] [stdout]  --> src/lib.rs:60:5
[INFO] [stdout]   |
[INFO] [stdout] 4 | use qinetic_vr::prelude::*;
[INFO] [stdout]   |     ^^^^^^^^^^ use of undeclared crate or module `qinetic_vr`
[INFO] [stdout]   |
[INFO] [stdout] help: there is a crate or module with a similar name
[INFO] [stdout]   |
[INFO] [stdout] 4 | use qinetic_ar::prelude::*;
[INFO] [stdout]   |     ~~~~~~~~~~
[INFO] [stdout] 
[INFO] [stdout] error[E0433]: failed to resolve: use of undeclared type `ArController`
[INFO] [stdout]  --> src/lib.rs:62:31
[INFO] [stdout]   |
[INFO] [stdout] 6 | App::builder().with_component(ArController::default()).build().run();
[INFO] [stdout]   |                               ^^^^^^^^^^^^ use of undeclared type `ArController`
[INFO] [stdout]   |
[INFO] [stdout] help: consider importing this struct
[INFO] [stdout]   |
[INFO] [stdout] 2 | use qinetic_ar::ArController;
[INFO] [stdout]   |
[INFO] [stdout] 
[INFO] [stdout] error: aborting due to 2 previous errors
[INFO] [stdout] 
[INFO] [stdout] For more information about this error, try `rustc --explain E0433`.
[INFO] [stdout] Couldn't compile the test.
[INFO] [stdout] 
[INFO] [stdout] failures:
[INFO] [stdout]     src/lib.rs - ArController (line 58)
[INFO] [stdout]     src/lib.rs - ArPlugin (line 28)
[INFO] [stdout]     src/lib.rs - ArStage (line 46)
[INFO] [stdout]     src/lib.rs - ArTracker (line 69)
[INFO] [stdout] 
[INFO] [stdout] test result: FAILED. 0 passed; 4 failed; 0 ignored; 0 measured; 0 filtered out; finished in 0.13s
[INFO] [stdout] 
[INFO] [stderr] error: doctest failed, to rerun pass `--doc`
[INFO] running `Command { std: "docker" "inspect" "e2d2eed369b5bb5fa9faedcb187e18f27dcb8c1e6b96664029366df184656a9d", kill_on_drop: false }`
[INFO] running `Command { std: "docker" "rm" "-f" "e2d2eed369b5bb5fa9faedcb187e18f27dcb8c1e6b96664029366df184656a9d", kill_on_drop: false }`
[INFO] [stdout] e2d2eed369b5bb5fa9faedcb187e18f27dcb8c1e6b96664029366df184656a9d
