[INFO] fetching crate qindex_multi 0.4.0...
[INFO] testing qindex_multi-0.4.0 against 1.69.0 for beta-1.70-1
[INFO] extracting crate qindex_multi 0.4.0 into /workspace/builds/worker-2-tc1/source
[INFO] validating manifest of crates.io crate qindex_multi 0.4.0 on toolchain 1.69.0
[INFO] running `Command { std: CARGO_HOME="/workspace/cargo-home" RUSTUP_HOME="/workspace/rustup-home" "/workspace/cargo-home/bin/cargo" "+1.69.0" "metadata" "--manifest-path" "Cargo.toml" "--no-deps", kill_on_drop: false }`
[INFO] started tweaking crates.io crate qindex_multi 0.4.0
[INFO] finished tweaking crates.io crate qindex_multi 0.4.0
[INFO] tweaked toml for crates.io crate qindex_multi 0.4.0 written to /workspace/builds/worker-2-tc1/source/Cargo.toml
[INFO] running `Command { std: CARGO_HOME="/workspace/cargo-home" RUSTUP_HOME="/workspace/rustup-home" __CARGO_TEST_CHANNEL_OVERRIDE_DO_NOT_USE_THIS="nightly" "/workspace/cargo-home/bin/cargo" "+1.69.0" "generate-lockfile" "--manifest-path" "Cargo.toml" "-Zno-index-update", kill_on_drop: false }`
[INFO] running `Command { std: CARGO_HOME="/workspace/cargo-home" RUSTUP_HOME="/workspace/rustup-home" "/workspace/cargo-home/bin/cargo" "+1.69.0" "fetch" "--manifest-path" "Cargo.toml", kill_on_drop: false }`
[INFO] [stderr]  Downloading crates ...
[INFO] [stderr]   Downloaded qcollect-traits v0.4.1
[INFO] running `Command { std: "docker" "create" "-v" "/var/lib/crater-agent-workspace/builds/worker-2-tc1/target:/opt/rustwide/target:rw,Z" "-v" "/var/lib/crater-agent-workspace/builds/worker-2-tc1/source:/opt/rustwide/workdir:ro,Z" "-v" "/var/lib/crater-agent-workspace/cargo-home:/opt/rustwide/cargo-home:ro,Z" "-v" "/var/lib/crater-agent-workspace/rustup-home:/opt/rustwide/rustup-home:ro,Z" "-e" "SOURCE_DIR=/opt/rustwide/workdir" "-e" "CARGO_TARGET_DIR=/opt/rustwide/target" "-e" "CARGO_HOME=/opt/rustwide/cargo-home" "-e" "RUSTUP_HOME=/opt/rustwide/rustup-home" "-w" "/opt/rustwide/workdir" "-m" "1610612736" "--user" "0:0" "--network" "none" "ghcr.io/rust-lang/crates-build-env/linux@sha256:5ff2268d62e97bff2cde7d5815dd6ed5b47097566f13b8d0ca110b04b60e07ed" "/opt/rustwide/cargo-home/bin/cargo" "+1.69.0" "metadata" "--no-deps" "--format-version=1", kill_on_drop: false }`
[INFO] [stdout] 69e4055939a84bc662dda8e3e59182293d30bd587866623a1772bad6e2dd1f2e
[INFO] running `Command { std: "docker" "start" "-a" "69e4055939a84bc662dda8e3e59182293d30bd587866623a1772bad6e2dd1f2e", kill_on_drop: false }`
[INFO] running `Command { std: "docker" "inspect" "69e4055939a84bc662dda8e3e59182293d30bd587866623a1772bad6e2dd1f2e", kill_on_drop: false }`
[INFO] running `Command { std: "docker" "rm" "-f" "69e4055939a84bc662dda8e3e59182293d30bd587866623a1772bad6e2dd1f2e", kill_on_drop: false }`
[INFO] [stdout] 69e4055939a84bc662dda8e3e59182293d30bd587866623a1772bad6e2dd1f2e
[INFO] running `Command { std: "docker" "create" "-v" "/var/lib/crater-agent-workspace/builds/worker-2-tc1/target:/opt/rustwide/target:rw,Z" "-v" "/var/lib/crater-agent-workspace/builds/worker-2-tc1/source:/opt/rustwide/workdir:ro,Z" "-v" "/var/lib/crater-agent-workspace/cargo-home:/opt/rustwide/cargo-home:ro,Z" "-v" "/var/lib/crater-agent-workspace/rustup-home:/opt/rustwide/rustup-home:ro,Z" "-e" "SOURCE_DIR=/opt/rustwide/workdir" "-e" "CARGO_TARGET_DIR=/opt/rustwide/target" "-e" "CARGO_INCREMENTAL=0" "-e" "RUST_BACKTRACE=full" "-e" "RUSTFLAGS=--cap-lints=warn" "-e" "RUSTDOCFLAGS=--cap-lints=warn" "-e" "CARGO_HOME=/opt/rustwide/cargo-home" "-e" "RUSTUP_HOME=/opt/rustwide/rustup-home" "-w" "/opt/rustwide/workdir" "-m" "1610612736" "--user" "0:0" "--network" "none" "ghcr.io/rust-lang/crates-build-env/linux@sha256:5ff2268d62e97bff2cde7d5815dd6ed5b47097566f13b8d0ca110b04b60e07ed" "/opt/rustwide/cargo-home/bin/cargo" "+1.69.0" "build" "--frozen" "--message-format=json", kill_on_drop: false }`
[INFO] [stdout] 5b14c163ae8b825f7af1008e3ff375eb54952ba563d1529d158627649f502e5b
[INFO] running `Command { std: "docker" "start" "-a" "5b14c163ae8b825f7af1008e3ff375eb54952ba563d1529d158627649f502e5b", kill_on_drop: false }`
[INFO] [stderr]    Compiling vec_map v0.3.0
[INFO] [stderr]    Compiling qcollect-traits v0.4.1
[INFO] [stdout] error[E0432]: unresolved import `std::collections::hash_state`
[INFO] [stdout]  --> /opt/rustwide/cargo-home/registry/src/github.com-1ecc6299db9ec823/qcollect-traits-0.4.1/src/impls_libstd.rs:8:23
[INFO] [stdout]   |
[INFO] [stdout] 8 | use std::collections::hash_state::HashState;
[INFO] [stdout]   |                       ^^^^^^^^^^ could not find `hash_state` in `collections`
[INFO] [stdout] 
[INFO] [stdout] 
[INFO] [stdout] error[E0554]: `#![feature]` may not be used on the stable release channel
[INFO] [stdout]   --> /opt/rustwide/cargo-home/registry/src/github.com-1ecc6299db9ec823/qcollect-traits-0.4.1/src/lib.rs:12:1
[INFO] [stdout]    |
[INFO] [stdout] 12 | #![feature(associated_type_defaults)]
[INFO] [stdout]    | ^^^^^^^^^^^^^^^^^^^^^^^^^^^^^^^^^^^^^
[INFO] [stdout] 
[INFO] [stdout] 
[INFO] [stdout] error[E0554]: `#![feature]` may not be used on the stable release channel
[INFO] [stdout]   --> /opt/rustwide/cargo-home/registry/src/github.com-1ecc6299db9ec823/qcollect-traits-0.4.1/src/lib.rs:13:1
[INFO] [stdout]    |
[INFO] [stdout] 13 | #![feature(hashmap_hasher)]
[INFO] [stdout]    | ^^^^^^^^^^^^^^^^^^^^^^^^^^^
[INFO] [stdout] 
[INFO] [stdout] 
[INFO] [stdout] error[E0554]: `#![feature]` may not be used on the stable release channel
[INFO] [stdout]   --> /opt/rustwide/cargo-home/registry/src/github.com-1ecc6299db9ec823/qcollect-traits-0.4.1/src/lib.rs:13:12
[INFO] [stdout]    |
[INFO] [stdout] 13 | #![feature(hashmap_hasher)]
[INFO] [stdout]    |            ^^^^^^^^^^^^^^
[INFO] [stdout] 
[INFO] [stdout] 
[INFO] [stdout] error[E0635]: unknown feature `hashmap_hasher`
[INFO] [stdout]   --> /opt/rustwide/cargo-home/registry/src/github.com-1ecc6299db9ec823/qcollect-traits-0.4.1/src/lib.rs:13:12
[INFO] [stdout]    |
[INFO] [stdout] 13 | #![feature(hashmap_hasher)]
[INFO] [stdout]    |            ^^^^^^^^^^^^^^
[INFO] [stdout] 
[INFO] [stdout] 
[INFO] [stdout] error: aborting due to 5 previous errors
[INFO] [stdout] 
[INFO] [stdout] 
[INFO] [stdout] Some errors have detailed explanations: E0432, E0554, E0635.
[INFO] [stdout] 
[INFO] [stdout] For more information about an error, try `rustc --explain E0432`.
[INFO] [stdout] 
[INFO] [stderr] error: could not compile `qcollect-traits` due to 6 previous errors
[INFO] running `Command { std: "docker" "inspect" "5b14c163ae8b825f7af1008e3ff375eb54952ba563d1529d158627649f502e5b", kill_on_drop: false }`
[INFO] running `Command { std: "docker" "rm" "-f" "5b14c163ae8b825f7af1008e3ff375eb54952ba563d1529d158627649f502e5b", kill_on_drop: false }`
[INFO] [stdout] 5b14c163ae8b825f7af1008e3ff375eb54952ba563d1529d158627649f502e5b
