[INFO] fetching crate pwv 0.2.1...
[INFO] testing pwv-0.2.1 against 1.69.0 for beta-1.70-1
[INFO] extracting crate pwv 0.2.1 into /workspace/builds/worker-4-tc1/source
[INFO] validating manifest of crates.io crate pwv 0.2.1 on toolchain 1.69.0
[INFO] running `Command { std: CARGO_HOME="/workspace/cargo-home" RUSTUP_HOME="/workspace/rustup-home" "/workspace/cargo-home/bin/cargo" "+1.69.0" "metadata" "--manifest-path" "Cargo.toml" "--no-deps", kill_on_drop: false }`
[INFO] started tweaking crates.io crate pwv 0.2.1
[INFO] finished tweaking crates.io crate pwv 0.2.1
[INFO] tweaked toml for crates.io crate pwv 0.2.1 written to /workspace/builds/worker-4-tc1/source/Cargo.toml
[INFO] running `Command { std: CARGO_HOME="/workspace/cargo-home" RUSTUP_HOME="/workspace/rustup-home" __CARGO_TEST_CHANNEL_OVERRIDE_DO_NOT_USE_THIS="nightly" "/workspace/cargo-home/bin/cargo" "+1.69.0" "generate-lockfile" "--manifest-path" "Cargo.toml" "-Zno-index-update", kill_on_drop: false }`
[INFO] running `Command { std: CARGO_HOME="/workspace/cargo-home" RUSTUP_HOME="/workspace/rustup-home" "/workspace/cargo-home/bin/cargo" "+1.69.0" "fetch" "--manifest-path" "Cargo.toml", kill_on_drop: false }`
[INFO] [stderr]  Downloading crates ...
[INFO] [stderr]   Downloaded memsec v0.5.7
[INFO] [stderr]   Downloaded mach_o_sys v0.1.1
[INFO] [stderr]   Downloaded seckey v0.9.3
[INFO] running `Command { std: "docker" "create" "-v" "/var/lib/crater-agent-workspace/builds/worker-4-tc1/target:/opt/rustwide/target:rw,Z" "-v" "/var/lib/crater-agent-workspace/builds/worker-4-tc1/source:/opt/rustwide/workdir:ro,Z" "-v" "/var/lib/crater-agent-workspace/cargo-home:/opt/rustwide/cargo-home:ro,Z" "-v" "/var/lib/crater-agent-workspace/rustup-home:/opt/rustwide/rustup-home:ro,Z" "-e" "SOURCE_DIR=/opt/rustwide/workdir" "-e" "CARGO_TARGET_DIR=/opt/rustwide/target" "-e" "CARGO_HOME=/opt/rustwide/cargo-home" "-e" "RUSTUP_HOME=/opt/rustwide/rustup-home" "-w" "/opt/rustwide/workdir" "-m" "1610612736" "--user" "0:0" "--network" "none" "ghcr.io/rust-lang/crates-build-env/linux@sha256:5ff2268d62e97bff2cde7d5815dd6ed5b47097566f13b8d0ca110b04b60e07ed" "/opt/rustwide/cargo-home/bin/cargo" "+1.69.0" "metadata" "--no-deps" "--format-version=1", kill_on_drop: false }`
[INFO] [stdout] c402db9bc246e1c44a19f0a56079aa9a780cecaa8f3dfa66d2db63024a1601d1
[INFO] running `Command { std: "docker" "start" "-a" "c402db9bc246e1c44a19f0a56079aa9a780cecaa8f3dfa66d2db63024a1601d1", kill_on_drop: false }`
[INFO] running `Command { std: "docker" "inspect" "c402db9bc246e1c44a19f0a56079aa9a780cecaa8f3dfa66d2db63024a1601d1", kill_on_drop: false }`
[INFO] running `Command { std: "docker" "rm" "-f" "c402db9bc246e1c44a19f0a56079aa9a780cecaa8f3dfa66d2db63024a1601d1", kill_on_drop: false }`
[INFO] [stdout] c402db9bc246e1c44a19f0a56079aa9a780cecaa8f3dfa66d2db63024a1601d1
[INFO] running `Command { std: "docker" "create" "-v" "/var/lib/crater-agent-workspace/builds/worker-4-tc1/target:/opt/rustwide/target:rw,Z" "-v" "/var/lib/crater-agent-workspace/builds/worker-4-tc1/source:/opt/rustwide/workdir:ro,Z" "-v" "/var/lib/crater-agent-workspace/cargo-home:/opt/rustwide/cargo-home:ro,Z" "-v" "/var/lib/crater-agent-workspace/rustup-home:/opt/rustwide/rustup-home:ro,Z" "-e" "SOURCE_DIR=/opt/rustwide/workdir" "-e" "CARGO_TARGET_DIR=/opt/rustwide/target" "-e" "CARGO_INCREMENTAL=0" "-e" "RUST_BACKTRACE=full" "-e" "RUSTFLAGS=--cap-lints=warn" "-e" "RUSTDOCFLAGS=--cap-lints=warn" "-e" "CARGO_HOME=/opt/rustwide/cargo-home" "-e" "RUSTUP_HOME=/opt/rustwide/rustup-home" "-w" "/opt/rustwide/workdir" "-m" "1610612736" "--user" "0:0" "--network" "none" "ghcr.io/rust-lang/crates-build-env/linux@sha256:5ff2268d62e97bff2cde7d5815dd6ed5b47097566f13b8d0ca110b04b60e07ed" "/opt/rustwide/cargo-home/bin/cargo" "+1.69.0" "build" "--frozen" "--message-format=json", kill_on_drop: false }`
[INFO] [stdout] 372090f564286f985aa640144cdd4ed7a875e70e6d011a4dda7e7a6241ae815e
[INFO] running `Command { std: "docker" "start" "-a" "372090f564286f985aa640144cdd4ed7a875e70e6d011a4dda7e7a6241ae815e", kill_on_drop: false }`
[INFO] [stderr]    Compiling syn v1.0.109
[INFO] [stderr]    Compiling getrandom v0.1.16
[INFO] [stderr]    Compiling failure_derive v0.1.8
[INFO] [stderr]    Compiling unicode-xid v0.2.4
[INFO] [stderr]    Compiling memsec v0.5.7
[INFO] [stderr]    Compiling unicode-width v0.1.10
[INFO] [stderr]    Compiling winapi v0.3.9
[INFO] [stderr]    Compiling atty v0.2.14
[INFO] [stderr]    Compiling ansi_term v0.12.1
[INFO] [stderr]    Compiling strsim v0.8.0
[INFO] [stderr]    Compiling vec_map v0.8.2
[INFO] [stderr]    Compiling hex v0.3.2
[INFO] [stderr]    Compiling clipboard-win v2.2.0
[INFO] [stderr]    Compiling textwrap v0.11.0
[INFO] [stderr]    Compiling clap v2.34.0
[INFO] [stderr]    Compiling seckey v0.9.3
[INFO] [stderr]    Compiling synstructure v0.12.6
[INFO] [stderr]    Compiling failure v0.1.8
[INFO] [stderr]    Compiling pwv v0.2.1 (/opt/rustwide/workdir)
[INFO] [stdout] error[E0432]: unresolved import `clipboard_win::Clipboard`
[INFO] [stdout]  --> src/main.rs:2:5
[INFO] [stdout]   |
[INFO] [stdout] 2 | use clipboard_win::Clipboard;
[INFO] [stdout]   |     ^^^^^^^^^^^^^^^^^^^^^^^^ no `Clipboard` in the root
[INFO] [stdout] 
[INFO] [stdout] 
[INFO] [stdout] error[E0432]: unresolved import `pwv::authenticator`
[INFO] [stdout]  --> src/main.rs:9:10
[INFO] [stdout]   |
[INFO] [stdout] 9 | use pwv::authenticator::Key;
[INFO] [stdout]   |          ^^^^^^^^^^^^^ could not find `authenticator` in `pwv`
[INFO] [stdout] 
[INFO] [stdout] 
[INFO] [stdout] error[E0432]: unresolved import `pwv::error`
[INFO] [stdout]   --> src/main.rs:10:10
[INFO] [stdout]    |
[INFO] [stdout] 10 | use pwv::error::*;
[INFO] [stdout]    |          ^^^^^ could not find `error` in `pwv`
[INFO] [stdout] 
[INFO] [stdout] 
[INFO] [stdout] error[E0432]: unresolved import `pwv::prompt`
[INFO] [stdout]   --> src/main.rs:11:10
[INFO] [stdout]    |
[INFO] [stdout] 11 | use pwv::prompt::*;
[INFO] [stdout]    |          ^^^^^^ could not find `prompt` in `pwv`
[INFO] [stdout] 
[INFO] [stdout] 
[INFO] [stdout] error[E0432]: unresolved import `pwv::vault`
[INFO] [stdout]   --> src/main.rs:12:10
[INFO] [stdout]    |
[INFO] [stdout] 12 | use pwv::vault::Vault;
[INFO] [stdout]    |          ^^^^^ could not find `vault` in `pwv`
[INFO] [stdout] 
[INFO] [stdout] 
[INFO] [stdout] error[E0412]: cannot find type `Error` in this scope
[INFO] [stdout]    --> src/main.rs:118:56
[INFO] [stdout]     |
[INFO] [stdout] 118 | fn vault_path(matches: &ArgMatches) -> Result<PathBuf, Error> {
[INFO] [stdout]     |                                                        ^^^^^ not found in this scope
[INFO] [stdout]     |
[INFO] [stdout] help: consider importing one of these items
[INFO] [stdout]     |
[INFO] [stdout] 2   | use clap::Error;
[INFO] [stdout]     |
[INFO] [stdout] 2   | use std::error::Error;
[INFO] [stdout]     |
[INFO] [stdout] 2   | use std::fmt::Error;
[INFO] [stdout]     |
[INFO] [stdout] 2   | use std::io::Error;
[INFO] [stdout]     |
[INFO] [stdout] 
[INFO] [stdout] 
[INFO] [stdout] error[E0412]: cannot find type `Error` in this scope
[INFO] [stdout]    --> src/main.rs:127:65
[INFO] [stdout]     |
[INFO] [stdout] 127 | fn new(vault_path: PathBuf, matches: &ArgMatches) -> Result<(), Error> {
[INFO] [stdout]     |                                                                 ^^^^^ not found in this scope
[INFO] [stdout]     |
[INFO] [stdout] help: consider importing one of these items
[INFO] [stdout]     |
[INFO] [stdout] 2   | use clap::Error;
[INFO] [stdout]     |
[INFO] [stdout] 2   | use std::error::Error;
[INFO] [stdout]     |
[INFO] [stdout] 2   | use std::fmt::Error;
[INFO] [stdout]     |
[INFO] [stdout] 2   | use std::io::Error;
[INFO] [stdout]     |
[INFO] [stdout] 
[INFO] [stdout] 
[INFO] [stdout] error[E0412]: cannot find type `Error` in this scope
[INFO] [stdout]    --> src/main.rs:144:65
[INFO] [stdout]     |
[INFO] [stdout] 144 | fn add(vault_path: PathBuf, matches: &ArgMatches) -> Result<(), Error> {
[INFO] [stdout]     |                                                                 ^^^^^ not found in this scope
[INFO] [stdout]     |
[INFO] [stdout] help: consider importing one of these items
[INFO] [stdout]     |
[INFO] [stdout] 2   | use clap::Error;
[INFO] [stdout]     |
[INFO] [stdout] 2   | use std::error::Error;
[INFO] [stdout]     |
[INFO] [stdout] 2   | use std::fmt::Error;
[INFO] [stdout]     |
[INFO] [stdout] 2   | use std::io::Error;
[INFO] [stdout]     |
[INFO] [stdout] 
[INFO] [stdout] 
[INFO] [stdout] error[E0412]: cannot find type `Prompt` in this scope
[INFO] [stdout]    --> src/main.rs:148:21
[INFO] [stdout]     |
[INFO] [stdout] 148 |     let prompt: Box<Prompt> = if matches.is_present("user") {
[INFO] [stdout]     |                     ^^^^^^ not found in this scope
[INFO] [stdout]     |
[INFO] [stdout] help: you might be missing a type parameter
[INFO] [stdout]     |
[INFO] [stdout] 144 | fn add<Prompt>(vault_path: PathBuf, matches: &ArgMatches) -> Result<(), Error> {
[INFO] [stdout]     |       ++++++++
[INFO] [stdout] 
[INFO] [stdout] 
[INFO] [stdout] error[E0412]: cannot find type `Error` in this scope
[INFO] [stdout]    --> src/main.rs:169:65
[INFO] [stdout]     |
[INFO] [stdout] 169 | fn get(vault_path: PathBuf, matches: &ArgMatches) -> Result<(), Error> {
[INFO] [stdout]     |                                                                 ^^^^^ not found in this scope
[INFO] [stdout]     |
[INFO] [stdout] help: consider importing one of these items
[INFO] [stdout]     |
[INFO] [stdout] 2   | use clap::Error;
[INFO] [stdout]     |
[INFO] [stdout] 2   | use std::error::Error;
[INFO] [stdout]     |
[INFO] [stdout] 2   | use std::fmt::Error;
[INFO] [stdout]     |
[INFO] [stdout] 2   | use std::io::Error;
[INFO] [stdout]     |
[INFO] [stdout] 
[INFO] [stdout] 
[INFO] [stdout] error[E0412]: cannot find type `Error` in this scope
[INFO] [stdout]    --> src/main.rs:191:42
[INFO] [stdout]     |
[INFO] [stdout] 191 | fn ls(vault_path: PathBuf) -> Result<(), Error> {
[INFO] [stdout]     |                                          ^^^^^ not found in this scope
[INFO] [stdout]     |
[INFO] [stdout] help: consider importing one of these items
[INFO] [stdout]     |
[INFO] [stdout] 2   | use clap::Error;
[INFO] [stdout]     |
[INFO] [stdout] 2   | use std::error::Error;
[INFO] [stdout]     |
[INFO] [stdout] 2   | use std::fmt::Error;
[INFO] [stdout]     |
[INFO] [stdout] 2   | use std::io::Error;
[INFO] [stdout]     |
[INFO] [stdout] 
[INFO] [stdout] 
[INFO] [stdout] error[E0412]: cannot find type `Error` in this scope
[INFO] [stdout]    --> src/main.rs:203:44
[INFO] [stdout]     |
[INFO] [stdout] 203 | fn del(vault_path: &PathBuf) -> Result<(), Error> {
[INFO] [stdout]     |                                            ^^^^^ not found in this scope
[INFO] [stdout]     |
[INFO] [stdout] help: consider importing one of these items
[INFO] [stdout]     |
[INFO] [stdout] 2   | use clap::Error;
[INFO] [stdout]     |
[INFO] [stdout] 2   | use std::error::Error;
[INFO] [stdout]     |
[INFO] [stdout] 2   | use std::fmt::Error;
[INFO] [stdout]     |
[INFO] [stdout] 2   | use std::io::Error;
[INFO] [stdout]     |
[INFO] [stdout] 
[INFO] [stdout] 
[INFO] [stdout] error[E0412]: cannot find type `Error` in this scope
[INFO] [stdout]    --> src/main.rs:214:44
[INFO] [stdout]     |
[INFO] [stdout] 214 | fn run(matches: &ArgMatches) -> Result<(), Error> {
[INFO] [stdout]     |                                            ^^^^^ not found in this scope
[INFO] [stdout]     |
[INFO] [stdout] help: consider importing one of these items
[INFO] [stdout]     |
[INFO] [stdout] 2   | use clap::Error;
[INFO] [stdout]     |
[INFO] [stdout] 2   | use std::error::Error;
[INFO] [stdout]     |
[INFO] [stdout] 2   | use std::fmt::Error;
[INFO] [stdout]     |
[INFO] [stdout] 2   | use std::io::Error;
[INFO] [stdout]     |
[INFO] [stdout] 
[INFO] [stdout] 
[INFO] [stdout] error[E0599]: no method named `context` found for enum `Result` in the current scope
[INFO] [stdout]    --> src/main.rs:122:10
[INFO] [stdout]     |
[INFO] [stdout] 119 |       Ok(PathBuf::from(matches
[INFO] [stdout]     |  ______________________-
[INFO] [stdout] 120 | |         .value_of("vault")
[INFO] [stdout] 121 | |         .map_or_else(|| std::env::var("VAULT_PATH"), |s| Ok(String::from(s)))
[INFO] [stdout] 122 | |         .context(
[INFO] [stdout]     | |         -^^^^^^^ method not found in `Result<String, VarError>`
[INFO] [stdout]     | |_________|
[INFO] [stdout]     | 
[INFO] [stdout]     |
[INFO] [stdout]    ::: /opt/rustwide/cargo-home/registry/src/github.com-1ecc6299db9ec823/failure-0.1.8/src/result_ext.rs:101:8
[INFO] [stdout]     |
[INFO] [stdout] 101 |       fn context<D>(self, context: D) -> Result<T, Context<D>>
[INFO] [stdout]     |          ------- the method is available for `Result<String, VarError>` here
[INFO] [stdout]     |
[INFO] [stdout]     = help: items from traits can only be used if the trait is in scope
[INFO] [stdout] help: the following trait is implemented but not in scope; perhaps add a `use` for it:
[INFO] [stdout]     |
[INFO] [stdout] 1   | use failure::ResultExt;
[INFO] [stdout]     |
[INFO] [stdout] 
[INFO] [stdout] 
[INFO] [stdout] error[E0433]: failed to resolve: use of undeclared type `UIPrompt`
[INFO] [stdout]    --> src/main.rs:156:18
[INFO] [stdout]     |
[INFO] [stdout] 156 |         Box::new(UIPrompt::new(caption, message))
[INFO] [stdout]     |                  ^^^^^^^^ use of undeclared type `UIPrompt`
[INFO] [stdout] 
[INFO] [stdout] 
[INFO] [stdout] error[E0433]: failed to resolve: use of undeclared type `PwrsError`
[INFO] [stdout]    --> src/main.rs:174:24
[INFO] [stdout]     |
[INFO] [stdout] 174 |         .ok_or_else(|| PwrsError::EntryNotFound(String::from(site)))?;
[INFO] [stdout]     |                        ^^^^^^^^^ use of undeclared type `PwrsError`
[INFO] [stdout] 
[INFO] [stdout] 
[INFO] [stdout] error[E0599]: no method named `context` found for enum `Result` in the current scope
[INFO] [stdout]    --> src/main.rs:206:43
[INFO] [stdout]     |
[INFO] [stdout] 206 |     fs::remove_file(vault_path.as_path()).context(format!(
[INFO] [stdout]     |     --------------------------------------^^^^^^^ method not found in `Result<(), Error>`
[INFO] [stdout]     |
[INFO] [stdout]    ::: /opt/rustwide/cargo-home/registry/src/github.com-1ecc6299db9ec823/failure-0.1.8/src/result_ext.rs:101:8
[INFO] [stdout]     |
[INFO] [stdout] 101 |     fn context<D>(self, context: D) -> Result<T, Context<D>>
[INFO] [stdout]     |        ------- the method is available for `Result<(), std::io::Error>` here
[INFO] [stdout]     |
[INFO] [stdout]     = help: items from traits can only be used if the trait is in scope
[INFO] [stdout] help: the following trait is implemented but not in scope; perhaps add a `use` for it:
[INFO] [stdout]     |
[INFO] [stdout] 1   | use failure::ResultExt;
[INFO] [stdout]     |
[INFO] [stdout] 
[INFO] [stdout] 
[INFO] [stdout] error: aborting due to 17 previous errors
[INFO] [stdout] 
[INFO] [stdout] 
[INFO] [stdout] Some errors have detailed explanations: E0412, E0432, E0433, E0599.
[INFO] [stdout] 
[INFO] [stdout] For more information about an error, try `rustc --explain E0412`.
[INFO] [stdout] 
[INFO] [stderr] error: could not compile `pwv` due to 18 previous errors
[INFO] running `Command { std: "docker" "inspect" "372090f564286f985aa640144cdd4ed7a875e70e6d011a4dda7e7a6241ae815e", kill_on_drop: false }`
[INFO] running `Command { std: "docker" "rm" "-f" "372090f564286f985aa640144cdd4ed7a875e70e6d011a4dda7e7a6241ae815e", kill_on_drop: false }`
[INFO] [stdout] 372090f564286f985aa640144cdd4ed7a875e70e6d011a4dda7e7a6241ae815e
