[INFO] fetching crate pwr-hd44780 0.1.3...
[INFO] testing pwr-hd44780-0.1.3 against 1.69.0 for beta-1.70-1
[INFO] extracting crate pwr-hd44780 0.1.3 into /workspace/builds/worker-4-tc1/source
[INFO] validating manifest of crates.io crate pwr-hd44780 0.1.3 on toolchain 1.69.0
[INFO] running `Command { std: CARGO_HOME="/workspace/cargo-home" RUSTUP_HOME="/workspace/rustup-home" "/workspace/cargo-home/bin/cargo" "+1.69.0" "metadata" "--manifest-path" "Cargo.toml" "--no-deps", kill_on_drop: false }`
[INFO] started tweaking crates.io crate pwr-hd44780 0.1.3
[INFO] finished tweaking crates.io crate pwr-hd44780 0.1.3
[INFO] tweaked toml for crates.io crate pwr-hd44780 0.1.3 written to /workspace/builds/worker-4-tc1/source/Cargo.toml
[INFO] running `Command { std: CARGO_HOME="/workspace/cargo-home" RUSTUP_HOME="/workspace/rustup-home" __CARGO_TEST_CHANNEL_OVERRIDE_DO_NOT_USE_THIS="nightly" "/workspace/cargo-home/bin/cargo" "+1.69.0" "generate-lockfile" "--manifest-path" "Cargo.toml" "-Zno-index-update", kill_on_drop: false }`
[INFO] running `Command { std: CARGO_HOME="/workspace/cargo-home" RUSTUP_HOME="/workspace/rustup-home" "/workspace/cargo-home/bin/cargo" "+1.69.0" "fetch" "--manifest-path" "Cargo.toml", kill_on_drop: false }`
[INFO] [stderr]  Downloading crates ...
[INFO] [stderr]   Downloaded nix v0.10.0
[INFO] [stderr]   Downloaded i2cdev v0.3.2
[INFO] [stderr]   Downloaded rppal v0.2.0
[INFO] running `Command { std: "docker" "create" "-v" "/var/lib/crater-agent-workspace/builds/worker-4-tc1/target:/opt/rustwide/target:rw,Z" "-v" "/var/lib/crater-agent-workspace/builds/worker-4-tc1/source:/opt/rustwide/workdir:ro,Z" "-v" "/var/lib/crater-agent-workspace/cargo-home:/opt/rustwide/cargo-home:ro,Z" "-v" "/var/lib/crater-agent-workspace/rustup-home:/opt/rustwide/rustup-home:ro,Z" "-e" "SOURCE_DIR=/opt/rustwide/workdir" "-e" "CARGO_TARGET_DIR=/opt/rustwide/target" "-e" "CARGO_HOME=/opt/rustwide/cargo-home" "-e" "RUSTUP_HOME=/opt/rustwide/rustup-home" "-w" "/opt/rustwide/workdir" "-m" "1610612736" "--user" "0:0" "--network" "none" "ghcr.io/rust-lang/crates-build-env/linux@sha256:5ff2268d62e97bff2cde7d5815dd6ed5b47097566f13b8d0ca110b04b60e07ed" "/opt/rustwide/cargo-home/bin/cargo" "+1.69.0" "metadata" "--no-deps" "--format-version=1", kill_on_drop: false }`
[INFO] [stdout] 24de3a139a2c41227f43bb8aa2701837f640b23df4d44f10e43aa402d6a0f4e1
[INFO] running `Command { std: "docker" "start" "-a" "24de3a139a2c41227f43bb8aa2701837f640b23df4d44f10e43aa402d6a0f4e1", kill_on_drop: false }`
[INFO] running `Command { std: "docker" "inspect" "24de3a139a2c41227f43bb8aa2701837f640b23df4d44f10e43aa402d6a0f4e1", kill_on_drop: false }`
[INFO] running `Command { std: "docker" "rm" "-f" "24de3a139a2c41227f43bb8aa2701837f640b23df4d44f10e43aa402d6a0f4e1", kill_on_drop: false }`
[INFO] [stdout] 24de3a139a2c41227f43bb8aa2701837f640b23df4d44f10e43aa402d6a0f4e1
[INFO] running `Command { std: "docker" "create" "-v" "/var/lib/crater-agent-workspace/builds/worker-4-tc1/target:/opt/rustwide/target:rw,Z" "-v" "/var/lib/crater-agent-workspace/builds/worker-4-tc1/source:/opt/rustwide/workdir:ro,Z" "-v" "/var/lib/crater-agent-workspace/cargo-home:/opt/rustwide/cargo-home:ro,Z" "-v" "/var/lib/crater-agent-workspace/rustup-home:/opt/rustwide/rustup-home:ro,Z" "-e" "SOURCE_DIR=/opt/rustwide/workdir" "-e" "CARGO_TARGET_DIR=/opt/rustwide/target" "-e" "CARGO_INCREMENTAL=0" "-e" "RUST_BACKTRACE=full" "-e" "RUSTFLAGS=--cap-lints=warn" "-e" "RUSTDOCFLAGS=--cap-lints=warn" "-e" "CARGO_HOME=/opt/rustwide/cargo-home" "-e" "RUSTUP_HOME=/opt/rustwide/rustup-home" "-w" "/opt/rustwide/workdir" "-m" "1610612736" "--user" "0:0" "--network" "none" "ghcr.io/rust-lang/crates-build-env/linux@sha256:5ff2268d62e97bff2cde7d5815dd6ed5b47097566f13b8d0ca110b04b60e07ed" "/opt/rustwide/cargo-home/bin/cargo" "+1.69.0" "build" "--frozen" "--message-format=json", kill_on_drop: false }`
[INFO] [stdout] 4611d04fbd96ab4a7e2295a6505fb055ccb62a5b32b217067d8b879970b76964
[INFO] running `Command { std: "docker" "start" "-a" "4611d04fbd96ab4a7e2295a6505fb055ccb62a5b32b217067d8b879970b76964", kill_on_drop: false }`
[INFO] [stderr]    Compiling proc-macro2 v1.0.56
[INFO] [stderr]    Compiling quote v1.0.26
[INFO] [stderr]    Compiling unicode-ident v1.0.8
[INFO] [stderr]    Compiling libc v0.2.142
[INFO] [stderr]    Compiling autocfg v1.1.0
[INFO] [stderr]    Compiling serde_derive v1.0.160
[INFO] [stderr]    Compiling serde v1.0.160
[INFO] [stderr]    Compiling version_check v0.9.4
[INFO] [stderr]    Compiling io-lifetimes v1.0.10
[INFO] [stderr]    Compiling bitflags v1.3.2
[INFO] [stderr]    Compiling semver v1.0.17
[INFO] [stderr]    Compiling unicase v2.6.0
[INFO] [stderr]    Compiling serde_json v1.0.96
[INFO] [stderr]    Compiling memchr v2.5.0
[INFO] [stderr]    Compiling num-traits v0.2.15
[INFO] [stderr]    Compiling camino v1.1.4
[INFO] [stderr]    Compiling rustix v0.37.18
[INFO] [stderr]    Compiling error-chain v0.12.4
[INFO] [stderr]    Compiling ryu v1.0.13
[INFO] [stderr]    Compiling pulldown-cmark v0.9.2
[INFO] [stderr]    Compiling itoa v1.0.6
[INFO] [stderr]    Compiling syn v2.0.15
[INFO] [stderr]    Compiling linux-raw-sys v0.3.6
[INFO] [stderr]    Compiling num-integer v0.1.45
[INFO] [stderr]    Compiling same-file v1.0.6
[INFO] [stderr]    Compiling cfg-if v1.0.0
[INFO] [stderr]    Compiling fastrand v1.9.0
[INFO] [stderr]    Compiling walkdir v2.3.3
[INFO] [stderr]    Compiling num-iter v0.1.43
[INFO] [stderr]    Compiling glob v0.3.1
[INFO] [stderr]    Compiling bytecount v0.6.3
[INFO] [stderr]    Compiling iovec v0.1.4
[INFO] [stderr]    Compiling byteorder v1.4.3
[INFO] [stderr]    Compiling nix v0.10.0
[INFO] [stderr]    Compiling bytes v0.4.12
[INFO] [stderr]    Compiling num-traits v0.1.43
[INFO] [stderr]    Compiling cfg-if v0.1.10
[INFO] [stderr]    Compiling void v1.0.2
[INFO] [stderr]    Compiling enum_primitive v0.1.1
[INFO] [stderr]    Compiling quick-error v1.2.3
[INFO] [stderr]    Compiling num v0.1.42
[INFO] [stderr]    Compiling rppal v0.2.0
[INFO] [stderr]    Compiling tempfile v3.5.0
[INFO] [stderr]    Compiling cargo-platform v0.1.2
[INFO] [stderr]    Compiling cargo_metadata v0.14.2
[INFO] [stderr]    Compiling skeptic v0.13.7
[INFO] [stderr]    Compiling i2cdev v0.3.2
[INFO] [stderr]    Compiling pwr-hd44780 v0.1.3 (/opt/rustwide/workdir)
[INFO] [stdout] warning: trait objects without an explicit `dyn` are deprecated
[INFO] [stdout]   --> src/lib.rs:21:51
[INFO] [stdout]    |
[INFO] [stdout] 21 | pub type Result<T> = ::std::result::Result<T, Box<std::error::Error>>;
[INFO] [stdout]    |                                                   ^^^^^^^^^^^^^^^^^
[INFO] [stdout]    |
[INFO] [stdout]    = warning: this is accepted in the current edition (Rust 2015) but is a hard error in Rust 2021!
[INFO] [stdout]    = note: for more information, see <https://doc.rust-lang.org/nightly/edition-guide/rust-2021/warnings-promoted-to-error.html>
[INFO] [stdout]    = note: `#[warn(bare_trait_objects)]` on by default
[INFO] [stdout] help: use `dyn`
[INFO] [stdout]    |
[INFO] [stdout] 21 | pub type Result<T> = ::std::result::Result<T, Box<dyn std::error::Error>>;
[INFO] [stdout]    |                                                   +++
[INFO] [stdout] 
[INFO] [stdout] 
[INFO] [stdout] warning: trait objects without an explicit `dyn` are deprecated
[INFO] [stdout]   --> src/frontends/direct.rs:13:14
[INFO] [stdout]    |
[INFO] [stdout] 13 |     bus: Box<Bus>,
[INFO] [stdout]    |              ^^^
[INFO] [stdout]    |
[INFO] [stdout]    = warning: this is accepted in the current edition (Rust 2015) but is a hard error in Rust 2021!
[INFO] [stdout]    = note: for more information, see <https://doc.rust-lang.org/nightly/edition-guide/rust-2021/warnings-promoted-to-error.html>
[INFO] [stdout] help: use `dyn`
[INFO] [stdout]    |
[INFO] [stdout] 13 |     bus: Box<dyn Bus>,
[INFO] [stdout]    |              +++
[INFO] [stdout] 
[INFO] [stdout] 
[INFO] [stdout] warning: trait objects without an explicit `dyn` are deprecated
[INFO] [stdout]   --> src/frontends/direct.rs:26:25
[INFO] [stdout]    |
[INFO] [stdout] 26 |     pub fn new(bus: Box<Bus>, width: usize, height: usize) -> Result<Direct> {
[INFO] [stdout]    |                         ^^^
[INFO] [stdout]    |
[INFO] [stdout]    = warning: this is accepted in the current edition (Rust 2015) but is a hard error in Rust 2021!
[INFO] [stdout]    = note: for more information, see <https://doc.rust-lang.org/nightly/edition-guide/rust-2021/warnings-promoted-to-error.html>
[INFO] [stdout] help: use `dyn`
[INFO] [stdout]    |
[INFO] [stdout] 26 |     pub fn new(bus: Box<dyn Bus>, width: usize, height: usize) -> Result<Direct> {
[INFO] [stdout]    |                         +++
[INFO] [stdout] 
[INFO] [stdout] 
[INFO] [stdout] warning: trait objects without an explicit `dyn` are deprecated
[INFO] [stdout]   --> src/frontends/direct.rs:40:28
[INFO] [stdout]    |
[INFO] [stdout] 40 |     pub fn new_ex(bus: Box<Bus>, properties: Properties) -> Result<Direct> {
[INFO] [stdout]    |                            ^^^
[INFO] [stdout]    |
[INFO] [stdout]    = warning: this is accepted in the current edition (Rust 2015) but is a hard error in Rust 2021!
[INFO] [stdout]    = note: for more information, see <https://doc.rust-lang.org/nightly/edition-guide/rust-2021/warnings-promoted-to-error.html>
[INFO] [stdout] help: use `dyn`
[INFO] [stdout]    |
[INFO] [stdout] 40 |     pub fn new_ex(bus: Box<dyn Bus>, properties: Properties) -> Result<Direct> {
[INFO] [stdout]    |                            +++
[INFO] [stdout] 
[INFO] [stdout] 
[INFO] [stdout] warning: 4 warnings emitted
[INFO] [stdout] 
[INFO] [stdout] 
[INFO] [stderr]     Finished dev [unoptimized + debuginfo] target(s) in 30.95s
[INFO] running `Command { std: "docker" "inspect" "4611d04fbd96ab4a7e2295a6505fb055ccb62a5b32b217067d8b879970b76964", kill_on_drop: false }`
[INFO] running `Command { std: "docker" "rm" "-f" "4611d04fbd96ab4a7e2295a6505fb055ccb62a5b32b217067d8b879970b76964", kill_on_drop: false }`
[INFO] [stdout] 4611d04fbd96ab4a7e2295a6505fb055ccb62a5b32b217067d8b879970b76964
[INFO] running `Command { std: "docker" "create" "-v" "/var/lib/crater-agent-workspace/builds/worker-4-tc1/target:/opt/rustwide/target:rw,Z" "-v" "/var/lib/crater-agent-workspace/builds/worker-4-tc1/source:/opt/rustwide/workdir:ro,Z" "-v" "/var/lib/crater-agent-workspace/cargo-home:/opt/rustwide/cargo-home:ro,Z" "-v" "/var/lib/crater-agent-workspace/rustup-home:/opt/rustwide/rustup-home:ro,Z" "-e" "SOURCE_DIR=/opt/rustwide/workdir" "-e" "CARGO_TARGET_DIR=/opt/rustwide/target" "-e" "CARGO_INCREMENTAL=0" "-e" "RUST_BACKTRACE=full" "-e" "RUSTFLAGS=--cap-lints=warn" "-e" "RUSTDOCFLAGS=--cap-lints=warn" "-e" "CARGO_HOME=/opt/rustwide/cargo-home" "-e" "RUSTUP_HOME=/opt/rustwide/rustup-home" "-w" "/opt/rustwide/workdir" "-m" "1610612736" "--user" "0:0" "--network" "none" "ghcr.io/rust-lang/crates-build-env/linux@sha256:5ff2268d62e97bff2cde7d5815dd6ed5b47097566f13b8d0ca110b04b60e07ed" "/opt/rustwide/cargo-home/bin/cargo" "+1.69.0" "test" "--frozen" "--no-run" "--message-format=json", kill_on_drop: false }`
[INFO] [stdout] 6a28692697ae654dedf0cf4ac1846a6661ae8e4823adb559fa392e7f1e3955a1
[INFO] running `Command { std: "docker" "start" "-a" "6a28692697ae654dedf0cf4ac1846a6661ae8e4823adb559fa392e7f1e3955a1", kill_on_drop: false }`
[INFO] [stdout] warning: trait objects without an explicit `dyn` are deprecated
[INFO] [stdout]   --> src/lib.rs:21:51
[INFO] [stdout]    |
[INFO] [stdout] 21 | pub type Result<T> = ::std::result::Result<T, Box<std::error::Error>>;
[INFO] [stdout]    |                                                   ^^^^^^^^^^^^^^^^^
[INFO] [stdout]    |
[INFO] [stdout]    = warning: this is accepted in the current edition (Rust 2015) but is a hard error in Rust 2021!
[INFO] [stdout]    = note: for more information, see <https://doc.rust-lang.org/nightly/edition-guide/rust-2021/warnings-promoted-to-error.html>
[INFO] [stdout]    = note: `#[warn(bare_trait_objects)]` on by default
[INFO] [stdout] help: use `dyn`
[INFO] [stdout]    |
[INFO] [stdout] 21 | pub type Result<T> = ::std::result::Result<T, Box<dyn std::error::Error>>;
[INFO] [stdout]    |                                                   +++
[INFO] [stdout] 
[INFO] [stdout] 
[INFO] [stdout] warning: trait objects without an explicit `dyn` are deprecated
[INFO] [stdout]   --> src/frontends/direct.rs:13:14
[INFO] [stdout]    |
[INFO] [stdout] 13 |     bus: Box<Bus>,
[INFO] [stdout]    |              ^^^
[INFO] [stdout]    |
[INFO] [stdout]    = warning: this is accepted in the current edition (Rust 2015) but is a hard error in Rust 2021!
[INFO] [stdout]    = note: for more information, see <https://doc.rust-lang.org/nightly/edition-guide/rust-2021/warnings-promoted-to-error.html>
[INFO] [stdout] help: use `dyn`
[INFO] [stdout]    |
[INFO] [stdout] 13 |     bus: Box<dyn Bus>,
[INFO] [stdout]    |              +++
[INFO] [stdout] 
[INFO] [stdout] 
[INFO] [stdout] warning: trait objects without an explicit `dyn` are deprecated
[INFO] [stdout]   --> src/frontends/direct.rs:26:25
[INFO] [stdout]    |
[INFO] [stdout] 26 |     pub fn new(bus: Box<Bus>, width: usize, height: usize) -> Result<Direct> {
[INFO] [stdout]    |                         ^^^
[INFO] [stdout]    |
[INFO] [stdout]    = warning: this is accepted in the current edition (Rust 2015) but is a hard error in Rust 2021!
[INFO] [stdout]    = note: for more information, see <https://doc.rust-lang.org/nightly/edition-guide/rust-2021/warnings-promoted-to-error.html>
[INFO] [stdout] help: use `dyn`
[INFO] [stdout]    |
[INFO] [stdout] 26 |     pub fn new(bus: Box<dyn Bus>, width: usize, height: usize) -> Result<Direct> {
[INFO] [stdout]    |                         +++
[INFO] [stdout] 
[INFO] [stdout] 
[INFO] [stdout] warning: trait objects without an explicit `dyn` are deprecated
[INFO] [stdout]   --> src/frontends/direct.rs:40:28
[INFO] [stdout]    |
[INFO] [stdout] 40 |     pub fn new_ex(bus: Box<Bus>, properties: Properties) -> Result<Direct> {
[INFO] [stdout]    |                            ^^^
[INFO] [stdout]    |
[INFO] [stdout]    = warning: this is accepted in the current edition (Rust 2015) but is a hard error in Rust 2021!
[INFO] [stdout]    = note: for more information, see <https://doc.rust-lang.org/nightly/edition-guide/rust-2021/warnings-promoted-to-error.html>
[INFO] [stdout] help: use `dyn`
[INFO] [stdout]    |
[INFO] [stdout] 40 |     pub fn new_ex(bus: Box<dyn Bus>, properties: Properties) -> Result<Direct> {
[INFO] [stdout]    |                            +++
[INFO] [stdout] 
[INFO] [stdout] 
[INFO] [stdout] warning: 4 warnings emitted
[INFO] [stdout] 
[INFO] [stdout] 
[INFO] [stderr]    Compiling pwr-hd44780 v0.1.3 (/opt/rustwide/workdir)
[INFO] [stdout] warning: trait objects without an explicit `dyn` are deprecated
[INFO] [stdout]   --> src/lib.rs:21:51
[INFO] [stdout]    |
[INFO] [stdout] 21 | pub type Result<T> = ::std::result::Result<T, Box<std::error::Error>>;
[INFO] [stdout]    |                                                   ^^^^^^^^^^^^^^^^^
[INFO] [stdout]    |
[INFO] [stdout]    = warning: this is accepted in the current edition (Rust 2015) but is a hard error in Rust 2021!
[INFO] [stdout]    = note: for more information, see <https://doc.rust-lang.org/nightly/edition-guide/rust-2021/warnings-promoted-to-error.html>
[INFO] [stdout]    = note: `#[warn(bare_trait_objects)]` on by default
[INFO] [stdout] help: use `dyn`
[INFO] [stdout]    |
[INFO] [stdout] 21 | pub type Result<T> = ::std::result::Result<T, Box<dyn std::error::Error>>;
[INFO] [stdout]    |                                                   +++
[INFO] [stdout] 
[INFO] [stdout] 
[INFO] [stdout] warning: trait objects without an explicit `dyn` are deprecated
[INFO] [stdout]   --> src/frontends/direct.rs:13:14
[INFO] [stdout]    |
[INFO] [stdout] 13 |     bus: Box<Bus>,
[INFO] [stdout]    |              ^^^
[INFO] [stdout]    |
[INFO] [stdout]    = warning: this is accepted in the current edition (Rust 2015) but is a hard error in Rust 2021!
[INFO] [stdout]    = note: for more information, see <https://doc.rust-lang.org/nightly/edition-guide/rust-2021/warnings-promoted-to-error.html>
[INFO] [stdout] help: use `dyn`
[INFO] [stdout]    |
[INFO] [stdout] 13 |     bus: Box<dyn Bus>,
[INFO] [stdout]    |              +++
[INFO] [stdout] 
[INFO] [stdout] 
[INFO] [stdout] warning: trait objects without an explicit `dyn` are deprecated
[INFO] [stdout]   --> src/frontends/direct.rs:26:25
[INFO] [stdout]    |
[INFO] [stdout] 26 |     pub fn new(bus: Box<Bus>, width: usize, height: usize) -> Result<Direct> {
[INFO] [stdout]    |                         ^^^
[INFO] [stdout]    |
[INFO] [stdout]    = warning: this is accepted in the current edition (Rust 2015) but is a hard error in Rust 2021!
[INFO] [stdout]    = note: for more information, see <https://doc.rust-lang.org/nightly/edition-guide/rust-2021/warnings-promoted-to-error.html>
[INFO] [stdout] help: use `dyn`
[INFO] [stdout]    |
[INFO] [stdout] 26 |     pub fn new(bus: Box<dyn Bus>, width: usize, height: usize) -> Result<Direct> {
[INFO] [stdout]    |                         +++
[INFO] [stdout] 
[INFO] [stdout] 
[INFO] [stdout] warning: trait objects without an explicit `dyn` are deprecated
[INFO] [stdout]   --> src/frontends/direct.rs:40:28
[INFO] [stdout]    |
[INFO] [stdout] 40 |     pub fn new_ex(bus: Box<Bus>, properties: Properties) -> Result<Direct> {
[INFO] [stdout]    |                            ^^^
[INFO] [stdout]    |
[INFO] [stdout]    = warning: this is accepted in the current edition (Rust 2015) but is a hard error in Rust 2021!
[INFO] [stdout]    = note: for more information, see <https://doc.rust-lang.org/nightly/edition-guide/rust-2021/warnings-promoted-to-error.html>
[INFO] [stdout] help: use `dyn`
[INFO] [stdout]    |
[INFO] [stdout] 40 |     pub fn new_ex(bus: Box<dyn Bus>, properties: Properties) -> Result<Direct> {
[INFO] [stdout]    |                            +++
[INFO] [stdout] 
[INFO] [stdout] 
[INFO] [stdout] warning: 4 warnings emitted
[INFO] [stdout] 
[INFO] [stdout] 
[INFO] [stderr]     Finished test [unoptimized + debuginfo] target(s) in 0.57s
[INFO] running `Command { std: "docker" "inspect" "6a28692697ae654dedf0cf4ac1846a6661ae8e4823adb559fa392e7f1e3955a1", kill_on_drop: false }`
[INFO] running `Command { std: "docker" "rm" "-f" "6a28692697ae654dedf0cf4ac1846a6661ae8e4823adb559fa392e7f1e3955a1", kill_on_drop: false }`
[INFO] [stdout] 6a28692697ae654dedf0cf4ac1846a6661ae8e4823adb559fa392e7f1e3955a1
[INFO] running `Command { std: "docker" "create" "-v" "/var/lib/crater-agent-workspace/builds/worker-4-tc1/target:/opt/rustwide/target:rw,Z" "-v" "/var/lib/crater-agent-workspace/builds/worker-4-tc1/source:/opt/rustwide/workdir:ro,Z" "-v" "/var/lib/crater-agent-workspace/cargo-home:/opt/rustwide/cargo-home:ro,Z" "-v" "/var/lib/crater-agent-workspace/rustup-home:/opt/rustwide/rustup-home:ro,Z" "-e" "SOURCE_DIR=/opt/rustwide/workdir" "-e" "CARGO_TARGET_DIR=/opt/rustwide/target" "-e" "CARGO_INCREMENTAL=0" "-e" "RUST_BACKTRACE=full" "-e" "RUSTFLAGS=--cap-lints=warn" "-e" "RUSTDOCFLAGS=--cap-lints=warn" "-e" "CARGO_HOME=/opt/rustwide/cargo-home" "-e" "RUSTUP_HOME=/opt/rustwide/rustup-home" "-w" "/opt/rustwide/workdir" "-m" "1610612736" "--user" "0:0" "--network" "none" "ghcr.io/rust-lang/crates-build-env/linux@sha256:5ff2268d62e97bff2cde7d5815dd6ed5b47097566f13b8d0ca110b04b60e07ed" "/opt/rustwide/cargo-home/bin/cargo" "+1.69.0" "test" "--frozen", kill_on_drop: false }`
[INFO] [stdout] 6e9e201ef52e7e635f3134d82ce2bcaa48827802cb17d605d2ccd94fdd6b84c0
[INFO] running `Command { std: "docker" "start" "-a" "6e9e201ef52e7e635f3134d82ce2bcaa48827802cb17d605d2ccd94fdd6b84c0", kill_on_drop: false }`
[INFO] [stderr] warning: trait objects without an explicit `dyn` are deprecated
[INFO] [stderr]   --> src/lib.rs:21:51
[INFO] [stderr]    |
[INFO] [stderr] 21 | pub type Result<T> = ::std::result::Result<T, Box<std::error::Error>>;
[INFO] [stderr]    |                                                   ^^^^^^^^^^^^^^^^^
[INFO] [stderr]    |
[INFO] [stderr]    = warning: this is accepted in the current edition (Rust 2015) but is a hard error in Rust 2021!
[INFO] [stderr]    = note: for more information, see <https://doc.rust-lang.org/nightly/edition-guide/rust-2021/warnings-promoted-to-error.html>
[INFO] [stderr]    = note: `#[warn(bare_trait_objects)]` on by default
[INFO] [stderr] help: use `dyn`
[INFO] [stderr]    |
[INFO] [stderr] 21 | pub type Result<T> = ::std::result::Result<T, Box<dyn std::error::Error>>;
[INFO] [stderr]    |                                                   +++
[INFO] [stderr] 
[INFO] [stderr] warning: trait objects without an explicit `dyn` are deprecated
[INFO] [stderr]   --> src/frontends/direct.rs:13:14
[INFO] [stderr]    |
[INFO] [stderr] 13 |     bus: Box<Bus>,
[INFO] [stderr]    |              ^^^
[INFO] [stderr]    |
[INFO] [stderr]    = warning: this is accepted in the current edition (Rust 2015) but is a hard error in Rust 2021!
[INFO] [stderr]    = note: for more information, see <https://doc.rust-lang.org/nightly/edition-guide/rust-2021/warnings-promoted-to-error.html>
[INFO] [stderr] help: use `dyn`
[INFO] [stderr]    |
[INFO] [stderr] 13 |     bus: Box<dyn Bus>,
[INFO] [stderr]    |              +++
[INFO] [stderr] 
[INFO] [stderr] warning: trait objects without an explicit `dyn` are deprecated
[INFO] [stderr]   --> src/frontends/direct.rs:26:25
[INFO] [stderr]    |
[INFO] [stderr] 26 |     pub fn new(bus: Box<Bus>, width: usize, height: usize) -> Result<Direct> {
[INFO] [stderr]    |                         ^^^
[INFO] [stderr]    |
[INFO] [stderr]    = warning: this is accepted in the current edition (Rust 2015) but is a hard error in Rust 2021!
[INFO] [stderr]    = note: for more information, see <https://doc.rust-lang.org/nightly/edition-guide/rust-2021/warnings-promoted-to-error.html>
[INFO] [stderr] help: use `dyn`
[INFO] [stderr]    |
[INFO] [stderr] 26 |     pub fn new(bus: Box<dyn Bus>, width: usize, height: usize) -> Result<Direct> {
[INFO] [stderr]    |                         +++
[INFO] [stderr] 
[INFO] [stderr] warning: trait objects without an explicit `dyn` are deprecated
[INFO] [stderr]   --> src/frontends/direct.rs:40:28
[INFO] [stderr]    |
[INFO] [stderr] 40 |     pub fn new_ex(bus: Box<Bus>, properties: Properties) -> Result<Direct> {
[INFO] [stderr]    |                            ^^^
[INFO] [stderr]    |
[INFO] [stderr]    = warning: this is accepted in the current edition (Rust 2015) but is a hard error in Rust 2021!
[INFO] [stderr]    = note: for more information, see <https://doc.rust-lang.org/nightly/edition-guide/rust-2021/warnings-promoted-to-error.html>
[INFO] [stderr] help: use `dyn`
[INFO] [stderr]    |
[INFO] [stderr] 40 |     pub fn new_ex(bus: Box<dyn Bus>, properties: Properties) -> Result<Direct> {
[INFO] [stderr]    |                            +++
[INFO] [stderr] 
[INFO] [stderr] warning: `pwr-hd44780` (lib) generated 4 warnings (run `cargo fix --lib -p pwr-hd44780` to apply 4 suggestions)
[INFO] [stderr] warning: `pwr-hd44780` (lib test) generated 4 warnings (4 duplicates)
[INFO] [stderr]     Finished test [unoptimized + debuginfo] target(s) in 0.07s
[INFO] [stderr]      Running unittests src/lib.rs (/opt/rustwide/target/debug/deps/pwr_hd44780-71ed9fe21558dfcf)
[INFO] [stdout] 
[INFO] [stdout] running 0 tests
[INFO] [stdout] 
[INFO] [stdout] test result: ok. 0 passed; 0 failed; 0 ignored; 0 measured; 0 filtered out; finished in 0.00s
[INFO] [stdout] 
[INFO] [stderr]    Doc-tests pwr-hd44780
[INFO] [stdout] 
[INFO] [stdout] running 6 tests
[INFO] [stdout] test src/lib.rs - Hd44780::print_at (line 98) ... FAILED
[INFO] [stdout] test src/lib.rs - Hd44780::print (line 78) ... FAILED
[INFO] [stdout] test src/lib.rs - Hd44780::print_char_at (line 60) ... FAILED
[INFO] [stdout] test src/lib.rs - Hd44780::create_char (line 139) ... FAILED
[INFO] [stdout] test src/lib.rs - Hd44780::print_char (line 50) ... FAILED
[INFO] [stderr] error: doctest failed, to rerun pass `--doc`
[INFO] [stdout] test src/lib.rs - Hd44780::move_at (line 35) ... FAILED
[INFO] [stdout] 
[INFO] [stdout] failures:
[INFO] [stdout] 
[INFO] [stdout] ---- src/lib.rs - Hd44780::print_at (line 98) stdout ----
[INFO] [stdout] error[E0425]: cannot find value `lcd` in this scope
[INFO] [stdout]  --> src/lib.rs:99:1
[INFO] [stdout]   |
[INFO] [stdout] 3 | lcd.print_at(1, 0, "Hello World!");
[INFO] [stdout]   | ^^^ not found in this scope
[INFO] [stdout] 
[INFO] [stdout] error[E0425]: cannot find value `lcd` in this scope
[INFO] [stdout]  --> src/lib.rs:100:1
[INFO] [stdout]   |
[INFO] [stdout] 4 | lcd.print_at(2, 0, format!("Hello, {}!", someone));
[INFO] [stdout]   | ^^^ not found in this scope
[INFO] [stdout] 
[INFO] [stdout] error[E0425]: cannot find value `someone` in this scope
[INFO] [stdout]  --> src/lib.rs:100:42
[INFO] [stdout]   |
[INFO] [stdout] 4 | lcd.print_at(2, 0, format!("Hello, {}!", someone));
[INFO] [stdout]   |                                          ^^^^^^^ not found in this scope
[INFO] [stdout] 
[INFO] [stdout] error: aborting due to 3 previous errors
[INFO] [stdout] 
[INFO] [stdout] For more information about this error, try `rustc --explain E0425`.
[INFO] [stdout] Couldn't compile the test.
[INFO] [stdout] ---- src/lib.rs - Hd44780::print (line 78) stdout ----
[INFO] [stdout] error[E0425]: cannot find value `lcd` in this scope
[INFO] [stdout]  --> src/lib.rs:79:1
[INFO] [stdout]   |
[INFO] [stdout] 3 | lcd.print("Hello World!");
[INFO] [stdout]   | ^^^ not found in this scope
[INFO] [stdout] 
[INFO] [stdout] error[E0425]: cannot find value `lcd` in this scope
[INFO] [stdout]  --> src/lib.rs:80:1
[INFO] [stdout]   |
[INFO] [stdout] 4 | lcd.print(format!("Hello, {}!", someone));
[INFO] [stdout]   | ^^^ not found in this scope
[INFO] [stdout] 
[INFO] [stdout] error[E0425]: cannot find value `someone` in this scope
[INFO] [stdout]  --> src/lib.rs:80:33
[INFO] [stdout]   |
[INFO] [stdout] 4 | lcd.print(format!("Hello, {}!", someone));
[INFO] [stdout]   |                                 ^^^^^^^ not found in this scope
[INFO] [stdout] 
[INFO] [stdout] error: aborting due to 3 previous errors
[INFO] [stdout] 
[INFO] [stdout] For more information about this error, try `rustc --explain E0425`.
[INFO] [stdout] Couldn't compile the test.
[INFO] [stdout] ---- src/lib.rs - Hd44780::print_char_at (line 60) stdout ----
[INFO] [stdout] error[E0425]: cannot find value `lcd` in this scope
[INFO] [stdout]  --> src/lib.rs:61:1
[INFO] [stdout]   |
[INFO] [stdout] 3 | lcd.print_char_at(1, 0, 2);
[INFO] [stdout]   | ^^^ not found in this scope
[INFO] [stdout] 
[INFO] [stdout] error: aborting due to previous error
[INFO] [stdout] 
[INFO] [stdout] For more information about this error, try `rustc --explain E0425`.
[INFO] [stdout] Couldn't compile the test.
[INFO] [stdout] ---- src/lib.rs - Hd44780::create_char (line 139) stdout ----
[INFO] [stdout] error[E0425]: cannot find value `lcd` in this scope
[INFO] [stdout]  --> src/lib.rs:140:1
[INFO] [stdout]   |
[INFO] [stdout] 3 | lcd.create_char(1, [
[INFO] [stdout]   | ^^^ not found in this scope
[INFO] [stdout] 
[INFO] [stdout] error[E0425]: cannot find value `lcd` in this scope
[INFO] [stdout]   --> src/lib.rs:151:1
[INFO] [stdout]    |
[INFO] [stdout] 14 | lcd.print_char(1);
[INFO] [stdout]    | ^^^ not found in this scope
[INFO] [stdout] 
[INFO] [stdout] error: aborting due to 2 previous errors
[INFO] [stdout] 
[INFO] [stdout] For more information about this error, try `rustc --explain E0425`.
[INFO] [stdout] Couldn't compile the test.
[INFO] [stdout] ---- src/lib.rs - Hd44780::print_char (line 50) stdout ----
[INFO] [stdout] error[E0425]: cannot find value `lcd` in this scope
[INFO] [stdout]  --> src/lib.rs:51:1
[INFO] [stdout]   |
[INFO] [stdout] 3 | lcd.print_char(2);
[INFO] [stdout]   | ^^^ not found in this scope
[INFO] [stdout] 
[INFO] [stdout] error: aborting due to previous error
[INFO] [stdout] 
[INFO] [stdout] For more information about this error, try `rustc --explain E0425`.
[INFO] [stdout] Couldn't compile the test.
[INFO] [stdout] ---- src/lib.rs - Hd44780::move_at (line 35) stdout ----
[INFO] [stdout] error[E0425]: cannot find value `lcd` in this scope
[INFO] [stdout]  --> src/lib.rs:36:1
[INFO] [stdout]   |
[INFO] [stdout] 3 | lcd.move_at(2, 2);
[INFO] [stdout]   | ^^^ not found in this scope
[INFO] [stdout] 
[INFO] [stdout] error: aborting due to previous error
[INFO] [stdout] 
[INFO] [stdout] For more information about this error, try `rustc --explain E0425`.
[INFO] [stdout] Couldn't compile the test.
[INFO] [stdout] 
[INFO] [stdout] failures:
[INFO] [stdout]     src/lib.rs - Hd44780::create_char (line 139)
[INFO] [stdout]     src/lib.rs - Hd44780::move_at (line 35)
[INFO] [stdout]     src/lib.rs - Hd44780::print (line 78)
[INFO] [stdout]     src/lib.rs - Hd44780::print_at (line 98)
[INFO] [stdout]     src/lib.rs - Hd44780::print_char (line 50)
[INFO] [stdout]     src/lib.rs - Hd44780::print_char_at (line 60)
[INFO] [stdout] 
[INFO] [stdout] test result: FAILED. 0 passed; 6 failed; 0 ignored; 0 measured; 0 filtered out; finished in 0.16s
[INFO] [stdout] 
[INFO] running `Command { std: "docker" "inspect" "6e9e201ef52e7e635f3134d82ce2bcaa48827802cb17d605d2ccd94fdd6b84c0", kill_on_drop: false }`
[INFO] running `Command { std: "docker" "rm" "-f" "6e9e201ef52e7e635f3134d82ce2bcaa48827802cb17d605d2ccd94fdd6b84c0", kill_on_drop: false }`
[INFO] [stdout] 6e9e201ef52e7e635f3134d82ce2bcaa48827802cb17d605d2ccd94fdd6b84c0
