[INFO] fetching crate pui-cell 0.5.1...
[INFO] testing pui-cell-0.5.1 against 1.69.0 for beta-1.70-1
[INFO] extracting crate pui-cell 0.5.1 into /workspace/builds/worker-4-tc1/source
[INFO] validating manifest of crates.io crate pui-cell 0.5.1 on toolchain 1.69.0
[INFO] running `Command { std: CARGO_HOME="/workspace/cargo-home" RUSTUP_HOME="/workspace/rustup-home" "/workspace/cargo-home/bin/cargo" "+1.69.0" "metadata" "--manifest-path" "Cargo.toml" "--no-deps", kill_on_drop: false }`
[INFO] started tweaking crates.io crate pui-cell 0.5.1
[INFO] finished tweaking crates.io crate pui-cell 0.5.1
[INFO] tweaked toml for crates.io crate pui-cell 0.5.1 written to /workspace/builds/worker-4-tc1/source/Cargo.toml
[INFO] running `Command { std: CARGO_HOME="/workspace/cargo-home" RUSTUP_HOME="/workspace/rustup-home" __CARGO_TEST_CHANNEL_OVERRIDE_DO_NOT_USE_THIS="nightly" "/workspace/cargo-home/bin/cargo" "+1.69.0" "generate-lockfile" "--manifest-path" "Cargo.toml" "-Zno-index-update", kill_on_drop: false }`
[INFO] running `Command { std: CARGO_HOME="/workspace/cargo-home" RUSTUP_HOME="/workspace/rustup-home" "/workspace/cargo-home/bin/cargo" "+1.69.0" "fetch" "--manifest-path" "Cargo.toml", kill_on_drop: false }`
[INFO] [stderr]  Downloading crates ...
[INFO] [stderr]   Downloaded pui-core v0.5.2
[INFO] [stderr]   Downloaded typsy v0.1.0
[INFO] running `Command { std: "docker" "create" "-v" "/var/lib/crater-agent-workspace/builds/worker-4-tc1/target:/opt/rustwide/target:rw,Z" "-v" "/var/lib/crater-agent-workspace/builds/worker-4-tc1/source:/opt/rustwide/workdir:ro,Z" "-v" "/var/lib/crater-agent-workspace/cargo-home:/opt/rustwide/cargo-home:ro,Z" "-v" "/var/lib/crater-agent-workspace/rustup-home:/opt/rustwide/rustup-home:ro,Z" "-e" "SOURCE_DIR=/opt/rustwide/workdir" "-e" "CARGO_TARGET_DIR=/opt/rustwide/target" "-e" "CARGO_HOME=/opt/rustwide/cargo-home" "-e" "RUSTUP_HOME=/opt/rustwide/rustup-home" "-w" "/opt/rustwide/workdir" "-m" "1610612736" "--user" "0:0" "--network" "none" "ghcr.io/rust-lang/crates-build-env/linux@sha256:5ff2268d62e97bff2cde7d5815dd6ed5b47097566f13b8d0ca110b04b60e07ed" "/opt/rustwide/cargo-home/bin/cargo" "+1.69.0" "metadata" "--no-deps" "--format-version=1", kill_on_drop: false }`
[INFO] [stdout] a2bb87530d9df39cb71c44710420364caad17b2944f0309617df2247642d34ab
[INFO] running `Command { std: "docker" "start" "-a" "a2bb87530d9df39cb71c44710420364caad17b2944f0309617df2247642d34ab", kill_on_drop: false }`
[INFO] running `Command { std: "docker" "inspect" "a2bb87530d9df39cb71c44710420364caad17b2944f0309617df2247642d34ab", kill_on_drop: false }`
[INFO] running `Command { std: "docker" "rm" "-f" "a2bb87530d9df39cb71c44710420364caad17b2944f0309617df2247642d34ab", kill_on_drop: false }`
[INFO] [stdout] a2bb87530d9df39cb71c44710420364caad17b2944f0309617df2247642d34ab
[INFO] running `Command { std: "docker" "create" "-v" "/var/lib/crater-agent-workspace/builds/worker-4-tc1/target:/opt/rustwide/target:rw,Z" "-v" "/var/lib/crater-agent-workspace/builds/worker-4-tc1/source:/opt/rustwide/workdir:ro,Z" "-v" "/var/lib/crater-agent-workspace/cargo-home:/opt/rustwide/cargo-home:ro,Z" "-v" "/var/lib/crater-agent-workspace/rustup-home:/opt/rustwide/rustup-home:ro,Z" "-e" "SOURCE_DIR=/opt/rustwide/workdir" "-e" "CARGO_TARGET_DIR=/opt/rustwide/target" "-e" "CARGO_INCREMENTAL=0" "-e" "RUST_BACKTRACE=full" "-e" "RUSTFLAGS=--cap-lints=warn" "-e" "RUSTDOCFLAGS=--cap-lints=warn" "-e" "CARGO_HOME=/opt/rustwide/cargo-home" "-e" "RUSTUP_HOME=/opt/rustwide/rustup-home" "-w" "/opt/rustwide/workdir" "-m" "1610612736" "--user" "0:0" "--network" "none" "ghcr.io/rust-lang/crates-build-env/linux@sha256:5ff2268d62e97bff2cde7d5815dd6ed5b47097566f13b8d0ca110b04b60e07ed" "/opt/rustwide/cargo-home/bin/cargo" "+1.69.0" "build" "--frozen" "--message-format=json", kill_on_drop: false }`
[INFO] [stdout] ecf366e51ab695334fb9c4bed7883a3b45689d287fb36e19f52100812bcff1ce
[INFO] running `Command { std: "docker" "start" "-a" "ecf366e51ab695334fb9c4bed7883a3b45689d287fb36e19f52100812bcff1ce", kill_on_drop: false }`
[INFO] [stderr]    Compiling radium v0.6.2
[INFO] [stderr]    Compiling typsy v0.1.0
[INFO] [stderr]    Compiling pui-core v0.5.2
[INFO] [stderr]    Compiling pui-cell v0.5.1 (/opt/rustwide/workdir)
[INFO] [stderr]     Finished dev [unoptimized + debuginfo] target(s) in 0.59s
[INFO] running `Command { std: "docker" "inspect" "ecf366e51ab695334fb9c4bed7883a3b45689d287fb36e19f52100812bcff1ce", kill_on_drop: false }`
[INFO] running `Command { std: "docker" "rm" "-f" "ecf366e51ab695334fb9c4bed7883a3b45689d287fb36e19f52100812bcff1ce", kill_on_drop: false }`
[INFO] [stdout] ecf366e51ab695334fb9c4bed7883a3b45689d287fb36e19f52100812bcff1ce
[INFO] running `Command { std: "docker" "create" "-v" "/var/lib/crater-agent-workspace/builds/worker-4-tc1/target:/opt/rustwide/target:rw,Z" "-v" "/var/lib/crater-agent-workspace/builds/worker-4-tc1/source:/opt/rustwide/workdir:ro,Z" "-v" "/var/lib/crater-agent-workspace/cargo-home:/opt/rustwide/cargo-home:ro,Z" "-v" "/var/lib/crater-agent-workspace/rustup-home:/opt/rustwide/rustup-home:ro,Z" "-e" "SOURCE_DIR=/opt/rustwide/workdir" "-e" "CARGO_TARGET_DIR=/opt/rustwide/target" "-e" "CARGO_INCREMENTAL=0" "-e" "RUST_BACKTRACE=full" "-e" "RUSTFLAGS=--cap-lints=warn" "-e" "RUSTDOCFLAGS=--cap-lints=warn" "-e" "CARGO_HOME=/opt/rustwide/cargo-home" "-e" "RUSTUP_HOME=/opt/rustwide/rustup-home" "-w" "/opt/rustwide/workdir" "-m" "1610612736" "--user" "0:0" "--network" "none" "ghcr.io/rust-lang/crates-build-env/linux@sha256:5ff2268d62e97bff2cde7d5815dd6ed5b47097566f13b8d0ca110b04b60e07ed" "/opt/rustwide/cargo-home/bin/cargo" "+1.69.0" "test" "--frozen" "--no-run" "--message-format=json", kill_on_drop: false }`
[INFO] [stdout] 25bb13b3528f1246a00d22de324db4cdacf223bbf391ade50fa58c27af8a3622
[INFO] running `Command { std: "docker" "start" "-a" "25bb13b3528f1246a00d22de324db4cdacf223bbf391ade50fa58c27af8a3622", kill_on_drop: false }`
[INFO] [stderr]    Compiling pui-cell v0.5.1 (/opt/rustwide/workdir)
[INFO] [stdout] error: `thread_local` can only be used if the `std` feature is turned on in `pui`
[INFO] [stdout]  --> tests/graph.rs:7:1
[INFO] [stdout]   |
[INFO] [stdout] 7 | / pui_core::scalar_allocator! {
[INFO] [stdout] 8 | |     pub thread_local struct NodeId;
[INFO] [stdout] 9 | | }
[INFO] [stdout]   | |_^
[INFO] [stdout]   |
[INFO] [stdout]   = note: this error originates in the macro `$crate::export::thread_local` which comes from the expansion of the macro `pui_core::scalar_allocator` (in Nightly builds, run with -Z macro-backtrace for more info)
[INFO] [stdout] 
[INFO] [stdout] 
[INFO] [stdout] error: `thread_local` can only be used if the `std` feature is turned on in `pui`
[INFO] [stdout]  --> tests/graph.rs:7:1
[INFO] [stdout]   |
[INFO] [stdout] 7 | / pui_core::scalar_allocator! {
[INFO] [stdout] 8 | |     pub thread_local struct NodeId;
[INFO] [stdout] 9 | | }
[INFO] [stdout]   | |_^
[INFO] [stdout]   |
[INFO] [stdout]   = note: this error originates in the macro `$crate::export::thread_local` which comes from the expansion of the macro `pui_core::scalar_allocator` (in Nightly builds, run with -Z macro-backtrace for more info)
[INFO] [stdout] 
[INFO] [stdout] 
[INFO] [stdout] error[E0425]: cannot find value `__SCALAR_ALLOCATOR` in this scope
[INFO] [stdout]  --> tests/graph.rs:7:1
[INFO] [stdout]   |
[INFO] [stdout] 7 | / pui_core::scalar_allocator! {
[INFO] [stdout] 8 | |     pub thread_local struct NodeId;
[INFO] [stdout] 9 | | }
[INFO] [stdout]   | |_^ not found in this scope
[INFO] [stdout]   |
[INFO] [stdout]   = note: this error originates in the macro `$crate::__scalar_allocator` which comes from the expansion of the macro `pui_core::scalar_allocator` (in Nightly builds, run with -Z macro-backtrace for more info)
[INFO] [stdout] 
[INFO] [stdout] 
[INFO] [stdout] error[E0425]: cannot find function, tuple struct or tuple variant `LocalKey` in module `$crate::pool::export`
[INFO] [stdout]  --> tests/graph.rs:7:1
[INFO] [stdout]   |
[INFO] [stdout] 7 | / pui_core::scalar_allocator! {
[INFO] [stdout] 8 | |     pub thread_local struct NodeId;
[INFO] [stdout] 9 | | }
[INFO] [stdout]   | |_^ not found in `$crate::pool::export`
[INFO] [stdout]   |
[INFO] [stdout]   = note: this error originates in the macro `$crate::__global_pool` which comes from the expansion of the macro `pui_core::scalar_allocator` (in Nightly builds, run with -Z macro-backtrace for more info)
[INFO] [stdout] 
[INFO] [stdout] 
[INFO] [stdout] error[E0425]: cannot find value `__IMP_POOL` in this scope
[INFO] [stdout]  --> tests/graph.rs:7:1
[INFO] [stdout]   |
[INFO] [stdout] 7 | / pui_core::scalar_allocator! {
[INFO] [stdout] 8 | |     pub thread_local struct NodeId;
[INFO] [stdout] 9 | | }
[INFO] [stdout]   | |_^ not found in this scope
[INFO] [stdout]   |
[INFO] [stdout]   = note: this error originates in the macro `$crate::__global_pool` which comes from the expansion of the macro `pui_core::scalar_allocator` (in Nightly builds, run with -Z macro-backtrace for more info)
[INFO] [stdout] 
[INFO] [stdout] 
[INFO] [stdout] error[E0425]: cannot find function, tuple struct or tuple variant `LocalKey` in module `$crate::pool::export`
[INFO] [stdout]  --> tests/graph.rs:7:1
[INFO] [stdout]   |
[INFO] [stdout] 7 | / pui_core::scalar_allocator! {
[INFO] [stdout] 8 | |     pub thread_local struct NodeId;
[INFO] [stdout] 9 | | }
[INFO] [stdout]   | |_^ not found in `$crate::pool::export`
[INFO] [stdout]   |
[INFO] [stdout]   = note: this error originates in the macro `$crate::__global_pool` which comes from the expansion of the macro `pui_core::scalar_allocator` (in Nightly builds, run with -Z macro-backtrace for more info)
[INFO] [stdout] 
[INFO] [stdout] 
[INFO] [stdout] error[E0425]: cannot find value `__IMP_POOL` in this scope
[INFO] [stdout]  --> tests/graph.rs:7:1
[INFO] [stdout]   |
[INFO] [stdout] 7 | / pui_core::scalar_allocator! {
[INFO] [stdout] 8 | |     pub thread_local struct NodeId;
[INFO] [stdout] 9 | | }
[INFO] [stdout]   | |_^ not found in this scope
[INFO] [stdout]   |
[INFO] [stdout]   = note: this error originates in the macro `$crate::__global_pool` which comes from the expansion of the macro `pui_core::scalar_allocator` (in Nightly builds, run with -Z macro-backtrace for more info)
[INFO] [stdout] 
[INFO] [stdout] 
[INFO] [stdout] error[E0425]: cannot find function, tuple struct or tuple variant `LocalKey` in module `$crate::pool::export`
[INFO] [stdout]  --> tests/graph.rs:7:1
[INFO] [stdout]   |
[INFO] [stdout] 7 | / pui_core::scalar_allocator! {
[INFO] [stdout] 8 | |     pub thread_local struct NodeId;
[INFO] [stdout] 9 | | }
[INFO] [stdout]   | |_^ not found in `$crate::pool::export`
[INFO] [stdout]   |
[INFO] [stdout]   = note: this error originates in the macro `$crate::__global_pool` which comes from the expansion of the macro `pui_core::scalar_allocator` (in Nightly builds, run with -Z macro-backtrace for more info)
[INFO] [stdout] 
[INFO] [stdout] 
[INFO] [stdout] error[E0425]: cannot find value `__IMP_POOL` in this scope
[INFO] [stdout]  --> tests/graph.rs:7:1
[INFO] [stdout]   |
[INFO] [stdout] 7 | / pui_core::scalar_allocator! {
[INFO] [stdout] 8 | |     pub thread_local struct NodeId;
[INFO] [stdout] 9 | | }
[INFO] [stdout]   | |_^ not found in this scope
[INFO] [stdout]   |
[INFO] [stdout]   = note: this error originates in the macro `$crate::__global_pool` which comes from the expansion of the macro `pui_core::scalar_allocator` (in Nightly builds, run with -Z macro-backtrace for more info)
[INFO] [stdout] 
[INFO] [stdout] 
[INFO] [stdout] error[E0425]: cannot find function, tuple struct or tuple variant `LocalKey` in module `$crate::pool::export`
[INFO] [stdout]  --> tests/graph.rs:7:1
[INFO] [stdout]   |
[INFO] [stdout] 7 | / pui_core::scalar_allocator! {
[INFO] [stdout] 8 | |     pub thread_local struct NodeId;
[INFO] [stdout] 9 | | }
[INFO] [stdout]   | |_^ not found in `$crate::pool::export`
[INFO] [stdout]   |
[INFO] [stdout]   = note: this error originates in the macro `$crate::__global_pool` which comes from the expansion of the macro `pui_core::scalar_allocator` (in Nightly builds, run with -Z macro-backtrace for more info)
[INFO] [stdout] 
[INFO] [stdout] 
[INFO] [stdout] error[E0425]: cannot find value `__IMP_POOL` in this scope
[INFO] [stdout]  --> tests/graph.rs:7:1
[INFO] [stdout]   |
[INFO] [stdout] 7 | / pui_core::scalar_allocator! {
[INFO] [stdout] 8 | |     pub thread_local struct NodeId;
[INFO] [stdout] 9 | | }
[INFO] [stdout]   | |_^ not found in this scope
[INFO] [stdout]   |
[INFO] [stdout]   = note: this error originates in the macro `$crate::__global_pool` which comes from the expansion of the macro `pui_core::scalar_allocator` (in Nightly builds, run with -Z macro-backtrace for more info)
[INFO] [stdout] 
[INFO] [stdout] 
[INFO] [stdout] error: aborting due to 11 previous errors
[INFO] [stdout] 
[INFO] [stdout] 
[INFO] [stdout] For more information about this error, try `rustc --explain E0425`.
[INFO] [stdout] 
[INFO] [stderr] error: could not compile `pui-cell` due to 12 previous errors
[INFO] [stderr] warning: build failed, waiting for other jobs to finish...
[INFO] running `Command { std: "docker" "inspect" "25bb13b3528f1246a00d22de324db4cdacf223bbf391ade50fa58c27af8a3622", kill_on_drop: false }`
[INFO] running `Command { std: "docker" "rm" "-f" "25bb13b3528f1246a00d22de324db4cdacf223bbf391ade50fa58c27af8a3622", kill_on_drop: false }`
[INFO] [stdout] 25bb13b3528f1246a00d22de324db4cdacf223bbf391ade50fa58c27af8a3622
