[INFO] fetching crate psl-lexer 0.3.1...
[INFO] testing psl-lexer-0.3.1 against 1.69.0 for beta-1.70-1
[INFO] extracting crate psl-lexer 0.3.1 into /workspace/builds/worker-7-tc1/source
[INFO] validating manifest of crates.io crate psl-lexer 0.3.1 on toolchain 1.69.0
[INFO] running `Command { std: CARGO_HOME="/workspace/cargo-home" RUSTUP_HOME="/workspace/rustup-home" "/workspace/cargo-home/bin/cargo" "+1.69.0" "metadata" "--manifest-path" "Cargo.toml" "--no-deps", kill_on_drop: false }`
[INFO] started tweaking crates.io crate psl-lexer 0.3.1
[INFO] finished tweaking crates.io crate psl-lexer 0.3.1
[INFO] tweaked toml for crates.io crate psl-lexer 0.3.1 written to /workspace/builds/worker-7-tc1/source/Cargo.toml
[INFO] running `Command { std: CARGO_HOME="/workspace/cargo-home" RUSTUP_HOME="/workspace/rustup-home" __CARGO_TEST_CHANNEL_OVERRIDE_DO_NOT_USE_THIS="nightly" "/workspace/cargo-home/bin/cargo" "+1.69.0" "generate-lockfile" "--manifest-path" "Cargo.toml" "-Zno-index-update", kill_on_drop: false }`
[INFO] running `Command { std: CARGO_HOME="/workspace/cargo-home" RUSTUP_HOME="/workspace/rustup-home" "/workspace/cargo-home/bin/cargo" "+1.69.0" "fetch" "--manifest-path" "Cargo.toml", kill_on_drop: false }`
[INFO] [stderr]  Downloading crates ...
[INFO] [stderr]   Downloaded rspec v1.0.0
[INFO] running `Command { std: "docker" "create" "-v" "/var/lib/crater-agent-workspace/builds/worker-7-tc1/target:/opt/rustwide/target:rw,Z" "-v" "/var/lib/crater-agent-workspace/builds/worker-7-tc1/source:/opt/rustwide/workdir:ro,Z" "-v" "/var/lib/crater-agent-workspace/cargo-home:/opt/rustwide/cargo-home:ro,Z" "-v" "/var/lib/crater-agent-workspace/rustup-home:/opt/rustwide/rustup-home:ro,Z" "-e" "SOURCE_DIR=/opt/rustwide/workdir" "-e" "CARGO_TARGET_DIR=/opt/rustwide/target" "-e" "CARGO_HOME=/opt/rustwide/cargo-home" "-e" "RUSTUP_HOME=/opt/rustwide/rustup-home" "-w" "/opt/rustwide/workdir" "-m" "1610612736" "--user" "0:0" "--network" "none" "ghcr.io/rust-lang/crates-build-env/linux@sha256:5ff2268d62e97bff2cde7d5815dd6ed5b47097566f13b8d0ca110b04b60e07ed" "/opt/rustwide/cargo-home/bin/cargo" "+1.69.0" "metadata" "--no-deps" "--format-version=1", kill_on_drop: false }`
[INFO] [stdout] 3a7de64d09465537065e688a29ec734c6506db6937bc174b0d29bd6b66588de6
[INFO] running `Command { std: "docker" "start" "-a" "3a7de64d09465537065e688a29ec734c6506db6937bc174b0d29bd6b66588de6", kill_on_drop: false }`
[INFO] running `Command { std: "docker" "inspect" "3a7de64d09465537065e688a29ec734c6506db6937bc174b0d29bd6b66588de6", kill_on_drop: false }`
[INFO] running `Command { std: "docker" "rm" "-f" "3a7de64d09465537065e688a29ec734c6506db6937bc174b0d29bd6b66588de6", kill_on_drop: false }`
[INFO] [stdout] 3a7de64d09465537065e688a29ec734c6506db6937bc174b0d29bd6b66588de6
[INFO] running `Command { std: "docker" "create" "-v" "/var/lib/crater-agent-workspace/builds/worker-7-tc1/target:/opt/rustwide/target:rw,Z" "-v" "/var/lib/crater-agent-workspace/builds/worker-7-tc1/source:/opt/rustwide/workdir:ro,Z" "-v" "/var/lib/crater-agent-workspace/cargo-home:/opt/rustwide/cargo-home:ro,Z" "-v" "/var/lib/crater-agent-workspace/rustup-home:/opt/rustwide/rustup-home:ro,Z" "-e" "SOURCE_DIR=/opt/rustwide/workdir" "-e" "CARGO_TARGET_DIR=/opt/rustwide/target" "-e" "CARGO_INCREMENTAL=0" "-e" "RUST_BACKTRACE=full" "-e" "RUSTFLAGS=--cap-lints=warn" "-e" "RUSTDOCFLAGS=--cap-lints=warn" "-e" "CARGO_HOME=/opt/rustwide/cargo-home" "-e" "RUSTUP_HOME=/opt/rustwide/rustup-home" "-w" "/opt/rustwide/workdir" "-m" "1610612736" "--user" "0:0" "--network" "none" "ghcr.io/rust-lang/crates-build-env/linux@sha256:5ff2268d62e97bff2cde7d5815dd6ed5b47097566f13b8d0ca110b04b60e07ed" "/opt/rustwide/cargo-home/bin/cargo" "+1.69.0" "build" "--frozen" "--message-format=json", kill_on_drop: false }`
[INFO] [stdout] a5cc430bef9610b3fae67f23965d359be214e1a876d5fbe280df4451db84a09b
[INFO] running `Command { std: "docker" "start" "-a" "a5cc430bef9610b3fae67f23965d359be214e1a876d5fbe280df4451db84a09b", kill_on_drop: false }`
[INFO] [stderr]    Compiling pkg-config v0.3.26
[INFO] [stderr]    Compiling tinyvec_macros v0.1.1
[INFO] [stderr]    Compiling openssl v0.10.52
[INFO] [stderr]    Compiling version_check v0.9.4
[INFO] [stderr]    Compiling foreign-types-shared v0.1.1
[INFO] [stderr]    Compiling indexmap v1.9.3
[INFO] [stderr]    Compiling native-tls v0.2.11
[INFO] [stderr]    Compiling percent-encoding v2.2.0
[INFO] [stderr]    Compiling unicode-bidi v0.3.13
[INFO] [stderr]    Compiling syn v2.0.15
[INFO] [stderr]    Compiling backtrace v0.3.67
[INFO] [stderr]    Compiling tinyvec v1.6.0
[INFO] [stderr]    Compiling foreign-types v0.3.2
[INFO] [stderr]    Compiling form_urlencoded v1.1.0
[INFO] [stderr]    Compiling error-chain v0.12.4
[INFO] [stderr]    Compiling openssl-sys v0.9.87
[INFO] [stderr]    Compiling unicode-normalization v0.1.22
[INFO] [stderr]    Compiling idna v0.3.0
[INFO] [stderr]    Compiling url v2.3.1
[INFO] [stderr]    Compiling openssl-macros v0.1.1
[INFO] [stderr]    Compiling psl-lexer v0.3.1 (/opt/rustwide/workdir)
[INFO] [stderr]     Finished dev [unoptimized + debuginfo] target(s) in 6.30s
[INFO] running `Command { std: "docker" "inspect" "a5cc430bef9610b3fae67f23965d359be214e1a876d5fbe280df4451db84a09b", kill_on_drop: false }`
[INFO] running `Command { std: "docker" "rm" "-f" "a5cc430bef9610b3fae67f23965d359be214e1a876d5fbe280df4451db84a09b", kill_on_drop: false }`
[INFO] [stdout] a5cc430bef9610b3fae67f23965d359be214e1a876d5fbe280df4451db84a09b
[INFO] running `Command { std: "docker" "create" "-v" "/var/lib/crater-agent-workspace/builds/worker-7-tc1/target:/opt/rustwide/target:rw,Z" "-v" "/var/lib/crater-agent-workspace/builds/worker-7-tc1/source:/opt/rustwide/workdir:ro,Z" "-v" "/var/lib/crater-agent-workspace/cargo-home:/opt/rustwide/cargo-home:ro,Z" "-v" "/var/lib/crater-agent-workspace/rustup-home:/opt/rustwide/rustup-home:ro,Z" "-e" "SOURCE_DIR=/opt/rustwide/workdir" "-e" "CARGO_TARGET_DIR=/opt/rustwide/target" "-e" "CARGO_INCREMENTAL=0" "-e" "RUST_BACKTRACE=full" "-e" "RUSTFLAGS=--cap-lints=warn" "-e" "RUSTDOCFLAGS=--cap-lints=warn" "-e" "CARGO_HOME=/opt/rustwide/cargo-home" "-e" "RUSTUP_HOME=/opt/rustwide/rustup-home" "-w" "/opt/rustwide/workdir" "-m" "1610612736" "--user" "0:0" "--network" "none" "ghcr.io/rust-lang/crates-build-env/linux@sha256:5ff2268d62e97bff2cde7d5815dd6ed5b47097566f13b8d0ca110b04b60e07ed" "/opt/rustwide/cargo-home/bin/cargo" "+1.69.0" "test" "--frozen" "--no-run" "--message-format=json", kill_on_drop: false }`
[INFO] [stdout] 34baa7a9fc98df3a2ade63cc9edf5e92e75073c23af886a99a4d2a9e89573750
[INFO] running `Command { std: "docker" "start" "-a" "34baa7a9fc98df3a2ade63cc9edf5e92e75073c23af886a99a4d2a9e89573750", kill_on_drop: false }`
[INFO] [stderr]    Compiling syn v1.0.109
[INFO] [stderr]    Compiling fnv v1.0.7
[INFO] [stderr]    Compiling ident_case v1.0.1
[INFO] [stderr]    Compiling strsim v0.9.3
[INFO] [stderr]    Compiling proc-macro-hack v0.5.20+deprecated
[INFO] [stderr]    Compiling standback v0.2.17
[INFO] [stderr]    Compiling const_fn v0.4.9
[INFO] [stderr]    Compiling rayon-core v1.11.0
[INFO] [stderr]    Compiling crossbeam-channel v0.5.8
[INFO] [stderr]    Compiling num_cpus v1.15.0
[INFO] [stderr]    Compiling time v0.2.27
[INFO] [stderr]    Compiling derive_builder v0.9.0
[INFO] [stderr]    Compiling atty v0.2.14
[INFO] [stderr]    Compiling either v1.8.1
[INFO] [stderr]    Compiling colored v2.0.0
[INFO] [stderr]    Compiling rayon v1.7.0
[INFO] [stderr]    Compiling darling_core v0.10.2
[INFO] [stderr]    Compiling time-macros-impl v0.1.2
[INFO] [stderr]    Compiling derive-new v0.5.9
[INFO] [stderr]    Compiling time-macros v0.1.1
[INFO] [stderr]    Compiling darling_macro v0.10.2
[INFO] [stderr]    Compiling darling v0.10.2
[INFO] [stderr]    Compiling derive_builder_core v0.9.0
[INFO] [stderr]    Compiling rspec v1.0.0
[INFO] [stderr]    Compiling psl-lexer v0.3.1 (/opt/rustwide/workdir)
[INFO] [stderr]     Finished test [unoptimized + debuginfo] target(s) in 9.82s
[INFO] running `Command { std: "docker" "inspect" "34baa7a9fc98df3a2ade63cc9edf5e92e75073c23af886a99a4d2a9e89573750", kill_on_drop: false }`
[INFO] running `Command { std: "docker" "rm" "-f" "34baa7a9fc98df3a2ade63cc9edf5e92e75073c23af886a99a4d2a9e89573750", kill_on_drop: false }`
[INFO] [stdout] 34baa7a9fc98df3a2ade63cc9edf5e92e75073c23af886a99a4d2a9e89573750
[INFO] running `Command { std: "docker" "create" "-v" "/var/lib/crater-agent-workspace/builds/worker-7-tc1/target:/opt/rustwide/target:rw,Z" "-v" "/var/lib/crater-agent-workspace/builds/worker-7-tc1/source:/opt/rustwide/workdir:ro,Z" "-v" "/var/lib/crater-agent-workspace/cargo-home:/opt/rustwide/cargo-home:ro,Z" "-v" "/var/lib/crater-agent-workspace/rustup-home:/opt/rustwide/rustup-home:ro,Z" "-e" "SOURCE_DIR=/opt/rustwide/workdir" "-e" "CARGO_TARGET_DIR=/opt/rustwide/target" "-e" "CARGO_INCREMENTAL=0" "-e" "RUST_BACKTRACE=full" "-e" "RUSTFLAGS=--cap-lints=warn" "-e" "RUSTDOCFLAGS=--cap-lints=warn" "-e" "CARGO_HOME=/opt/rustwide/cargo-home" "-e" "RUSTUP_HOME=/opt/rustwide/rustup-home" "-w" "/opt/rustwide/workdir" "-m" "1610612736" "--user" "0:0" "--network" "none" "ghcr.io/rust-lang/crates-build-env/linux@sha256:5ff2268d62e97bff2cde7d5815dd6ed5b47097566f13b8d0ca110b04b60e07ed" "/opt/rustwide/cargo-home/bin/cargo" "+1.69.0" "test" "--frozen", kill_on_drop: false }`
[INFO] [stdout] f8eba3949ae3f51d62a03625752486c0f433bb7673192834b8d3abb7bc5dcc78
[INFO] running `Command { std: "docker" "start" "-a" "f8eba3949ae3f51d62a03625752486c0f433bb7673192834b8d3abb7bc5dcc78", kill_on_drop: false }`
[INFO] [stderr]     Finished test [unoptimized + debuginfo] target(s) in 0.07s
[INFO] [stderr]      Running unittests src/lib.rs (/opt/rustwide/target/debug/deps/psl_lexer-8beaa9f7159fc9b6)
[INFO] [stdout] 
[INFO] [stdout] running 1 test
[INFO] [stdout] 
[INFO] [stdout] tests:
[INFO] [stdout] 
[INFO] [stdout] Given "a list"
[INFO] [stdout]   It "should not be empty" ... FAILED
[INFO] [stdout]   It "should have ICANN TLDs" ... FAILED
[INFO] [stdout]   It "should have private TLDs" ... FAILED
[INFO] [stdout]   It "should have at least 1000 TLDs" ... FAILED
[INFO] [stdout] 
[INFO] [stdout] failures:
[INFO] [stdout] 
[INFO] [stdout] Given "a list"
[INFO] [stdout]   It "should not be empty"
[INFO] [stdout]     thread panicked at '"Once instance has previously been poisoned"'.
[INFO] [stdout]   It "should have ICANN TLDs"
[INFO] [stdout]     thread panicked at '"Once instance has previously been poisoned"'.
[INFO] [stdout]   It "should have private TLDs"
[INFO] [stdout]     thread panicked at '"called `Result::unwrap()` on an `Err` value: Error(Io(Custom { kind: Uncategorized, error: \"failed to lookup address information: Temporary failure in name resolution\" }), State { next_error: None, backtrace: InternalBacktrace { backtrace: Some(   0: error_chain::backtrace::imp::InternalBacktrace::new\n             at /opt/rustwide/cargo-home/registry/src/github.com-1ecc6299db9ec823/error-chain-0.12.4/src/backtrace.rs:56:48\n   1: <error_chain::State as core::default::Default>::default\n             at /opt/rustwide/cargo-home/registry/src/github.com-1ecc6299db9ec823/error-chain-0.12.4/src/lib.rs:687:24\n   2: psl_lexer::errors::Error::from_kind\n             at /opt/rustwide/cargo-home/registry/src/github.com-1ecc6299db9ec823/error-chain-0.12.4/src/error_chain.rs:269:21\n   3: <psl_lexer::errors::Error as core::convert::From<std::io::error::Error>>::from\n             at /opt/rustwide/cargo-home/registry/src/github.com-1ecc6299db9ec823/error-chain-0.12.4/src/error_chain.rs:361:21\n   4: <core::result::Result<T,F> as core::ops::try_trait::FromResidual<core::result::Result<core::convert::Infallible,E>>>::from_residual\n             at /rustc/84c898d65adf2f39a5a98507f1fe0ce10a2b8dbc/library/core/src/result.rs:2065:27\n   5: psl_lexer::request\n             at src/lib.rs:112:16\n   6: psl_lexer::List::from_url\n             at src/lib.rs:172:9\n   7: psl_lexer::List::fetch::{{closure}}\n             at src/lib.rs:206:26\n   8: core::result::Result<T,E>::or_else\n             at /rustc/84c898d65adf2f39a5a98507f1fe0ce10a2b8dbc/library/core/src/result.rs:1411:23\n   9: psl_lexer::List::fetch\n             at src/lib.rs:203:9\n  10: <psl_lexer::tests::LIST as core::ops::deref::Deref>::deref::__static_ref_initialize\n             at src/tests.rs:4:29\n      core::ops::function::FnOnce::call_once\n             at /rustc/84c898d65adf2f39a5a98507f1fe0ce10a2b8dbc/library/core/src/ops/function.rs:250:5\n  11: lazy_static::lazy::Lazy<T>::get::{{closure}}\n             at /opt/rustwide/cargo-home/registry/src/github.com-1ecc6299db9ec823/lazy_static-1.4.0/src/inline_lazy.rs:31:29\n  12: std::sync::once::Once::call_once::{{closure}}\n             at /rustc/84c898d65adf2f39a5a98507f1fe0ce10a2b8dbc/library/std/src/sync/once.rs:149:41\n  13: std::sys_common::once::futex::Once::call\n             at /rustc/84c898d65adf2f39a5a98507f1fe0ce10a2b8dbc/library/std/src/sys_common/once/futex.rs:124:21\n  14: std::sync::once::Once::call_once\n             at /rustc/84c898d65adf2f39a5a98507f1fe0ce10a2b8dbc/library/std/src/sync/once.rs:149:9\n  15: lazy_static::lazy::Lazy<T>::get\n             at /opt/rustwide/cargo-home/registry/src/github.com-1ecc6299db9ec823/lazy_static-1.4.0/src/inline_lazy.rs:30:9\n      <psl_lexer::tests::LIST as core::ops::deref::Deref>::deref::__stability\n             at /opt/rustwide/cargo-home/registry/src/github.com-1ecc6299db9ec823/lazy_static-1.4.0/src/lib.rs:142:21\n      <psl_lexer::tests::LIST as core::ops::deref::Deref>::deref\n             at /opt/rustwide/cargo-home/registry/src/github.com-1ecc6299db9ec823/lazy_static-1.4.0/src/lib.rs:144:17\n  16: psl_lexer::tests::list_behaviour::{{closure}}::{{closure}}\n             at src/tests.rs:19:22\n  17: rspec::block::context::Context<T>::example_internal::{{closure}}::{{closure}}\n             at /opt/rustwide/cargo-home/registry/src/github.com-1ecc6299db9ec823/rspec-1.0.0/src/block/context.rs:288:59\n  18: core::ops::function::FnOnce::call_once\n             at /rustc/84c898d65adf2f39a5a98507f1fe0ce10a2b8dbc/library/core/src/ops/function.rs:250:5\n  19: <core::panic::unwind_safe::AssertUnwindSafe<F> as core::ops::function::FnOnce<()>>::call_once\n             at /rustc/84c898d65adf2f39a5a98507f1fe0ce10a2b8dbc/library/core/src/panic/unwind_safe.rs:271:9\n  20: std::panicking::try::do_call\n             at /rustc/84c898d65adf2f39a5a98507f1fe0ce10a2b8dbc/library/std/src/panicking.rs:487:40\n  21: __rust_try\n  22: std::panicking::try\n             at /rustc/84c898d65adf2f39a5a98507f1fe0ce10a2b8dbc/library/std/src/panicking.rs:451:19\n  23: std::panic::catch_unwind\n             at /rustc/84c898d65adf2f39a5a98507f1fe0ce10a2b8dbc/library/std/src/panic.rs:140:14\n  24: rspec::block::context::Context<T>::example_internal::{{closure}}\n             at /opt/rustwide/cargo-home/registry/src/github.com-1ecc6299db9ec823/rspec-1.0.0/src/block/context.rs:288:26\n  25: <alloc::boxed::Box<F,A> as core::ops::function::Fn<Args>>::call\n             at /rustc/84c898d65adf2f39a5a98507f1fe0ce10a2b8dbc/library/alloc/src/boxed.rs:2001:9\n  26: <rspec::runner::Runner as rspec::visitor::TestSuiteVisitor<rspec::block::example::Example<T>>>::visit\n             at /opt/rustwide/cargo-home/registry/src/github.com-1ecc6299db9ec823/rspec-1.0.0/src/runner/mod.rs:261:22\n  27: <rspec::runner::Runner as rspec::visitor::TestSuiteVisitor<rspec::block::Block<T>>>::visit\n             at /opt/rustwide/cargo-home/registry/src/github.com-1ecc6299db9ec823/rspec-1.0.0/src/runner/mod.rs:210:30\n  28: rspec::runner::Runner::evaluate_block::{{closure}}\n             at /opt/rustwide/cargo-home/registry/src/github.com-1ecc6299db9ec823/rspec-1.0.0/src/runner/mod.rs:133:13\n  29: rspec::runner::Runner::wrap_each\n             at /opt/rustwide/cargo-home/registry/src/github.com-1ecc6299db9ec823/rspec-1.0.0/src/runner/mod.rs:93:22\n  30: rspec::runner::Runner::evaluate_block\n             at /opt/rustwide/cargo-home/registry/src/github.com-1ecc6299db9ec823/rspec-1.0.0/src/runner/mod.rs:132:9\n  31: rspec::runner::Runner::evaluate_blocks_parallel::{{closure}}\n             at /opt/rustwide/cargo-home/registry/src/github.com-1ecc6299db9ec823/rspec-1.0.0/src/runner/mod.rs:107:26\n  32: core::ops::function::impls::<impl core::ops::function::FnMut<A> for &F>::call_mut\n             at /rustc/84c898d65adf2f39a5a98507f1fe0ce10a2b8dbc/library/core/src/ops/function.rs:274:13\n  33: core::ops::function::impls::<impl core::ops::function::FnOnce<A> for &mut F>::call_once\n             at /rustc/84c898d65adf2f39a5a98507f1fe0ce10a2b8dbc/library/core/src/ops/function.rs:310:13\n  34: core::option::Option<T>::map\n             at /rustc/84c898d65adf2f39a5a98507f1fe0ce10a2b8dbc/library/core/src/option.rs:1091:29\n  35: <core::iter::adapters::map::Map<I,F> as core::iter::traits::iterator::Iterator>::next\n             at /rustc/84c898d65adf2f39a5a98507f1fe0ce10a2b8dbc/library/core/src/iter/adapters/map.rs:103:9\n  36: rayon::iter::plumbing::Folder::consume_iter\n             at /opt/rustwide/cargo-home/registry/src/github.com-1ecc6299db9ec823/rayon-1.7.0/src/iter/plumbing/mod.rs:178:21\n  37: <rayon::iter::map::MapFolder<C,F> as rayon::iter::plumbing::Folder<T>>::consume_iter\n             at /opt/rustwide/cargo-home/registry/src/github.com-1ecc6299db9ec823/rayon-1.7.0/src/iter/map.rs:248:21\n  38: rayon::iter::plumbing::Producer::fold_with\n             at /opt/rustwide/cargo-home/registry/src/github.com-1ecc6299db9ec823/rayon-1.7.0/src/iter/plumbing/mod.rs:110:9\n  39: rayon::iter::plumbing::bridge_producer_consumer::helper\n             at /opt/rustwide/cargo-home/registry/src/github.com-1ecc6299db9ec823/rayon-1.7.0/src/iter/plumbing/mod.rs:438:13\n  40: rayon::iter::plumbing::bridge_producer_consumer::helper::{{closure}}\n             at /opt/rustwide/cargo-home/registry/src/github.com-1ecc6299db9ec823/rayon-1.7.0/src/iter/plumbing/mod.rs:418:21\n  41: rayon_core::join::join_context::call_a::{{closure}}\n             at /opt/rustwide/cargo-home/registry/src/github.com-1ecc6299db9ec823/rayon-core-1.11.0/src/join/mod.rs:124:17\n  42: <core::panic::unwind_safe::AssertUnwindSafe<F> as core::ops::function::FnOnce<()>>::call_once\n             at /rustc/84c898d65adf2f39a5a98507f1fe0ce10a2b8dbc/library/core/src/panic/unwind_safe.rs:271:9\n  43: std::panicking::try::do_call\n             at /rustc/84c898d65adf2f39a5a98507f1fe0ce10a2b8dbc/library/std/src/panicking.rs:487:40\n  44: __rust_try\n  45: std::panicking::try\n             at /rustc/84c898d65adf2f39a5a98507f1fe0ce10a2b8dbc/library/std/src/panicking.rs:451:19\n  46: std::panic::catch_unwind\n             at /rustc/84c898d65adf2f39a5a98507f1fe0ce10a2b8dbc/library/std/src/panic.rs:140:14\n  47: rayon_core::unwind::halt_unwinding\n             at /opt/rustwide/cargo-home/registry/src/github.com-1ecc6299db9ec823/rayon-core-1.11.0/src/unwind.rs:17:5\n  48: rayon_core::join::join_context::{{closure}}\n             at /opt/rustwide/cargo-home/registry/src/github.com-1ecc6299db9ec823/rayon-core-1.11.0/src/join/mod.rs:142:24\n  49: rayon_core::registry::in_worker\n             at /opt/rustwide/cargo-home/registry/src/github.com-1ecc6299db9ec823/rayon-core-1.11.0/src/registry.rs:984:13\n  50: rayon_core::join::join_context\n             at /opt/rustwide/cargo-home/registry/src/github.com-1ecc6299db9ec823/rayon-core-1.11.0/src/join/mod.rs:132:5\n  51: rayon::iter::plumbing::bridge_producer_consumer::helper\n             at /opt/rustwide/cargo-home/registry/src/github.com-1ecc6299db9ec823/rayon-1.7.0/src/iter/plumbing/mod.rs:416:47\n  52: rayon::iter::plumbing::bridge_producer_consumer::helper::{{closure}}\n             at /opt/rustwide/cargo-home/registry/src/github.com-1ecc6299db9ec823/rayon-1.7.0/src/iter/plumbing/mod.rs:427:21\n  53: rayon_core::join::join_context::call_b::{{closure}}\n             at /opt/rustwide/cargo-home/registry/src/github.com-1ecc6299db9ec823/rayon-core-1.11.0/src/join/mod.rs:129:25\n  54: rayon_core::job::JobResult<T>::call::{{closure}}\n             at /opt/rustwide/cargo-home/registry/src/github.com-1ecc6299db9ec823/rayon-core-1.11.0/src/job.rs:218:41\n  55: <core::panic::unwind_safe::AssertUnwindSafe<F> as core::ops::function::FnOnce<()>>::call_once\n             at /rustc/84c898d65adf2f39a5a98507f1fe0ce10a2b8dbc/library/core/src/panic/unwind_safe.rs:271:9\n  56: std::panicking::try::do_call\n             at /rustc/84c898d65adf2f39a5a98507f1fe0ce10a2b8dbc/library/std/src/panicking.rs:487:40\n  57: __rust_try\n  58: std::panicking::try\n             at /rustc/84c898d65adf2f39a5a98507f1fe0ce10a2b8dbc/library/std/src/panicking.rs:451:19\n  59: std::panic::catch_unwind\n             at /rustc/84c898d65adf2f39a5a98507f1fe0ce10a2b8dbc/library/std/src/panic.rs:140:14\n  60: rayon_core::unwind::halt_unwinding\n             at /opt/rustwide/cargo-home/registry/src/github.com-1ecc6299db9ec823/rayon-core-1.11.0/src/unwind.rs:17:5\n  61: rayon_core::job::JobResult<T>::call\n             at /opt/rustwide/cargo-home/registry/src/github.com-1ecc6299db9ec823/rayon-core-1.11.0/src/job.rs:218:15\n  62: <rayon_core::job::StackJob<L,F,R> as rayon_core::job::Job>::execute\n             at /opt/rustwide/cargo-home/registry/src/github.com-1ecc6299db9ec823/rayon-core-1.11.0/src/job.rs:120:32\n  63: rayon_core::job::JobRef::execute\n             at /opt/rustwide/cargo-home/registry/src/github.com-1ecc6299db9ec823/rayon-core-1.11.0/src/job.rs:64:9\n  64: rayon_core::registry::WorkerThread::execute\n             at /opt/rustwide/cargo-home/registry/src/github.com-1ecc6299db9ec823/rayon-core-1.11.0/src/registry.rs:874:9\n  65: rayon_core::registry::WorkerThread::wait_until_cold\n             at /opt/rustwide/cargo-home/registry/src/github.com-1ecc6299db9ec823/rayon-core-1.11.0/src/registry.rs:820:17\n  66: rayon_core::registry::WorkerThread::wait_until\n             at /opt/rustwide/cargo-home/registry/src/github.com-1ecc6299db9ec823/rayon-core-1.11.0/src/registry.rs:803:13\n  67: rayon_core::registry::main_loop\n             at /opt/rustwide/cargo-home/registry/src/github.com-1ecc6299db9ec823/rayon-core-1.11.0/src/registry.rs:948:5\n  68: rayon_core::registry::ThreadBuilder::run\n             at /opt/rustwide/cargo-home/registry/src/github.com-1ecc6299db9ec823/rayon-core-1.11.0/src/registry.rs:54:18\n  69: <rayon_core::registry::DefaultSpawn as rayon_core::registry::ThreadSpawn>::spawn::{{closure}}\n             at /opt/rustwide/cargo-home/registry/src/github.com-1ecc6299db9ec823/rayon-core-1.11.0/src/registry.rs:99:20\n  70: std::sys_common::backtrace::__rust_begin_short_backtrace\n             at /rustc/84c898d65adf2f39a5a98507f1fe0ce10a2b8dbc/library/std/src/sys_common/backtrace.rs:134:18\n  71: std::thread::Builder::spawn_unchecked_::{{closure}}::{{closure}}\n             at /rustc/84c898d65adf2f39a5a98507f1fe0ce10a2b8dbc/library/std/src/thread/mod.rs:560:17\n  72: <core::panic::unwind_safe::AssertUnwindSafe<F> as core::ops::function::FnOnce<()>>::call_once\n             at /rustc/84c898d65adf2f39a5a98507f1fe0ce10a2b8dbc/library/core/src/panic/unwind_safe.rs:271:9\n  73: std::panicking::try::do_call\n             at /rustc/84c898d65adf2f39a5a98507f1fe0ce10a2b8dbc/library/std/src/panicking.rs:487:40\n  74: __rust_try\n  75: std::panicking::try\n             at /rustc/84c898d65adf2f39a5a98507f1fe0ce10a2b8dbc/library/std/src/panicking.rs:451:19\n  76: std::panic::catch_unwind\n             at /rustc/84c898d65adf2f39a5a98507f1fe0ce10a2b8dbc/library/std/src/panic.rs:140:14\n  77: std::thread::Builder::spawn_unchecked_::{{closure}}\n             at /rustc/84c898d65adf2f39a5a98507f1fe0ce10a2b8dbc/library/std/src/thread/mod.rs:559:30\n  78: core::ops::function::FnOnce::call_once{{vtable.shim}}\n             at /rustc/84c898d65adf2f39a5a98507f1fe0ce10a2b8dbc/library/core/src/ops/function.rs:250:5\n  79: <alloc::boxed::Box<F,A> as core::ops::function::FnOnce<Args>>::call_once\n             at /rustc/84c898d65adf2f39a5a98507f1fe0ce10a2b8dbc/library/alloc/src/boxed.rs:1987:9\n      <alloc::boxed::Box<F,A> as core::ops::function::FnOnce<Args>>::call_once\n             at /rustc/84c898d65adf2f39a5a98507f1fe0ce10a2b8dbc/library/alloc/src/boxed.rs:1987:9\n      std::sys::unix::thread::Thread::new::thread_start\n             at /rustc/84c898d65adf2f39a5a98507f1fe0ce10a2b8dbc/library/std/src/sys/unix/thread.rs:108:17\n  80: <unknown>\n  81: __clone\n) } })"'.
[INFO] [stdout]   It "should have at least 1000 TLDs"
[INFO] [stdout]     thread panicked at '"Once instance has previously been poisoned"'.
[INFO] [stdout] 
[INFO] [stdout] duration: 0.205s.
[INFO] [stdout] 
[INFO] [stdout] test result: FAILED. 0 passed; 4 failed; 0 ignored
[INFO] [stdout] 
[INFO] [stdout] error: test failed
[INFO] [stderr] error: test failed, to rerun pass `--lib`
[INFO] running `Command { std: "docker" "inspect" "f8eba3949ae3f51d62a03625752486c0f433bb7673192834b8d3abb7bc5dcc78", kill_on_drop: false }`
[INFO] running `Command { std: "docker" "rm" "-f" "f8eba3949ae3f51d62a03625752486c0f433bb7673192834b8d3abb7bc5dcc78", kill_on_drop: false }`
[INFO] [stdout] f8eba3949ae3f51d62a03625752486c0f433bb7673192834b8d3abb7bc5dcc78
