[INFO] fetching crate propelauth 0.2.0...
[INFO] testing propelauth-0.2.0 against 1.69.0 for beta-1.70-1
[INFO] extracting crate propelauth 0.2.0 into /workspace/builds/worker-5-tc1/source
[INFO] validating manifest of crates.io crate propelauth 0.2.0 on toolchain 1.69.0
[INFO] running `Command { std: CARGO_HOME="/workspace/cargo-home" RUSTUP_HOME="/workspace/rustup-home" "/workspace/cargo-home/bin/cargo" "+1.69.0" "metadata" "--manifest-path" "Cargo.toml" "--no-deps", kill_on_drop: false }`
[INFO] started tweaking crates.io crate propelauth 0.2.0
[INFO] finished tweaking crates.io crate propelauth 0.2.0
[INFO] tweaked toml for crates.io crate propelauth 0.2.0 written to /workspace/builds/worker-5-tc1/source/Cargo.toml
[INFO] running `Command { std: CARGO_HOME="/workspace/cargo-home" RUSTUP_HOME="/workspace/rustup-home" __CARGO_TEST_CHANNEL_OVERRIDE_DO_NOT_USE_THIS="nightly" "/workspace/cargo-home/bin/cargo" "+1.69.0" "generate-lockfile" "--manifest-path" "Cargo.toml" "-Zno-index-update", kill_on_drop: false }`
[INFO] running `Command { std: CARGO_HOME="/workspace/cargo-home" RUSTUP_HOME="/workspace/rustup-home" "/workspace/cargo-home/bin/cargo" "+1.69.0" "fetch" "--manifest-path" "Cargo.toml", kill_on_drop: false }`
[INFO] running `Command { std: "docker" "create" "-v" "/var/lib/crater-agent-workspace/builds/worker-5-tc1/target:/opt/rustwide/target:rw,Z" "-v" "/var/lib/crater-agent-workspace/builds/worker-5-tc1/source:/opt/rustwide/workdir:ro,Z" "-v" "/var/lib/crater-agent-workspace/cargo-home:/opt/rustwide/cargo-home:ro,Z" "-v" "/var/lib/crater-agent-workspace/rustup-home:/opt/rustwide/rustup-home:ro,Z" "-e" "SOURCE_DIR=/opt/rustwide/workdir" "-e" "CARGO_TARGET_DIR=/opt/rustwide/target" "-e" "CARGO_HOME=/opt/rustwide/cargo-home" "-e" "RUSTUP_HOME=/opt/rustwide/rustup-home" "-w" "/opt/rustwide/workdir" "-m" "1610612736" "--user" "0:0" "--network" "none" "ghcr.io/rust-lang/crates-build-env/linux@sha256:5ff2268d62e97bff2cde7d5815dd6ed5b47097566f13b8d0ca110b04b60e07ed" "/opt/rustwide/cargo-home/bin/cargo" "+1.69.0" "metadata" "--no-deps" "--format-version=1", kill_on_drop: false }`
[INFO] [stdout] 415bf515accdc4eb3be710fde72fa675a57ed00ca9bcaa73c24223950324e336
[INFO] running `Command { std: "docker" "start" "-a" "415bf515accdc4eb3be710fde72fa675a57ed00ca9bcaa73c24223950324e336", kill_on_drop: false }`
[INFO] running `Command { std: "docker" "inspect" "415bf515accdc4eb3be710fde72fa675a57ed00ca9bcaa73c24223950324e336", kill_on_drop: false }`
[INFO] running `Command { std: "docker" "rm" "-f" "415bf515accdc4eb3be710fde72fa675a57ed00ca9bcaa73c24223950324e336", kill_on_drop: false }`
[INFO] [stdout] 415bf515accdc4eb3be710fde72fa675a57ed00ca9bcaa73c24223950324e336
[INFO] running `Command { std: "docker" "create" "-v" "/var/lib/crater-agent-workspace/builds/worker-5-tc1/target:/opt/rustwide/target:rw,Z" "-v" "/var/lib/crater-agent-workspace/builds/worker-5-tc1/source:/opt/rustwide/workdir:ro,Z" "-v" "/var/lib/crater-agent-workspace/cargo-home:/opt/rustwide/cargo-home:ro,Z" "-v" "/var/lib/crater-agent-workspace/rustup-home:/opt/rustwide/rustup-home:ro,Z" "-e" "SOURCE_DIR=/opt/rustwide/workdir" "-e" "CARGO_TARGET_DIR=/opt/rustwide/target" "-e" "CARGO_INCREMENTAL=0" "-e" "RUST_BACKTRACE=full" "-e" "RUSTFLAGS=--cap-lints=warn" "-e" "RUSTDOCFLAGS=--cap-lints=warn" "-e" "CARGO_HOME=/opt/rustwide/cargo-home" "-e" "RUSTUP_HOME=/opt/rustwide/rustup-home" "-w" "/opt/rustwide/workdir" "-m" "1610612736" "--user" "0:0" "--network" "none" "ghcr.io/rust-lang/crates-build-env/linux@sha256:5ff2268d62e97bff2cde7d5815dd6ed5b47097566f13b8d0ca110b04b60e07ed" "/opt/rustwide/cargo-home/bin/cargo" "+1.69.0" "build" "--frozen" "--message-format=json", kill_on_drop: false }`
[INFO] [stdout] 9c1450e1e006499515f3ad7581041a1ad37dbf7f7c8bb19ffb8b768685c6ba9a
[INFO] running `Command { std: "docker" "start" "-a" "9c1450e1e006499515f3ad7581041a1ad37dbf7f7c8bb19ffb8b768685c6ba9a", kill_on_drop: false }`
[INFO] [stderr]    Compiling once_cell v1.17.1
[INFO] [stderr]    Compiling tokio v1.28.0
[INFO] [stderr]    Compiling openssl-sys v0.9.87
[INFO] [stderr]    Compiling futures-task v0.3.28
[INFO] [stderr]    Compiling unicase v2.6.0
[INFO] [stderr]    Compiling num-traits v0.2.15
[INFO] [stderr]    Compiling futures-util v0.3.28
[INFO] [stderr]    Compiling num-integer v0.1.45
[INFO] [stderr]    Compiling syn v2.0.15
[INFO] [stderr]    Compiling hashbrown v0.12.3
[INFO] [stderr]    Compiling num-bigint v0.4.3
[INFO] [stderr]    Compiling time-core v0.1.0
[INFO] [stderr]    Compiling ring v0.16.20
[INFO] [stderr]    Compiling tower-service v0.3.2
[INFO] [stderr]    Compiling base64 v0.13.1
[INFO] [stderr]    Compiling base64 v0.21.0
[INFO] [stderr]    Compiling time-macros v0.2.8
[INFO] [stderr]    Compiling mime v0.3.17
[INFO] [stderr]    Compiling tracing-core v0.1.30
[INFO] [stderr]    Compiling pem v1.1.1
[INFO] [stderr]    Compiling ipnet v2.7.2
[INFO] [stderr]    Compiling indexmap v1.9.3
[INFO] [stderr]    Compiling openssl v0.10.52
[INFO] [stderr]    Compiling native-tls v0.2.11
[INFO] [stderr]    Compiling tracing v0.1.37
[INFO] [stderr]    Compiling mime_guess v2.0.4
[INFO] [stderr]    Compiling time v0.3.20
[INFO] [stderr]    Compiling serde_derive v1.0.160
[INFO] [stderr]    Compiling openssl-macros v0.1.1
[INFO] [stderr]    Compiling thiserror-impl v1.0.40
[INFO] [stderr]    Compiling tokio-util v0.7.8
[INFO] [stderr]    Compiling thiserror v1.0.40
[INFO] [stderr]    Compiling simple_asn1 v0.6.2
[INFO] [stderr]    Compiling h2 v0.3.18
[INFO] [stderr]    Compiling serde v1.0.160
[INFO] [stderr]    Compiling tokio-native-tls v0.3.1
[INFO] [stderr]    Compiling hyper v0.14.26
[INFO] [stderr]    Compiling serde_json v1.0.96
[INFO] [stderr]    Compiling serde_urlencoded v0.7.1
[INFO] [stderr]    Compiling uuid v1.3.2
[INFO] [stderr]    Compiling hyper-tls v0.5.0
[INFO] [stderr]    Compiling jsonwebtoken v8.3.0
[INFO] [stderr]    Compiling reqwest v0.11.17
[INFO] [stderr]    Compiling propelauth v0.2.0 (/opt/rustwide/workdir)
[INFO] [stderr]     Finished dev [unoptimized + debuginfo] target(s) in 15.66s
[INFO] running `Command { std: "docker" "inspect" "9c1450e1e006499515f3ad7581041a1ad37dbf7f7c8bb19ffb8b768685c6ba9a", kill_on_drop: false }`
[INFO] running `Command { std: "docker" "rm" "-f" "9c1450e1e006499515f3ad7581041a1ad37dbf7f7c8bb19ffb8b768685c6ba9a", kill_on_drop: false }`
[INFO] [stdout] 9c1450e1e006499515f3ad7581041a1ad37dbf7f7c8bb19ffb8b768685c6ba9a
[INFO] running `Command { std: "docker" "create" "-v" "/var/lib/crater-agent-workspace/builds/worker-5-tc1/target:/opt/rustwide/target:rw,Z" "-v" "/var/lib/crater-agent-workspace/builds/worker-5-tc1/source:/opt/rustwide/workdir:ro,Z" "-v" "/var/lib/crater-agent-workspace/cargo-home:/opt/rustwide/cargo-home:ro,Z" "-v" "/var/lib/crater-agent-workspace/rustup-home:/opt/rustwide/rustup-home:ro,Z" "-e" "SOURCE_DIR=/opt/rustwide/workdir" "-e" "CARGO_TARGET_DIR=/opt/rustwide/target" "-e" "CARGO_INCREMENTAL=0" "-e" "RUST_BACKTRACE=full" "-e" "RUSTFLAGS=--cap-lints=warn" "-e" "RUSTDOCFLAGS=--cap-lints=warn" "-e" "CARGO_HOME=/opt/rustwide/cargo-home" "-e" "RUSTUP_HOME=/opt/rustwide/rustup-home" "-w" "/opt/rustwide/workdir" "-m" "1610612736" "--user" "0:0" "--network" "none" "ghcr.io/rust-lang/crates-build-env/linux@sha256:5ff2268d62e97bff2cde7d5815dd6ed5b47097566f13b8d0ca110b04b60e07ed" "/opt/rustwide/cargo-home/bin/cargo" "+1.69.0" "test" "--frozen" "--no-run" "--message-format=json", kill_on_drop: false }`
[INFO] [stdout] ba38fbcd781213a681a19bfc01eea6bfd4105d325d6d55461093d1779fed413b
[INFO] running `Command { std: "docker" "start" "-a" "ba38fbcd781213a681a19bfc01eea6bfd4105d325d6d55461093d1779fed413b", kill_on_drop: false }`
[INFO] [stderr]    Compiling propelauth v0.2.0 (/opt/rustwide/workdir)
[INFO] [stderr]     Finished test [unoptimized + debuginfo] target(s) in 4.73s
[INFO] running `Command { std: "docker" "inspect" "ba38fbcd781213a681a19bfc01eea6bfd4105d325d6d55461093d1779fed413b", kill_on_drop: false }`
[INFO] running `Command { std: "docker" "rm" "-f" "ba38fbcd781213a681a19bfc01eea6bfd4105d325d6d55461093d1779fed413b", kill_on_drop: false }`
[INFO] [stdout] ba38fbcd781213a681a19bfc01eea6bfd4105d325d6d55461093d1779fed413b
[INFO] running `Command { std: "docker" "create" "-v" "/var/lib/crater-agent-workspace/builds/worker-5-tc1/target:/opt/rustwide/target:rw,Z" "-v" "/var/lib/crater-agent-workspace/builds/worker-5-tc1/source:/opt/rustwide/workdir:ro,Z" "-v" "/var/lib/crater-agent-workspace/cargo-home:/opt/rustwide/cargo-home:ro,Z" "-v" "/var/lib/crater-agent-workspace/rustup-home:/opt/rustwide/rustup-home:ro,Z" "-e" "SOURCE_DIR=/opt/rustwide/workdir" "-e" "CARGO_TARGET_DIR=/opt/rustwide/target" "-e" "CARGO_INCREMENTAL=0" "-e" "RUST_BACKTRACE=full" "-e" "RUSTFLAGS=--cap-lints=warn" "-e" "RUSTDOCFLAGS=--cap-lints=warn" "-e" "CARGO_HOME=/opt/rustwide/cargo-home" "-e" "RUSTUP_HOME=/opt/rustwide/rustup-home" "-w" "/opt/rustwide/workdir" "-m" "1610612736" "--user" "0:0" "--network" "none" "ghcr.io/rust-lang/crates-build-env/linux@sha256:5ff2268d62e97bff2cde7d5815dd6ed5b47097566f13b8d0ca110b04b60e07ed" "/opt/rustwide/cargo-home/bin/cargo" "+1.69.0" "test" "--frozen", kill_on_drop: false }`
[INFO] [stdout] 09025e94447354dedc40b2d22160df0fbd29e7f0f3cd4ca7bda7f3acef173d67
[INFO] running `Command { std: "docker" "start" "-a" "09025e94447354dedc40b2d22160df0fbd29e7f0f3cd4ca7bda7f3acef173d67", kill_on_drop: false }`
[INFO] [stderr]     Finished test [unoptimized + debuginfo] target(s) in 0.14s
[INFO] [stderr]      Running unittests src/lib.rs (/opt/rustwide/target/debug/deps/propelauth-7a98b53707d553e9)
[INFO] [stdout] 
[INFO] [stdout] running 9 tests
[INFO] [stdout] test propelauth::auth::tests::bad_auth_url_is_rejected ... ok
[INFO] [stdout] test propelauth::auth::tests::auth_urls_are_canonicalized ... ok
[INFO] [stdout] test propelauth::token::tests::validation_gets_user_back ... ok
[INFO] [stdout] test propelauth::token::tests::reject_invalid_headers ... ok
[INFO] [stdout] test propelauth::token::tests::validation_gets_user_with_orgs_back ... ok
[INFO] [stdout] test propelauth::token::tests::validation_checks_orgs_correctly ... ok
[INFO] [stdout] test propelauth::token::tests::reject_invalid_issuer ... ok
[INFO] [stdout] test propelauth::token::tests::org_validation_can_throw_unauthorized ... ok
[INFO] [stdout] test propelauth::token::tests::reject_expired_tokens ... ok
[INFO] [stdout] 
[INFO] [stdout] test result: ok. 9 passed; 0 failed; 0 ignored; 0 measured; 0 filtered out; finished in 0.36s
[INFO] [stdout] 
[INFO] [stderr]    Doc-tests propelauth
[INFO] [stdout] 
[INFO] [stdout] running 11 tests
[INFO] [stdout] test src/lib.rs - (line 13) ... FAILED
[INFO] [stdout] test src/lib.rs - (line 95) ... FAILED
[INFO] [stdout] test src/lib.rs - (line 54) ... FAILED
[INFO] [stdout] test src/lib.rs - (line 118) ... FAILED
[INFO] [stdout] test src/lib.rs - (line 82) ... FAILED
[INFO] [stdout] test src/lib.rs - (line 105) ... FAILED
[INFO] [stdout] test src/lib.rs - (line 66) ... FAILED
[INFO] [stdout] test src/lib.rs - (line 142) ... FAILED
[INFO] [stdout] test src/lib.rs - (line 34) ... FAILED
[INFO] [stdout] test src/lib.rs - (line 45) ... FAILED
[INFO] [stdout] test src/lib.rs - (line 133) ... FAILED
[INFO] [stdout] 
[INFO] [stdout] failures:
[INFO] [stdout] 
[INFO] [stdout] ---- src/lib.rs - (line 13) stdout ----
[INFO] [stdout] error[E0433]: failed to resolve: use of undeclared type `PropelAuth`
[INFO] [stdout]  --> src/lib.rs:14:12
[INFO] [stdout]   |
[INFO] [stdout] 3 | let auth = PropelAuth::fetch_and_init(AuthOptions {
[INFO] [stdout]   |            ^^^^^^^^^^ use of undeclared type `PropelAuth`
[INFO] [stdout]   |
[INFO] [stdout] help: consider importing this struct
[INFO] [stdout]   |
[INFO] [stdout] 2 | use propelauth::propelauth::auth::PropelAuth;
[INFO] [stdout]   |
[INFO] [stdout] 
[INFO] [stdout] error[E0422]: cannot find struct, variant or union type `AuthOptions` in this scope
[INFO] [stdout]  --> src/lib.rs:14:39
[INFO] [stdout]   |
[INFO] [stdout] 3 | let auth = PropelAuth::fetch_and_init(AuthOptions {
[INFO] [stdout]   |                                       ^^^^^^^^^^^ not found in this scope
[INFO] [stdout]   |
[INFO] [stdout] help: consider importing this struct
[INFO] [stdout]   |
[INFO] [stdout] 2 | use propelauth::propelauth::options::AuthOptions;
[INFO] [stdout]   |
[INFO] [stdout] 
[INFO] [stdout] error[E0728]: `await` is only allowed inside `async` functions and blocks
[INFO] [stdout]  --> src/lib.rs:17:3
[INFO] [stdout]   |
[INFO] [stdout] 2 | fn main() { #[allow(non_snake_case)] fn _doctest_main_src_lib_rs_13_0() {
[INFO] [stdout]   |                                         ----------------------------- this is not `async`
[INFO] [stdout] ...
[INFO] [stdout] 6 | }).await.expect("Unable to initialize authentication");
[INFO] [stdout]   |   ^^^^^^ only allowed inside `async` functions and blocks
[INFO] [stdout] 
[INFO] [stdout] error: aborting due to 3 previous errors
[INFO] [stdout] 
[INFO] [stdout] Some errors have detailed explanations: E0422, E0433, E0728.
[INFO] [stdout] For more information about an error, try `rustc --explain E0422`.
[INFO] [stdout] Couldn't compile the test.
[INFO] [stdout] ---- src/lib.rs - (line 95) stdout ----
[INFO] [stdout] error: cannot find attribute `get` in this scope
[INFO] [stdout]  --> src/lib.rs:97:3
[INFO] [stdout]   |
[INFO] [stdout] 4 | #[get("/whoami")]
[INFO] [stdout]   |   ^^^
[INFO] [stdout] 
[INFO] [stdout] error[E0412]: cannot find type `User` in this scope
[INFO] [stdout]  --> src/lib.rs:98:23
[INFO] [stdout]   |
[INFO] [stdout] 5 | async fn whoami(user: User) -> impl Responder {
[INFO] [stdout]   |                       ^^^^ not found in this scope
[INFO] [stdout]   |
[INFO] [stdout] help: consider importing this struct
[INFO] [stdout]   |
[INFO] [stdout] 3 | use propelauth::propelauth::token_models::User;
[INFO] [stdout]   |
[INFO] [stdout] 
[INFO] [stdout] error[E0405]: cannot find trait `Responder` in this scope
[INFO] [stdout]  --> src/lib.rs:98:37
[INFO] [stdout]   |
[INFO] [stdout] 5 | async fn whoami(user: User) -> impl Responder {
[INFO] [stdout]   |                                     ^^^^^^^^^ not found in this scope
[INFO] [stdout] 
[INFO] [stdout] error[E0433]: failed to resolve: use of undeclared type `HttpResponse`
[INFO] [stdout]  --> src/lib.rs:99:5
[INFO] [stdout]   |
[INFO] [stdout] 6 |     HttpResponse::Ok().json(user)
[INFO] [stdout]   |     ^^^^^^^^^^^^ use of undeclared type `HttpResponse`
[INFO] [stdout] 
[INFO] [stdout] error: aborting due to 4 previous errors
[INFO] [stdout] 
[INFO] [stdout] Some errors have detailed explanations: E0405, E0412, E0433.
[INFO] [stdout] For more information about an error, try `rustc --explain E0405`.
[INFO] [stdout] Couldn't compile the test.
[INFO] [stdout] ---- src/lib.rs - (line 54) stdout ----
[INFO] [stdout] error[E0412]: cannot find type `User` in this scope
[INFO] [stdout]  --> src/lib.rs:56:27
[INFO] [stdout]   |
[INFO] [stdout] 4 | async fn org_whoami(user: User,
[INFO] [stdout]   |                           ^^^^ not found in this scope
[INFO] [stdout]   |
[INFO] [stdout] help: consider importing this struct
[INFO] [stdout]   |
[INFO] [stdout] 3 | use propelauth::propelauth::token_models::User;
[INFO] [stdout]   |
[INFO] [stdout] 
[INFO] [stdout] error[E0531]: cannot find tuple struct or tuple variant `Path` in this scope
[INFO] [stdout]  --> src/lib.rs:57:21
[INFO] [stdout]   |
[INFO] [stdout] 5 |                     Path(org_name): Path<String>) -> Result<String, UnauthorizedOrForbiddenError> {
[INFO] [stdout]   |                     ^^^^ not found in this scope
[INFO] [stdout] 
[INFO] [stdout] error[E0412]: cannot find type `Path` in this scope
[INFO] [stdout]  --> src/lib.rs:57:37
[INFO] [stdout]   |
[INFO] [stdout] 5 |                     Path(org_name): Path<String>) -> Result<String, UnauthorizedOrForbiddenError> {
[INFO] [stdout]   |                                     ^^^^ not found in this scope
[INFO] [stdout]   |
[INFO] [stdout] help: consider importing this struct
[INFO] [stdout]   |
[INFO] [stdout] 3 | use std::path::Path;
[INFO] [stdout]   |
[INFO] [stdout] 
[INFO] [stdout] error[E0412]: cannot find type `UnauthorizedOrForbiddenError` in this scope
[INFO] [stdout]  --> src/lib.rs:57:69
[INFO] [stdout]   |
[INFO] [stdout] 5 |                     Path(org_name): Path<String>) -> Result<String, UnauthorizedOrForbiddenError> {
[INFO] [stdout]   |                                                                     ^^^^^^^^^^^^^^^^^^^^^^^^^^^^ not found in this scope
[INFO] [stdout]   |
[INFO] [stdout] help: consider importing this enum
[INFO] [stdout]   |
[INFO] [stdout] 3 | use propelauth::propelauth::errors::UnauthorizedOrForbiddenError;
[INFO] [stdout]   |
[INFO] [stdout] 
[INFO] [stdout] error[E0433]: failed to resolve: use of undeclared type `RequiredOrg`
[INFO] [stdout]  --> src/lib.rs:58:44
[INFO] [stdout]   |
[INFO] [stdout] 6 |     let org = user.validate_org_membership(RequiredOrg::OrgName(&org_name),
[INFO] [stdout]   |                                            ^^^^^^^^^^^ use of undeclared type `RequiredOrg`
[INFO] [stdout]   |
[INFO] [stdout] help: consider importing this enum
[INFO] [stdout]   |
[INFO] [stdout] 3 | use propelauth::propelauth::options::RequiredOrg;
[INFO] [stdout]   |
[INFO] [stdout] 
[INFO] [stdout] error[E0433]: failed to resolve: use of undeclared type `UserRequirementsInOrg`
[INFO] [stdout]  --> src/lib.rs:59:44
[INFO] [stdout]   |
[INFO] [stdout] 7 | ...                   UserRequirementsInOrg::IsRole("Admin"))?;
[INFO] [stdout]   |                       ^^^^^^^^^^^^^^^^^^^^^ use of undeclared type `UserRequirementsInOrg`
[INFO] [stdout]   |
[INFO] [stdout] help: consider importing this enum
[INFO] [stdout]   |
[INFO] [stdout] 3 | use propelauth::propelauth::options::UserRequirementsInOrg;
[INFO] [stdout]   |
[INFO] [stdout] 
[INFO] [stdout] error: aborting due to 6 previous errors
[INFO] [stdout] 
[INFO] [stdout] Some errors have detailed explanations: E0412, E0433, E0531.
[INFO] [stdout] For more information about an error, try `rustc --explain E0412`.
[INFO] [stdout] Couldn't compile the test.
[INFO] [stdout] ---- src/lib.rs - (line 118) stdout ----
[INFO] [stdout] error: cannot find attribute `post` in this scope
[INFO] [stdout]  --> src/lib.rs:119:3
[INFO] [stdout]   |
[INFO] [stdout] 3 | #[post("/magic_link")]
[INFO] [stdout]   |   ^^^^
[INFO] [stdout] 
[INFO] [stdout] error[E0433]: failed to resolve: use of undeclared crate or module `web`
[INFO] [stdout]  --> src/lib.rs:120:25
[INFO] [stdout]   |
[INFO] [stdout] 4 | async fn make_req(auth: web::Data<PropelAuth>) -> impl Responder {
[INFO] [stdout]   |                         ^^^ use of undeclared crate or module `web`
[INFO] [stdout] 
[INFO] [stdout] error[E0412]: cannot find type `PropelAuth` in this scope
[INFO] [stdout]  --> src/lib.rs:120:35
[INFO] [stdout]   |
[INFO] [stdout] 4 | async fn make_req(auth: web::Data<PropelAuth>) -> impl Responder {
[INFO] [stdout]   |                                   ^^^^^^^^^^ not found in this scope
[INFO] [stdout]   |
[INFO] [stdout] help: consider importing this struct
[INFO] [stdout]   |
[INFO] [stdout] 2 | use propelauth::propelauth::auth::PropelAuth;
[INFO] [stdout]   |
[INFO] [stdout] 
[INFO] [stdout] error[E0405]: cannot find trait `Responder` in this scope
[INFO] [stdout]  --> src/lib.rs:120:56
[INFO] [stdout]   |
[INFO] [stdout] 4 | async fn make_req(auth: web::Data<PropelAuth>) -> impl Responder {
[INFO] [stdout]   |                                                        ^^^^^^^^^ not found in this scope
[INFO] [stdout] 
[INFO] [stdout] error[E0422]: cannot find struct, variant or union type `CreateMagicLinkRequest` in this scope
[INFO] [stdout]  --> src/lib.rs:121:52
[INFO] [stdout]   |
[INFO] [stdout] 5 |     let magic_link = auth.user().create_magic_link(CreateMagicLinkRequest {
[INFO] [stdout]   |                                                    ^^^^^^^^^^^^^^^^^^^^^^ not found in this scope
[INFO] [stdout]   |
[INFO] [stdout] help: consider importing this struct
[INFO] [stdout]   |
[INFO] [stdout] 2 | use propelauth::models::CreateMagicLinkRequest;
[INFO] [stdout]   |
[INFO] [stdout] 
[INFO] [stdout] error[E0433]: failed to resolve: use of undeclared type `HttpResponse`
[INFO] [stdout]  --> src/lib.rs:125:5
[INFO] [stdout]   |
[INFO] [stdout] 9 |     HttpResponse::Ok().json(magic_link)
[INFO] [stdout]   |     ^^^^^^^^^^^^ use of undeclared type `HttpResponse`
[INFO] [stdout] 
[INFO] [stdout] error: aborting due to 6 previous errors
[INFO] [stdout] 
[INFO] [stdout] Some errors have detailed explanations: E0405, E0412, E0422, E0433.
[INFO] [stdout] For more information about an error, try `rustc --explain E0405`.
[INFO] [stdout] Couldn't compile the test.
[INFO] [stdout] ---- src/lib.rs - (line 82) stdout ----
[INFO] [stdout] error: expected `;`, found `HttpServer`
[INFO] [stdout]  --> src/lib.rs:83:47
[INFO] [stdout]   |
[INFO] [stdout] 3 | let auth = PropelAuth::fetch_and_init(/*...*/)
[INFO] [stdout]   |                                               ^ help: add `;` here
[INFO] [stdout] 4 | //...
[INFO] [stdout] 5 | HttpServer::new(move || {
[INFO] [stdout]   | ---------- unexpected token
[INFO] [stdout] 
[INFO] [stdout] error[E0433]: failed to resolve: use of undeclared crate or module `web`
[INFO] [stdout]  --> src/lib.rs:89:19
[INFO] [stdout]   |
[INFO] [stdout] 9 |         .app_data(web::Data::new(auth.clone())) // <-- here
[INFO] [stdout]   |                   ^^^ use of undeclared crate or module `web`
[INFO] [stdout]   |
[INFO] [stdout] help: there is an enum variant `serde_json::error::Category::Data`; try using the variant's enum
[INFO] [stdout]   |
[INFO] [stdout] 9 |         .app_data(serde_json::error::Category(auth.clone())) // <-- here
[INFO] [stdout]   |                   ~~~~~~~~~~~~~~~~~~~~~~~~~~~
[INFO] [stdout] 
[INFO] [stdout] error[E0433]: failed to resolve: use of undeclared type `PropelAuth`
[INFO] [stdout]  --> src/lib.rs:83:12
[INFO] [stdout]   |
[INFO] [stdout] 3 | let auth = PropelAuth::fetch_and_init(/*...*/)
[INFO] [stdout]   |            ^^^^^^^^^^ use of undeclared type `PropelAuth`
[INFO] [stdout]   |
[INFO] [stdout] help: consider importing this struct
[INFO] [stdout]   |
[INFO] [stdout] 2 | use propelauth::propelauth::auth::PropelAuth;
[INFO] [stdout]   |
[INFO] [stdout] 
[INFO] [stdout] error[E0425]: cannot find value `whoami` in this scope
[INFO] [stdout]  --> src/lib.rs:87:18
[INFO] [stdout]   |
[INFO] [stdout] 7 |         .service(whoami)
[INFO] [stdout]   |                  ^^^^^^ not found in this scope
[INFO] [stdout] 
[INFO] [stdout] error[E0425]: cannot find value `org_whoami` in this scope
[INFO] [stdout]  --> src/lib.rs:88:18
[INFO] [stdout]   |
[INFO] [stdout] 8 |         .service(org_whoami)
[INFO] [stdout]   |                  ^^^^^^^^^^ not found in this scope
[INFO] [stdout] 
[INFO] [stdout] error[E0433]: failed to resolve: use of undeclared type `HttpServer`
[INFO] [stdout]  --> src/lib.rs:85:1
[INFO] [stdout]   |
[INFO] [stdout] 5 | HttpServer::new(move || {
[INFO] [stdout]   | ^^^^^^^^^^ use of undeclared type `HttpServer`
[INFO] [stdout] 
[INFO] [stdout] error[E0433]: failed to resolve: use of undeclared type `App`
[INFO] [stdout]  --> src/lib.rs:86:5
[INFO] [stdout]   |
[INFO] [stdout] 6 |     App::new()
[INFO] [stdout]   |     ^^^ use of undeclared type `App`
[INFO] [stdout] 
[INFO] [stdout] error: aborting due to 7 previous errors
[INFO] [stdout] 
[INFO] [stdout] Some errors have detailed explanations: E0425, E0433.
[INFO] [stdout] For more information about an error, try `rustc --explain E0425`.
[INFO] [stdout] Couldn't compile the test.
[INFO] [stdout] ---- src/lib.rs - (line 105) stdout ----
[INFO] [stdout] error: cannot find attribute `get` in this scope
[INFO] [stdout]  --> src/lib.rs:107:3
[INFO] [stdout]   |
[INFO] [stdout] 4 | #[get("/org/{org_name}/whoami")]
[INFO] [stdout]   |   ^^^
[INFO] [stdout] 
[INFO] [stdout] error[E0433]: failed to resolve: use of undeclared crate or module `web`
[INFO] [stdout]  --> src/lib.rs:108:39
[INFO] [stdout]   |
[INFO] [stdout] 5 | async fn whoami(user: User, org_name: web::Path<String>) -> Result<impl Responder, UnauthorizedOrForbiddenError> {
[INFO] [stdout]   |                                       ^^^ use of undeclared crate or module `web`
[INFO] [stdout] 
[INFO] [stdout] error[E0412]: cannot find type `User` in this scope
[INFO] [stdout]  --> src/lib.rs:108:23
[INFO] [stdout]   |
[INFO] [stdout] 5 | async fn whoami(user: User, org_name: web::Path<String>) -> Result<impl Responder, UnauthorizedOrForbiddenError> {
[INFO] [stdout]   |                       ^^^^ not found in this scope
[INFO] [stdout]   |
[INFO] [stdout] help: consider importing this struct
[INFO] [stdout]   |
[INFO] [stdout] 3 | use propelauth::propelauth::token_models::User;
[INFO] [stdout]   |
[INFO] [stdout] 
[INFO] [stdout] error[E0405]: cannot find trait `Responder` in this scope
[INFO] [stdout]  --> src/lib.rs:108:73
[INFO] [stdout]   |
[INFO] [stdout] 5 | async fn whoami(user: User, org_name: web::Path<String>) -> Result<impl Responder, UnauthorizedOrForbiddenError> {
[INFO] [stdout]   |                                                                         ^^^^^^^^^ not found in this scope
[INFO] [stdout] 
[INFO] [stdout] error[E0412]: cannot find type `UnauthorizedOrForbiddenError` in this scope
[INFO] [stdout]  --> src/lib.rs:108:84
[INFO] [stdout]   |
[INFO] [stdout] 5 | async fn whoami(user: User, org_name: web::Path<String>) -> Result<impl Responder, UnauthorizedOrForbiddenError> {
[INFO] [stdout]   |                                                                                    ^^^^^^^^^^^^^^^^^^^^^^^^^^^^ not found in this scope
[INFO] [stdout]   |
[INFO] [stdout] help: consider importing this enum
[INFO] [stdout]   |
[INFO] [stdout] 3 | use propelauth::propelauth::errors::UnauthorizedOrForbiddenError;
[INFO] [stdout]   |
[INFO] [stdout] 
[INFO] [stdout] error[E0433]: failed to resolve: use of undeclared type `RequiredOrg`
[INFO] [stdout]  --> src/lib.rs:109:43
[INFO] [stdout]   |
[INFO] [stdout] 6 |    let org = user.validate_org_membership(RequiredOrg::OrgName(&org_name.into_inner()),
[INFO] [stdout]   |                                           ^^^^^^^^^^^ use of undeclared type `RequiredOrg`
[INFO] [stdout]   |
[INFO] [stdout] help: consider importing this enum
[INFO] [stdout]   |
[INFO] [stdout] 3 | use propelauth::propelauth::options::RequiredOrg;
[INFO] [stdout]   |
[INFO] [stdout] 
[INFO] [stdout] error[E0433]: failed to resolve: use of undeclared type `UserRequirementsInOrg`
[INFO] [stdout]  --> src/lib.rs:110:43
[INFO] [stdout]   |
[INFO] [stdout] 7 | ...                   UserRequirementsInOrg::IsRole("Admin"))?;
[INFO] [stdout]   |                       ^^^^^^^^^^^^^^^^^^^^^ use of undeclared type `UserRequirementsInOrg`
[INFO] [stdout]   |
[INFO] [stdout] help: consider importing this enum
[INFO] [stdout]   |
[INFO] [stdout] 3 | use propelauth::propelauth::options::UserRequirementsInOrg;
[INFO] [stdout]   |
[INFO] [stdout] 
[INFO] [stdout] error[E0433]: failed to resolve: use of undeclared type `HttpResponse`
[INFO] [stdout]  --> src/lib.rs:111:7
[INFO] [stdout]   |
[INFO] [stdout] 8 |    Ok(HttpResponse::Ok()
[INFO] [stdout]   |       ^^^^^^^^^^^^ use of undeclared type `HttpResponse`
[INFO] [stdout] 
[INFO] [stdout] error: aborting due to 8 previous errors
[INFO] [stdout] 
[INFO] [stdout] Some errors have detailed explanations: E0405, E0412, E0433.
[INFO] [stdout] For more information about an error, try `rustc --explain E0405`.
[INFO] [stdout] Couldn't compile the test.
[INFO] [stdout] ---- src/lib.rs - (line 66) stdout ----
[INFO] [stdout] error[E0531]: cannot find tuple struct or tuple variant `Extension` in this scope
[INFO] [stdout]  --> src/lib.rs:68:19
[INFO] [stdout]   |
[INFO] [stdout] 4 | async fn make_req(Extension(auth): Extension<Arc<PropelAuth>>) -> String {
[INFO] [stdout]   |                   ^^^^^^^^^ not found in this scope
[INFO] [stdout] 
[INFO] [stdout] error[E0412]: cannot find type `Extension` in this scope
[INFO] [stdout]  --> src/lib.rs:68:36
[INFO] [stdout]   |
[INFO] [stdout] 4 | async fn make_req(Extension(auth): Extension<Arc<PropelAuth>>) -> String {
[INFO] [stdout]   |                                    ^^^^^^^^^ not found in this scope
[INFO] [stdout] 
[INFO] [stdout] error[E0412]: cannot find type `Arc` in this scope
[INFO] [stdout]  --> src/lib.rs:68:46
[INFO] [stdout]   |
[INFO] [stdout] 4 | async fn make_req(Extension(auth): Extension<Arc<PropelAuth>>) -> String {
[INFO] [stdout]   |                                              ^^^ not found in this scope
[INFO] [stdout]   |
[INFO] [stdout] help: consider importing this struct
[INFO] [stdout]   |
[INFO] [stdout] 3 | use std::sync::Arc;
[INFO] [stdout]   |
[INFO] [stdout] 
[INFO] [stdout] error[E0412]: cannot find type `PropelAuth` in this scope
[INFO] [stdout]  --> src/lib.rs:68:50
[INFO] [stdout]   |
[INFO] [stdout] 4 | async fn make_req(Extension(auth): Extension<Arc<PropelAuth>>) -> String {
[INFO] [stdout]   |                                                  ^^^^^^^^^^ not found in this scope
[INFO] [stdout]   |
[INFO] [stdout] help: consider importing this struct
[INFO] [stdout]   |
[INFO] [stdout] 3 | use propelauth::propelauth::auth::PropelAuth;
[INFO] [stdout]   |
[INFO] [stdout] 
[INFO] [stdout] error[E0422]: cannot find struct, variant or union type `CreateMagicLinkRequest` in this scope
[INFO] [stdout]  --> src/lib.rs:69:52
[INFO] [stdout]   |
[INFO] [stdout] 5 |     let magic_link = auth.user().create_magic_link(CreateMagicLinkRequest {
[INFO] [stdout]   |                                                    ^^^^^^^^^^^^^^^^^^^^^^ not found in this scope
[INFO] [stdout]   |
[INFO] [stdout] help: consider importing this struct
[INFO] [stdout]   |
[INFO] [stdout] 3 | use propelauth::models::CreateMagicLinkRequest;
[INFO] [stdout]   |
[INFO] [stdout] 
[INFO] [stdout] error: aborting due to 5 previous errors
[INFO] [stdout] 
[INFO] [stdout] Some errors have detailed explanations: E0412, E0422, E0531.
[INFO] [stdout] For more information about an error, try `rustc --explain E0412`.
[INFO] [stdout] Couldn't compile the test.
[INFO] [stdout] ---- src/lib.rs - (line 142) stdout ----
[INFO] [stdout] error[E0425]: cannot find value `auth` in this scope
[INFO] [stdout]  --> src/lib.rs:143:11
[INFO] [stdout]   |
[INFO] [stdout] 3 | let org = auth.validate_org_membership(
[INFO] [stdout]   |           ^^^^ not found in this scope
[INFO] [stdout] 
[INFO] [stdout] error[E0425]: cannot find value `authorization_header` in this scope
[INFO] [stdout]  --> src/lib.rs:144:6
[INFO] [stdout]   |
[INFO] [stdout] 4 |     &authorization_header,
[INFO] [stdout]   |      ^^^^^^^^^^^^^^^^^^^^ not found in this scope
[INFO] [stdout] 
[INFO] [stdout] error[E0433]: failed to resolve: use of undeclared type `RequiredOrg`
[INFO] [stdout]  --> src/lib.rs:145:5
[INFO] [stdout]   |
[INFO] [stdout] 5 |     RequiredOrg::OrgName("acme"),
[INFO] [stdout]   |     ^^^^^^^^^^^ use of undeclared type `RequiredOrg`
[INFO] [stdout]   |
[INFO] [stdout] help: consider importing this enum
[INFO] [stdout]   |
[INFO] [stdout] 2 | use propelauth::propelauth::options::RequiredOrg;
[INFO] [stdout]   |
[INFO] [stdout] 
[INFO] [stdout] error[E0433]: failed to resolve: use of undeclared type `UserRequirementsInOrg`
[INFO] [stdout]  --> src/lib.rs:146:5
[INFO] [stdout]   |
[INFO] [stdout] 6 |     UserRequirementsInOrg::IsRole("Admin")
[INFO] [stdout]   |     ^^^^^^^^^^^^^^^^^^^^^ use of undeclared type `UserRequirementsInOrg`
[INFO] [stdout]   |
[INFO] [stdout] help: consider importing this enum
[INFO] [stdout]   |
[INFO] [stdout] 2 | use propelauth::propelauth::options::UserRequirementsInOrg;
[INFO] [stdout]   |
[INFO] [stdout] 
[INFO] [stdout] error[E0425]: cannot find value `user` in this scope
[INFO] [stdout]   --> src/lib.rs:150:11
[INFO] [stdout]    |
[INFO] [stdout] 10 | let org = user.validate_org_membership(
[INFO] [stdout]    |           ^^^^ not found in this scope
[INFO] [stdout] 
[INFO] [stdout] error[E0433]: failed to resolve: use of undeclared type `RequiredOrg`
[INFO] [stdout]   --> src/lib.rs:151:5
[INFO] [stdout]    |
[INFO] [stdout] 11 |     RequiredOrg::OrgName("acme"),
[INFO] [stdout]    |     ^^^^^^^^^^^ use of undeclared type `RequiredOrg`
[INFO] [stdout]    |
[INFO] [stdout] help: consider importing this enum
[INFO] [stdout]    |
[INFO] [stdout] 2  | use propelauth::propelauth::options::RequiredOrg;
[INFO] [stdout]    |
[INFO] [stdout] 
[INFO] [stdout] error[E0433]: failed to resolve: use of undeclared type `UserRequirementsInOrg`
[INFO] [stdout]   --> src/lib.rs:152:5
[INFO] [stdout]    |
[INFO] [stdout] 12 |     UserRequirementsInOrg::IsRole("Admin")
[INFO] [stdout]    |     ^^^^^^^^^^^^^^^^^^^^^ use of undeclared type `UserRequirementsInOrg`
[INFO] [stdout]    |
[INFO] [stdout] help: consider importing this enum
[INFO] [stdout]    |
[INFO] [stdout] 2  | use propelauth::propelauth::options::UserRequirementsInOrg;
[INFO] [stdout]    |
[INFO] [stdout] 
[INFO] [stdout] error: aborting due to 7 previous errors
[INFO] [stdout] 
[INFO] [stdout] Some errors have detailed explanations: E0425, E0433.
[INFO] [stdout] For more information about an error, try `rustc --explain E0425`.
[INFO] [stdout] Couldn't compile the test.
[INFO] [stdout] ---- src/lib.rs - (line 34) stdout ----
[INFO] [stdout] error[E0425]: cannot find value `auth` in this scope
[INFO] [stdout]  --> src/lib.rs:35:39
[INFO] [stdout]   |
[INFO] [stdout] 3 | let auth_layer = PropelAuthLayer::new(auth);
[INFO] [stdout]   |                                       ^^^^ not found in this scope
[INFO] [stdout] 
[INFO] [stdout] error[E0425]: cannot find function `get` in this scope
[INFO] [stdout]  --> src/lib.rs:38:23
[INFO] [stdout]   |
[INFO] [stdout] 6 |     .route("/whoami", get(whoami))
[INFO] [stdout]   |                       ^^^ not found in this scope
[INFO] [stdout]   |
[INFO] [stdout] help: consider importing this function
[INFO] [stdout]   |
[INFO] [stdout] 2 | use reqwest::get;
[INFO] [stdout]   |
[INFO] [stdout] 
[INFO] [stdout] error[E0425]: cannot find value `whoami` in this scope
[INFO] [stdout]  --> src/lib.rs:38:27
[INFO] [stdout]   |
[INFO] [stdout] 6 |     .route("/whoami", get(whoami))
[INFO] [stdout]   |                           ^^^^^^ not found in this scope
[INFO] [stdout] 
[INFO] [stdout] error[E0425]: cannot find function `get` in this scope
[INFO] [stdout]  --> src/lib.rs:39:37
[INFO] [stdout]   |
[INFO] [stdout] 7 |     .route("/org/:org_name/whoami", get(org_whoami))
[INFO] [stdout]   |                                     ^^^ not found in this scope
[INFO] [stdout]   |
[INFO] [stdout] help: consider importing this function
[INFO] [stdout]   |
[INFO] [stdout] 2 | use reqwest::get;
[INFO] [stdout]   |
[INFO] [stdout] 
[INFO] [stdout] error[E0425]: cannot find value `org_whoami` in this scope
[INFO] [stdout]  --> src/lib.rs:39:41
[INFO] [stdout]   |
[INFO] [stdout] 7 |     .route("/org/:org_name/whoami", get(org_whoami))
[INFO] [stdout]   |                                         ^^^^^^^^^^ not found in this scope
[INFO] [stdout] 
[INFO] [stdout] error[E0425]: cannot find value `layer` in this scope
[INFO] [stdout]  --> src/lib.rs:40:12
[INFO] [stdout]   |
[INFO] [stdout] 8 |     .layer(layer); // <-- here
[INFO] [stdout]   |            ^^^^^ not found in this scope
[INFO] [stdout] 
[INFO] [stdout] error[E0433]: failed to resolve: use of undeclared type `PropelAuthLayer`
[INFO] [stdout]  --> src/lib.rs:35:18
[INFO] [stdout]   |
[INFO] [stdout] 3 | let auth_layer = PropelAuthLayer::new(auth);
[INFO] [stdout]   |                  ^^^^^^^^^^^^^^^ use of undeclared type `PropelAuthLayer`
[INFO] [stdout] 
[INFO] [stdout] error[E0433]: failed to resolve: use of undeclared type `Router`
[INFO] [stdout]  --> src/lib.rs:37:11
[INFO] [stdout]   |
[INFO] [stdout] 5 | let app = Router::new()
[INFO] [stdout]   |           ^^^^^^ use of undeclared type `Router`
[INFO] [stdout] 
[INFO] [stdout] error: aborting due to 8 previous errors
[INFO] [stdout] 
[INFO] [stdout] Some errors have detailed explanations: E0425, E0433.
[INFO] [stdout] For more information about an error, try `rustc --explain E0425`.
[INFO] [stdout] Couldn't compile the test.
[INFO] [stdout] ---- src/lib.rs - (line 45) stdout ----
[INFO] [stdout] error[E0412]: cannot find type `User` in this scope
[INFO] [stdout]  --> src/lib.rs:47:23
[INFO] [stdout]   |
[INFO] [stdout] 4 | async fn whoami(user: User) -> String {
[INFO] [stdout]   |                       ^^^^ not found in this scope
[INFO] [stdout]   |
[INFO] [stdout] help: consider importing this struct
[INFO] [stdout]   |
[INFO] [stdout] 3 | use propelauth::propelauth::token_models::User;
[INFO] [stdout]   |
[INFO] [stdout] 
[INFO] [stdout] error: aborting due to previous error
[INFO] [stdout] 
[INFO] [stdout] For more information about this error, try `rustc --explain E0412`.
[INFO] [stdout] Couldn't compile the test.
[INFO] [stdout] ---- src/lib.rs - (line 133) stdout ----
[INFO] [stdout] error[E0425]: cannot find value `auth` in this scope
[INFO] [stdout]  --> src/lib.rs:134:14
[INFO] [stdout]   |
[INFO] [stdout] 3 | let result = auth.verify().validate_authorization_header(&authorization_header);
[INFO] [stdout]   |              ^^^^ not found in this scope
[INFO] [stdout] 
[INFO] [stdout] error[E0425]: cannot find value `authorization_header` in this scope
[INFO] [stdout]  --> src/lib.rs:134:59
[INFO] [stdout]   |
[INFO] [stdout] 3 | let result = auth.verify().validate_authorization_header(&authorization_header);
[INFO] [stdout]   |                                                           ^^^^^^^^^^^^^^^^^^^^ not found in this scope
[INFO] [stdout] 
[INFO] [stdout] error: aborting due to 2 previous errors
[INFO] [stdout] 
[INFO] [stdout] For more information about this error, try `rustc --explain E0425`.
[INFO] [stdout] Couldn't compile the test.
[INFO] [stdout] 
[INFO] [stdout] failures:
[INFO] [stdout]     src/lib.rs - (line 105)
[INFO] [stdout]     src/lib.rs - (line 118)
[INFO] [stdout]     src/lib.rs - (line 13)
[INFO] [stdout]     src/lib.rs - (line 133)
[INFO] [stdout]     src/lib.rs - (line 142)
[INFO] [stdout]     src/lib.rs - (line 34)
[INFO] [stdout]     src/lib.rs - (line 45)
[INFO] [stdout]     src/lib.rs - (line 54)
[INFO] [stdout]     src/lib.rs - (line 66)
[INFO] [stdout]     src/lib.rs - (line 82)
[INFO] [stdout]     src/lib.rs - (line 95)
[INFO] [stdout] 
[INFO] [stdout] test result: FAILED. 0 passed; 11 failed; 0 ignored; 0 measured; 0 filtered out; finished in 0.20s
[INFO] [stdout] 
[INFO] [stderr] error: doctest failed, to rerun pass `--doc`
[INFO] running `Command { std: "docker" "inspect" "09025e94447354dedc40b2d22160df0fbd29e7f0f3cd4ca7bda7f3acef173d67", kill_on_drop: false }`
[INFO] running `Command { std: "docker" "rm" "-f" "09025e94447354dedc40b2d22160df0fbd29e7f0f3cd4ca7bda7f3acef173d67", kill_on_drop: false }`
[INFO] [stdout] 09025e94447354dedc40b2d22160df0fbd29e7f0f3cd4ca7bda7f3acef173d67
