[INFO] fetching crate prom-timer-macro 0.1.1...
[INFO] testing prom-timer-macro-0.1.1 against 1.69.0 for beta-1.70-1
[INFO] extracting crate prom-timer-macro 0.1.1 into /workspace/builds/worker-5-tc1/source
[INFO] validating manifest of crates.io crate prom-timer-macro 0.1.1 on toolchain 1.69.0
[INFO] running `Command { std: CARGO_HOME="/workspace/cargo-home" RUSTUP_HOME="/workspace/rustup-home" "/workspace/cargo-home/bin/cargo" "+1.69.0" "metadata" "--manifest-path" "Cargo.toml" "--no-deps", kill_on_drop: false }`
[INFO] started tweaking crates.io crate prom-timer-macro 0.1.1
[INFO] finished tweaking crates.io crate prom-timer-macro 0.1.1
[INFO] tweaked toml for crates.io crate prom-timer-macro 0.1.1 written to /workspace/builds/worker-5-tc1/source/Cargo.toml
[INFO] running `Command { std: CARGO_HOME="/workspace/cargo-home" RUSTUP_HOME="/workspace/rustup-home" __CARGO_TEST_CHANNEL_OVERRIDE_DO_NOT_USE_THIS="nightly" "/workspace/cargo-home/bin/cargo" "+1.69.0" "generate-lockfile" "--manifest-path" "Cargo.toml" "-Zno-index-update", kill_on_drop: false }`
[INFO] running `Command { std: CARGO_HOME="/workspace/cargo-home" RUSTUP_HOME="/workspace/rustup-home" "/workspace/cargo-home/bin/cargo" "+1.69.0" "fetch" "--manifest-path" "Cargo.toml", kill_on_drop: false }`
[INFO] [stderr]  Downloading crates ...
[INFO] [stderr]   Downloaded prom-timer v0.1.1
[INFO] running `Command { std: "docker" "create" "-v" "/var/lib/crater-agent-workspace/builds/worker-5-tc1/target:/opt/rustwide/target:rw,Z" "-v" "/var/lib/crater-agent-workspace/builds/worker-5-tc1/source:/opt/rustwide/workdir:ro,Z" "-v" "/var/lib/crater-agent-workspace/cargo-home:/opt/rustwide/cargo-home:ro,Z" "-v" "/var/lib/crater-agent-workspace/rustup-home:/opt/rustwide/rustup-home:ro,Z" "-e" "SOURCE_DIR=/opt/rustwide/workdir" "-e" "CARGO_TARGET_DIR=/opt/rustwide/target" "-e" "CARGO_HOME=/opt/rustwide/cargo-home" "-e" "RUSTUP_HOME=/opt/rustwide/rustup-home" "-w" "/opt/rustwide/workdir" "-m" "1610612736" "--user" "0:0" "--network" "none" "ghcr.io/rust-lang/crates-build-env/linux@sha256:5ff2268d62e97bff2cde7d5815dd6ed5b47097566f13b8d0ca110b04b60e07ed" "/opt/rustwide/cargo-home/bin/cargo" "+1.69.0" "metadata" "--no-deps" "--format-version=1", kill_on_drop: false }`
[INFO] [stdout] 775c5e52b8297d319e0a2804956bfe13606d8718e52a4c1d70045d845f8ed2f0
[INFO] running `Command { std: "docker" "start" "-a" "775c5e52b8297d319e0a2804956bfe13606d8718e52a4c1d70045d845f8ed2f0", kill_on_drop: false }`
[INFO] running `Command { std: "docker" "inspect" "775c5e52b8297d319e0a2804956bfe13606d8718e52a4c1d70045d845f8ed2f0", kill_on_drop: false }`
[INFO] running `Command { std: "docker" "rm" "-f" "775c5e52b8297d319e0a2804956bfe13606d8718e52a4c1d70045d845f8ed2f0", kill_on_drop: false }`
[INFO] [stdout] 775c5e52b8297d319e0a2804956bfe13606d8718e52a4c1d70045d845f8ed2f0
[INFO] running `Command { std: "docker" "create" "-v" "/var/lib/crater-agent-workspace/builds/worker-5-tc1/target:/opt/rustwide/target:rw,Z" "-v" "/var/lib/crater-agent-workspace/builds/worker-5-tc1/source:/opt/rustwide/workdir:ro,Z" "-v" "/var/lib/crater-agent-workspace/cargo-home:/opt/rustwide/cargo-home:ro,Z" "-v" "/var/lib/crater-agent-workspace/rustup-home:/opt/rustwide/rustup-home:ro,Z" "-e" "SOURCE_DIR=/opt/rustwide/workdir" "-e" "CARGO_TARGET_DIR=/opt/rustwide/target" "-e" "CARGO_INCREMENTAL=0" "-e" "RUST_BACKTRACE=full" "-e" "RUSTFLAGS=--cap-lints=warn" "-e" "RUSTDOCFLAGS=--cap-lints=warn" "-e" "CARGO_HOME=/opt/rustwide/cargo-home" "-e" "RUSTUP_HOME=/opt/rustwide/rustup-home" "-w" "/opt/rustwide/workdir" "-m" "1610612736" "--user" "0:0" "--network" "none" "ghcr.io/rust-lang/crates-build-env/linux@sha256:5ff2268d62e97bff2cde7d5815dd6ed5b47097566f13b8d0ca110b04b60e07ed" "/opt/rustwide/cargo-home/bin/cargo" "+1.69.0" "build" "--frozen" "--message-format=json", kill_on_drop: false }`
[INFO] [stdout] 406d7481e1123bb3bd23436835b5ff02d899d21396919d28c60b7eccd04b70e3
[INFO] running `Command { std: "docker" "start" "-a" "406d7481e1123bb3bd23436835b5ff02d899d21396919d28c60b7eccd04b70e3", kill_on_drop: false }`
[INFO] [stderr]    Compiling libc v0.2.142
[INFO] [stderr]    Compiling lock_api v0.4.9
[INFO] [stderr]    Compiling parking_lot_core v0.9.7
[INFO] [stderr]    Compiling syn v2.0.15
[INFO] [stderr]    Compiling thiserror v1.0.40
[INFO] [stderr]    Compiling cfg-if v1.0.0
[INFO] [stderr]    Compiling smallvec v1.10.0
[INFO] [stderr]    Compiling scopeguard v1.1.0
[INFO] [stderr]    Compiling memchr v2.5.0
[INFO] [stderr]    Compiling prometheus v0.13.3
[INFO] [stderr]    Compiling fnv v1.0.7
[INFO] [stderr]    Compiling lazy_static v1.4.0
[INFO] [stderr]    Compiling syn v1.0.109
[INFO] [stderr]    Compiling parking_lot v0.12.1
[INFO] [stderr]    Compiling thiserror-impl v1.0.40
[INFO] [stderr]    Compiling prom-timer v0.1.1
[INFO] [stderr]    Compiling prom-timer-macro v0.1.1 (/opt/rustwide/workdir)
[INFO] [stderr]     Finished dev [unoptimized + debuginfo] target(s) in 7.59s
[INFO] running `Command { std: "docker" "inspect" "406d7481e1123bb3bd23436835b5ff02d899d21396919d28c60b7eccd04b70e3", kill_on_drop: false }`
[INFO] running `Command { std: "docker" "rm" "-f" "406d7481e1123bb3bd23436835b5ff02d899d21396919d28c60b7eccd04b70e3", kill_on_drop: false }`
[INFO] [stdout] 406d7481e1123bb3bd23436835b5ff02d899d21396919d28c60b7eccd04b70e3
[INFO] running `Command { std: "docker" "create" "-v" "/var/lib/crater-agent-workspace/builds/worker-5-tc1/target:/opt/rustwide/target:rw,Z" "-v" "/var/lib/crater-agent-workspace/builds/worker-5-tc1/source:/opt/rustwide/workdir:ro,Z" "-v" "/var/lib/crater-agent-workspace/cargo-home:/opt/rustwide/cargo-home:ro,Z" "-v" "/var/lib/crater-agent-workspace/rustup-home:/opt/rustwide/rustup-home:ro,Z" "-e" "SOURCE_DIR=/opt/rustwide/workdir" "-e" "CARGO_TARGET_DIR=/opt/rustwide/target" "-e" "CARGO_INCREMENTAL=0" "-e" "RUST_BACKTRACE=full" "-e" "RUSTFLAGS=--cap-lints=warn" "-e" "RUSTDOCFLAGS=--cap-lints=warn" "-e" "CARGO_HOME=/opt/rustwide/cargo-home" "-e" "RUSTUP_HOME=/opt/rustwide/rustup-home" "-w" "/opt/rustwide/workdir" "-m" "1610612736" "--user" "0:0" "--network" "none" "ghcr.io/rust-lang/crates-build-env/linux@sha256:5ff2268d62e97bff2cde7d5815dd6ed5b47097566f13b8d0ca110b04b60e07ed" "/opt/rustwide/cargo-home/bin/cargo" "+1.69.0" "test" "--frozen" "--no-run" "--message-format=json", kill_on_drop: false }`
[INFO] [stdout] bb49dd1f7cb8f3807a14059fe5d43fcdf81d113494a2ffb6863335009942e352
[INFO] running `Command { std: "docker" "start" "-a" "bb49dd1f7cb8f3807a14059fe5d43fcdf81d113494a2ffb6863335009942e352", kill_on_drop: false }`
[INFO] [stderr]    Compiling unicode-ident v1.0.8
[INFO] [stderr]    Compiling smallvec v1.10.0
[INFO] [stderr]    Compiling scopeguard v1.1.0
[INFO] [stderr]    Compiling lazy_static v1.4.0
[INFO] [stderr]    Compiling fnv v1.0.7
[INFO] [stderr]    Compiling proc-macro2 v1.0.56
[INFO] [stderr]    Compiling quote v1.0.26
[INFO] [stderr]    Compiling parking_lot_core v0.9.7
[INFO] [stderr]    Compiling thiserror v1.0.40
[INFO] [stderr]    Compiling prometheus v0.13.3
[INFO] [stderr]    Compiling syn v1.0.109
[INFO] [stderr]    Compiling lock_api v0.4.9
[INFO] [stderr]    Compiling parking_lot v0.12.1
[INFO] [stderr]    Compiling syn v2.0.15
[INFO] [stderr]    Compiling thiserror-impl v1.0.40
[INFO] [stderr]    Compiling prom-timer v0.1.1
[INFO] [stderr]    Compiling prom-timer-macro v0.1.1 (/opt/rustwide/workdir)
[INFO] [stderr]     Finished test [unoptimized + debuginfo] target(s) in 12.67s
[INFO] running `Command { std: "docker" "inspect" "bb49dd1f7cb8f3807a14059fe5d43fcdf81d113494a2ffb6863335009942e352", kill_on_drop: false }`
[INFO] running `Command { std: "docker" "rm" "-f" "bb49dd1f7cb8f3807a14059fe5d43fcdf81d113494a2ffb6863335009942e352", kill_on_drop: false }`
[INFO] [stdout] bb49dd1f7cb8f3807a14059fe5d43fcdf81d113494a2ffb6863335009942e352
[INFO] running `Command { std: "docker" "create" "-v" "/var/lib/crater-agent-workspace/builds/worker-5-tc1/target:/opt/rustwide/target:rw,Z" "-v" "/var/lib/crater-agent-workspace/builds/worker-5-tc1/source:/opt/rustwide/workdir:ro,Z" "-v" "/var/lib/crater-agent-workspace/cargo-home:/opt/rustwide/cargo-home:ro,Z" "-v" "/var/lib/crater-agent-workspace/rustup-home:/opt/rustwide/rustup-home:ro,Z" "-e" "SOURCE_DIR=/opt/rustwide/workdir" "-e" "CARGO_TARGET_DIR=/opt/rustwide/target" "-e" "CARGO_INCREMENTAL=0" "-e" "RUST_BACKTRACE=full" "-e" "RUSTFLAGS=--cap-lints=warn" "-e" "RUSTDOCFLAGS=--cap-lints=warn" "-e" "CARGO_HOME=/opt/rustwide/cargo-home" "-e" "RUSTUP_HOME=/opt/rustwide/rustup-home" "-w" "/opt/rustwide/workdir" "-m" "1610612736" "--user" "0:0" "--network" "none" "ghcr.io/rust-lang/crates-build-env/linux@sha256:5ff2268d62e97bff2cde7d5815dd6ed5b47097566f13b8d0ca110b04b60e07ed" "/opt/rustwide/cargo-home/bin/cargo" "+1.69.0" "test" "--frozen", kill_on_drop: false }`
[INFO] [stdout] 8f7fb2a5bb90a932fa2a2334cb1f84072742d35292f9b69341c45cefd8f65ced
[INFO] running `Command { std: "docker" "start" "-a" "8f7fb2a5bb90a932fa2a2334cb1f84072742d35292f9b69341c45cefd8f65ced", kill_on_drop: false }`
[INFO] [stderr]     Finished test [unoptimized + debuginfo] target(s) in 0.03s
[INFO] [stderr]      Running unittests src/lib.rs (/opt/rustwide/target/debug/deps/prom_timer_macro-aa59d075cda23d63)
[INFO] [stdout] 
[INFO] [stdout] running 0 tests
[INFO] [stdout] 
[INFO] [stdout] test result: ok. 0 passed; 0 failed; 0 ignored; 0 measured; 0 filtered out; finished in 0.00s
[INFO] [stdout] 
[INFO] [stderr]      Running tests/tests.rs (/opt/rustwide/target/debug/deps/tests-28ae5c52b0690807)
[INFO] [stdout] 
[INFO] [stdout] running 1 test
[INFO] [stderr]    Doc-tests prom-timer-macro
[INFO] [stdout] test tests::test ... ok
[INFO] [stdout] 
[INFO] [stdout] test result: ok. 1 passed; 0 failed; 0 ignored; 0 measured; 0 filtered out; finished in 1.00s
[INFO] [stdout] 
[INFO] [stdout] 
[INFO] [stdout] running 1 test
[INFO] [stdout] test src/lib.rs - timer (line 39) ... FAILED
[INFO] [stdout] 
[INFO] [stdout] failures:
[INFO] [stdout] 
[INFO] [stdout] ---- src/lib.rs - timer (line 39) stdout ----
[INFO] [stdout] error: cannot find attribute `timer` in this scope
[INFO] [stdout]   --> src/lib.rs:59:3
[INFO] [stdout]    |
[INFO] [stdout] 22 | #[timer(timer, "f")]
[INFO] [stdout]    |   ^^^^^
[INFO] [stdout]    |
[INFO] [stdout]    = help: consider importing this attribute macro:
[INFO] [stdout]            prom_timer_macro::timer
[INFO] [stdout] 
[INFO] [stdout] error[E0425]: cannot find value `labels` in this scope
[INFO] [stdout]  --> src/lib.rs:45:31
[INFO] [stdout]   |
[INFO] [stdout] 8 |                 .const_labels(labels.clone())
[INFO] [stdout]   |                               ^^^^^^ not found in this scope
[INFO] [stdout] 
[INFO] [stdout] error[E0425]: cannot find value `registry` in this scope
[INFO] [stdout]   --> src/lib.rs:57:1
[INFO] [stdout]    |
[INFO] [stdout] 20 | registry.register(Box::new(timer.clone())).unwrap();
[INFO] [stdout]    | ^^^^^^^^ not found in this scope
[INFO] [stdout] 
[INFO] [stdout] error: aborting due to 3 previous errors
[INFO] [stdout] 
[INFO] [stdout] For more information about this error, try `rustc --explain E0425`.
[INFO] [stdout] Couldn't compile the test.
[INFO] [stdout] 
[INFO] [stdout] failures:
[INFO] [stdout]     src/lib.rs - timer (line 39)
[INFO] [stdout] 
[INFO] [stdout] test result: FAILED. 0 passed; 1 failed; 0 ignored; 0 measured; 0 filtered out; finished in 0.06s
[INFO] [stdout] 
[INFO] [stderr] error: doctest failed, to rerun pass `--doc`
[INFO] running `Command { std: "docker" "inspect" "8f7fb2a5bb90a932fa2a2334cb1f84072742d35292f9b69341c45cefd8f65ced", kill_on_drop: false }`
[INFO] running `Command { std: "docker" "rm" "-f" "8f7fb2a5bb90a932fa2a2334cb1f84072742d35292f9b69341c45cefd8f65ced", kill_on_drop: false }`
[INFO] [stdout] 8f7fb2a5bb90a932fa2a2334cb1f84072742d35292f9b69341c45cefd8f65ced
