[INFO] fetching crate predicator 0.0.5...
[INFO] testing predicator-0.0.5 against 1.69.0 for beta-1.70-1
[INFO] extracting crate predicator 0.0.5 into /workspace/builds/worker-6-tc1/source
[INFO] validating manifest of crates.io crate predicator 0.0.5 on toolchain 1.69.0
[INFO] running `Command { std: CARGO_HOME="/workspace/cargo-home" RUSTUP_HOME="/workspace/rustup-home" "/workspace/cargo-home/bin/cargo" "+1.69.0" "metadata" "--manifest-path" "Cargo.toml" "--no-deps", kill_on_drop: false }`
[INFO] started tweaking crates.io crate predicator 0.0.5
[INFO] finished tweaking crates.io crate predicator 0.0.5
[INFO] tweaked toml for crates.io crate predicator 0.0.5 written to /workspace/builds/worker-6-tc1/source/Cargo.toml
[INFO] running `Command { std: CARGO_HOME="/workspace/cargo-home" RUSTUP_HOME="/workspace/rustup-home" __CARGO_TEST_CHANNEL_OVERRIDE_DO_NOT_USE_THIS="nightly" "/workspace/cargo-home/bin/cargo" "+1.69.0" "generate-lockfile" "--manifest-path" "Cargo.toml" "-Zno-index-update", kill_on_drop: false }`
[INFO] running `Command { std: CARGO_HOME="/workspace/cargo-home" RUSTUP_HOME="/workspace/rustup-home" "/workspace/cargo-home/bin/cargo" "+1.69.0" "fetch" "--manifest-path" "Cargo.toml", kill_on_drop: false }`
[INFO] [stderr]  Downloading crates ...
[INFO] [stderr]   Downloaded semver v0.6.0
[INFO] [stderr]   Downloaded cpp_synom v0.12.0
[INFO] [stderr]   Downloaded cpp_synmap v0.3.0
[INFO] [stderr]   Downloaded cpp_syn v0.12.0
[INFO] [stderr]   Downloaded rust-extra v0.0.17
[INFO] [stderr]   Downloaded cpp v0.3.2
[INFO] [stderr]   Downloaded cpp_build v0.3.2
[INFO] [stderr]   Downloaded cpp_macros v0.3.2
[INFO] [stderr]   Downloaded llvm-sys v40.0.7
[INFO] [stderr]   Downloaded cpp_common v0.3.2
[INFO] running `Command { std: "docker" "create" "-v" "/var/lib/crater-agent-workspace/builds/worker-6-tc1/target:/opt/rustwide/target:rw,Z" "-v" "/var/lib/crater-agent-workspace/builds/worker-6-tc1/source:/opt/rustwide/workdir:ro,Z" "-v" "/var/lib/crater-agent-workspace/cargo-home:/opt/rustwide/cargo-home:ro,Z" "-v" "/var/lib/crater-agent-workspace/rustup-home:/opt/rustwide/rustup-home:ro,Z" "-e" "SOURCE_DIR=/opt/rustwide/workdir" "-e" "CARGO_TARGET_DIR=/opt/rustwide/target" "-e" "CARGO_HOME=/opt/rustwide/cargo-home" "-e" "RUSTUP_HOME=/opt/rustwide/rustup-home" "-w" "/opt/rustwide/workdir" "-m" "1610612736" "--user" "0:0" "--network" "none" "ghcr.io/rust-lang/crates-build-env/linux@sha256:97d61d7686bf65f8ecb15491ab51835e82dc9176a96a831f143a431b191fc501" "/opt/rustwide/cargo-home/bin/cargo" "+1.69.0" "metadata" "--no-deps" "--format-version=1", kill_on_drop: false }`
[INFO] [stdout] 711d27cae2f8052ce935cf4b994648dc155b8ae139971dfde2365efb0cc1629f
[INFO] running `Command { std: "docker" "start" "-a" "711d27cae2f8052ce935cf4b994648dc155b8ae139971dfde2365efb0cc1629f", kill_on_drop: false }`
[INFO] running `Command { std: "docker" "inspect" "711d27cae2f8052ce935cf4b994648dc155b8ae139971dfde2365efb0cc1629f", kill_on_drop: false }`
[INFO] running `Command { std: "docker" "rm" "-f" "711d27cae2f8052ce935cf4b994648dc155b8ae139971dfde2365efb0cc1629f", kill_on_drop: false }`
[INFO] [stdout] 711d27cae2f8052ce935cf4b994648dc155b8ae139971dfde2365efb0cc1629f
[INFO] running `Command { std: "docker" "create" "-v" "/var/lib/crater-agent-workspace/builds/worker-6-tc1/target:/opt/rustwide/target:rw,Z" "-v" "/var/lib/crater-agent-workspace/builds/worker-6-tc1/source:/opt/rustwide/workdir:ro,Z" "-v" "/var/lib/crater-agent-workspace/cargo-home:/opt/rustwide/cargo-home:ro,Z" "-v" "/var/lib/crater-agent-workspace/rustup-home:/opt/rustwide/rustup-home:ro,Z" "-e" "SOURCE_DIR=/opt/rustwide/workdir" "-e" "CARGO_TARGET_DIR=/opt/rustwide/target" "-e" "CARGO_INCREMENTAL=0" "-e" "RUST_BACKTRACE=full" "-e" "RUSTFLAGS=--cap-lints=warn" "-e" "RUSTDOCFLAGS=--cap-lints=warn" "-e" "CARGO_HOME=/opt/rustwide/cargo-home" "-e" "RUSTUP_HOME=/opt/rustwide/rustup-home" "-w" "/opt/rustwide/workdir" "-m" "1610612736" "--user" "0:0" "--network" "none" "ghcr.io/rust-lang/crates-build-env/linux@sha256:97d61d7686bf65f8ecb15491ab51835e82dc9176a96a831f143a431b191fc501" "/opt/rustwide/cargo-home/bin/cargo" "+1.69.0" "build" "--frozen" "--message-format=json", kill_on_drop: false }`
[INFO] [stdout] e041ae05149721ada71f3810a50221a946ae93d9bd04d79cc09ea9ca49ddfc43
[INFO] running `Command { std: "docker" "start" "-a" "e041ae05149721ada71f3810a50221a946ae93d9bd04d79cc09ea9ca49ddfc43", kill_on_drop: false }`
[INFO] [stderr]     Blocking waiting for file lock on package cache
[INFO] [stderr]    Compiling libc v0.2.142
[INFO] [stderr]    Compiling memchr v2.5.0
[INFO] [stderr]    Compiling unicode-xid v0.0.4
[INFO] [stderr]    Compiling quote v0.3.15
[INFO] [stderr]    Compiling lazy_static v0.2.11
[INFO] [stderr]    Compiling gcc v0.3.55
[INFO] [stderr]    Compiling lazy_static v1.4.0
[INFO] [stderr]    Compiling regex v0.2.11
[INFO] [stderr]    Compiling cpp_synom v0.12.0
[INFO] [stderr]    Compiling ucd-util v0.1.10
[INFO] [stderr]    Compiling thread_local v0.3.6
[INFO] [stderr]    Compiling cpp_syn v0.12.0
[INFO] [stderr]    Compiling regex-syntax v0.5.6
[INFO] [stderr]    Compiling semver-parser v0.7.0
[INFO] [stderr]    Compiling utf8-ranges v1.0.5
[INFO] [stderr]    Compiling byteorder v1.4.3
[INFO] [stderr]    Compiling semver v0.6.0
[INFO] [stderr]    Compiling maplit v1.0.2
[INFO] [stderr]    Compiling aho-corasick v0.6.10
[INFO] [stderr]    Compiling memchr v1.0.2
[INFO] [stderr]    Compiling rand v0.4.6
[INFO] [stderr]    Compiling rust-extra v0.0.17
[INFO] [stdout] error[E0554]: `#![feature]` may not be used on the stable release channel
[INFO] [stdout]  --> /opt/rustwide/cargo-home/registry/src/github.com-1ecc6299db9ec823/rust-extra-0.0.17/src/lib.rs:7:1
[INFO] [stdout]   |
[INFO] [stdout] 7 | #![feature(core_intrinsics)]
[INFO] [stdout]   | ^^^^^^^^^^^^^^^^^^^^^^^^^^^^
[INFO] [stdout] 
[INFO] [stdout] 
[INFO] [stdout] error[E0554]: `#![feature]` may not be used on the stable release channel
[INFO] [stdout]  --> /opt/rustwide/cargo-home/registry/src/github.com-1ecc6299db9ec823/rust-extra-0.0.17/src/lib.rs:8:1
[INFO] [stdout]   |
[INFO] [stdout] 8 | #![feature(associated_consts)]
[INFO] [stdout]   | ^^^^^^^^^^^^^^^^^^^^^^^^^^^^^^ help: remove the attribute
[INFO] [stdout]   |
[INFO] [stdout]   = help: the feature `associated_consts` has been stable since `1.20.0` and no longer requires an attribute to enable
[INFO] [stdout] 
[INFO] [stdout] 
[INFO] [stdout] error[E0554]: `#![feature]` may not be used on the stable release channel
[INFO] [stdout]  --> /opt/rustwide/cargo-home/registry/src/github.com-1ecc6299db9ec823/rust-extra-0.0.17/src/lib.rs:7:12
[INFO] [stdout]   |
[INFO] [stdout] 7 | #![feature(core_intrinsics)]
[INFO] [stdout]   |            ^^^^^^^^^^^^^^^
[INFO] [stdout] 
[INFO] [stdout] 
[INFO] [stdout] error: aborting due to 3 previous errors
[INFO] [stdout] 
[INFO] [stdout] 
[INFO] [stdout] For more information about this error, try `rustc --explain E0554`.
[INFO] [stdout] 
[INFO] [stderr] error: could not compile `rust-extra` due to 4 previous errors
[INFO] [stderr] warning: build failed, waiting for other jobs to finish...
[INFO] running `Command { std: "docker" "inspect" "e041ae05149721ada71f3810a50221a946ae93d9bd04d79cc09ea9ca49ddfc43", kill_on_drop: false }`
[INFO] running `Command { std: "docker" "rm" "-f" "e041ae05149721ada71f3810a50221a946ae93d9bd04d79cc09ea9ca49ddfc43", kill_on_drop: false }`
[INFO] [stdout] e041ae05149721ada71f3810a50221a946ae93d9bd04d79cc09ea9ca49ddfc43
