[INFO] fetching crate pqcrypto-falcon-wasi 0.2.14...
[INFO] testing pqcrypto-falcon-wasi-0.2.14 against 1.69.0 for beta-1.70-1
[INFO] extracting crate pqcrypto-falcon-wasi 0.2.14 into /workspace/builds/worker-0-tc1/source
[INFO] validating manifest of crates.io crate pqcrypto-falcon-wasi 0.2.14 on toolchain 1.69.0
[INFO] running `Command { std: CARGO_HOME="/workspace/cargo-home" RUSTUP_HOME="/workspace/rustup-home" "/workspace/cargo-home/bin/cargo" "+1.69.0" "metadata" "--manifest-path" "Cargo.toml" "--no-deps", kill_on_drop: false }`
[INFO] started tweaking crates.io crate pqcrypto-falcon-wasi 0.2.14
[INFO] finished tweaking crates.io crate pqcrypto-falcon-wasi 0.2.14
[INFO] tweaked toml for crates.io crate pqcrypto-falcon-wasi 0.2.14 written to /workspace/builds/worker-0-tc1/source/Cargo.toml
[INFO] running `Command { std: CARGO_HOME="/workspace/cargo-home" RUSTUP_HOME="/workspace/rustup-home" __CARGO_TEST_CHANNEL_OVERRIDE_DO_NOT_USE_THIS="nightly" "/workspace/cargo-home/bin/cargo" "+1.69.0" "generate-lockfile" "--manifest-path" "Cargo.toml" "-Zno-index-update", kill_on_drop: false }`
[INFO] running `Command { std: CARGO_HOME="/workspace/cargo-home" RUSTUP_HOME="/workspace/rustup-home" "/workspace/cargo-home/bin/cargo" "+1.69.0" "fetch" "--manifest-path" "Cargo.toml", kill_on_drop: false }`
[INFO] [stderr]  Downloading crates ...
[INFO] [stderr]   Downloaded pqcrypto-internals-wasi v0.2.5
[INFO] [stderr]   Downloaded pqcrypto-traits-wasi v0.3.4
[INFO] running `Command { std: "docker" "create" "-v" "/var/lib/crater-agent-workspace/builds/worker-0-tc1/target:/opt/rustwide/target:rw,Z" "-v" "/var/lib/crater-agent-workspace/builds/worker-0-tc1/source:/opt/rustwide/workdir:ro,Z" "-v" "/var/lib/crater-agent-workspace/cargo-home:/opt/rustwide/cargo-home:ro,Z" "-v" "/var/lib/crater-agent-workspace/rustup-home:/opt/rustwide/rustup-home:ro,Z" "-e" "SOURCE_DIR=/opt/rustwide/workdir" "-e" "CARGO_TARGET_DIR=/opt/rustwide/target" "-e" "CARGO_HOME=/opt/rustwide/cargo-home" "-e" "RUSTUP_HOME=/opt/rustwide/rustup-home" "-w" "/opt/rustwide/workdir" "-m" "1610612736" "--user" "0:0" "--network" "none" "ghcr.io/rust-lang/crates-build-env/linux@sha256:5ff2268d62e97bff2cde7d5815dd6ed5b47097566f13b8d0ca110b04b60e07ed" "/opt/rustwide/cargo-home/bin/cargo" "+1.69.0" "metadata" "--no-deps" "--format-version=1", kill_on_drop: false }`
[INFO] [stdout] 9806a5db8c20ce143a7af6ad3f0b5decf9359ad9c374b6ad4127bfad9fdc65f1
[INFO] running `Command { std: "docker" "start" "-a" "9806a5db8c20ce143a7af6ad3f0b5decf9359ad9c374b6ad4127bfad9fdc65f1", kill_on_drop: false }`
[INFO] running `Command { std: "docker" "inspect" "9806a5db8c20ce143a7af6ad3f0b5decf9359ad9c374b6ad4127bfad9fdc65f1", kill_on_drop: false }`
[INFO] running `Command { std: "docker" "rm" "-f" "9806a5db8c20ce143a7af6ad3f0b5decf9359ad9c374b6ad4127bfad9fdc65f1", kill_on_drop: false }`
[INFO] [stdout] 9806a5db8c20ce143a7af6ad3f0b5decf9359ad9c374b6ad4127bfad9fdc65f1
[INFO] running `Command { std: "docker" "create" "-v" "/var/lib/crater-agent-workspace/builds/worker-0-tc1/target:/opt/rustwide/target:rw,Z" "-v" "/var/lib/crater-agent-workspace/builds/worker-0-tc1/source:/opt/rustwide/workdir:ro,Z" "-v" "/var/lib/crater-agent-workspace/cargo-home:/opt/rustwide/cargo-home:ro,Z" "-v" "/var/lib/crater-agent-workspace/rustup-home:/opt/rustwide/rustup-home:ro,Z" "-e" "SOURCE_DIR=/opt/rustwide/workdir" "-e" "CARGO_TARGET_DIR=/opt/rustwide/target" "-e" "CARGO_INCREMENTAL=0" "-e" "RUST_BACKTRACE=full" "-e" "RUSTFLAGS=--cap-lints=warn" "-e" "RUSTDOCFLAGS=--cap-lints=warn" "-e" "CARGO_HOME=/opt/rustwide/cargo-home" "-e" "RUSTUP_HOME=/opt/rustwide/rustup-home" "-w" "/opt/rustwide/workdir" "-m" "1610612736" "--user" "0:0" "--network" "none" "ghcr.io/rust-lang/crates-build-env/linux@sha256:5ff2268d62e97bff2cde7d5815dd6ed5b47097566f13b8d0ca110b04b60e07ed" "/opt/rustwide/cargo-home/bin/cargo" "+1.69.0" "build" "--frozen" "--message-format=json", kill_on_drop: false }`
[INFO] [stdout] 6df329879b715c2daeb5cb3b3d72000ddd079c1046bd598673952d63e5d7c0a6
[INFO] running `Command { std: "docker" "start" "-a" "6df329879b715c2daeb5cb3b3d72000ddd079c1046bd598673952d63e5d7c0a6", kill_on_drop: false }`
[INFO] [stderr]    Compiling libc v0.2.142
[INFO] [stderr]    Compiling glob v0.3.1
[INFO] [stderr]    Compiling pqcrypto-traits-wasi v0.3.4
[INFO] [stderr]    Compiling jobserver v0.1.26
[INFO] [stderr]    Compiling getrandom v0.2.9
[INFO] [stderr]    Compiling cc v1.0.79
[INFO] [stderr]    Compiling pqcrypto-internals-wasi v0.2.5
[INFO] [stderr]    Compiling pqcrypto-falcon-wasi v0.2.14 (/opt/rustwide/workdir)
[INFO] [stderr]     Finished dev [unoptimized + debuginfo] target(s) in 7.41s
[INFO] running `Command { std: "docker" "inspect" "6df329879b715c2daeb5cb3b3d72000ddd079c1046bd598673952d63e5d7c0a6", kill_on_drop: false }`
[INFO] running `Command { std: "docker" "rm" "-f" "6df329879b715c2daeb5cb3b3d72000ddd079c1046bd598673952d63e5d7c0a6", kill_on_drop: false }`
[INFO] [stdout] 6df329879b715c2daeb5cb3b3d72000ddd079c1046bd598673952d63e5d7c0a6
[INFO] running `Command { std: "docker" "create" "-v" "/var/lib/crater-agent-workspace/builds/worker-0-tc1/target:/opt/rustwide/target:rw,Z" "-v" "/var/lib/crater-agent-workspace/builds/worker-0-tc1/source:/opt/rustwide/workdir:ro,Z" "-v" "/var/lib/crater-agent-workspace/cargo-home:/opt/rustwide/cargo-home:ro,Z" "-v" "/var/lib/crater-agent-workspace/rustup-home:/opt/rustwide/rustup-home:ro,Z" "-e" "SOURCE_DIR=/opt/rustwide/workdir" "-e" "CARGO_TARGET_DIR=/opt/rustwide/target" "-e" "CARGO_INCREMENTAL=0" "-e" "RUST_BACKTRACE=full" "-e" "RUSTFLAGS=--cap-lints=warn" "-e" "RUSTDOCFLAGS=--cap-lints=warn" "-e" "CARGO_HOME=/opt/rustwide/cargo-home" "-e" "RUSTUP_HOME=/opt/rustwide/rustup-home" "-w" "/opt/rustwide/workdir" "-m" "1610612736" "--user" "0:0" "--network" "none" "ghcr.io/rust-lang/crates-build-env/linux@sha256:5ff2268d62e97bff2cde7d5815dd6ed5b47097566f13b8d0ca110b04b60e07ed" "/opt/rustwide/cargo-home/bin/cargo" "+1.69.0" "test" "--frozen" "--no-run" "--message-format=json", kill_on_drop: false }`
[INFO] [stdout] 01adcd92d4519cd75b22f26839fcea7d8e489f6f54b333aa51690c8f387b1392
[INFO] running `Command { std: "docker" "start" "-a" "01adcd92d4519cd75b22f26839fcea7d8e489f6f54b333aa51690c8f387b1392", kill_on_drop: false }`
[INFO] [stderr]    Compiling getrandom v0.1.16
[INFO] [stderr]    Compiling ppv-lite86 v0.2.17
[INFO] [stderr]    Compiling rand_core v0.5.1
[INFO] [stderr]    Compiling rand_chacha v0.2.2
[INFO] [stderr]    Compiling rand v0.7.3
[INFO] [stderr]    Compiling pqcrypto-falcon-wasi v0.2.14 (/opt/rustwide/workdir)
[INFO] [stderr]     Finished test [unoptimized + debuginfo] target(s) in 2.30s
[INFO] running `Command { std: "docker" "inspect" "01adcd92d4519cd75b22f26839fcea7d8e489f6f54b333aa51690c8f387b1392", kill_on_drop: false }`
[INFO] running `Command { std: "docker" "rm" "-f" "01adcd92d4519cd75b22f26839fcea7d8e489f6f54b333aa51690c8f387b1392", kill_on_drop: false }`
[INFO] [stdout] 01adcd92d4519cd75b22f26839fcea7d8e489f6f54b333aa51690c8f387b1392
[INFO] running `Command { std: "docker" "create" "-v" "/var/lib/crater-agent-workspace/builds/worker-0-tc1/target:/opt/rustwide/target:rw,Z" "-v" "/var/lib/crater-agent-workspace/builds/worker-0-tc1/source:/opt/rustwide/workdir:ro,Z" "-v" "/var/lib/crater-agent-workspace/cargo-home:/opt/rustwide/cargo-home:ro,Z" "-v" "/var/lib/crater-agent-workspace/rustup-home:/opt/rustwide/rustup-home:ro,Z" "-e" "SOURCE_DIR=/opt/rustwide/workdir" "-e" "CARGO_TARGET_DIR=/opt/rustwide/target" "-e" "CARGO_INCREMENTAL=0" "-e" "RUST_BACKTRACE=full" "-e" "RUSTFLAGS=--cap-lints=warn" "-e" "RUSTDOCFLAGS=--cap-lints=warn" "-e" "CARGO_HOME=/opt/rustwide/cargo-home" "-e" "RUSTUP_HOME=/opt/rustwide/rustup-home" "-w" "/opt/rustwide/workdir" "-m" "1610612736" "--user" "0:0" "--network" "none" "ghcr.io/rust-lang/crates-build-env/linux@sha256:5ff2268d62e97bff2cde7d5815dd6ed5b47097566f13b8d0ca110b04b60e07ed" "/opt/rustwide/cargo-home/bin/cargo" "+1.69.0" "test" "--frozen", kill_on_drop: false }`
[INFO] [stdout] d62fb447f4ede441189be6d27ff6ce43ecab48583166a71b3055b6aad3035075
[INFO] running `Command { std: "docker" "start" "-a" "d62fb447f4ede441189be6d27ff6ce43ecab48583166a71b3055b6aad3035075", kill_on_drop: false }`
[INFO] [stderr]     Finished test [unoptimized + debuginfo] target(s) in 0.02s
[INFO] [stderr]      Running unittests src/lib.rs (/opt/rustwide/target/debug/deps/pqcrypto_falcon_wasi-20154546dcb8c9e9)
[INFO] [stdout] 
[INFO] [stdout] running 8 tests
[INFO] [stdout] test falcon512::test::test_sign ... ok
[INFO] [stdout] test falcon512::test::test_sign_detached ... ok
[INFO] [stdout] test ffi::test_falcon512_avx2::test_ffi ... ok
[INFO] [stdout] test falcon1024::test::test_sign ... ok
[INFO] [stdout] test falcon1024::test::test_sign_detached ... ok
[INFO] [stdout] test ffi::test_falcon1024_avx2::test_ffi ... ok
[INFO] [stdout] test ffi::test_falcon512_clean::test_ffi ... ok
[INFO] [stdout] test ffi::test_falcon1024_clean::test_ffi ... ok
[INFO] [stdout] 
[INFO] [stdout] test result: ok. 8 passed; 0 failed; 0 ignored; 0 measured; 0 filtered out; finished in 0.76s
[INFO] [stdout] 
[INFO] [stderr]    Doc-tests pqcrypto-falcon-wasi
[INFO] [stdout] 
[INFO] [stdout] running 2 tests
[INFO] [stdout] test src/falcon1024.rs - falcon1024 (line 6) ... FAILED
[INFO] [stdout] test src/falcon512.rs - falcon512 (line 6) ... FAILED
[INFO] [stdout] 
[INFO] [stdout] failures:
[INFO] [stdout] 
[INFO] [stdout] ---- src/falcon1024.rs - falcon1024 (line 6) stdout ----
[INFO] [stdout] error[E0433]: failed to resolve: use of undeclared crate or module `pqcrypto_falcon`
[INFO] [stdout]  --> src/falcon1024.rs:7:5
[INFO] [stdout]   |
[INFO] [stdout] 3 | use pqcrypto_falcon::falcon1024::*;
[INFO] [stdout]   |     ^^^^^^^^^^^^^^^ use of undeclared crate or module `pqcrypto_falcon`
[INFO] [stdout]   |
[INFO] [stdout] help: there is a crate or module with a similar name
[INFO] [stdout]   |
[INFO] [stdout] 3 | use pqcrypto_falcon_wasi::falcon1024::*;
[INFO] [stdout]   |     ~~~~~~~~~~~~~~~~~~~~
[INFO] [stdout] 
[INFO] [stdout] error[E0425]: cannot find function `keypair` in this scope
[INFO] [stdout]  --> src/falcon1024.rs:9:16
[INFO] [stdout]   |
[INFO] [stdout] 5 | let (pk, sk) = keypair();
[INFO] [stdout]   |                ^^^^^^^ not found in this scope
[INFO] [stdout]   |
[INFO] [stdout] help: consider importing one of these items
[INFO] [stdout]   |
[INFO] [stdout] 2 | use pqcrypto_falcon_wasi::falcon1024::keypair;
[INFO] [stdout]   |
[INFO] [stdout] 2 | use pqcrypto_falcon_wasi::falcon512::keypair;
[INFO] [stdout]   |
[INFO] [stdout] 
[INFO] [stdout] error[E0425]: cannot find function `sign` in this scope
[INFO] [stdout]  --> src/falcon1024.rs:10:10
[INFO] [stdout]   |
[INFO] [stdout] 6 | let sm = sign(&message, &sk);
[INFO] [stdout]   |          ^^^^ not found in this scope
[INFO] [stdout]   |
[INFO] [stdout] help: consider importing one of these items
[INFO] [stdout]   |
[INFO] [stdout] 2 | use pqcrypto_falcon_wasi::falcon1024::sign;
[INFO] [stdout]   |
[INFO] [stdout] 2 | use pqcrypto_falcon_wasi::falcon512::sign;
[INFO] [stdout]   |
[INFO] [stdout] 
[INFO] [stdout] error[E0425]: cannot find function `open` in this scope
[INFO] [stdout]  --> src/falcon1024.rs:11:19
[INFO] [stdout]   |
[INFO] [stdout] 7 | let verifiedmsg = open(&sm, &pk).unwrap();
[INFO] [stdout]   |                   ^^^^ not found in this scope
[INFO] [stdout]   |
[INFO] [stdout] help: consider importing one of these items
[INFO] [stdout]   |
[INFO] [stdout] 2 | use libc::open;
[INFO] [stdout]   |
[INFO] [stdout] 2 | use pqcrypto_falcon_wasi::falcon1024::open;
[INFO] [stdout]   |
[INFO] [stdout] 2 | use pqcrypto_falcon_wasi::falcon512::open;
[INFO] [stdout]   |
[INFO] [stdout] 
[INFO] [stdout] error: aborting due to 4 previous errors
[INFO] [stdout] 
[INFO] [stdout] Some errors have detailed explanations: E0425, E0433.
[INFO] [stdout] For more information about an error, try `rustc --explain E0425`.
[INFO] [stdout] Couldn't compile the test.
[INFO] [stdout] ---- src/falcon512.rs - falcon512 (line 6) stdout ----
[INFO] [stdout] error[E0433]: failed to resolve: use of undeclared crate or module `pqcrypto_falcon`
[INFO] [stdout]  --> src/falcon512.rs:7:5
[INFO] [stdout]   |
[INFO] [stdout] 3 | use pqcrypto_falcon::falcon512::*;
[INFO] [stdout]   |     ^^^^^^^^^^^^^^^ use of undeclared crate or module `pqcrypto_falcon`
[INFO] [stdout]   |
[INFO] [stdout] help: there is a crate or module with a similar name
[INFO] [stdout]   |
[INFO] [stdout] 3 | use pqcrypto_falcon_wasi::falcon512::*;
[INFO] [stdout]   |     ~~~~~~~~~~~~~~~~~~~~
[INFO] [stdout] 
[INFO] [stdout] error[E0425]: cannot find function `keypair` in this scope
[INFO] [stdout]  --> src/falcon512.rs:9:16
[INFO] [stdout]   |
[INFO] [stdout] 5 | let (pk, sk) = keypair();
[INFO] [stdout]   |                ^^^^^^^ not found in this scope
[INFO] [stdout]   |
[INFO] [stdout] help: consider importing one of these items
[INFO] [stdout]   |
[INFO] [stdout] 2 | use pqcrypto_falcon_wasi::falcon1024::keypair;
[INFO] [stdout]   |
[INFO] [stdout] 2 | use pqcrypto_falcon_wasi::falcon512::keypair;
[INFO] [stdout]   |
[INFO] [stdout] 
[INFO] [stdout] error[E0425]: cannot find function `sign` in this scope
[INFO] [stdout]  --> src/falcon512.rs:10:10
[INFO] [stdout]   |
[INFO] [stdout] 6 | let sm = sign(&message, &sk);
[INFO] [stdout]   |          ^^^^ not found in this scope
[INFO] [stdout]   |
[INFO] [stdout] help: consider importing one of these items
[INFO] [stdout]   |
[INFO] [stdout] 2 | use pqcrypto_falcon_wasi::falcon1024::sign;
[INFO] [stdout]   |
[INFO] [stdout] 2 | use pqcrypto_falcon_wasi::falcon512::sign;
[INFO] [stdout]   |
[INFO] [stdout] 
[INFO] [stdout] error[E0425]: cannot find function `open` in this scope
[INFO] [stdout]  --> src/falcon512.rs:11:19
[INFO] [stdout]   |
[INFO] [stdout] 7 | let verifiedmsg = open(&sm, &pk).unwrap();
[INFO] [stdout]   |                   ^^^^ not found in this scope
[INFO] [stdout]   |
[INFO] [stdout] help: consider importing one of these items
[INFO] [stdout]   |
[INFO] [stdout] 2 | use libc::open;
[INFO] [stdout]   |
[INFO] [stdout] 2 | use pqcrypto_falcon_wasi::falcon1024::open;
[INFO] [stdout]   |
[INFO] [stdout] 2 | use pqcrypto_falcon_wasi::falcon512::open;
[INFO] [stdout]   |
[INFO] [stdout] 
[INFO] [stdout] error: aborting due to 4 previous errors
[INFO] [stdout] 
[INFO] [stdout] Some errors have detailed explanations: E0425, E0433.
[INFO] [stdout] For more information about an error, try `rustc --explain E0425`.
[INFO] [stdout] Couldn't compile the test.
[INFO] [stdout] 
[INFO] [stdout] failures:
[INFO] [stdout]     src/falcon1024.rs - falcon1024 (line 6)
[INFO] [stdout]     src/falcon512.rs - falcon512 (line 6)
[INFO] [stdout] 
[INFO] [stdout] test result: FAILED. 0 passed; 2 failed; 0 ignored; 0 measured; 0 filtered out; finished in 0.05s
[INFO] [stdout] 
[INFO] [stderr] error: doctest failed, to rerun pass `--doc`
[INFO] running `Command { std: "docker" "inspect" "d62fb447f4ede441189be6d27ff6ce43ecab48583166a71b3055b6aad3035075", kill_on_drop: false }`
[INFO] running `Command { std: "docker" "rm" "-f" "d62fb447f4ede441189be6d27ff6ce43ecab48583166a71b3055b6aad3035075", kill_on_drop: false }`
[INFO] [stdout] d62fb447f4ede441189be6d27ff6ce43ecab48583166a71b3055b6aad3035075
