[INFO] fetching crate pqc_sphincsplus 0.1.0...
[INFO] testing pqc_sphincsplus-0.1.0 against 1.69.0 for beta-1.70-1
[INFO] extracting crate pqc_sphincsplus 0.1.0 into /workspace/builds/worker-2-tc1/source
[INFO] validating manifest of crates.io crate pqc_sphincsplus 0.1.0 on toolchain 1.69.0
[INFO] running `Command { std: CARGO_HOME="/workspace/cargo-home" RUSTUP_HOME="/workspace/rustup-home" "/workspace/cargo-home/bin/cargo" "+1.69.0" "metadata" "--manifest-path" "Cargo.toml" "--no-deps", kill_on_drop: false }`
[INFO] started tweaking crates.io crate pqc_sphincsplus 0.1.0
[INFO] finished tweaking crates.io crate pqc_sphincsplus 0.1.0
[INFO] tweaked toml for crates.io crate pqc_sphincsplus 0.1.0 written to /workspace/builds/worker-2-tc1/source/Cargo.toml
[INFO] running `Command { std: CARGO_HOME="/workspace/cargo-home" RUSTUP_HOME="/workspace/rustup-home" __CARGO_TEST_CHANNEL_OVERRIDE_DO_NOT_USE_THIS="nightly" "/workspace/cargo-home/bin/cargo" "+1.69.0" "generate-lockfile" "--manifest-path" "Cargo.toml" "-Zno-index-update", kill_on_drop: false }`
[INFO] running `Command { std: CARGO_HOME="/workspace/cargo-home" RUSTUP_HOME="/workspace/rustup-home" "/workspace/cargo-home/bin/cargo" "+1.69.0" "fetch" "--manifest-path" "Cargo.toml", kill_on_drop: false }`
[INFO] [stderr]  Downloading crates ...
[INFO] [stderr]   Downloaded pqc_core v0.1.0
[INFO] running `Command { std: "docker" "create" "-v" "/var/lib/crater-agent-workspace/builds/worker-2-tc1/target:/opt/rustwide/target:rw,Z" "-v" "/var/lib/crater-agent-workspace/builds/worker-2-tc1/source:/opt/rustwide/workdir:ro,Z" "-v" "/var/lib/crater-agent-workspace/cargo-home:/opt/rustwide/cargo-home:ro,Z" "-v" "/var/lib/crater-agent-workspace/rustup-home:/opt/rustwide/rustup-home:ro,Z" "-e" "SOURCE_DIR=/opt/rustwide/workdir" "-e" "CARGO_TARGET_DIR=/opt/rustwide/target" "-e" "CARGO_HOME=/opt/rustwide/cargo-home" "-e" "RUSTUP_HOME=/opt/rustwide/rustup-home" "-w" "/opt/rustwide/workdir" "-m" "1610612736" "--user" "0:0" "--network" "none" "ghcr.io/rust-lang/crates-build-env/linux@sha256:5ff2268d62e97bff2cde7d5815dd6ed5b47097566f13b8d0ca110b04b60e07ed" "/opt/rustwide/cargo-home/bin/cargo" "+1.69.0" "metadata" "--no-deps" "--format-version=1", kill_on_drop: false }`
[INFO] [stdout] 3ec72c9a14ac5172be1dfb3f8f667610fc79151ca6c8de2f5935db0f93b23d4c
[INFO] running `Command { std: "docker" "start" "-a" "3ec72c9a14ac5172be1dfb3f8f667610fc79151ca6c8de2f5935db0f93b23d4c", kill_on_drop: false }`
[INFO] running `Command { std: "docker" "inspect" "3ec72c9a14ac5172be1dfb3f8f667610fc79151ca6c8de2f5935db0f93b23d4c", kill_on_drop: false }`
[INFO] running `Command { std: "docker" "rm" "-f" "3ec72c9a14ac5172be1dfb3f8f667610fc79151ca6c8de2f5935db0f93b23d4c", kill_on_drop: false }`
[INFO] [stdout] 3ec72c9a14ac5172be1dfb3f8f667610fc79151ca6c8de2f5935db0f93b23d4c
[INFO] running `Command { std: "docker" "create" "-v" "/var/lib/crater-agent-workspace/builds/worker-2-tc1/target:/opt/rustwide/target:rw,Z" "-v" "/var/lib/crater-agent-workspace/builds/worker-2-tc1/source:/opt/rustwide/workdir:ro,Z" "-v" "/var/lib/crater-agent-workspace/cargo-home:/opt/rustwide/cargo-home:ro,Z" "-v" "/var/lib/crater-agent-workspace/rustup-home:/opt/rustwide/rustup-home:ro,Z" "-e" "SOURCE_DIR=/opt/rustwide/workdir" "-e" "CARGO_TARGET_DIR=/opt/rustwide/target" "-e" "CARGO_INCREMENTAL=0" "-e" "RUST_BACKTRACE=full" "-e" "RUSTFLAGS=--cap-lints=warn" "-e" "RUSTDOCFLAGS=--cap-lints=warn" "-e" "CARGO_HOME=/opt/rustwide/cargo-home" "-e" "RUSTUP_HOME=/opt/rustwide/rustup-home" "-w" "/opt/rustwide/workdir" "-m" "1610612736" "--user" "0:0" "--network" "none" "ghcr.io/rust-lang/crates-build-env/linux@sha256:5ff2268d62e97bff2cde7d5815dd6ed5b47097566f13b8d0ca110b04b60e07ed" "/opt/rustwide/cargo-home/bin/cargo" "+1.69.0" "build" "--frozen" "--message-format=json", kill_on_drop: false }`
[INFO] [stdout] 8b3ba3f044c3e44a1bfa51e15f0619b57f9b732c738d2e3d8ab239efc90fe396
[INFO] running `Command { std: "docker" "start" "-a" "8b3ba3f044c3e44a1bfa51e15f0619b57f9b732c738d2e3d8ab239efc90fe396", kill_on_drop: false }`
[INFO] [stderr]    Compiling libc v0.2.142
[INFO] [stderr]    Compiling getrandom v0.1.16
[INFO] [stderr]    Compiling ppv-lite86 v0.2.17
[INFO] [stderr]    Compiling rand_core v0.5.1
[INFO] [stderr]    Compiling rand_chacha v0.2.2
[INFO] [stderr]    Compiling rand v0.7.3
[INFO] [stderr]    Compiling pqc_sphincsplus v0.1.0 (/opt/rustwide/workdir)
[INFO] [stderr]     Finished dev [unoptimized + debuginfo] target(s) in 4.26s
[INFO] running `Command { std: "docker" "inspect" "8b3ba3f044c3e44a1bfa51e15f0619b57f9b732c738d2e3d8ab239efc90fe396", kill_on_drop: false }`
[INFO] running `Command { std: "docker" "rm" "-f" "8b3ba3f044c3e44a1bfa51e15f0619b57f9b732c738d2e3d8ab239efc90fe396", kill_on_drop: false }`
[INFO] [stdout] 8b3ba3f044c3e44a1bfa51e15f0619b57f9b732c738d2e3d8ab239efc90fe396
[INFO] running `Command { std: "docker" "create" "-v" "/var/lib/crater-agent-workspace/builds/worker-2-tc1/target:/opt/rustwide/target:rw,Z" "-v" "/var/lib/crater-agent-workspace/builds/worker-2-tc1/source:/opt/rustwide/workdir:ro,Z" "-v" "/var/lib/crater-agent-workspace/cargo-home:/opt/rustwide/cargo-home:ro,Z" "-v" "/var/lib/crater-agent-workspace/rustup-home:/opt/rustwide/rustup-home:ro,Z" "-e" "SOURCE_DIR=/opt/rustwide/workdir" "-e" "CARGO_TARGET_DIR=/opt/rustwide/target" "-e" "CARGO_INCREMENTAL=0" "-e" "RUST_BACKTRACE=full" "-e" "RUSTFLAGS=--cap-lints=warn" "-e" "RUSTDOCFLAGS=--cap-lints=warn" "-e" "CARGO_HOME=/opt/rustwide/cargo-home" "-e" "RUSTUP_HOME=/opt/rustwide/rustup-home" "-w" "/opt/rustwide/workdir" "-m" "1610612736" "--user" "0:0" "--network" "none" "ghcr.io/rust-lang/crates-build-env/linux@sha256:5ff2268d62e97bff2cde7d5815dd6ed5b47097566f13b8d0ca110b04b60e07ed" "/opt/rustwide/cargo-home/bin/cargo" "+1.69.0" "test" "--frozen" "--no-run" "--message-format=json", kill_on_drop: false }`
[INFO] [stdout] 0b2a2119d6ecc149d1f6afd714d7745bedc9767b05d73e88c662a33933e11bcd
[INFO] running `Command { std: "docker" "start" "-a" "0b2a2119d6ecc149d1f6afd714d7745bedc9767b05d73e88c662a33933e11bcd", kill_on_drop: false }`
[INFO] [stderr]    Compiling cfg-if v1.0.0
[INFO] [stderr]    Compiling libc v0.2.142
[INFO] [stderr]    Compiling crossbeam-utils v0.8.15
[INFO] [stderr]    Compiling scopeguard v1.1.0
[INFO] [stderr]    Compiling ppv-lite86 v0.2.17
[INFO] [stderr]    Compiling rayon-core v1.11.0
[INFO] [stderr]    Compiling either v1.8.1
[INFO] [stderr]    Compiling pqc_core v0.1.0
[INFO] [stderr]    Compiling memoffset v0.8.0
[INFO] [stderr]    Compiling getrandom v0.1.16
[INFO] [stderr]    Compiling crossbeam-epoch v0.9.14
[INFO] [stderr]    Compiling crossbeam-channel v0.5.8
[INFO] [stderr]    Compiling num_cpus v1.15.0
[INFO] [stderr]    Compiling crossbeam-deque v0.8.3
[INFO] [stderr]    Compiling rand_core v0.5.1
[INFO] [stderr]    Compiling rand_chacha v0.2.2
[INFO] [stderr]    Compiling rand v0.7.3
[INFO] [stderr]    Compiling rayon v1.7.0
[INFO] [stderr]    Compiling pqc_sphincsplus v0.1.0 (/opt/rustwide/workdir)
[INFO] [stdout] error[E0425]: cannot find value `CRYPTO_SEEDBYTES` in this scope
[INFO] [stdout]   --> tests/kat.rs:11:25
[INFO] [stdout]    |
[INFO] [stdout] 11 | const BUF1_LEN: usize = CRYPTO_SEEDBYTES;
[INFO] [stdout]    |                         ^^^^^^^^^^^^^^^^ not found in this scope
[INFO] [stdout] 
[INFO] [stdout] 
[INFO] [stdout] error[E0425]: cannot find value `CRYPTO_SEEDBYTES` in this scope
[INFO] [stdout]   --> tests/kat.rs:12:25
[INFO] [stdout]    |
[INFO] [stdout] 12 | const BUF2_LEN: usize = CRYPTO_SEEDBYTES / 3;
[INFO] [stdout]    |                         ^^^^^^^^^^^^^^^^ not found in this scope
[INFO] [stdout] 
[INFO] [stdout] 
[INFO] [stdout] error[E0425]: cannot find value `HASH` in this scope
[INFO] [stdout]   --> tests/kat.rs:16:46
[INFO] [stdout]    |
[INFO] [stdout] 16 |   format!("PQCsignKAT_sphincs-{}-{}-{}.rsp", HASH, MODE, THASH)
[INFO] [stdout]    |                                              ^^^^ not found in this scope
[INFO] [stdout] 
[INFO] [stdout] 
[INFO] [stdout] error[E0425]: cannot find value `MODE` in this scope
[INFO] [stdout]   --> tests/kat.rs:16:52
[INFO] [stdout]    |
[INFO] [stdout] 16 |   format!("PQCsignKAT_sphincs-{}-{}-{}.rsp", HASH, MODE, THASH)
[INFO] [stdout]    |                                                    ^^^^ not found in this scope
[INFO] [stdout] 
[INFO] [stdout] 
[INFO] [stdout] error[E0425]: cannot find value `THASH` in this scope
[INFO] [stdout]   --> tests/kat.rs:16:58
[INFO] [stdout]    |
[INFO] [stdout] 16 |   format!("PQCsignKAT_sphincs-{}-{}-{}.rsp", HASH, MODE, THASH)
[INFO] [stdout]    |                                                          ^^^^^ not found in this scope
[INFO] [stdout] 
[INFO] [stdout] 
[INFO] [stdout] warning: unused import: `pqc_sphincsplus::*`
[INFO] [stdout]  --> tests/kat.rs:3:5
[INFO] [stdout]   |
[INFO] [stdout] 3 | use pqc_sphincsplus::*;
[INFO] [stdout]   |     ^^^^^^^^^^^^^^^^^^
[INFO] [stdout]   |
[INFO] [stdout]   = note: `#[warn(unused_imports)]` on by default
[INFO] [stdout] 
[INFO] [stdout] 
[INFO] [stdout] error: aborting due to 5 previous errors; 1 warning emitted
[INFO] [stdout] 
[INFO] [stdout] 
[INFO] [stdout] For more information about this error, try `rustc --explain E0425`.
[INFO] [stdout] 
[INFO] [stderr] error: could not compile `pqc_sphincsplus` due to 6 previous errors; 1 warning emitted
[INFO] [stderr] warning: build failed, waiting for other jobs to finish...
[INFO] running `Command { std: "docker" "inspect" "0b2a2119d6ecc149d1f6afd714d7745bedc9767b05d73e88c662a33933e11bcd", kill_on_drop: false }`
[INFO] running `Command { std: "docker" "rm" "-f" "0b2a2119d6ecc149d1f6afd714d7745bedc9767b05d73e88c662a33933e11bcd", kill_on_drop: false }`
[INFO] [stdout] 0b2a2119d6ecc149d1f6afd714d7745bedc9767b05d73e88c662a33933e11bcd
