[INFO] fetching crate pomsky 0.10.0...
[INFO] testing pomsky-0.10.0 against 1.69.0 for beta-1.70-1
[INFO] extracting crate pomsky 0.10.0 into /workspace/builds/worker-0-tc1/source
[INFO] validating manifest of crates.io crate pomsky 0.10.0 on toolchain 1.69.0
[INFO] running `Command { std: CARGO_HOME="/workspace/cargo-home" RUSTUP_HOME="/workspace/rustup-home" "/workspace/cargo-home/bin/cargo" "+1.69.0" "metadata" "--manifest-path" "Cargo.toml" "--no-deps", kill_on_drop: false }`
[INFO] started tweaking crates.io crate pomsky 0.10.0
[INFO] removed 1 missing tests
[INFO] finished tweaking crates.io crate pomsky 0.10.0
[INFO] tweaked toml for crates.io crate pomsky 0.10.0 written to /workspace/builds/worker-0-tc1/source/Cargo.toml
[INFO] running `Command { std: CARGO_HOME="/workspace/cargo-home" RUSTUP_HOME="/workspace/rustup-home" __CARGO_TEST_CHANNEL_OVERRIDE_DO_NOT_USE_THIS="nightly" "/workspace/cargo-home/bin/cargo" "+1.69.0" "generate-lockfile" "--manifest-path" "Cargo.toml" "-Zno-index-update", kill_on_drop: false }`
[INFO] running `Command { std: CARGO_HOME="/workspace/cargo-home" RUSTUP_HOME="/workspace/rustup-home" "/workspace/cargo-home/bin/cargo" "+1.69.0" "fetch" "--manifest-path" "Cargo.toml", kill_on_drop: false }`
[INFO] [stderr]  Downloading crates ...
[INFO] [stderr]   Downloaded pomsky-syntax v0.10.0
[INFO] running `Command { std: "docker" "create" "-v" "/var/lib/crater-agent-workspace/builds/worker-0-tc1/target:/opt/rustwide/target:rw,Z" "-v" "/var/lib/crater-agent-workspace/builds/worker-0-tc1/source:/opt/rustwide/workdir:ro,Z" "-v" "/var/lib/crater-agent-workspace/cargo-home:/opt/rustwide/cargo-home:ro,Z" "-v" "/var/lib/crater-agent-workspace/rustup-home:/opt/rustwide/rustup-home:ro,Z" "-e" "SOURCE_DIR=/opt/rustwide/workdir" "-e" "CARGO_TARGET_DIR=/opt/rustwide/target" "-e" "CARGO_HOME=/opt/rustwide/cargo-home" "-e" "RUSTUP_HOME=/opt/rustwide/rustup-home" "-w" "/opt/rustwide/workdir" "-m" "1610612736" "--user" "0:0" "--network" "none" "ghcr.io/rust-lang/crates-build-env/linux@sha256:5ff2268d62e97bff2cde7d5815dd6ed5b47097566f13b8d0ca110b04b60e07ed" "/opt/rustwide/cargo-home/bin/cargo" "+1.69.0" "metadata" "--no-deps" "--format-version=1", kill_on_drop: false }`
[INFO] [stdout] 4276577f615429a98ca51abc55e8c219518f41476d4c57c2f65a85d157467867
[INFO] running `Command { std: "docker" "start" "-a" "4276577f615429a98ca51abc55e8c219518f41476d4c57c2f65a85d157467867", kill_on_drop: false }`
[INFO] running `Command { std: "docker" "inspect" "4276577f615429a98ca51abc55e8c219518f41476d4c57c2f65a85d157467867", kill_on_drop: false }`
[INFO] running `Command { std: "docker" "rm" "-f" "4276577f615429a98ca51abc55e8c219518f41476d4c57c2f65a85d157467867", kill_on_drop: false }`
[INFO] [stdout] 4276577f615429a98ca51abc55e8c219518f41476d4c57c2f65a85d157467867
[INFO] running `Command { std: "docker" "create" "-v" "/var/lib/crater-agent-workspace/builds/worker-0-tc1/target:/opt/rustwide/target:rw,Z" "-v" "/var/lib/crater-agent-workspace/builds/worker-0-tc1/source:/opt/rustwide/workdir:ro,Z" "-v" "/var/lib/crater-agent-workspace/cargo-home:/opt/rustwide/cargo-home:ro,Z" "-v" "/var/lib/crater-agent-workspace/rustup-home:/opt/rustwide/rustup-home:ro,Z" "-e" "SOURCE_DIR=/opt/rustwide/workdir" "-e" "CARGO_TARGET_DIR=/opt/rustwide/target" "-e" "CARGO_INCREMENTAL=0" "-e" "RUST_BACKTRACE=full" "-e" "RUSTFLAGS=--cap-lints=warn" "-e" "RUSTDOCFLAGS=--cap-lints=warn" "-e" "CARGO_HOME=/opt/rustwide/cargo-home" "-e" "RUSTUP_HOME=/opt/rustwide/rustup-home" "-w" "/opt/rustwide/workdir" "-m" "1610612736" "--user" "0:0" "--network" "none" "ghcr.io/rust-lang/crates-build-env/linux@sha256:5ff2268d62e97bff2cde7d5815dd6ed5b47097566f13b8d0ca110b04b60e07ed" "/opt/rustwide/cargo-home/bin/cargo" "+1.69.0" "build" "--frozen" "--message-format=json", kill_on_drop: false }`
[INFO] [stdout] b7cc916aec978c5723d7caf6c765eeed35fc0b3056d0f89836d16f44882fa548
[INFO] running `Command { std: "docker" "start" "-a" "b7cc916aec978c5723d7caf6c765eeed35fc0b3056d0f89836d16f44882fa548", kill_on_drop: false }`
[INFO] [stderr]    Compiling pomsky-syntax v0.10.0
[INFO] [stderr]    Compiling pomsky v0.10.0 (/opt/rustwide/workdir)
[INFO] [stderr]     Finished dev [unoptimized + debuginfo] target(s) in 2.85s
[INFO] running `Command { std: "docker" "inspect" "b7cc916aec978c5723d7caf6c765eeed35fc0b3056d0f89836d16f44882fa548", kill_on_drop: false }`
[INFO] running `Command { std: "docker" "rm" "-f" "b7cc916aec978c5723d7caf6c765eeed35fc0b3056d0f89836d16f44882fa548", kill_on_drop: false }`
[INFO] [stdout] b7cc916aec978c5723d7caf6c765eeed35fc0b3056d0f89836d16f44882fa548
[INFO] running `Command { std: "docker" "create" "-v" "/var/lib/crater-agent-workspace/builds/worker-0-tc1/target:/opt/rustwide/target:rw,Z" "-v" "/var/lib/crater-agent-workspace/builds/worker-0-tc1/source:/opt/rustwide/workdir:ro,Z" "-v" "/var/lib/crater-agent-workspace/cargo-home:/opt/rustwide/cargo-home:ro,Z" "-v" "/var/lib/crater-agent-workspace/rustup-home:/opt/rustwide/rustup-home:ro,Z" "-e" "SOURCE_DIR=/opt/rustwide/workdir" "-e" "CARGO_TARGET_DIR=/opt/rustwide/target" "-e" "CARGO_INCREMENTAL=0" "-e" "RUST_BACKTRACE=full" "-e" "RUSTFLAGS=--cap-lints=warn" "-e" "RUSTDOCFLAGS=--cap-lints=warn" "-e" "CARGO_HOME=/opt/rustwide/cargo-home" "-e" "RUSTUP_HOME=/opt/rustwide/rustup-home" "-w" "/opt/rustwide/workdir" "-m" "1610612736" "--user" "0:0" "--network" "none" "ghcr.io/rust-lang/crates-build-env/linux@sha256:5ff2268d62e97bff2cde7d5815dd6ed5b47097566f13b8d0ca110b04b60e07ed" "/opt/rustwide/cargo-home/bin/cargo" "+1.69.0" "test" "--frozen" "--no-run" "--message-format=json", kill_on_drop: false }`
[INFO] [stdout] d5e4b4c6fdcfb941f9dd10d7a2ce5d392763e31e6d8f0e8fffeab1709540ad26
[INFO] running `Command { std: "docker" "start" "-a" "d5e4b4c6fdcfb941f9dd10d7a2ce5d392763e31e6d8f0e8fffeab1709540ad26", kill_on_drop: false }`
[INFO] [stderr]    Compiling libc v0.2.142
[INFO] [stderr]    Compiling regex-syntax v0.7.1
[INFO] [stderr]    Compiling lexopt v0.3.0
[INFO] [stderr]    Compiling once_cell v1.17.1
[INFO] [stderr]    Compiling aho-corasick v1.0.1
[INFO] [stderr]    Compiling atty v0.2.14
[INFO] [stderr]    Compiling regex v1.8.1
[INFO] [stderr]    Compiling pomsky v0.10.0 (/opt/rustwide/workdir)
[INFO] [stderr]     Finished test [unoptimized + debuginfo] target(s) in 5.89s
[INFO] running `Command { std: "docker" "inspect" "d5e4b4c6fdcfb941f9dd10d7a2ce5d392763e31e6d8f0e8fffeab1709540ad26", kill_on_drop: false }`
[INFO] running `Command { std: "docker" "rm" "-f" "d5e4b4c6fdcfb941f9dd10d7a2ce5d392763e31e6d8f0e8fffeab1709540ad26", kill_on_drop: false }`
[INFO] [stdout] d5e4b4c6fdcfb941f9dd10d7a2ce5d392763e31e6d8f0e8fffeab1709540ad26
[INFO] running `Command { std: "docker" "create" "-v" "/var/lib/crater-agent-workspace/builds/worker-0-tc1/target:/opt/rustwide/target:rw,Z" "-v" "/var/lib/crater-agent-workspace/builds/worker-0-tc1/source:/opt/rustwide/workdir:ro,Z" "-v" "/var/lib/crater-agent-workspace/cargo-home:/opt/rustwide/cargo-home:ro,Z" "-v" "/var/lib/crater-agent-workspace/rustup-home:/opt/rustwide/rustup-home:ro,Z" "-e" "SOURCE_DIR=/opt/rustwide/workdir" "-e" "CARGO_TARGET_DIR=/opt/rustwide/target" "-e" "CARGO_INCREMENTAL=0" "-e" "RUST_BACKTRACE=full" "-e" "RUSTFLAGS=--cap-lints=warn" "-e" "RUSTDOCFLAGS=--cap-lints=warn" "-e" "CARGO_HOME=/opt/rustwide/cargo-home" "-e" "RUSTUP_HOME=/opt/rustwide/rustup-home" "-w" "/opt/rustwide/workdir" "-m" "1610612736" "--user" "0:0" "--network" "none" "ghcr.io/rust-lang/crates-build-env/linux@sha256:5ff2268d62e97bff2cde7d5815dd6ed5b47097566f13b8d0ca110b04b60e07ed" "/opt/rustwide/cargo-home/bin/cargo" "+1.69.0" "test" "--frozen", kill_on_drop: false }`
[INFO] [stdout] d48e5eb837ab181edc7389368beface60203dc4c9e82ffbcc60aa0dabac6fcc5
[INFO] running `Command { std: "docker" "start" "-a" "d48e5eb837ab181edc7389368beface60203dc4c9e82ffbcc60aa0dabac6fcc5", kill_on_drop: false }`
[INFO] [stderr]     Finished test [unoptimized + debuginfo] target(s) in 0.03s
[INFO] [stderr]      Running unittests src/lib.rs (/opt/rustwide/target/debug/deps/pomsky-44e54eeb02b21b47)
[INFO] [stdout] 
[INFO] [stdout] running 1 test
[INFO] [stdout] test features::test_toggles ... ok
[INFO] [stderr]    Doc-tests pomsky
[INFO] [stdout] 
[INFO] [stdout] test result: ok. 1 passed; 0 failed; 0 ignored; 0 measured; 0 filtered out; finished in 0.00s
[INFO] [stdout] 
[INFO] [stdout] 
[INFO] [stdout] running 3 tests
[INFO] [stdout] test src/lib.rs - (line 28) ... FAILED
[INFO] [stdout] test src/lib.rs - (line 11) ... ok
[INFO] [stderr] error: doctest failed, to rerun pass `--doc`
[INFO] [stdout] test src/features.rs - features::PomskyFeatures (line 12) ... ok
[INFO] [stdout] 
[INFO] [stdout] failures:
[INFO] [stdout] 
[INFO] [stdout] ---- src/lib.rs - (line 28) stdout ----
[INFO] [stdout] error[E0433]: failed to resolve: use of undeclared crate or module `miette`
[INFO] [stdout]   --> src/lib.rs:41:13
[INFO] [stdout]    |
[INFO] [stdout] 16 |             miette::bail!("Failed to compile pomsky expression");
[INFO] [stdout]    |             ^^^^^^ use of undeclared crate or module `miette`
[INFO] [stdout] 
[INFO] [stdout] error[E0433]: failed to resolve: use of undeclared crate or module `miette`
[INFO] [stdout]  --> src/lib.rs:33:32
[INFO] [stdout]   |
[INFO] [stdout] 8 | pub fn compile(input: &str) -> miette::Result<String> {
[INFO] [stdout]   |                                ^^^^^^ use of undeclared crate or module `miette`
[INFO] [stdout] 
[INFO] [stdout] error[E0277]: `Diagnostic` doesn't implement `std::fmt::Display`
[INFO] [stdout]   --> src/lib.rs:39:29
[INFO] [stdout]    |
[INFO] [stdout] 14 |                 eprintln!("{diagnostic}");
[INFO] [stdout]    |                             ^^^^^^^^^^ `Diagnostic` cannot be formatted with the default formatter
[INFO] [stdout]    |
[INFO] [stdout]    = help: the trait `std::fmt::Display` is not implemented for `Diagnostic`
[INFO] [stdout]    = note: in format strings you may be able to use `{:?}` (or {:#?} for pretty-print) instead
[INFO] [stdout]    = note: this error originates in the macro `$crate::format_args_nl` which comes from the expansion of the macro `eprintln` (in Nightly builds, run with -Z macro-backtrace for more info)
[INFO] [stdout] 
[INFO] [stdout] error[E0308]: `match` arms have incompatible types
[INFO] [stdout]   --> src/lib.rs:41:13
[INFO] [stdout]    |
[INFO] [stdout] 10 |       let compiled = match Expr::parse_and_compile(input, options) {
[INFO] [stdout]    |  ____________________-
[INFO] [stdout] 11 | |         (Some(regex), _warnings) => regex,
[INFO] [stdout]    | |                                     ----- this is found to be of type `String`
[INFO] [stdout] 12 | |         (None, diagnostics) => {
[INFO] [stdout] 13 | |             for diagnostic in diagnostics {
[INFO] [stdout] ...  |
[INFO] [stdout] 16 | |             miette::bail!("Failed to compile pomsky expression");
[INFO] [stdout]    | |             ^^^^^^^^^^^^^^^^^^^^^^^^^^^^^^^^^^^^^^^^^^^^^^^^^^^^ expected `String`, found `()`
[INFO] [stdout] 17 | |         }
[INFO] [stdout] 18 | |     };
[INFO] [stdout]    | |_____- `match` arms have incompatible types
[INFO] [stdout] 
[INFO] [stdout] error: aborting due to 4 previous errors
[INFO] [stdout] 
[INFO] [stdout] Some errors have detailed explanations: E0277, E0308, E0433.
[INFO] [stdout] For more information about an error, try `rustc --explain E0277`.
[INFO] [stdout] Couldn't compile the test.
[INFO] [stdout] 
[INFO] [stdout] failures:
[INFO] [stdout]     src/lib.rs - (line 28)
[INFO] [stdout] 
[INFO] [stdout] test result: FAILED. 2 passed; 1 failed; 0 ignored; 0 measured; 0 filtered out; finished in 0.41s
[INFO] [stdout] 
[INFO] running `Command { std: "docker" "inspect" "d48e5eb837ab181edc7389368beface60203dc4c9e82ffbcc60aa0dabac6fcc5", kill_on_drop: false }`
[INFO] running `Command { std: "docker" "rm" "-f" "d48e5eb837ab181edc7389368beface60203dc4c9e82ffbcc60aa0dabac6fcc5", kill_on_drop: false }`
[INFO] [stdout] d48e5eb837ab181edc7389368beface60203dc4c9e82ffbcc60aa0dabac6fcc5
