[INFO] fetching crate pocket-relay-main-server 0.1.0...
[INFO] testing pocket-relay-main-server-0.1.0 against 1.69.0 for beta-1.70-1
[INFO] extracting crate pocket-relay-main-server 0.1.0 into /workspace/builds/worker-3-tc1/source
[INFO] validating manifest of crates.io crate pocket-relay-main-server 0.1.0 on toolchain 1.69.0
[INFO] running `Command { std: CARGO_HOME="/workspace/cargo-home" RUSTUP_HOME="/workspace/rustup-home" "/workspace/cargo-home/bin/cargo" "+1.69.0" "metadata" "--manifest-path" "Cargo.toml" "--no-deps", kill_on_drop: false }`
[INFO] started tweaking crates.io crate pocket-relay-main-server 0.1.0
[INFO] finished tweaking crates.io crate pocket-relay-main-server 0.1.0
[INFO] tweaked toml for crates.io crate pocket-relay-main-server 0.1.0 written to /workspace/builds/worker-3-tc1/source/Cargo.toml
[INFO] running `Command { std: CARGO_HOME="/workspace/cargo-home" RUSTUP_HOME="/workspace/rustup-home" __CARGO_TEST_CHANNEL_OVERRIDE_DO_NOT_USE_THIS="nightly" "/workspace/cargo-home/bin/cargo" "+1.69.0" "generate-lockfile" "--manifest-path" "Cargo.toml" "-Zno-index-update", kill_on_drop: false }`
[INFO] running `Command { std: CARGO_HOME="/workspace/cargo-home" RUSTUP_HOME="/workspace/rustup-home" "/workspace/cargo-home/bin/cargo" "+1.69.0" "fetch" "--manifest-path" "Cargo.toml", kill_on_drop: false }`
[INFO] [stderr]     Blocking waiting for file lock on package cache
[INFO] [stderr]  Downloading crates ...
[INFO] [stderr]   Downloaded pocket-relay-database v0.1.0
[INFO] [stderr]   Downloaded der_derive v0.6.1
[INFO] [stderr]   Downloaded argon2 v0.4.1
[INFO] [stderr]   Downloaded pocket-relay-core v0.1.2
[INFO] [stderr]   Downloaded blaze-pk v0.6.2
[INFO] [stderr]   Downloaded rsa v0.7.2
[INFO] [stderr]   Downloaded pocket-relay-utils v0.1.1
[INFO] [stderr]   Downloaded x509-cert v0.1.1
[INFO] [stderr]   Downloaded blaze-ssl-async v0.1.2
[INFO] running `Command { std: "docker" "create" "-v" "/var/lib/crater-agent-workspace/builds/worker-3-tc1/target:/opt/rustwide/target:rw,Z" "-v" "/var/lib/crater-agent-workspace/builds/worker-3-tc1/source:/opt/rustwide/workdir:ro,Z" "-v" "/var/lib/crater-agent-workspace/cargo-home:/opt/rustwide/cargo-home:ro,Z" "-v" "/var/lib/crater-agent-workspace/rustup-home:/opt/rustwide/rustup-home:ro,Z" "-e" "SOURCE_DIR=/opt/rustwide/workdir" "-e" "CARGO_TARGET_DIR=/opt/rustwide/target" "-e" "CARGO_HOME=/opt/rustwide/cargo-home" "-e" "RUSTUP_HOME=/opt/rustwide/rustup-home" "-w" "/opt/rustwide/workdir" "-m" "1610612736" "--user" "0:0" "--network" "none" "ghcr.io/rust-lang/crates-build-env/linux@sha256:5ff2268d62e97bff2cde7d5815dd6ed5b47097566f13b8d0ca110b04b60e07ed" "/opt/rustwide/cargo-home/bin/cargo" "+1.69.0" "metadata" "--no-deps" "--format-version=1", kill_on_drop: false }`
[INFO] [stdout] 2eadc35875564aba9edfd45c1ad9805b2307c48e89b799066d147795e43613f9
[INFO] running `Command { std: "docker" "start" "-a" "2eadc35875564aba9edfd45c1ad9805b2307c48e89b799066d147795e43613f9", kill_on_drop: false }`
[INFO] running `Command { std: "docker" "inspect" "2eadc35875564aba9edfd45c1ad9805b2307c48e89b799066d147795e43613f9", kill_on_drop: false }`
[INFO] running `Command { std: "docker" "rm" "-f" "2eadc35875564aba9edfd45c1ad9805b2307c48e89b799066d147795e43613f9", kill_on_drop: false }`
[INFO] [stdout] 2eadc35875564aba9edfd45c1ad9805b2307c48e89b799066d147795e43613f9
[INFO] running `Command { std: "docker" "create" "-v" "/var/lib/crater-agent-workspace/builds/worker-3-tc1/target:/opt/rustwide/target:rw,Z" "-v" "/var/lib/crater-agent-workspace/builds/worker-3-tc1/source:/opt/rustwide/workdir:ro,Z" "-v" "/var/lib/crater-agent-workspace/cargo-home:/opt/rustwide/cargo-home:ro,Z" "-v" "/var/lib/crater-agent-workspace/rustup-home:/opt/rustwide/rustup-home:ro,Z" "-e" "SOURCE_DIR=/opt/rustwide/workdir" "-e" "CARGO_TARGET_DIR=/opt/rustwide/target" "-e" "CARGO_INCREMENTAL=0" "-e" "RUST_BACKTRACE=full" "-e" "RUSTFLAGS=--cap-lints=warn" "-e" "RUSTDOCFLAGS=--cap-lints=warn" "-e" "CARGO_HOME=/opt/rustwide/cargo-home" "-e" "RUSTUP_HOME=/opt/rustwide/rustup-home" "-w" "/opt/rustwide/workdir" "-m" "1610612736" "--user" "0:0" "--network" "none" "ghcr.io/rust-lang/crates-build-env/linux@sha256:5ff2268d62e97bff2cde7d5815dd6ed5b47097566f13b8d0ca110b04b60e07ed" "/opt/rustwide/cargo-home/bin/cargo" "+1.69.0" "build" "--frozen" "--message-format=json", kill_on_drop: false }`
[INFO] [stdout] ce15d2483f941c5096205e76b0321dd7ed30c1f90ae5a374824f752af612d981
[INFO] running `Command { std: "docker" "start" "-a" "ce15d2483f941c5096205e76b0321dd7ed30c1f90ae5a374824f752af612d981", kill_on_drop: false }`
[INFO] [stderr]    Compiling syn v1.0.109
[INFO] [stderr]    Compiling value-bag v1.0.0-alpha.9
[INFO] [stderr]    Compiling log v0.4.17
[INFO] [stderr]    Compiling futures-core v0.3.28
[INFO] [stderr]    Compiling proc-macro-error-attr v1.0.4
[INFO] [stderr]    Compiling syn v2.0.15
[INFO] [stderr]    Compiling proc-macro-error v1.0.4
[INFO] [stderr]    Compiling generic-array v0.14.7
[INFO] [stderr]    Compiling num-traits v0.2.15
[INFO] [stderr]    Compiling futures-io v0.3.28
[INFO] [stderr]    Compiling spin v0.5.2
[INFO] [stderr]    Compiling num-integer v0.1.45
[INFO] [stderr]    Compiling const-oid v0.9.2
[INFO] [stderr]    Compiling lock_api v0.4.9
[INFO] [stderr]    Compiling futures-sink v0.3.28
[INFO] [stderr]    Compiling futures-channel v0.3.28
[INFO] [stderr]    Compiling bytes v1.4.0
[INFO] [stderr]    Compiling socket2 v0.4.9
[INFO] [stderr]    Compiling block-buffer v0.10.4
[INFO] [stderr]    Compiling crypto-common v0.1.6
[INFO] [stderr]    Compiling tokio v1.28.0
[INFO] [stderr]    Compiling parking_lot v0.12.1
[INFO] [stderr]    Compiling signal-hook-registry v1.4.1
[INFO] [stderr]    Compiling base64ct v1.6.0
[INFO] [stderr]    Compiling subtle v2.4.1
[INFO] [stderr]    Compiling ring v0.16.20
[INFO] [stderr]    Compiling tracing-core v0.1.30
[INFO] [stderr]    Compiling digest v0.10.6
[INFO] [stderr]    Compiling time v0.1.45
[INFO] [stderr]    Compiling indexmap v1.9.3
[INFO] [stderr]    Compiling zeroize v1.6.0
[INFO] [stderr]    Compiling unicode-segmentation v1.10.1
[INFO] [stderr]    Compiling pem-rfc7468 v0.6.0
[INFO] [stderr]    Compiling lazy_static v1.4.0
[INFO] [stderr]    Compiling hashbrown v0.12.3
[INFO] [stderr]    Compiling flagset v0.4.3
[INFO] [stderr]    Compiling untrusted v0.7.1
[INFO] [stderr]    Compiling num-bigint v0.4.3
[INFO] [stderr]    Compiling percent-encoding v2.2.0
[INFO] [stderr]    Compiling heck v0.3.3
[INFO] [stderr]    Compiling heck v0.4.1
[INFO] [stderr]    Compiling form_urlencoded v1.1.0
[INFO] [stderr]    Compiling num-iter v0.1.43
[INFO] [stderr]    Compiling unicode-bidi v0.3.13
[INFO] [stderr]    Compiling event-listener v2.5.3
[INFO] [stderr]    Compiling rust_decimal v1.29.1
[INFO] [stderr]    Compiling time-core v0.1.0
[INFO] [stderr]    Compiling ppv-lite86 v0.2.17
[INFO] [stderr]    Compiling http v0.2.9
[INFO] [stderr]    Compiling time-macros v0.2.8
[INFO] [stderr]    Compiling rand_chacha v0.3.1
[INFO] [stderr]    Compiling idna v0.3.0
[INFO] [stderr]    Compiling concurrent-queue v2.2.0
[INFO] [stderr]    Compiling httparse v1.8.0
[INFO] [stderr]    Compiling waker-fn v1.1.0
[INFO] [stderr]    Compiling rustversion v1.0.12
[INFO] [stderr]    Compiling io-lifetimes v1.0.10
[INFO] [stderr]    Compiling num-bigint-dig v0.8.2
[INFO] [stderr]    Compiling webpki v0.22.0
[INFO] [stderr]    Compiling fastrand v1.9.0
[INFO] [stderr]    Compiling arrayvec v0.7.2
[INFO] [stderr]    Compiling parking v2.1.0
[INFO] [stderr]    Compiling rustls v0.20.8
[INFO] [stderr]    Compiling gcc v0.3.55
[INFO] [stderr]    Compiling futures-lite v1.13.0
[INFO] [stderr]    Compiling sct v0.7.0
[INFO] [stderr]    Compiling bigdecimal v0.3.0
[INFO] [stderr]    Compiling serde_derive v1.0.160
[INFO] [stderr]    Compiling futures-macro v0.3.28
[INFO] [stderr]    Compiling tokio-macros v2.1.0
[INFO] [stderr]    Compiling tracing-attributes v0.1.24
[INFO] [stderr]    Compiling ctor v0.1.26
[INFO] [stderr]    Compiling der_derive v0.6.1
[INFO] [stderr]    Compiling thiserror-impl v1.0.40
[INFO] [stderr]    Compiling rust-crypto v0.2.36
[INFO] [stderr]    Compiling url v2.3.1
[INFO] [stderr]    Compiling rand v0.8.5
[INFO] [stderr]    Compiling futures-util v0.3.28
[INFO] [stderr]    Compiling der v0.6.1
[INFO] [stderr]    Compiling async-lock v2.7.0
[INFO] [stderr]    Compiling polling v2.8.0
[INFO] [stderr]    Compiling regex-syntax v0.7.1
[INFO] [stderr]    Compiling mio v0.8.6
[INFO] [stderr]    Compiling tracing v0.1.37
[INFO] [stderr]    Compiling rustix v0.37.18
[INFO] [stderr]    Compiling thiserror v1.0.40
[INFO] [stderr]    Compiling spki v0.6.0
[INFO] [stderr]    Compiling sea-query-derive v0.3.0
[INFO] [stderr]    Compiling byteorder v1.4.3
[INFO] [stderr]    Compiling pkcs8 v0.9.0
[INFO] [stderr]    Compiling try-lock v0.2.4
[INFO] [stderr]    Compiling want v0.3.0
[INFO] [stderr]    Compiling pkcs1 v0.4.1
[INFO] [stderr]    Compiling regex v1.8.1
[INFO] [stderr]    Compiling futures-executor v0.3.28
[INFO] [stderr]    Compiling serde v1.0.160
[INFO] [stderr]    Compiling futures v0.3.28
[INFO] [stderr]    Compiling http-body v0.4.5
[INFO] [stderr]    Compiling signature v1.6.4
[INFO] [stderr]    Compiling async-io v1.13.0
[INFO] [stderr]    Compiling rustc-serialize v0.3.24
[INFO] [stderr]    Compiling Inflector v0.11.4
[INFO] [stderr]    Compiling base64 v0.13.1
[INFO] [stderr]    Compiling async-trait v0.1.68
[INFO] [stderr]    Compiling httpdate v1.0.2
[INFO] [stderr]    Compiling async-task v4.4.0
[INFO] [stderr]    Compiling tower-service v0.3.2
[INFO] [stderr]    Compiling linux-raw-sys v0.3.6
[INFO] [stderr]    Compiling os_str_bytes v6.5.0
[INFO] [stderr]    Compiling ouroboros_macro v0.15.6
[INFO] [stderr]    Compiling pem v1.1.1
[INFO] [stderr]    Compiling clap_lex v0.2.4
[INFO] [stderr]    Compiling sea-strum_macros v0.23.0
[INFO] [stderr]    Compiling rsa v0.7.2
[INFO] [stderr]    Compiling serde_json v1.0.96
[INFO] [stderr]    Compiling tokio-util v0.7.8
[INFO] [stderr]    Compiling uuid v1.3.2
[INFO] [stderr]    Compiling time v0.3.20
[INFO] [stderr]    Compiling chrono v0.4.24
[INFO] [stderr]    Compiling h2 v0.3.18
[INFO] [stderr]    Compiling tokio-rustls v0.23.4
[INFO] [stderr]    Compiling matchers v0.1.0
[INFO] [stderr]    Compiling sea-query v0.28.4
[INFO] [stderr]    Compiling x509-cert v0.1.1
[INFO] [stderr]    Compiling bae v0.1.7
[INFO] [stderr]    Compiling sea-schema-derive v0.1.0
[INFO] [stderr]    Compiling clap_derive v3.2.25
[INFO] [stderr]    Compiling async-stream-impl v0.3.5
[INFO] [stderr]    Compiling async-channel v1.8.0
[INFO] [stderr]    Compiling sharded-slab v0.1.4
[INFO] [stderr]    Compiling thread_local v1.1.7
[INFO] [stderr]    Compiling atomic-waker v1.1.1
[INFO] [stderr]    Compiling textwrap v0.16.0
[INFO] [stderr]    Compiling base64 v0.21.0
[INFO] [stderr]    Compiling aliasable v0.1.3
[INFO] [stderr]    Compiling ouroboros v0.15.6
[INFO] [stderr]    Compiling rustls-pemfile v1.0.2
[INFO] [stderr]    Compiling blaze-ssl-async v0.1.2
[INFO] [stderr]    Compiling blocking v1.3.1
[INFO] [stderr]    Compiling tracing-subscriber v0.3.17
[INFO] [stderr]    Compiling async-stream v0.3.5
[INFO] [stderr]    Compiling clap v3.2.25
[INFO] [stderr]    Compiling hyper v0.14.26
[INFO] [stderr]    Compiling sea-schema v0.11.0
[INFO] [stderr]    Compiling sea-orm-macros v0.11.3
[INFO] [stderr]    Compiling sea-strum v0.23.0
[INFO] [stderr]    Compiling serde_urlencoded v0.7.1
[INFO] [stderr]    Compiling async-executor v1.5.1
[INFO] [stderr]    Compiling webpki-roots v0.22.6
[INFO] [stderr]    Compiling blake2 v0.10.6
[INFO] [stderr]    Compiling password-hash v0.4.2
[INFO] [stderr]    Compiling encoding_rs v0.8.32
[INFO] [stderr]    Compiling dotenvy v0.15.7
[INFO] [stderr]    Compiling mime v0.3.17
[INFO] [stderr]    Compiling ipnet v2.7.2
[INFO] [stderr]    Compiling sea-orm-cli v0.11.3
[INFO] [stderr]    Compiling argon2 v0.4.1
[INFO] [stderr]    Compiling sha2 v0.10.6
[INFO] [stderr]    Compiling sea-orm v0.11.3
[INFO] [stderr]    Compiling hyper-rustls v0.23.2
[INFO] [stderr]    Compiling async-global-executor v2.3.1
[INFO] [stderr]    Compiling blaze-pk v0.6.2
[INFO] [stderr]    Compiling kv-log-macro v1.0.7
[INFO] [stderr]    Compiling reqwest v0.11.17
[INFO] [stderr]    Compiling async-attributes v1.1.2
[INFO] [stderr]    Compiling rust-embed-utils v7.5.0
[INFO] [stderr]    Compiling async-std v1.12.0
[INFO] [stderr]    Compiling rust-embed-impl v6.5.0
[INFO] [stderr]    Compiling pocket-relay-utils v0.1.1
[INFO] [stderr]    Compiling sea-orm-migration v0.11.3
[INFO] [stderr]    Compiling rust-embed v6.6.1
[INFO] [stderr]    Compiling pocket-relay-database v0.1.0
[INFO] [stdout] error[E0599]: no method named `unsigned_len` found for struct `sea_orm::sea_query::ColumnDef` in the current scope
[INFO] [stdout]   --> /opt/rustwide/cargo-home/registry/src/github.com-1ecc6299db9ec823/pocket-relay-database-0.1.0/src/migration/m20221015_142649_players_table.rs:33:30
[INFO] [stdout]    |
[INFO] [stdout] 32 | /                         ColumnDef::new(Players::Credits)
[INFO] [stdout] 33 | |                             .unsigned_len(255)
[INFO] [stdout]    | |                             -^^^^^^^^^^^^ help: there is a method with a similar name: `unsigned`
[INFO] [stdout]    | |_____________________________|
[INFO] [stdout]    | 
[INFO] [stdout] 
[INFO] [stdout] 
[INFO] [stdout] error[E0599]: no method named `unsigned_len` found for struct `sea_orm::sea_query::ColumnDef` in the current scope
[INFO] [stdout]   --> /opt/rustwide/cargo-home/registry/src/github.com-1ecc6299db9ec823/pocket-relay-database-0.1.0/src/migration/m20221015_142649_players_table.rs:39:30
[INFO] [stdout]    |
[INFO] [stdout] 38 | /                         ColumnDef::new(Players::CreditsSpent)
[INFO] [stdout] 39 | |                             .unsigned_len(255)
[INFO] [stdout]    | |                             -^^^^^^^^^^^^ help: there is a method with a similar name: `unsigned`
[INFO] [stdout]    | |_____________________________|
[INFO] [stdout]    | 
[INFO] [stdout] 
[INFO] [stdout] 
[INFO] [stdout] error[E0599]: no method named `unsigned_len` found for struct `sea_orm::sea_query::ColumnDef` in the current scope
[INFO] [stdout]   --> /opt/rustwide/cargo-home/registry/src/github.com-1ecc6299db9ec823/pocket-relay-database-0.1.0/src/migration/m20221015_142649_players_table.rs:45:30
[INFO] [stdout]    |
[INFO] [stdout] 44 | /                         ColumnDef::new(Players::GamesPlayed)
[INFO] [stdout] 45 | |                             .unsigned_len(255)
[INFO] [stdout]    | |                             -^^^^^^^^^^^^ help: there is a method with a similar name: `unsigned`
[INFO] [stdout]    | |_____________________________|
[INFO] [stdout]    | 
[INFO] [stdout] 
[INFO] [stdout] 
[INFO] [stdout] error[E0599]: no method named `unsigned_len` found for struct `sea_orm::sea_query::ColumnDef` in the current scope
[INFO] [stdout]   --> /opt/rustwide/cargo-home/registry/src/github.com-1ecc6299db9ec823/pocket-relay-database-0.1.0/src/migration/m20221015_142649_players_table.rs:51:30
[INFO] [stdout]    |
[INFO] [stdout] 50 | /                         ColumnDef::new(Players::SecondsPlayed)
[INFO] [stdout] 51 | |                             .unsigned_len(255)
[INFO] [stdout]    | |                             -^^^^^^^^^^^^ help: there is a method with a similar name: `unsigned`
[INFO] [stdout]    | |_____________________________|
[INFO] [stdout]    | 
[INFO] [stdout] 
[INFO] [stdout] 
[INFO] [stdout] error[E0599]: no method named `integer_len` found for struct `sea_orm::sea_query::ColumnDef` in the current scope
[INFO] [stdout]   --> /opt/rustwide/cargo-home/registry/src/github.com-1ecc6299db9ec823/pocket-relay-database-0.1.0/src/migration/m20221015_142649_players_table.rs:58:30
[INFO] [stdout]    |
[INFO] [stdout] 57 | /                         ColumnDef::new(Players::Csreward)
[INFO] [stdout] 58 | |                             .integer_len(6)
[INFO] [stdout]    | |                             -^^^^^^^^^^^ help: there is a method with a similar name: `integer`
[INFO] [stdout]    | |_____________________________|
[INFO] [stdout]    | 
[INFO] [stdout] 
[INFO] [stdout] 
[INFO] [stdout] error[E0599]: no method named `integer_len` found for struct `sea_orm::sea_query::ColumnDef` in the current scope
[INFO] [stdout]   --> /opt/rustwide/cargo-home/registry/src/github.com-1ecc6299db9ec823/pocket-relay-database-0.1.0/src/migration/m20221015_145431_players_characters_table.rs:30:30
[INFO] [stdout]    |
[INFO] [stdout] 29 | /                         ColumnDef::new(PlayerCharacters::Index)
[INFO] [stdout] 30 | |                             .integer_len(3)
[INFO] [stdout]    | |                             -^^^^^^^^^^^ help: there is a method with a similar name: `integer`
[INFO] [stdout]    | |_____________________________|
[INFO] [stdout]    | 
[INFO] [stdout] 
[INFO] [stdout] 
[INFO] [stdout] error[E0599]: no method named `integer_len` found for struct `sea_orm::sea_query::ColumnDef` in the current scope
[INFO] [stdout]   --> /opt/rustwide/cargo-home/registry/src/github.com-1ecc6299db9ec823/pocket-relay-database-0.1.0/src/migration/m20221015_145431_players_characters_table.rs:37:30
[INFO] [stdout]    |
[INFO] [stdout] 36 | /                         ColumnDef::new(PlayerCharacters::Tint1)
[INFO] [stdout] 37 | |                             .integer_len(4)
[INFO] [stdout]    | |                             -^^^^^^^^^^^ help: there is a method with a similar name: `integer`
[INFO] [stdout]    | |_____________________________|
[INFO] [stdout]    | 
[INFO] [stdout] 
[INFO] [stdout] 
[INFO] [stdout] error[E0599]: no method named `integer_len` found for struct `sea_orm::sea_query::ColumnDef` in the current scope
[INFO] [stdout]   --> /opt/rustwide/cargo-home/registry/src/github.com-1ecc6299db9ec823/pocket-relay-database-0.1.0/src/migration/m20221015_145431_players_characters_table.rs:42:30
[INFO] [stdout]    |
[INFO] [stdout] 41 | /                         ColumnDef::new(PlayerCharacters::Tint2)
[INFO] [stdout] 42 | |                             .integer_len(4)
[INFO] [stdout]    | |                             -^^^^^^^^^^^ help: there is a method with a similar name: `integer`
[INFO] [stdout]    | |_____________________________|
[INFO] [stdout]    | 
[INFO] [stdout] 
[INFO] [stdout] 
[INFO] [stdout] error[E0599]: no method named `integer_len` found for struct `sea_orm::sea_query::ColumnDef` in the current scope
[INFO] [stdout]   --> /opt/rustwide/cargo-home/registry/src/github.com-1ecc6299db9ec823/pocket-relay-database-0.1.0/src/migration/m20221015_145431_players_characters_table.rs:47:30
[INFO] [stdout]    |
[INFO] [stdout] 46 | /                         ColumnDef::new(PlayerCharacters::Pattern)
[INFO] [stdout] 47 | |                             .integer_len(4)
[INFO] [stdout]    | |                             -^^^^^^^^^^^ help: there is a method with a similar name: `integer`
[INFO] [stdout]    | |_____________________________|
[INFO] [stdout]    | 
[INFO] [stdout] 
[INFO] [stdout] 
[INFO] [stdout] error[E0599]: no method named `integer_len` found for struct `sea_orm::sea_query::ColumnDef` in the current scope
[INFO] [stdout]   --> /opt/rustwide/cargo-home/registry/src/github.com-1ecc6299db9ec823/pocket-relay-database-0.1.0/src/migration/m20221015_145431_players_characters_table.rs:52:30
[INFO] [stdout]    |
[INFO] [stdout] 51 | /                         ColumnDef::new(PlayerCharacters::PatternColor)
[INFO] [stdout] 52 | |                             .integer_len(4)
[INFO] [stdout]    | |                             -^^^^^^^^^^^ help: there is a method with a similar name: `integer`
[INFO] [stdout]    | |_____________________________|
[INFO] [stdout]    | 
[INFO] [stdout] 
[INFO] [stdout] 
[INFO] [stdout] error[E0599]: no method named `integer_len` found for struct `sea_orm::sea_query::ColumnDef` in the current scope
[INFO] [stdout]   --> /opt/rustwide/cargo-home/registry/src/github.com-1ecc6299db9ec823/pocket-relay-database-0.1.0/src/migration/m20221015_145431_players_characters_table.rs:57:30
[INFO] [stdout]    |
[INFO] [stdout] 56 | /                         ColumnDef::new(PlayerCharacters::Phong)
[INFO] [stdout] 57 | |                             .integer_len(4)
[INFO] [stdout]    | |                             -^^^^^^^^^^^ help: there is a method with a similar name: `integer`
[INFO] [stdout]    | |_____________________________|
[INFO] [stdout]    | 
[INFO] [stdout] 
[INFO] [stdout] 
[INFO] [stdout] error[E0599]: no method named `integer_len` found for struct `sea_orm::sea_query::ColumnDef` in the current scope
[INFO] [stdout]   --> /opt/rustwide/cargo-home/registry/src/github.com-1ecc6299db9ec823/pocket-relay-database-0.1.0/src/migration/m20221015_145431_players_characters_table.rs:62:30
[INFO] [stdout]    |
[INFO] [stdout] 61 | /                         ColumnDef::new(PlayerCharacters::Emissive)
[INFO] [stdout] 62 | |                             .integer_len(4)
[INFO] [stdout]    | |                             -^^^^^^^^^^^ help: there is a method with a similar name: `integer`
[INFO] [stdout]    | |_____________________________|
[INFO] [stdout]    | 
[INFO] [stdout] 
[INFO] [stdout] 
[INFO] [stdout] error[E0599]: no method named `integer_len` found for struct `sea_orm::sea_query::ColumnDef` in the current scope
[INFO] [stdout]   --> /opt/rustwide/cargo-home/registry/src/github.com-1ecc6299db9ec823/pocket-relay-database-0.1.0/src/migration/m20221015_145431_players_characters_table.rs:67:30
[INFO] [stdout]    |
[INFO] [stdout] 66 | /                         ColumnDef::new(PlayerCharacters::SkinTone)
[INFO] [stdout] 67 | |                             .integer_len(4)
[INFO] [stdout]    | |                             -^^^^^^^^^^^ help: there is a method with a similar name: `integer`
[INFO] [stdout]    | |_____________________________|
[INFO] [stdout]    | 
[INFO] [stdout] 
[INFO] [stdout] 
[INFO] [stdout] error[E0599]: no method named `integer_len` found for struct `sea_orm::sea_query::ColumnDef` in the current scope
[INFO] [stdout]   --> /opt/rustwide/cargo-home/registry/src/github.com-1ecc6299db9ec823/pocket-relay-database-0.1.0/src/migration/m20221015_145431_players_characters_table.rs:72:30
[INFO] [stdout]    |
[INFO] [stdout] 71 | /                         ColumnDef::new(PlayerCharacters::SecondsPlayed)
[INFO] [stdout] 72 | |                             .integer_len(255)
[INFO] [stdout]    | |                             -^^^^^^^^^^^ help: there is a method with a similar name: `integer`
[INFO] [stdout]    | |_____________________________|
[INFO] [stdout]    | 
[INFO] [stdout] 
[INFO] [stdout] 
[INFO] [stdout] error[E0599]: no method named `integer_len` found for struct `sea_orm::sea_query::ColumnDef` in the current scope
[INFO] [stdout]   --> /opt/rustwide/cargo-home/registry/src/github.com-1ecc6299db9ec823/pocket-relay-database-0.1.0/src/migration/m20221015_145431_players_characters_table.rs:77:30
[INFO] [stdout]    |
[INFO] [stdout] 76 | /                         ColumnDef::new(PlayerCharacters::TimestampYear)
[INFO] [stdout] 77 | |                             .integer_len(255)
[INFO] [stdout]    | |                             -^^^^^^^^^^^ help: there is a method with a similar name: `integer`
[INFO] [stdout]    | |_____________________________|
[INFO] [stdout]    | 
[INFO] [stdout] 
[INFO] [stdout] 
[INFO] [stdout] error[E0599]: no method named `integer_len` found for struct `sea_orm::sea_query::ColumnDef` in the current scope
[INFO] [stdout]   --> /opt/rustwide/cargo-home/registry/src/github.com-1ecc6299db9ec823/pocket-relay-database-0.1.0/src/migration/m20221015_145431_players_characters_table.rs:82:30
[INFO] [stdout]    |
[INFO] [stdout] 81 | /                         ColumnDef::new(PlayerCharacters::TimestampMonth)
[INFO] [stdout] 82 | |                             .integer_len(255)
[INFO] [stdout]    | |                             -^^^^^^^^^^^ help: there is a method with a similar name: `integer`
[INFO] [stdout]    | |_____________________________|
[INFO] [stdout]    | 
[INFO] [stdout] 
[INFO] [stdout] 
[INFO] [stdout] error[E0599]: no method named `integer_len` found for struct `sea_orm::sea_query::ColumnDef` in the current scope
[INFO] [stdout]   --> /opt/rustwide/cargo-home/registry/src/github.com-1ecc6299db9ec823/pocket-relay-database-0.1.0/src/migration/m20221015_145431_players_characters_table.rs:87:30
[INFO] [stdout]    |
[INFO] [stdout] 86 | /                         ColumnDef::new(PlayerCharacters::TimestampDay)
[INFO] [stdout] 87 | |                             .integer_len(255)
[INFO] [stdout]    | |                             -^^^^^^^^^^^ help: there is a method with a similar name: `integer`
[INFO] [stdout]    | |_____________________________|
[INFO] [stdout]    | 
[INFO] [stdout] 
[INFO] [stdout] 
[INFO] [stdout] error[E0599]: no method named `integer_len` found for struct `sea_orm::sea_query::ColumnDef` in the current scope
[INFO] [stdout]   --> /opt/rustwide/cargo-home/registry/src/github.com-1ecc6299db9ec823/pocket-relay-database-0.1.0/src/migration/m20221015_145431_players_characters_table.rs:92:30
[INFO] [stdout]    |
[INFO] [stdout] 91 | /                         ColumnDef::new(PlayerCharacters::TimestampSeconds)
[INFO] [stdout] 92 | |                             .integer_len(255)
[INFO] [stdout]    | |                             -^^^^^^^^^^^ help: there is a method with a similar name: `integer`
[INFO] [stdout]    | |_____________________________|
[INFO] [stdout]    | 
[INFO] [stdout] 
[INFO] [stdout] 
[INFO] [stdout] error[E0599]: no method named `integer_len` found for struct `sea_orm::sea_query::ColumnDef` in the current scope
[INFO] [stdout]   --> /opt/rustwide/cargo-home/registry/src/github.com-1ecc6299db9ec823/pocket-relay-database-0.1.0/src/migration/m20221015_145458_players_classes_table.rs:26:30
[INFO] [stdout]    |
[INFO] [stdout] 25 | /                         ColumnDef::new(PlayerClasses::Index)
[INFO] [stdout] 26 | |                             .integer_len(2)
[INFO] [stdout]    | |                             -^^^^^^^^^^^ help: there is a method with a similar name: `integer`
[INFO] [stdout]    | |_____________________________|
[INFO] [stdout]    | 
[INFO] [stdout] 
[INFO] [stdout] 
[INFO] [stdout] error[E0599]: no method named `integer_len` found for struct `sea_orm::sea_query::ColumnDef` in the current scope
[INFO] [stdout]   --> /opt/rustwide/cargo-home/registry/src/github.com-1ecc6299db9ec823/pocket-relay-database-0.1.0/src/migration/m20221015_145458_players_classes_table.rs:32:30
[INFO] [stdout]    |
[INFO] [stdout] 31 | /                         ColumnDef::new(PlayerClasses::Level)
[INFO] [stdout] 32 | |                             .integer_len(3)
[INFO] [stdout]    | |                             -^^^^^^^^^^^ help: there is a method with a similar name: `integer`
[INFO] [stdout]    | |_____________________________|
[INFO] [stdout]    | 
[INFO] [stdout] 
[INFO] [stdout] 
[INFO] [stdout] error[E0599]: no method named `float_len` found for struct `sea_orm::sea_query::ColumnDef` in the current scope
[INFO] [stdout]   --> /opt/rustwide/cargo-home/registry/src/github.com-1ecc6299db9ec823/pocket-relay-database-0.1.0/src/migration/m20221015_145458_players_classes_table.rs:35:61
[INFO] [stdout]    |
[INFO] [stdout] 35 |                     .col(ColumnDef::new(PlayerClasses::Exp).float_len(4).not_null())
[INFO] [stdout]    |                                                             ^^^^^^^^^ help: there is a method with a similar name: `float`
[INFO] [stdout] 
[INFO] [stdout] 
[INFO] [stdout] error[E0599]: no method named `integer_len` found for struct `sea_orm::sea_query::ColumnDef` in the current scope
[INFO] [stdout]   --> /opt/rustwide/cargo-home/registry/src/github.com-1ecc6299db9ec823/pocket-relay-database-0.1.0/src/migration/m20221015_145458_players_classes_table.rs:38:30
[INFO] [stdout]    |
[INFO] [stdout] 37 | /                         ColumnDef::new(PlayerClasses::Promotions)
[INFO] [stdout] 38 | |                             .integer_len(6)
[INFO] [stdout]    | |                             -^^^^^^^^^^^ help: there is a method with a similar name: `integer`
[INFO] [stdout]    | |_____________________________|
[INFO] [stdout]    | 
[INFO] [stdout] 
[INFO] [stdout] 
[INFO] [stdout] error[E0599]: no method named `integer_len` found for struct `sea_orm::sea_query::ColumnDef` in the current scope
[INFO] [stdout]   --> /opt/rustwide/cargo-home/registry/src/github.com-1ecc6299db9ec823/pocket-relay-database-0.1.0/src/migration/m20221015_153750_galaxy_at_war_table.rs:31:30
[INFO] [stdout]    |
[INFO] [stdout] 30 | /                         ColumnDef::new(GalaxyAtWar::GroupA)
[INFO] [stdout] 31 | |                             .integer_len(8)
[INFO] [stdout]    | |                             -^^^^^^^^^^^ help: there is a method with a similar name: `integer`
[INFO] [stdout]    | |_____________________________|
[INFO] [stdout]    | 
[INFO] [stdout] 
[INFO] [stdout] 
[INFO] [stdout] error[E0599]: no method named `integer_len` found for struct `sea_orm::sea_query::ColumnDef` in the current scope
[INFO] [stdout]   --> /opt/rustwide/cargo-home/registry/src/github.com-1ecc6299db9ec823/pocket-relay-database-0.1.0/src/migration/m20221015_153750_galaxy_at_war_table.rs:36:30
[INFO] [stdout]    |
[INFO] [stdout] 35 | /                         ColumnDef::new(GalaxyAtWar::GroupB)
[INFO] [stdout] 36 | |                             .integer_len(8)
[INFO] [stdout]    | |                             -^^^^^^^^^^^ help: there is a method with a similar name: `integer`
[INFO] [stdout]    | |_____________________________|
[INFO] [stdout]    | 
[INFO] [stdout] 
[INFO] [stdout] 
[INFO] [stdout] error[E0599]: no method named `integer_len` found for struct `sea_orm::sea_query::ColumnDef` in the current scope
[INFO] [stdout]   --> /opt/rustwide/cargo-home/registry/src/github.com-1ecc6299db9ec823/pocket-relay-database-0.1.0/src/migration/m20221015_153750_galaxy_at_war_table.rs:41:30
[INFO] [stdout]    |
[INFO] [stdout] 40 | /                         ColumnDef::new(GalaxyAtWar::GroupC)
[INFO] [stdout] 41 | |                             .integer_len(8)
[INFO] [stdout]    | |                             -^^^^^^^^^^^ help: there is a method with a similar name: `integer`
[INFO] [stdout]    | |_____________________________|
[INFO] [stdout]    | 
[INFO] [stdout] 
[INFO] [stdout] 
[INFO] [stdout] error[E0599]: no method named `integer_len` found for struct `sea_orm::sea_query::ColumnDef` in the current scope
[INFO] [stdout]   --> /opt/rustwide/cargo-home/registry/src/github.com-1ecc6299db9ec823/pocket-relay-database-0.1.0/src/migration/m20221015_153750_galaxy_at_war_table.rs:46:30
[INFO] [stdout]    |
[INFO] [stdout] 45 | /                         ColumnDef::new(GalaxyAtWar::GroupD)
[INFO] [stdout] 46 | |                             .integer_len(8)
[INFO] [stdout]    | |                             -^^^^^^^^^^^ help: there is a method with a similar name: `integer`
[INFO] [stdout]    | |_____________________________|
[INFO] [stdout]    | 
[INFO] [stdout] 
[INFO] [stdout] 
[INFO] [stdout] error[E0599]: no method named `integer_len` found for struct `sea_orm::sea_query::ColumnDef` in the current scope
[INFO] [stdout]   --> /opt/rustwide/cargo-home/registry/src/github.com-1ecc6299db9ec823/pocket-relay-database-0.1.0/src/migration/m20221015_153750_galaxy_at_war_table.rs:51:30
[INFO] [stdout]    |
[INFO] [stdout] 50 | /                         ColumnDef::new(GalaxyAtWar::GroupE)
[INFO] [stdout] 51 | |                             .integer_len(8)
[INFO] [stdout]    | |                             -^^^^^^^^^^^ help: there is a method with a similar name: `integer`
[INFO] [stdout]    | |_____________________________|
[INFO] [stdout]    | 
[INFO] [stdout] 
[INFO] [stdout] 
[INFO] [stdout] error: aborting due to 27 previous errors
[INFO] [stdout] 
[INFO] [stdout] 
[INFO] [stdout] For more information about this error, try `rustc --explain E0599`.
[INFO] [stdout] 
[INFO] [stderr] error: could not compile `pocket-relay-database` due to 28 previous errors
[INFO] [stderr] warning: build failed, waiting for other jobs to finish...
[INFO] running `Command { std: "docker" "inspect" "ce15d2483f941c5096205e76b0321dd7ed30c1f90ae5a374824f752af612d981", kill_on_drop: false }`
[INFO] running `Command { std: "docker" "rm" "-f" "ce15d2483f941c5096205e76b0321dd7ed30c1f90ae5a374824f752af612d981", kill_on_drop: false }`
[INFO] [stdout] ce15d2483f941c5096205e76b0321dd7ed30c1f90ae5a374824f752af612d981
