[INFO] fetching crate plotpy 0.3.5...
[INFO] testing plotpy-0.3.5 against 1.69.0 for beta-1.70-1
[INFO] extracting crate plotpy 0.3.5 into /workspace/builds/worker-7-tc1/source
[INFO] validating manifest of crates.io crate plotpy 0.3.5 on toolchain 1.69.0
[INFO] running `Command { std: CARGO_HOME="/workspace/cargo-home" RUSTUP_HOME="/workspace/rustup-home" "/workspace/cargo-home/bin/cargo" "+1.69.0" "metadata" "--manifest-path" "Cargo.toml" "--no-deps", kill_on_drop: false }`
[INFO] started tweaking crates.io crate plotpy 0.3.5
[INFO] finished tweaking crates.io crate plotpy 0.3.5
[INFO] tweaked toml for crates.io crate plotpy 0.3.5 written to /workspace/builds/worker-7-tc1/source/Cargo.toml
[INFO] running `Command { std: CARGO_HOME="/workspace/cargo-home" RUSTUP_HOME="/workspace/rustup-home" __CARGO_TEST_CHANNEL_OVERRIDE_DO_NOT_USE_THIS="nightly" "/workspace/cargo-home/bin/cargo" "+1.69.0" "generate-lockfile" "--manifest-path" "Cargo.toml" "-Zno-index-update", kill_on_drop: false }`
[INFO] running `Command { std: CARGO_HOME="/workspace/cargo-home" RUSTUP_HOME="/workspace/rustup-home" "/workspace/cargo-home/bin/cargo" "+1.69.0" "fetch" "--manifest-path" "Cargo.toml", kill_on_drop: false }`
[INFO] [stderr]  Downloading crates ...
[INFO] [stderr]   Downloaded russell_openblas v0.4.1
[INFO] [stderr]   Downloaded russell_chk v0.4.1
[INFO] [stderr]   Downloaded russell_lab v0.4.1
[INFO] running `Command { std: "docker" "create" "-v" "/var/lib/crater-agent-workspace/builds/worker-7-tc1/target:/opt/rustwide/target:rw,Z" "-v" "/var/lib/crater-agent-workspace/builds/worker-7-tc1/source:/opt/rustwide/workdir:ro,Z" "-v" "/var/lib/crater-agent-workspace/cargo-home:/opt/rustwide/cargo-home:ro,Z" "-v" "/var/lib/crater-agent-workspace/rustup-home:/opt/rustwide/rustup-home:ro,Z" "-e" "SOURCE_DIR=/opt/rustwide/workdir" "-e" "CARGO_TARGET_DIR=/opt/rustwide/target" "-e" "CARGO_HOME=/opt/rustwide/cargo-home" "-e" "RUSTUP_HOME=/opt/rustwide/rustup-home" "-w" "/opt/rustwide/workdir" "-m" "1610612736" "--user" "0:0" "--network" "none" "ghcr.io/rust-lang/crates-build-env/linux@sha256:5ff2268d62e97bff2cde7d5815dd6ed5b47097566f13b8d0ca110b04b60e07ed" "/opt/rustwide/cargo-home/bin/cargo" "+1.69.0" "metadata" "--no-deps" "--format-version=1", kill_on_drop: false }`
[INFO] [stdout] a94b092226813a6ede2fd40ce22f8460a482499700658e0514df77996e22ddf1
[INFO] running `Command { std: "docker" "start" "-a" "a94b092226813a6ede2fd40ce22f8460a482499700658e0514df77996e22ddf1", kill_on_drop: false }`
[INFO] running `Command { std: "docker" "inspect" "a94b092226813a6ede2fd40ce22f8460a482499700658e0514df77996e22ddf1", kill_on_drop: false }`
[INFO] running `Command { std: "docker" "rm" "-f" "a94b092226813a6ede2fd40ce22f8460a482499700658e0514df77996e22ddf1", kill_on_drop: false }`
[INFO] [stdout] a94b092226813a6ede2fd40ce22f8460a482499700658e0514df77996e22ddf1
[INFO] running `Command { std: "docker" "create" "-v" "/var/lib/crater-agent-workspace/builds/worker-7-tc1/target:/opt/rustwide/target:rw,Z" "-v" "/var/lib/crater-agent-workspace/builds/worker-7-tc1/source:/opt/rustwide/workdir:ro,Z" "-v" "/var/lib/crater-agent-workspace/cargo-home:/opt/rustwide/cargo-home:ro,Z" "-v" "/var/lib/crater-agent-workspace/rustup-home:/opt/rustwide/rustup-home:ro,Z" "-e" "SOURCE_DIR=/opt/rustwide/workdir" "-e" "CARGO_TARGET_DIR=/opt/rustwide/target" "-e" "CARGO_INCREMENTAL=0" "-e" "RUST_BACKTRACE=full" "-e" "RUSTFLAGS=--cap-lints=warn" "-e" "RUSTDOCFLAGS=--cap-lints=warn" "-e" "CARGO_HOME=/opt/rustwide/cargo-home" "-e" "RUSTUP_HOME=/opt/rustwide/rustup-home" "-w" "/opt/rustwide/workdir" "-m" "1610612736" "--user" "0:0" "--network" "none" "ghcr.io/rust-lang/crates-build-env/linux@sha256:5ff2268d62e97bff2cde7d5815dd6ed5b47097566f13b8d0ca110b04b60e07ed" "/opt/rustwide/cargo-home/bin/cargo" "+1.69.0" "build" "--frozen" "--message-format=json", kill_on_drop: false }`
[INFO] [stdout] ea4834f5aabbf80263e4e16ecac191eb95324492c4f16c5fcb39e5e303f95154
[INFO] running `Command { std: "docker" "start" "-a" "ea4834f5aabbf80263e4e16ecac191eb95324492c4f16c5fcb39e5e303f95154", kill_on_drop: false }`
[INFO] [stderr]    Compiling proc-macro2 v1.0.56
[INFO] [stderr]    Compiling unicode-ident v1.0.8
[INFO] [stderr]    Compiling quote v1.0.26
[INFO] [stderr]    Compiling serde_derive v1.0.160
[INFO] [stderr]    Compiling serde v1.0.160
[INFO] [stderr]    Compiling crossbeam-utils v0.8.15
[INFO] [stderr]    Compiling memoffset v0.8.0
[INFO] [stderr]    Compiling libc v0.2.142
[INFO] [stderr]    Compiling num-traits v0.2.15
[INFO] [stderr]    Compiling crossbeam-epoch v0.9.14
[INFO] [stderr]    Compiling scopeguard v1.1.0
[INFO] [stderr]    Compiling memchr v2.5.0
[INFO] [stderr]    Compiling serde_json v1.0.96
[INFO] [stderr]    Compiling rayon-core v1.11.0
[INFO] [stderr]    Compiling either v1.8.1
[INFO] [stderr]    Compiling itoa v1.0.6
[INFO] [stderr]    Compiling ryu v1.0.13
[INFO] [stderr]    Compiling plotters-backend v0.3.4
[INFO] [stderr]    Compiling itertools v0.10.5
[INFO] [stderr]    Compiling regex-syntax v0.7.1
[INFO] [stderr]    Compiling half v1.8.2
[INFO] [stderr]    Compiling plotters-svg v0.3.3
[INFO] [stderr]    Compiling cast v0.3.0
[INFO] [stderr]    Compiling clap v2.34.0
[INFO] [stderr]    Compiling oorandom v11.1.3
[INFO] [stderr]    Compiling russell_openblas v0.4.1
[INFO] [stderr]    Compiling crossbeam-channel v0.5.8
[INFO] [stderr]    Compiling csv-core v0.1.10
[INFO] [stderr]    Compiling crossbeam-deque v0.8.3
[INFO] [stderr]    Compiling syn v2.0.15
[INFO] [stderr]    Compiling num_cpus v1.15.0
[INFO] [stderr]    Compiling atty v0.2.14
[INFO] [stderr]    Compiling regex v1.8.1
[INFO] [stderr]    Compiling criterion-plot v0.4.5
[INFO] [stderr]    Compiling plotters v0.3.4
[INFO] [stderr]    Compiling rayon v1.7.0
[INFO] [stderr]    Compiling csv v1.2.1
[INFO] [stderr]    Compiling serde_cbor v0.11.2
[INFO] [stderr]    Compiling num-complex v0.4.3
[INFO] [stderr]    Compiling russell_chk v0.4.1
[INFO] [stderr]    Compiling tinytemplate v1.2.1
[INFO] [stderr]    Compiling criterion v0.3.6
[INFO] [stderr]    Compiling russell_lab v0.4.1
[INFO] [stderr]    Compiling plotpy v0.3.5 (/opt/rustwide/workdir)
[INFO] [stderr]     Finished dev [unoptimized + debuginfo] target(s) in 21.73s
[INFO] running `Command { std: "docker" "inspect" "ea4834f5aabbf80263e4e16ecac191eb95324492c4f16c5fcb39e5e303f95154", kill_on_drop: false }`
[INFO] running `Command { std: "docker" "rm" "-f" "ea4834f5aabbf80263e4e16ecac191eb95324492c4f16c5fcb39e5e303f95154", kill_on_drop: false }`
[INFO] [stdout] ea4834f5aabbf80263e4e16ecac191eb95324492c4f16c5fcb39e5e303f95154
[INFO] running `Command { std: "docker" "create" "-v" "/var/lib/crater-agent-workspace/builds/worker-7-tc1/target:/opt/rustwide/target:rw,Z" "-v" "/var/lib/crater-agent-workspace/builds/worker-7-tc1/source:/opt/rustwide/workdir:ro,Z" "-v" "/var/lib/crater-agent-workspace/cargo-home:/opt/rustwide/cargo-home:ro,Z" "-v" "/var/lib/crater-agent-workspace/rustup-home:/opt/rustwide/rustup-home:ro,Z" "-e" "SOURCE_DIR=/opt/rustwide/workdir" "-e" "CARGO_TARGET_DIR=/opt/rustwide/target" "-e" "CARGO_INCREMENTAL=0" "-e" "RUST_BACKTRACE=full" "-e" "RUSTFLAGS=--cap-lints=warn" "-e" "RUSTDOCFLAGS=--cap-lints=warn" "-e" "CARGO_HOME=/opt/rustwide/cargo-home" "-e" "RUSTUP_HOME=/opt/rustwide/rustup-home" "-w" "/opt/rustwide/workdir" "-m" "1610612736" "--user" "0:0" "--network" "none" "ghcr.io/rust-lang/crates-build-env/linux@sha256:5ff2268d62e97bff2cde7d5815dd6ed5b47097566f13b8d0ca110b04b60e07ed" "/opt/rustwide/cargo-home/bin/cargo" "+1.69.0" "test" "--frozen" "--no-run" "--message-format=json", kill_on_drop: false }`
[INFO] [stdout] 4ff9d645a95ca12bbdb11facf371a7cb4a93d034561210ddb412e4b5e590e292
[INFO] running `Command { std: "docker" "start" "-a" "4ff9d645a95ca12bbdb11facf371a7cb4a93d034561210ddb412e4b5e590e292", kill_on_drop: false }`
[INFO] [stderr]    Compiling plotpy v0.3.5 (/opt/rustwide/workdir)
[INFO] [stderr]     Finished test [unoptimized + debuginfo] target(s) in 4.34s
[INFO] running `Command { std: "docker" "inspect" "4ff9d645a95ca12bbdb11facf371a7cb4a93d034561210ddb412e4b5e590e292", kill_on_drop: false }`
[INFO] running `Command { std: "docker" "rm" "-f" "4ff9d645a95ca12bbdb11facf371a7cb4a93d034561210ddb412e4b5e590e292", kill_on_drop: false }`
[INFO] [stdout] 4ff9d645a95ca12bbdb11facf371a7cb4a93d034561210ddb412e4b5e590e292
[INFO] running `Command { std: "docker" "create" "-v" "/var/lib/crater-agent-workspace/builds/worker-7-tc1/target:/opt/rustwide/target:rw,Z" "-v" "/var/lib/crater-agent-workspace/builds/worker-7-tc1/source:/opt/rustwide/workdir:ro,Z" "-v" "/var/lib/crater-agent-workspace/cargo-home:/opt/rustwide/cargo-home:ro,Z" "-v" "/var/lib/crater-agent-workspace/rustup-home:/opt/rustwide/rustup-home:ro,Z" "-e" "SOURCE_DIR=/opt/rustwide/workdir" "-e" "CARGO_TARGET_DIR=/opt/rustwide/target" "-e" "CARGO_INCREMENTAL=0" "-e" "RUST_BACKTRACE=full" "-e" "RUSTFLAGS=--cap-lints=warn" "-e" "RUSTDOCFLAGS=--cap-lints=warn" "-e" "CARGO_HOME=/opt/rustwide/cargo-home" "-e" "RUSTUP_HOME=/opt/rustwide/rustup-home" "-w" "/opt/rustwide/workdir" "-m" "1610612736" "--user" "0:0" "--network" "none" "ghcr.io/rust-lang/crates-build-env/linux@sha256:5ff2268d62e97bff2cde7d5815dd6ed5b47097566f13b8d0ca110b04b60e07ed" "/opt/rustwide/cargo-home/bin/cargo" "+1.69.0" "test" "--frozen", kill_on_drop: false }`
[INFO] [stdout] 0bd11161d676e347ba74a372dcc422b1c16d18ea4a2dd73257a4632fa662eb95
[INFO] running `Command { std: "docker" "start" "-a" "0bd11161d676e347ba74a372dcc422b1c16d18ea4a2dd73257a4632fa662eb95", kill_on_drop: false }`
[INFO] [stderr]     Finished test [unoptimized + debuginfo] target(s) in 0.08s
[INFO] [stderr]      Running unittests src/lib.rs (/opt/rustwide/target/debug/deps/plotpy-5d0d53674c2054b0)
[INFO] [stdout] 
[INFO] [stdout] running 95 tests
[INFO] [stdout] test canvas::tests::derive_works ... ok
[INFO] [stdout] test canvas::tests::limits_works ... ok
[INFO] [stdout] test canvas::tests::grid_no_ids_works ... ok
[INFO] [stdout] test canvas::tests::line_works ... ok
[INFO] [stdout] test canvas::tests::grid_3d_works ... ok
[INFO] [stdout] test as_matrix::tests::as_matrix_works ... ok
[INFO] [stdout] test canvas::tests::arrow_woks ... ok
[INFO] [stdout] test canvas::tests::grid_fails_on_wrong_input ... ok
[INFO] [stdout] test canvas::tests::options_line_3d_works ... ok
[INFO] [stdout] test canvas::tests::options_text_works ... ok
[INFO] [stdout] test canvas::tests::text_works ... ok
[INFO] [stdout] test canvas::tests::polycurve_capture_errors ... ok
[INFO] [stdout] test canvas::tests::polycurve_methods_work ... ok
[INFO] [stdout] test canvas::tests::options_arrow_works ... ok
[INFO] [stdout] test canvas::tests::options_alt_text_works ... ok
[INFO] [stdout] test canvas::tests::new_works ... ok
[INFO] [stdout] test canvas::tests::grid_2d_works ... ok
[INFO] [stdout] test canvas::tests::options_shared_works ... ok
[INFO] [stdout] test as_vector::tests::as_vector_works ... ok
[INFO] [stdout] test canvas::tests::polycurve_works ... ok
[INFO] [stdout] test canvas::tests::circle_works ... ok
[INFO] [stdout] test canvas::tests::polyline_3d_methods_work ... ok
[INFO] [stdout] test canvas::tests::arc_works ... ok
[INFO] [stdout] test canvas::tests::polyline_works_2d ... ok
[INFO] [stdout] test canvas::tests::polyline_works_3d ... ok
[INFO] [stdout] test constants::tests::constants_are_correct ... ok
[INFO] [stdout] test contour::tests::draw_with_matrix_works ... ok
[INFO] [stdout] test contour::tests::draw_works ... ok
[INFO] [stdout] test conversions::tests::vector_to_strings_works ... ok
[INFO] [stdout] test curve::tests::draw_with_vector_works ... ok
[INFO] [stdout] test curve::tests::draw_works ... ok
[INFO] [stdout] test curve::tests::new_works ... ok
[INFO] [stdout] test curve::tests::options_works ... ok
[INFO] [stdout] test curve::tests::points_3d_methods_work ... ok
[INFO] [stdout] test curve::tests::points_methods_work ... ok
[INFO] [stdout] test curve::tests::draw_ray_works ... ok
[INFO] [stdout] test fileio::tests::call_python3_works ... FAILED
[INFO] [stdout] test histogram::tests::new_works ... ok
[INFO] [stdout] test histogram::tests::options_works ... ok
[INFO] [stdout] test contour::tests::new_works ... ok
[INFO] [stdout] test contour::tests::options_label_works ... ok
[INFO] [stdout] test contour::tests::options_filled_works ... ok
[INFO] [stdout] test histogram::tests::draw_works ... ok
[INFO] [stdout] test conversions::tests::matrix_to_array_works ... ok
[INFO] [stdout] test plot::tests::new_plot_works ... ok
[INFO] [stdout] test legend::tests::new_works ... ok
[INFO] [stdout] test legend::tests::draw_works ... ok
[INFO] [stdout] test legend::tests::options_works ... ok
[INFO] [stdout] test conversions::tests::matrix_to_list_works ... ok
[INFO] [stdout] test plot::tests::grid_functions_work ... ok
[INFO] [stdout] test plot::tests::set_functions_work_2 ... ok
[INFO] [stdout] test curve::tests::derive_works ... ok
[INFO] [stdout] test plot::tests::set_frame_functions_work ... ok
[INFO] [stdout] test conversions::tests::vector_to_numbers_works ... ok
[INFO] [stdout] test plot::tests::set_functions_work ... ok
[INFO] [stdout] test curve::tests::draw_3d_works ... ok
[INFO] [stdout] test contour::tests::options_selected_works ... ok
[INFO] [stdout] test slope_icon::tests::draw_works ... ok
[INFO] [stdout] test slope_icon::tests::new_works ... ok
[INFO] [stdout] test slope_icon::tests::options_text_works ... ok
[INFO] [stdout] test slope_icon::tests::transform_text_works ... ok
[INFO] [stdout] test surface::tests::aligned_system_works ... ok
[INFO] [stdout] test slope_icon::tests::transform_works ... ok
[INFO] [stdout] test surface::tests::draw_with_matrix_works ... ok
[INFO] [stdout] test surface::tests::aligned_system_fails_on_wrong_input ... ok
[INFO] [stdout] test slope_icon::tests::options_works ... ok
[INFO] [stdout] test contour::tests::options_colorbar_works ... ok
[INFO] [stdout] test contour::tests::options_line_works ... ok
[INFO] [stdout] test surface::tests::options_wireframe_works ... ok
[INFO] [stdout] test surface::tests::options_colorbar_works ... ok
[INFO] [stdout] test plot::tests::subplot_functions_work ... ok
[INFO] [stdout] test surface::tests::new_works ... ok
[INFO] [stdout] test surface::tests::options_surface_works ... ok
[INFO] [stdout] test surface_geometry::tests::draw_hemisphere_fails_on_wrong_input ... ok
[INFO] [stdout] test surface_geometry::tests::draw_cylinder_fails_on_wrong_input ... ok
[INFO] [stdout] test surface::tests::draw_works ... ok
[INFO] [stdout] test surface_geometry::tests::draw_plane_nzz_fails_on_wrong_input ... ok
[INFO] [stdout] test surface_geometry::tests::draw_plane_nzz_works ... ok
[INFO] [stdout] test surface_geometry::tests::draw_sphere_fails_on_wrong_input ... ok
[INFO] [stdout] test surface_geometry::tests::draw_superquadric_fails_on_wrong_input ... ok
[INFO] [stdout] test text::tests::draw_3d_works ... ok
[INFO] [stdout] test text::tests::draw_works ... ok
[INFO] [stdout] test text::tests::new_works ... ok
[INFO] [stdout] test surface_geometry::tests::draw_cylinder_works ... ok
[INFO] [stdout] test surface_geometry::tests::draw_hemisphere_works ... ok
[INFO] [stdout] test surface_geometry::tests::draw_superquadric_works ... ok
[INFO] [stdout] test text::tests::options_box_works ... ok
[INFO] [stdout] test text::tests::options_works ... ok
[INFO] [stdout] test surface_geometry::tests::draw_sphere_works ... ok
[INFO] [stdout] test conversions::tests::vector_to_array_works ... ok
[INFO] [stdout] test plot::tests::save_works ... FAILED
[INFO] [stdout] test plot::tests::show_errors_works ... ok
[INFO] [stdout] test fileio::tests::call_python3_twice_works ... FAILED
[INFO] [stdout] test fileio::tests::call_python3_create_dir_works ... FAILED
[INFO] [stdout] test plot::tests::save_str_works ... FAILED
[INFO] [stdout] 
[INFO] [stdout] failures:
[INFO] [stdout] 
[INFO] [stdout] ---- fileio::tests::call_python3_works stdout ----
[INFO] [stdout] Error: "cannot create file"
[INFO] [stdout] 
[INFO] [stdout] ---- plot::tests::save_works stdout ----
[INFO] [stdout] Error: "python3 failed; please see the log file"
[INFO] [stdout] 
[INFO] [stdout] ---- fileio::tests::call_python3_twice_works stdout ----
[INFO] [stdout] thread 'fileio::tests::call_python3_twice_works' panicked at 'assertion failed: `(left == right)`
[INFO] [stdout]   left: `"Traceback (most recent call last):\n  File \"/tmp/plotpy/unit_tests/call_python3_twice_works.py\", line 2, in <module>\n    import numpy as np\nModuleNotFoundError: No module named 'numpy'\n"`,
[INFO] [stdout]  right: `"Python says: Hello World!\n"`', src/fileio.rs:104:9
[INFO] [stdout] stack backtrace:
[INFO] [stdout]    0:     0x560bd608fada - std::backtrace_rs::backtrace::libunwind::trace::ha9053a9a07ca49cb
[INFO] [stdout]                                at /rustc/84c898d65adf2f39a5a98507f1fe0ce10a2b8dbc/library/std/src/../../backtrace/src/backtrace/libunwind.rs:93:5
[INFO] [stdout]    1:     0x560bd608fada - std::backtrace_rs::backtrace::trace_unsynchronized::h9c2852a457ad564e
[INFO] [stdout]                                at /rustc/84c898d65adf2f39a5a98507f1fe0ce10a2b8dbc/library/std/src/../../backtrace/src/backtrace/mod.rs:66:5
[INFO] [stdout]    2:     0x560bd608fada - std::sys_common::backtrace::_print_fmt::h457936fbfaa0070f
[INFO] [stdout]                                at /rustc/84c898d65adf2f39a5a98507f1fe0ce10a2b8dbc/library/std/src/sys_common/backtrace.rs:65:5
[INFO] [stdout]    3:     0x560bd608fada - <std::sys_common::backtrace::_print::DisplayBacktrace as core::fmt::Display>::fmt::h5779d7bf7f70cb0c
[INFO] [stdout]                                at /rustc/84c898d65adf2f39a5a98507f1fe0ce10a2b8dbc/library/std/src/sys_common/backtrace.rs:44:22
[INFO] [stdout]    4:     0x560bd60b383e - core::fmt::write::h5a4baaff1bcd3eb5
[INFO] [stdout]                                at /rustc/84c898d65adf2f39a5a98507f1fe0ce10a2b8dbc/library/core/src/fmt/mod.rs:1232:17
[INFO] [stdout]    5:     0x560bd608ca55 - std::io::Write::write_fmt::h478f79c628ef31d1
[INFO] [stdout]                                at /rustc/84c898d65adf2f39a5a98507f1fe0ce10a2b8dbc/library/std/src/io/mod.rs:1684:15
[INFO] [stdout]    6:     0x560bd608f8a5 - std::sys_common::backtrace::_print::h5fcdc36060f177e8
[INFO] [stdout]                                at /rustc/84c898d65adf2f39a5a98507f1fe0ce10a2b8dbc/library/std/src/sys_common/backtrace.rs:47:5
[INFO] [stdout]    7:     0x560bd608f8a5 - std::sys_common::backtrace::print::h54ca9458b876c8bf
[INFO] [stdout]                                at /rustc/84c898d65adf2f39a5a98507f1fe0ce10a2b8dbc/library/std/src/sys_common/backtrace.rs:34:9
[INFO] [stdout]    8:     0x560bd609166f - std::panicking::default_hook::{{closure}}::hbe471161c7664ed6
[INFO] [stdout]                                at /rustc/84c898d65adf2f39a5a98507f1fe0ce10a2b8dbc/library/std/src/panicking.rs:271:22
[INFO] [stdout]    9:     0x560bd609132f - std::panicking::default_hook::ha3500da57aa4ac4f
[INFO] [stdout]                                at /rustc/84c898d65adf2f39a5a98507f1fe0ce10a2b8dbc/library/std/src/panicking.rs:287:9
[INFO] [stdout]   10:     0x560bd605ce67 - <alloc::boxed::Box<F,A> as core::ops::function::Fn<Args>>::call::hdf1b89dd137ece34
[INFO] [stdout]                                at /rustc/84c898d65adf2f39a5a98507f1fe0ce10a2b8dbc/library/alloc/src/boxed.rs:2001:9
[INFO] [stdout]   11:     0x560bd605ce67 - test::test_main::{{closure}}::h9081a79f20e75698
[INFO] [stdout]                                at /rustc/84c898d65adf2f39a5a98507f1fe0ce10a2b8dbc/library/test/src/lib.rs:135:21
[INFO] [stdout]   12:     0x560bd6091d9d - <alloc::boxed::Box<F,A> as core::ops::function::Fn<Args>>::call::h6507bddc3eebb4a5
[INFO] [stdout]                                at /rustc/84c898d65adf2f39a5a98507f1fe0ce10a2b8dbc/library/alloc/src/boxed.rs:2001:9
[INFO] [stdout]   13:     0x560bd6091d9d - std::panicking::rust_panic_with_hook::h50c09d000dc561d2
[INFO] [stdout]                                at /rustc/84c898d65adf2f39a5a98507f1fe0ce10a2b8dbc/library/std/src/panicking.rs:696:13
[INFO] [stdout]   14:     0x560bd6091b19 - std::panicking::begin_panic_handler::{{closure}}::h9e2b2176e00e0d9c
[INFO] [stdout]                                at /rustc/84c898d65adf2f39a5a98507f1fe0ce10a2b8dbc/library/std/src/panicking.rs:583:13
[INFO] [stdout]   15:     0x560bd608ff46 - std::sys_common::backtrace::__rust_end_short_backtrace::h5739b8e512c09d02
[INFO] [stdout]                                at /rustc/84c898d65adf2f39a5a98507f1fe0ce10a2b8dbc/library/std/src/sys_common/backtrace.rs:150:18
[INFO] [stdout]   16:     0x560bd6091822 - rust_begin_unwind
[INFO] [stdout]                                at /rustc/84c898d65adf2f39a5a98507f1fe0ce10a2b8dbc/library/std/src/panicking.rs:579:5
[INFO] [stdout]   17:     0x560bd5fd7c23 - core::panicking::panic_fmt::hf33a1475b4dc5c3e
[INFO] [stdout]                                at /rustc/84c898d65adf2f39a5a98507f1fe0ce10a2b8dbc/library/core/src/panicking.rs:64:14
[INFO] [stdout]   18:     0x560bd5fd7eff - core::panicking::assert_failed_inner::haf9816227b20b6f2
[INFO] [stdout]   19:     0x560bd6009d0e - core::panicking::assert_failed::h583912de0c190dbc
[INFO] [stdout]                                at /rustc/84c898d65adf2f39a5a98507f1fe0ce10a2b8dbc/library/core/src/panicking.rs:211:5
[INFO] [stdout]   20:     0x560bd5fe0775 - plotpy::fileio::tests::call_python3_twice_works::h208f634203469064
[INFO] [stdout]                                at /opt/rustwide/workdir/src/fileio.rs:104:9
[INFO] [stdout]   21:     0x560bd5fe0257 - plotpy::fileio::tests::call_python3_twice_works::{{closure}}::he1ead95332c820d7
[INFO] [stdout]                                at /opt/rustwide/workdir/src/fileio.rs:95:38
[INFO] [stdout]   22:     0x560bd5ffdac5 - core::ops::function::FnOnce::call_once::haecc5ff801e027bd
[INFO] [stdout]                                at /rustc/84c898d65adf2f39a5a98507f1fe0ce10a2b8dbc/library/core/src/ops/function.rs:250:5
[INFO] [stdout]   23:     0x560bd606224f - core::ops::function::FnOnce::call_once::h7d969581be7d0075
[INFO] [stdout]                                at /rustc/84c898d65adf2f39a5a98507f1fe0ce10a2b8dbc/library/core/src/ops/function.rs:250:5
[INFO] [stdout]   24:     0x560bd606224f - test::__rust_begin_short_backtrace::hca25a52684e56655
[INFO] [stdout]                                at /rustc/84c898d65adf2f39a5a98507f1fe0ce10a2b8dbc/library/test/src/lib.rs:656:18
[INFO] [stdout]   25:     0x560bd603386c - test::run_test::{{closure}}::ha8ac744c4af1a4bb
[INFO] [stdout]                                at /rustc/84c898d65adf2f39a5a98507f1fe0ce10a2b8dbc/library/test/src/lib.rs:647:30
[INFO] [stdout]   26:     0x560bd603386c - core::ops::function::FnOnce::call_once{{vtable.shim}}::h7b411a9ed45bdecf
[INFO] [stdout]                                at /rustc/84c898d65adf2f39a5a98507f1fe0ce10a2b8dbc/library/core/src/ops/function.rs:250:5
[INFO] [stdout]   27:     0x560bd6061216 - <alloc::boxed::Box<F,A> as core::ops::function::FnOnce<Args>>::call_once::hd05328869a8ed200
[INFO] [stdout]                                at /rustc/84c898d65adf2f39a5a98507f1fe0ce10a2b8dbc/library/alloc/src/boxed.rs:1987:9
[INFO] [stdout]   28:     0x560bd6061216 - <core::panic::unwind_safe::AssertUnwindSafe<F> as core::ops::function::FnOnce<()>>::call_once::h0c601ce20bd5b2be
[INFO] [stdout]                                at /rustc/84c898d65adf2f39a5a98507f1fe0ce10a2b8dbc/library/core/src/panic/unwind_safe.rs:271:9
[INFO] [stdout]   29:     0x560bd6061216 - std::panicking::try::do_call::ha4be5c164fe30854
[INFO] [stdout]                                at /rustc/84c898d65adf2f39a5a98507f1fe0ce10a2b8dbc/library/std/src/panicking.rs:487:40
[INFO] [stdout]   30:     0x560bd6061216 - std::panicking::try::h604546f3609af05f
[INFO] [stdout]                                at /rustc/84c898d65adf2f39a5a98507f1fe0ce10a2b8dbc/library/std/src/panicking.rs:451:19
[INFO] [stdout]   31:     0x560bd6061216 - std::panic::catch_unwind::h5bfa8afe44c9c2f9
[INFO] [stdout]                                at /rustc/84c898d65adf2f39a5a98507f1fe0ce10a2b8dbc/library/std/src/panic.rs:140:14
[INFO] [stdout]   32:     0x560bd6061216 - test::run_test_in_process::hd50dee55dd63e6aa
[INFO] [stdout]                                at /rustc/84c898d65adf2f39a5a98507f1fe0ce10a2b8dbc/library/test/src/lib.rs:679:27
[INFO] [stdout]   33:     0x560bd6061216 - test::run_test::run_test_inner::{{closure}}::h4aa0f433aa85cea8
[INFO] [stdout]                                at /rustc/84c898d65adf2f39a5a98507f1fe0ce10a2b8dbc/library/test/src/lib.rs:573:39
[INFO] [stdout]   34:     0x560bd602dee1 - test::run_test::run_test_inner::{{closure}}::had56431adf24b4d6
[INFO] [stdout]                                at /rustc/84c898d65adf2f39a5a98507f1fe0ce10a2b8dbc/library/test/src/lib.rs:600:37
[INFO] [stdout]   35:     0x560bd602dee1 - std::sys_common::backtrace::__rust_begin_short_backtrace::ha8d9890e0c73bf13
[INFO] [stdout]                                at /rustc/84c898d65adf2f39a5a98507f1fe0ce10a2b8dbc/library/std/src/sys_common/backtrace.rs:134:18
[INFO] [stdout]   36:     0x560bd60338fb - std::thread::Builder::spawn_unchecked_::{{closure}}::{{closure}}::h251832bcb4a95327
[INFO] [stdout]                                at /rustc/84c898d65adf2f39a5a98507f1fe0ce10a2b8dbc/library/std/src/thread/mod.rs:560:17
[INFO] [stdout]   37:     0x560bd60338fb - <core::panic::unwind_safe::AssertUnwindSafe<F> as core::ops::function::FnOnce<()>>::call_once::h8fdff598fa414831
[INFO] [stdout]                                at /rustc/84c898d65adf2f39a5a98507f1fe0ce10a2b8dbc/library/core/src/panic/unwind_safe.rs:271:9
[INFO] [stdout]   38:     0x560bd60338fb - std::panicking::try::do_call::h455dd2f7764a950f
[INFO] [stdout]                                at /rustc/84c898d65adf2f39a5a98507f1fe0ce10a2b8dbc/library/std/src/panicking.rs:487:40
[INFO] [stdout]   39:     0x560bd60338fb - std::panicking::try::had6f23b7b73ae72a
[INFO] [stdout]                                at /rustc/84c898d65adf2f39a5a98507f1fe0ce10a2b8dbc/library/std/src/panicking.rs:451:19
[INFO] [stdout]   40:     0x560bd60338fb - std::panic::catch_unwind::ha6a5ca3915b4dad0
[INFO] [stdout]                                at /rustc/84c898d65adf2f39a5a98507f1fe0ce10a2b8dbc/library/std/src/panic.rs:140:14
[INFO] [stdout]   41:     0x560bd60338fb - std::thread::Builder::spawn_unchecked_::{{closure}}::h883b72ef75da6231
[INFO] [stdout]                                at /rustc/84c898d65adf2f39a5a98507f1fe0ce10a2b8dbc/library/std/src/thread/mod.rs:559:30
[INFO] [stdout]   42:     0x560bd60338fb - core::ops::function::FnOnce::call_once{{vtable.shim}}::hb7dff73dc8bd2ccb
[INFO] [stdout]                                at /rustc/84c898d65adf2f39a5a98507f1fe0ce10a2b8dbc/library/core/src/ops/function.rs:250:5
[INFO] [stdout]   43:     0x560bd6096243 - <alloc::boxed::Box<F,A> as core::ops::function::FnOnce<Args>>::call_once::h39990b24eedef2ab
[INFO] [stdout]                                at /rustc/84c898d65adf2f39a5a98507f1fe0ce10a2b8dbc/library/alloc/src/boxed.rs:1987:9
[INFO] [stdout]   44:     0x560bd6096243 - <alloc::boxed::Box<F,A> as core::ops::function::FnOnce<Args>>::call_once::h01a027258444143b
[INFO] [stdout]                                at /rustc/84c898d65adf2f39a5a98507f1fe0ce10a2b8dbc/library/alloc/src/boxed.rs:1987:9
[INFO] [stdout]   45:     0x560bd6096243 - std::sys::unix::thread::Thread::new::thread_start::ha4f1cdd9c25884ba
[INFO] [stdout]                                at /rustc/84c898d65adf2f39a5a98507f1fe0ce10a2b8dbc/library/std/src/sys/unix/thread.rs:108:17
[INFO] [stdout]   46:     0x7f0e17b0eb43 - <unknown>
[INFO] [stdout]   47:     0x7f0e17b9fbb4 - __clone
[INFO] [stdout]   48:                0x0 - <unknown>
[INFO] [stdout] 
[INFO] [stdout] ---- fileio::tests::call_python3_create_dir_works stdout ----
[INFO] [stdout] thread 'fileio::tests::call_python3_create_dir_works' panicked at 'assertion failed: `(left == right)`
[INFO] [stdout]   left: `"Traceback (most recent call last):\n  File \"/tmp/plotpy/unit_tests/call_python3_works.py\", line 2, in <module>\n    import numpy as np\nModuleNotFoundError: No module named 'numpy'\n"`,
[INFO] [stdout]  right: `"Python says: Hello World!\n"`', src/fileio.rs:90:9
[INFO] [stdout] stack backtrace:
[INFO] [stdout]    0:     0x560bd608fada - std::backtrace_rs::backtrace::libunwind::trace::ha9053a9a07ca49cb
[INFO] [stdout]                                at /rustc/84c898d65adf2f39a5a98507f1fe0ce10a2b8dbc/library/std/src/../../backtrace/src/backtrace/libunwind.rs:93:5
[INFO] [stdout]    1:     0x560bd608fada - std::backtrace_rs::backtrace::trace_unsynchronized::h9c2852a457ad564e
[INFO] [stdout]                                at /rustc/84c898d65adf2f39a5a98507f1fe0ce10a2b8dbc/library/std/src/../../backtrace/src/backtrace/mod.rs:66:5
[INFO] [stdout]    2:     0x560bd608fada - std::sys_common::backtrace::_print_fmt::h457936fbfaa0070f
[INFO] [stdout]                                at /rustc/84c898d65adf2f39a5a98507f1fe0ce10a2b8dbc/library/std/src/sys_common/backtrace.rs:65:5
[INFO] [stdout]    3:     0x560bd608fada - <std::sys_common::backtrace::_print::DisplayBacktrace as core::fmt::Display>::fmt::h5779d7bf7f70cb0c
[INFO] [stdout]                                at /rustc/84c898d65adf2f39a5a98507f1fe0ce10a2b8dbc/library/std/src/sys_common/backtrace.rs:44:22
[INFO] [stdout]    4:     0x560bd60b383e - core::fmt::write::h5a4baaff1bcd3eb5
[INFO] [stdout]                                at /rustc/84c898d65adf2f39a5a98507f1fe0ce10a2b8dbc/library/core/src/fmt/mod.rs:1232:17
[INFO] [stdout]    5:     0x560bd608ca55 - std::io::Write::write_fmt::h478f79c628ef31d1
[INFO] [stdout]                                at /rustc/84c898d65adf2f39a5a98507f1fe0ce10a2b8dbc/library/std/src/io/mod.rs:1684:15
[INFO] [stdout]    6:     0x560bd608f8a5 - std::sys_common::backtrace::_print::h5fcdc36060f177e8
[INFO] [stdout]                                at /rustc/84c898d65adf2f39a5a98507f1fe0ce10a2b8dbc/library/std/src/sys_common/backtrace.rs:47:5
[INFO] [stdout]    7:     0x560bd608f8a5 - std::sys_common::backtrace::print::h54ca9458b876c8bf
[INFO] [stdout]                                at /rustc/84c898d65adf2f39a5a98507f1fe0ce10a2b8dbc/library/std/src/sys_common/backtrace.rs:34:9
[INFO] [stdout]    8:     0x560bd609166f - std::panicking::default_hook::{{closure}}::hbe471161c7664ed6
[INFO] [stdout]                                at /rustc/84c898d65adf2f39a5a98507f1fe0ce10a2b8dbc/library/std/src/panicking.rs:271:22
[INFO] [stdout]    9:     0x560bd609132f - std::panicking::default_hook::ha3500da57aa4ac4f
[INFO] [stdout]                                at /rustc/84c898d65adf2f39a5a98507f1fe0ce10a2b8dbc/library/std/src/panicking.rs:287:9
[INFO] [stdout]   10:     0x560bd605ce67 - <alloc::boxed::Box<F,A> as core::ops::function::Fn<Args>>::call::hdf1b89dd137ece34
[INFO] [stdout]                                at /rustc/84c898d65adf2f39a5a98507f1fe0ce10a2b8dbc/library/alloc/src/boxed.rs:2001:9
[INFO] [stdout]   11:     0x560bd605ce67 - test::test_main::{{closure}}::h9081a79f20e75698
[INFO] [stdout]                                at /rustc/84c898d65adf2f39a5a98507f1fe0ce10a2b8dbc/library/test/src/lib.rs:135:21
[INFO] [stdout]   12:     0x560bd6091d9d - <alloc::boxed::Box<F,A> as core::ops::function::Fn<Args>>::call::h6507bddc3eebb4a5
[INFO] [stdout]                                at /rustc/84c898d65adf2f39a5a98507f1fe0ce10a2b8dbc/library/alloc/src/boxed.rs:2001:9
[INFO] [stdout]   13:     0x560bd6091d9d - std::panicking::rust_panic_with_hook::h50c09d000dc561d2
[INFO] [stdout]                                at /rustc/84c898d65adf2f39a5a98507f1fe0ce10a2b8dbc/library/std/src/panicking.rs:696:13
[INFO] [stdout]   14:     0x560bd6091b19 - std::panicking::begin_panic_handler::{{closure}}::h9e2b2176e00e0d9c
[INFO] [stdout]                                at /rustc/84c898d65adf2f39a5a98507f1fe0ce10a2b8dbc/library/std/src/panicking.rs:583:13
[INFO] [stdout]   15:     0x560bd608ff46 - std::sys_common::backtrace::__rust_end_short_backtrace::h5739b8e512c09d02
[INFO] [stdout]                                at /rustc/84c898d65adf2f39a5a98507f1fe0ce10a2b8dbc/library/std/src/sys_common/backtrace.rs:150:18
[INFO] [stdout]   16:     0x560bd6091822 - rust_begin_unwind
[INFO] [stdout]                                at /rustc/84c898d65adf2f39a5a98507f1fe0ce10a2b8dbc/library/std/src/panicking.rs:579:5
[INFO] [stdout]   17:     0x560bd5fd7c23 - core::panicking::panic_fmt::hf33a1475b4dc5c3e
[INFO] [stdout]                                at /rustc/84c898d65adf2f39a5a98507f1fe0ce10a2b8dbc/library/core/src/panicking.rs:64:14
[INFO] [stdout]   18:     0x560bd5fd7eff - core::panicking::assert_failed_inner::haf9816227b20b6f2
[INFO] [stdout]   19:     0x560bd6009d0e - core::panicking::assert_failed::h583912de0c190dbc
[INFO] [stdout]                                at /rustc/84c898d65adf2f39a5a98507f1fe0ce10a2b8dbc/library/core/src/panicking.rs:211:5
[INFO] [stdout]   20:     0x560bd5fe01a4 - plotpy::fileio::tests::call_python3_create_dir_works::heb25cdd15976c725
[INFO] [stdout]                                at /opt/rustwide/workdir/src/fileio.rs:90:9
[INFO] [stdout]   21:     0x560bd5fdfc97 - plotpy::fileio::tests::call_python3_create_dir_works::{{closure}}::hcc5b04eb88bc7db7
[INFO] [stdout]                                at /opt/rustwide/workdir/src/fileio.rs:82:43
[INFO] [stdout]   22:     0x560bd5ffd2f5 - core::ops::function::FnOnce::call_once::h4d98505ebd591282
[INFO] [stdout]                                at /rustc/84c898d65adf2f39a5a98507f1fe0ce10a2b8dbc/library/core/src/ops/function.rs:250:5
[INFO] [stdout]   23:     0x560bd606224f - core::ops::function::FnOnce::call_once::h7d969581be7d0075
[INFO] [stdout]                                at /rustc/84c898d65adf2f39a5a98507f1fe0ce10a2b8dbc/library/core/src/ops/function.rs:250:5
[INFO] [stdout]   24:     0x560bd606224f - test::__rust_begin_short_backtrace::hca25a52684e56655
[INFO] [stdout]                                at /rustc/84c898d65adf2f39a5a98507f1fe0ce10a2b8dbc/library/test/src/lib.rs:656:18
[INFO] [stdout]   25:     0x560bd603386c - test::run_test::{{closure}}::ha8ac744c4af1a4bb
[INFO] [stdout]                                at /rustc/84c898d65adf2f39a5a98507f1fe0ce10a2b8dbc/library/test/src/lib.rs:647:30
[INFO] [stdout]   26:     0x560bd603386c - core::ops::function::FnOnce::call_once{{vtable.shim}}::h7b411a9ed45bdecf
[INFO] [stdout]                                at /rustc/84c898d65adf2f39a5a98507f1fe0ce10a2b8dbc/library/core/src/ops/function.rs:250:5
[INFO] [stdout]   27:     0x560bd6061216 - <alloc::boxed::Box<F,A> as core::ops::function::FnOnce<Args>>::call_once::hd05328869a8ed200
[INFO] [stdout]                                at /rustc/84c898d65adf2f39a5a98507f1fe0ce10a2b8dbc/library/alloc/src/boxed.rs:1987:9
[INFO] [stdout]   28:     0x560bd6061216 - <core::panic::unwind_safe::AssertUnwindSafe<F> as core::ops::function::FnOnce<()>>::call_once::h0c601ce20bd5b2be
[INFO] [stdout]                                at /rustc/84c898d65adf2f39a5a98507f1fe0ce10a2b8dbc/library/core/src/panic/unwind_safe.rs:271:9
[INFO] [stdout]   29:     0x560bd6061216 - std::panicking::try::do_call::ha4be5c164fe30854
[INFO] [stdout]                                at /rustc/84c898d65adf2f39a5a98507f1fe0ce10a2b8dbc/library/std/src/panicking.rs:487:40
[INFO] [stdout]   30:     0x560bd6061216 - std::panicking::try::h604546f3609af05f
[INFO] [stdout]                                at /rustc/84c898d65adf2f39a5a98507f1fe0ce10a2b8dbc/library/std/src/panicking.rs:451:19
[INFO] [stdout]   31:     0x560bd6061216 - std::panic::catch_unwind::h5bfa8afe44c9c2f9
[INFO] [stdout]                                at /rustc/84c898d65adf2f39a5a98507f1fe0ce10a2b8dbc/library/std/src/panic.rs:140:14
[INFO] [stdout]   32:     0x560bd6061216 - test::run_test_in_process::hd50dee55dd63e6aa
[INFO] [stdout]                                at /rustc/84c898d65adf2f39a5a98507f1fe0ce10a2b8dbc/library/test/src/lib.rs:679:27
[INFO] [stdout]   33:     0x560bd6061216 - test::run_test::run_test_inner::{{closure}}::h4aa0f433aa85cea8
[INFO] [stdout]                                at /rustc/84c898d65adf2f39a5a98507f1fe0ce10a2b8dbc/library/test/src/lib.rs:573:39
[INFO] [stdout]   34:     0x560bd602dee1 - test::run_test::run_test_inner::{{closure}}::had56431adf24b4d6
[INFO] [stdout]                                at /rustc/84c898d65adf2f39a5a98507f1fe0ce10a2b8dbc/library/test/src/lib.rs:600:37
[INFO] [stdout]   35:     0x560bd602dee1 - std::sys_common::backtrace::__rust_begin_short_backtrace::ha8d9890e0c73bf13
[INFO] [stdout]                                at /rustc/84c898d65adf2f39a5a98507f1fe0ce10a2b8dbc/library/std/src/sys_common/backtrace.rs:134:18
[INFO] [stdout]   36:     0x560bd60338fb - std::thread::Builder::spawn_unchecked_::{{closure}}::{{closure}}::h251832bcb4a95327
[INFO] [stdout]                                at /rustc/84c898d65adf2f39a5a98507f1fe0ce10a2b8dbc/library/std/src/thread/mod.rs:560:17
[INFO] [stdout]   37:     0x560bd60338fb - <core::panic::unwind_safe::AssertUnwindSafe<F> as core::ops::function::FnOnce<()>>::call_once::h8fdff598fa414831
[INFO] [stdout]                                at /rustc/84c898d65adf2f39a5a98507f1fe0ce10a2b8dbc/library/core/src/panic/unwind_safe.rs:271:9
[INFO] [stdout]   38:     0x560bd60338fb - std::panicking::try::do_call::h455dd2f7764a950f
[INFO] [stdout]                                at /rustc/84c898d65adf2f39a5a98507f1fe0ce10a2b8dbc/library/std/src/panicking.rs:487:40
[INFO] [stdout]   39:     0x560bd60338fb - std::panicking::try::had6f23b7b73ae72a
[INFO] [stdout]                                at /rustc/84c898d65adf2f39a5a98507f1fe0ce10a2b8dbc/library/std/src/panicking.rs:451:19
[INFO] [stdout]   40:     0x560bd60338fb - std::panic::catch_unwind::ha6a5ca3915b4dad0
[INFO] [stdout]                                at /rustc/84c898d65adf2f39a5a98507f1fe0ce10a2b8dbc/library/std/src/panic.rs:140:14
[INFO] [stdout]   41:     0x560bd60338fb - std::thread::Builder::spawn_unchecked_::{{closure}}::h883b72ef75da6231
[INFO] [stdout]                                at /rustc/84c898d65adf2f39a5a98507f1fe0ce10a2b8dbc/library/std/src/thread/mod.rs:559:30
[INFO] [stdout]   42:     0x560bd60338fb - core::ops::function::FnOnce::call_once{{vtable.shim}}::hb7dff73dc8bd2ccb
[INFO] [stdout]                                at /rustc/84c898d65adf2f39a5a98507f1fe0ce10a2b8dbc/library/core/src/ops/function.rs:250:5
[INFO] [stdout]   43:     0x560bd6096243 - <alloc::boxed::Box<F,A> as core::ops::function::FnOnce<Args>>::call_once::h39990b24eedef2ab
[INFO] [stdout]                                at /rustc/84c898d65adf2f39a5a98507f1fe0ce10a2b8dbc/library/alloc/src/boxed.rs:1987:9
[INFO] [stdout]   44:     0x560bd6096243 - <alloc::boxed::Box<F,A> as core::ops::function::FnOnce<Args>>::call_once::h01a027258444143b
[INFO] [stdout]                                at /rustc/84c898d65adf2f39a5a98507f1fe0ce10a2b8dbc/library/alloc/src/boxed.rs:1987:9
[INFO] [stdout]   45:     0x560bd6096243 - std::sys::unix::thread::Thread::new::thread_start::ha4f1cdd9c25884ba
[INFO] [stdout]                                at /rustc/84c898d65adf2f39a5a98507f1fe0ce10a2b8dbc/library/std/src/sys/unix/thread.rs:108:17
[INFO] [stdout]   46:     0x7f0e17b0eb43 - <unknown>
[INFO] [stdout]   47:     0x7f0e17b9fbb4 - __clone
[INFO] [stdout]   48:                0x0 - <unknown>
[INFO] [stdout] 
[INFO] [stdout] ---- plot::tests::save_str_works stdout ----
[INFO] [stdout] Error: "python3 failed; please see the log file"
[INFO] [stdout] 
[INFO] [stdout] 
[INFO] [stdout] failures:
[INFO] [stdout]     fileio::tests::call_python3_create_dir_works
[INFO] [stdout]     fileio::tests::call_python3_twice_works
[INFO] [stdout]     fileio::tests::call_python3_works
[INFO] [stdout]     plot::tests::save_str_works
[INFO] [stdout]     plot::tests::save_works
[INFO] [stdout] 
[INFO] [stdout] test result: FAILED. 90 passed; 5 failed; 0 ignored; 0 measured; 0 filtered out; finished in 0.18s
[INFO] [stdout] 
[INFO] [stderr] error: test failed, to rerun pass `--lib`
[INFO] running `Command { std: "docker" "inspect" "0bd11161d676e347ba74a372dcc422b1c16d18ea4a2dd73257a4632fa662eb95", kill_on_drop: false }`
[INFO] running `Command { std: "docker" "rm" "-f" "0bd11161d676e347ba74a372dcc422b1c16d18ea4a2dd73257a4632fa662eb95", kill_on_drop: false }`
[INFO] [stdout] 0bd11161d676e347ba74a372dcc422b1c16d18ea4a2dd73257a4632fa662eb95
