[INFO] fetching crate pimalaya-email 0.7.0...
[INFO] testing pimalaya-email-0.7.0 against 1.69.0 for beta-1.70-1
[INFO] extracting crate pimalaya-email 0.7.0 into /workspace/builds/worker-6-tc1/source
[INFO] validating manifest of crates.io crate pimalaya-email 0.7.0 on toolchain 1.69.0
[INFO] running `Command { std: CARGO_HOME="/workspace/cargo-home" RUSTUP_HOME="/workspace/rustup-home" "/workspace/cargo-home/bin/cargo" "+1.69.0" "metadata" "--manifest-path" "Cargo.toml" "--no-deps", kill_on_drop: false }`
[INFO] started tweaking crates.io crate pimalaya-email 0.7.0
[INFO] finished tweaking crates.io crate pimalaya-email 0.7.0
[INFO] tweaked toml for crates.io crate pimalaya-email 0.7.0 written to /workspace/builds/worker-6-tc1/source/Cargo.toml
[INFO] running `Command { std: CARGO_HOME="/workspace/cargo-home" RUSTUP_HOME="/workspace/rustup-home" __CARGO_TEST_CHANNEL_OVERRIDE_DO_NOT_USE_THIS="nightly" "/workspace/cargo-home/bin/cargo" "+1.69.0" "generate-lockfile" "--manifest-path" "Cargo.toml" "-Zno-index-update", kill_on_drop: false }`
[INFO] running `Command { std: CARGO_HOME="/workspace/cargo-home" RUSTUP_HOME="/workspace/rustup-home" "/workspace/cargo-home/bin/cargo" "+1.69.0" "fetch" "--manifest-path" "Cargo.toml", kill_on_drop: false }`
[INFO] [stderr]  Downloading crates ...
[INFO] [stderr]   Downloaded utf7-imap v0.3.2
[INFO] [stderr]   Downloaded proc-lock-macro v0.4.0
[INFO] [stderr]   Downloaded notmuch v0.8.0
[INFO] [stderr]   Downloaded proc-lock-api v0.4.0
[INFO] [stderr]   Downloaded chumsky v0.8.0
[INFO] [stderr]   Downloaded from_variants_impl v0.6.0
[INFO] [stderr]   Downloaded mime-msg-builder v0.1.0
[INFO] [stderr]   Downloaded from_variants v0.6.0
[INFO] [stderr]   Downloaded proc-lock v0.4.0
[INFO] [stderr]   Downloaded mailparse v0.14.0
[INFO] [stderr]   Downloaded stacker v0.1.15
[INFO] [stderr]   Downloaded imap-proto v0.16.2
[INFO] [stderr]   Downloaded maildir v0.6.3
[INFO] [stderr]   Downloaded concat-with v0.2.8
[INFO] [stderr]   Downloaded chumsky v0.9.2
[INFO] [stderr]   Downloaded rfc2047-decoder v0.2.0
[INFO] [stderr]   Downloaded mail-parser v0.8.2
[INFO] [stderr]   Downloaded lettre v0.10.2
[INFO] [stderr]   Downloaded imap v3.0.0-alpha.9
[INFO] [stderr]   Downloaded tree_magic v0.2.3
[INFO] [stderr]   Downloaded openssl-src v111.25.3+1.1.1t
[INFO] running `Command { std: "docker" "create" "-v" "/var/lib/crater-agent-workspace/builds/worker-6-tc1/target:/opt/rustwide/target:rw,Z" "-v" "/var/lib/crater-agent-workspace/builds/worker-6-tc1/source:/opt/rustwide/workdir:ro,Z" "-v" "/var/lib/crater-agent-workspace/cargo-home:/opt/rustwide/cargo-home:ro,Z" "-v" "/var/lib/crater-agent-workspace/rustup-home:/opt/rustwide/rustup-home:ro,Z" "-e" "SOURCE_DIR=/opt/rustwide/workdir" "-e" "CARGO_TARGET_DIR=/opt/rustwide/target" "-e" "CARGO_HOME=/opt/rustwide/cargo-home" "-e" "RUSTUP_HOME=/opt/rustwide/rustup-home" "-w" "/opt/rustwide/workdir" "-m" "1610612736" "--user" "0:0" "--network" "none" "ghcr.io/rust-lang/crates-build-env/linux@sha256:5ff2268d62e97bff2cde7d5815dd6ed5b47097566f13b8d0ca110b04b60e07ed" "/opt/rustwide/cargo-home/bin/cargo" "+1.69.0" "metadata" "--no-deps" "--format-version=1", kill_on_drop: false }`
[INFO] [stdout] b6d4aa5679be9dec01326d1d31f88ad24f9087bd120ec026021041942fa8c163
[INFO] running `Command { std: "docker" "start" "-a" "b6d4aa5679be9dec01326d1d31f88ad24f9087bd120ec026021041942fa8c163", kill_on_drop: false }`
[INFO] running `Command { std: "docker" "inspect" "b6d4aa5679be9dec01326d1d31f88ad24f9087bd120ec026021041942fa8c163", kill_on_drop: false }`
[INFO] running `Command { std: "docker" "rm" "-f" "b6d4aa5679be9dec01326d1d31f88ad24f9087bd120ec026021041942fa8c163", kill_on_drop: false }`
[INFO] [stdout] b6d4aa5679be9dec01326d1d31f88ad24f9087bd120ec026021041942fa8c163
[INFO] running `Command { std: "docker" "create" "-v" "/var/lib/crater-agent-workspace/builds/worker-6-tc1/target:/opt/rustwide/target:rw,Z" "-v" "/var/lib/crater-agent-workspace/builds/worker-6-tc1/source:/opt/rustwide/workdir:ro,Z" "-v" "/var/lib/crater-agent-workspace/cargo-home:/opt/rustwide/cargo-home:ro,Z" "-v" "/var/lib/crater-agent-workspace/rustup-home:/opt/rustwide/rustup-home:ro,Z" "-e" "SOURCE_DIR=/opt/rustwide/workdir" "-e" "CARGO_TARGET_DIR=/opt/rustwide/target" "-e" "CARGO_INCREMENTAL=0" "-e" "RUST_BACKTRACE=full" "-e" "RUSTFLAGS=--cap-lints=warn" "-e" "RUSTDOCFLAGS=--cap-lints=warn" "-e" "CARGO_HOME=/opt/rustwide/cargo-home" "-e" "RUSTUP_HOME=/opt/rustwide/rustup-home" "-w" "/opt/rustwide/workdir" "-m" "1610612736" "--user" "0:0" "--network" "none" "ghcr.io/rust-lang/crates-build-env/linux@sha256:5ff2268d62e97bff2cde7d5815dd6ed5b47097566f13b8d0ca110b04b60e07ed" "/opt/rustwide/cargo-home/bin/cargo" "+1.69.0" "build" "--frozen" "--message-format=json", kill_on_drop: false }`
[INFO] [stdout] 755bfb9d81e1eff815735cf6e56c22f86b95f9dcd5223c9c7e41bb84ea94fda9
[INFO] running `Command { std: "docker" "start" "-a" "755bfb9d81e1eff815735cf6e56c22f86b95f9dcd5223c9c7e41bb84ea94fda9", kill_on_drop: false }`
[INFO] [stderr]    Compiling libc v0.2.142
[INFO] [stderr]    Compiling proc-macro2 v1.0.56
[INFO] [stderr]    Compiling syn v1.0.109
[INFO] [stderr]    Compiling siphasher v0.3.10
[INFO] [stderr]    Compiling ppv-lite86 v0.2.17
[INFO] [stderr]    Compiling ahash v0.7.6
[INFO] [stderr]    Compiling log v0.4.17
[INFO] [stderr]    Compiling serde v1.0.160
[INFO] [stderr]    Compiling phf_shared v0.10.0
[INFO] [stderr]    Compiling crunchy v0.2.2
[INFO] [stderr]    Compiling tiny-keccak v2.0.2
[INFO] [stderr]    Compiling new_debug_unreachable v1.0.4
[INFO] [stderr]    Compiling proc-macro-hack v0.5.20+deprecated
[INFO] [stderr]    Compiling base64 v0.13.1
[INFO] [stderr]    Compiling mac v0.1.1
[INFO] [stderr]    Compiling futf v0.1.5
[INFO] [stderr]    Compiling psm v0.1.21
[INFO] [stderr]    Compiling indexmap v1.9.3
[INFO] [stderr]    Compiling futures-task v0.3.28
[INFO] [stderr]    Compiling strsim v0.10.0
[INFO] [stderr]    Compiling quoted_printable v0.4.8
[INFO] [stderr]    Compiling unicode-bidi v0.3.13
[INFO] [stderr]    Compiling futures-core v0.3.28
[INFO] [stderr]    Compiling precomputed-hash v0.1.1
[INFO] [stderr]    Compiling quote v1.0.26
[INFO] [stderr]    Compiling utf-8 v0.7.6
[INFO] [stderr]    Compiling ident_case v1.0.1
[INFO] [stderr]    Compiling tendril v0.4.3
[INFO] [stderr]    Compiling idna v0.3.0
[INFO] [stderr]    Compiling syn v2.0.15
[INFO] [stderr]    Compiling proc-macro-error-attr v1.0.4
[INFO] [stderr]    Compiling nom v7.1.3
[INFO] [stderr]    Compiling phf v0.10.1
[INFO] [stderr]    Compiling aho-corasick v1.0.1
[INFO] [stderr]    Compiling stacker v0.1.15
[INFO] [stderr]    Compiling getrandom v0.2.9
[INFO] [stderr]    Compiling rand_core v0.6.4
[INFO] [stderr]    Compiling ring v0.16.20
[INFO] [stderr]    Compiling parking_lot_core v0.9.7
[INFO] [stderr]    Compiling rand_chacha v0.3.1
[INFO] [stderr]    Compiling hashbrown v0.12.3
[INFO] [stderr]    Compiling parking_lot v0.12.1
[INFO] [stderr]    Compiling rand v0.8.5
[INFO] [stderr]    Compiling const-random-macro v0.1.15
[INFO] [stderr]    Compiling webpki v0.22.0
[INFO] [stderr]    Compiling sct v0.7.0
[INFO] [stderr]    Compiling num-integer v0.1.45
[INFO] [stderr]    Compiling rustls v0.20.8
[INFO] [stderr]    Compiling pkg-config v0.3.26
[INFO] [stderr]    Compiling phf_generator v0.10.0
[INFO] [stderr]    Compiling thiserror v1.0.40
[INFO] [stderr]    Compiling phf_codegen v0.10.0
[INFO] [stderr]    Compiling string_cache_codegen v0.5.2
[INFO] [stderr]    Compiling vcpkg v0.2.15
[INFO] [stderr]    Compiling cfg-if v0.1.10
[INFO] [stderr]    Compiling regex-syntax v0.7.1
[INFO] [stderr]    Compiling futures-util v0.3.28
[INFO] [stderr]    Compiling parking_lot_core v0.7.3
[INFO] [stderr]    Compiling markup5ever v0.11.0
[INFO] [stderr]    Compiling const-random v0.1.15
[INFO] [stderr]    Compiling memchr v1.0.2
[INFO] [stderr]    Compiling dirs-sys v0.3.7
[INFO] [stderr]    Compiling libsqlite3-sys v0.25.2
[INFO] [stderr]    Compiling fs2 v0.4.3
[INFO] [stderr]    Compiling darling_core v0.13.4
[INFO] [stderr]    Compiling proc-macro-error v1.0.4
[INFO] [stderr]    Compiling charset v0.1.3
[INFO] [stderr]    Compiling lock_api v0.3.4
[INFO] [stderr]    Compiling Inflector v0.11.4
[INFO] [stderr]    Compiling regex v1.8.1
[INFO] [stderr]    Compiling match_cfg v0.1.0
[INFO] [stderr]    Compiling fixedbitset v0.2.0
[INFO] [stderr]    Compiling openssl-probe v0.1.5
[INFO] [stderr]    Compiling serde_derive v1.0.160
[INFO] [stderr]    Compiling thiserror-impl v1.0.40
[INFO] [stderr]    Compiling futures-io v0.3.28
[INFO] [stderr]    Compiling petgraph v0.5.1
[INFO] [stderr]    Compiling rustls-native-certs v0.6.2
[INFO] [stderr]    Compiling hostname v0.3.1
[INFO] [stderr]    Compiling html5ever v0.26.0
[INFO] [stderr]    Compiling darling_macro v0.13.4
[INFO] [stderr]    Compiling ouroboros_macro v0.15.6
[INFO] [stderr]    Compiling parking_lot v0.10.2
[INFO] [stderr]    Compiling darling v0.13.4
[INFO] [stderr]    Compiling proc-lock-api v0.4.0
[INFO] [stderr]    Compiling dirs v4.0.0
[INFO] [stderr]    Compiling nom v3.2.1
[INFO] [stderr]    Compiling ahash v0.3.8
[INFO] [stderr]    Compiling url v2.3.1
[INFO] [stderr]    Compiling webpki-roots v0.22.6
[INFO] [stderr]    Compiling num_cpus v1.15.0
[INFO] [stderr]    Compiling socket2 v0.4.9
[INFO] [stderr]    Compiling time v0.1.45
[INFO] [stderr]    Compiling email-encoding v0.2.0
[INFO] [stderr]    Compiling fastrand v1.9.0
[INFO] [stderr]    Compiling utf8-width v0.1.6
[INFO] [stderr]    Compiling iana-time-zone v0.1.56
[INFO] [stderr]    Compiling maplit v1.0.2
[INFO] [stderr]    Compiling data-encoding v2.3.3
[INFO] [stderr]    Compiling aliasable v0.1.3
[INFO] [stderr]    Compiling email_address v0.2.4
[INFO] [stderr]    Compiling mime v0.3.17
[INFO] [stderr]    Compiling ouroboros v0.15.6
[INFO] [stderr]    Compiling chrono v0.4.24
[INFO] [stderr]    Compiling html-escape v0.2.13
[INFO] [stderr]    Compiling rayon-core v1.11.0
[INFO] [stderr]    Compiling mailparse v0.14.0
[INFO] [stderr]    Compiling tree_magic v0.2.3
[INFO] [stderr]    Compiling chumsky v0.8.0
[INFO] [stderr]    Compiling shellexpand v2.1.2
[INFO] [stderr]    Compiling chumsky v0.9.2
[INFO] [stderr]    Compiling proc-lock-macro v0.4.0
[INFO] [stderr]    Compiling rustls-connector v0.16.1
[INFO] [stderr]    Compiling imap-proto v0.16.2
[INFO] [stderr]    Compiling hashlink v0.8.1
[INFO] [stderr]    Compiling memmap2 v0.5.10
[INFO] [stderr]    Compiling gethostname v0.2.3
[INFO] [stderr]    Compiling fallible-streaming-iterator v0.1.9
[INFO] [stderr]    Compiling bufstream v0.1.4
[INFO] [stderr]    Compiling fallible-iterator v0.2.0
[INFO] [stderr]    Compiling rayon v1.7.0
[INFO] [stderr]    Compiling proc-lock v0.4.0
[INFO] [stderr]    Compiling maildir v0.6.3
[INFO] [stderr]    Compiling rfc2047-decoder v0.2.0
[INFO] [stderr]    Compiling utf7-imap v0.3.2
[INFO] [stderr]    Compiling uuid v0.8.2
[INFO] [stderr]    Compiling mail-parser v0.8.2
[INFO] [stderr]    Compiling urlencoding v2.1.2
[INFO] [stderr]    Compiling convert_case v0.5.0
[INFO] [stderr]    Compiling md5 v0.7.0
[INFO] [stderr]    Compiling string_cache v0.8.7
[INFO] [stderr]    Compiling lettre v0.10.2
[INFO] [stderr]    Compiling imap v3.0.0-alpha.9
[INFO] [stderr]    Compiling rusqlite v0.28.0
[INFO] [stderr]    Compiling ammonia v3.3.0
[INFO] [stderr]    Compiling mime-msg-builder v0.1.0
[INFO] [stderr]    Compiling pimalaya-email v0.7.0 (/opt/rustwide/workdir)
[INFO] [stderr]     Finished dev [unoptimized + debuginfo] target(s) in 2m 12s
[INFO] [stderr] warning: the following packages contain code that will be rejected by a future version of Rust: nom v3.2.1
[INFO] [stderr] note: to see what the problems were, use the option `--future-incompat-report`, or run `cargo report future-incompatibilities --id 2`
[INFO] running `Command { std: "docker" "inspect" "755bfb9d81e1eff815735cf6e56c22f86b95f9dcd5223c9c7e41bb84ea94fda9", kill_on_drop: false }`
[INFO] running `Command { std: "docker" "rm" "-f" "755bfb9d81e1eff815735cf6e56c22f86b95f9dcd5223c9c7e41bb84ea94fda9", kill_on_drop: false }`
[INFO] [stdout] 755bfb9d81e1eff815735cf6e56c22f86b95f9dcd5223c9c7e41bb84ea94fda9
[INFO] running `Command { std: "docker" "create" "-v" "/var/lib/crater-agent-workspace/builds/worker-6-tc1/target:/opt/rustwide/target:rw,Z" "-v" "/var/lib/crater-agent-workspace/builds/worker-6-tc1/source:/opt/rustwide/workdir:ro,Z" "-v" "/var/lib/crater-agent-workspace/cargo-home:/opt/rustwide/cargo-home:ro,Z" "-v" "/var/lib/crater-agent-workspace/rustup-home:/opt/rustwide/rustup-home:ro,Z" "-e" "SOURCE_DIR=/opt/rustwide/workdir" "-e" "CARGO_TARGET_DIR=/opt/rustwide/target" "-e" "CARGO_INCREMENTAL=0" "-e" "RUST_BACKTRACE=full" "-e" "RUSTFLAGS=--cap-lints=warn" "-e" "RUSTDOCFLAGS=--cap-lints=warn" "-e" "CARGO_HOME=/opt/rustwide/cargo-home" "-e" "RUSTUP_HOME=/opt/rustwide/rustup-home" "-w" "/opt/rustwide/workdir" "-m" "1610612736" "--user" "0:0" "--network" "none" "ghcr.io/rust-lang/crates-build-env/linux@sha256:5ff2268d62e97bff2cde7d5815dd6ed5b47097566f13b8d0ca110b04b60e07ed" "/opt/rustwide/cargo-home/bin/cargo" "+1.69.0" "test" "--frozen" "--no-run" "--message-format=json", kill_on_drop: false }`
[INFO] [stdout] a50df051f9ebe2937dc273fd36eed68ac489c884acc01b2d0e815b4e4f159213
[INFO] running `Command { std: "docker" "start" "-a" "a50df051f9ebe2937dc273fd36eed68ac489c884acc01b2d0e815b4e4f159213", kill_on_drop: false }`
[INFO] [stderr]    Compiling io-lifetimes v1.0.10
[INFO] [stderr]    Compiling rustix v0.37.18
[INFO] [stderr]    Compiling linux-raw-sys v0.3.6
[INFO] [stderr]    Compiling ciborium-io v0.2.0
[INFO] [stderr]    Compiling os_str_bytes v6.5.0
[INFO] [stderr]    Compiling serde_json v1.0.96
[INFO] [stderr]    Compiling textwrap v0.16.0
[INFO] [stderr]    Compiling criterion-plot v0.5.0
[INFO] [stderr]    Compiling ciborium-ll v0.2.0
[INFO] [stderr]    Compiling clap_lex v0.2.4
[INFO] [stderr]    Compiling ciborium v0.2.0
[INFO] [stderr]    Compiling clap v3.2.25
[INFO] [stderr]    Compiling atty v0.2.14
[INFO] [stderr]    Compiling termcolor v1.2.0
[INFO] [stderr]    Compiling anes v0.1.6
[INFO] [stderr]    Compiling humantime v2.1.0
[INFO] [stderr]    Compiling concat-with v0.2.8
[INFO] [stderr]    Compiling tinytemplate v1.2.1
[INFO] [stderr]    Compiling criterion v0.4.0
[INFO] [stderr]    Compiling is-terminal v0.4.7
[INFO] [stderr]    Compiling tempfile v3.5.0
[INFO] [stderr]    Compiling env_logger v0.10.0
[INFO] [stderr]    Compiling pimalaya-email v0.7.0 (/opt/rustwide/workdir)
[INFO] [stdout] error[E0432]: unresolved import `himalaya_lib`
[INFO] [stdout]  --> tests/test_smtp_sender.rs:3:5
[INFO] [stdout]   |
[INFO] [stdout] 3 | use himalaya_lib::{AccountConfig, CompilerBuilder, Sender, TplBuilder};
[INFO] [stdout]   |     ^^^^^^^^^^^^ use of undeclared crate or module `himalaya_lib`
[INFO] [stdout] 
[INFO] [stdout] 
[INFO] [stdout] error[E0432]: unresolved import `himalaya_lib`
[INFO] [stdout]  --> tests/test_smtp_sender.rs:6:5
[INFO] [stdout]   |
[INFO] [stdout] 6 | use himalaya_lib::{Backend, ImapBackend, ImapConfig};
[INFO] [stdout]   |     ^^^^^^^^^^^^ use of undeclared crate or module `himalaya_lib`
[INFO] [stdout] 
[INFO] [stdout] 
[INFO] [stdout] error[E0432]: unresolved import `himalaya_lib`
[INFO] [stdout]  --> tests/test_smtp_sender.rs:8:5
[INFO] [stdout]   |
[INFO] [stdout] 8 | use himalaya_lib::{Smtp, SmtpConfig};
[INFO] [stdout]   |     ^^^^^^^^^^^^ use of undeclared crate or module `himalaya_lib`
[INFO] [stdout] 
[INFO] [stdout] 
[INFO] [stdout] error[E0432]: unresolved import `himalaya_lib`
[INFO] [stdout]  --> tests/test_maildir_backend.rs:6:5
[INFO] [stdout]   |
[INFO] [stdout] 6 | use himalaya_lib::{
[INFO] [stdout]   |     ^^^^^^^^^^^^ use of undeclared crate or module `himalaya_lib`
[INFO] [stdout] 
[INFO] [stdout] 
[INFO] [stdout] error[E0432]: unresolved import `himalaya_lib`
[INFO] [stdout]  --> tests/test_imap_backend.rs:7:5
[INFO] [stdout]   |
[INFO] [stdout] 7 | use himalaya_lib::{
[INFO] [stdout]   |     ^^^^^^^^^^^^ use of undeclared crate or module `himalaya_lib`
[INFO] [stdout] 
[INFO] [stdout] 
[INFO] [stdout] error[E0432]: unresolved import `himalaya_lib`
[INFO] [stdout]  --> tests/test_sendmail_sender.rs:4:5
[INFO] [stdout]   |
[INFO] [stdout] 4 | use himalaya_lib::{AccountConfig, CompilerBuilder, Sender, Sendmail, SendmailConfig, TplBuilder};
[INFO] [stdout]   |     ^^^^^^^^^^^^ use of undeclared crate or module `himalaya_lib`
[INFO] [stdout] 
[INFO] [stdout] 
[INFO] [stdout] error[E0432]: unresolved import `himalaya_lib`
[INFO] [stdout]  --> tests/test_sendmail_sender.rs:7:5
[INFO] [stdout]   |
[INFO] [stdout] 7 | use himalaya_lib::{Backend, ImapBackend, ImapConfig};
[INFO] [stdout]   |     ^^^^^^^^^^^^ use of undeclared crate or module `himalaya_lib`
[INFO] [stdout] 
[INFO] [stdout] 
[INFO] [stdout] error: aborting due to 3 previous errors
[INFO] [stdout] 
[INFO] [stdout] 
[INFO] [stdout] For more information about this error, try `rustc --explain E0432`.
[INFO] [stdout] 
[INFO] [stderr] error: could not compile `pimalaya-email` due to 4 previous errors
[INFO] [stderr] warning: build failed, waiting for other jobs to finish...
[INFO] [stdout] error[E0432]: unresolved import `himalaya_lib`
[INFO] [stdout]  --> tests/test_sync.rs:5:5
[INFO] [stdout]   |
[INFO] [stdout] 5 | use himalaya_lib::{
[INFO] [stdout]   |     ^^^^^^^^^^^^ use of undeclared crate or module `himalaya_lib`
[INFO] [stdout] 
[INFO] [stdout] 
[INFO] [stdout] error: aborting due to 2 previous errors
[INFO] [stdout] 
[INFO] [stdout] 
[INFO] [stdout] For more information about this error, try `rustc --explain E0432`.
[INFO] [stdout] 
[INFO] [stderr] error: could not compile `pimalaya-email` due to 3 previous errors
[INFO] [stdout] error: aborting due to previous error
[INFO] [stdout] 
[INFO] [stdout] 
[INFO] [stdout] For more information about this error, try `rustc --explain E0432`.
[INFO] [stdout] 
[INFO] [stderr] error: could not compile `pimalaya-email` due to 2 previous errors
[INFO] [stdout] error: aborting due to previous error
[INFO] [stdout] 
[INFO] [stdout] 
[INFO] [stdout] For more information about this error, try `rustc --explain E0432`.
[INFO] [stdout] 
[INFO] [stderr] error: could not compile `pimalaya-email` due to 2 previous errors
[INFO] [stdout] error: aborting due to previous error
[INFO] [stdout] 
[INFO] [stdout] 
[INFO] [stdout] For more information about this error, try `rustc --explain E0432`.
[INFO] [stdout] 
[INFO] [stderr] error: could not compile `pimalaya-email` due to 2 previous errors
[INFO] running `Command { std: "docker" "inspect" "a50df051f9ebe2937dc273fd36eed68ac489c884acc01b2d0e815b4e4f159213", kill_on_drop: false }`
[INFO] running `Command { std: "docker" "rm" "-f" "a50df051f9ebe2937dc273fd36eed68ac489c884acc01b2d0e815b4e4f159213", kill_on_drop: false }`
[INFO] [stdout] a50df051f9ebe2937dc273fd36eed68ac489c884acc01b2d0e815b4e4f159213
