[INFO] fetching crate pillow-routing 0.4.1...
[INFO] testing pillow-routing-0.4.1 against 1.69.0 for beta-1.70-1
[INFO] extracting crate pillow-routing 0.4.1 into /workspace/builds/worker-6-tc1/source
[INFO] validating manifest of crates.io crate pillow-routing 0.4.1 on toolchain 1.69.0
[INFO] running `Command { std: CARGO_HOME="/workspace/cargo-home" RUSTUP_HOME="/workspace/rustup-home" "/workspace/cargo-home/bin/cargo" "+1.69.0" "metadata" "--manifest-path" "Cargo.toml" "--no-deps", kill_on_drop: false }`
[INFO] started tweaking crates.io crate pillow-routing 0.4.1
[INFO] finished tweaking crates.io crate pillow-routing 0.4.1
[INFO] tweaked toml for crates.io crate pillow-routing 0.4.1 written to /workspace/builds/worker-6-tc1/source/Cargo.toml
[INFO] running `Command { std: CARGO_HOME="/workspace/cargo-home" RUSTUP_HOME="/workspace/rustup-home" __CARGO_TEST_CHANNEL_OVERRIDE_DO_NOT_USE_THIS="nightly" "/workspace/cargo-home/bin/cargo" "+1.69.0" "generate-lockfile" "--manifest-path" "Cargo.toml" "-Zno-index-update", kill_on_drop: false }`
[INFO] running `Command { std: CARGO_HOME="/workspace/cargo-home" RUSTUP_HOME="/workspace/rustup-home" "/workspace/cargo-home/bin/cargo" "+1.69.0" "fetch" "--manifest-path" "Cargo.toml", kill_on_drop: false }`
[INFO] [stderr]     Blocking waiting for file lock on package cache
[INFO] [stderr]  Downloading crates ...
[INFO] [stderr]   Downloaded pillow-fs v0.4.1
[INFO] [stderr]   Downloaded pillow-templates v0.4.1
[INFO] [stderr]   Downloaded pillow-http v0.4.1
[INFO] [stderr]   Downloaded pillow-env v0.4.1
[INFO] running `Command { std: "docker" "create" "-v" "/var/lib/crater-agent-workspace/builds/worker-6-tc1/target:/opt/rustwide/target:rw,Z" "-v" "/var/lib/crater-agent-workspace/builds/worker-6-tc1/source:/opt/rustwide/workdir:ro,Z" "-v" "/var/lib/crater-agent-workspace/cargo-home:/opt/rustwide/cargo-home:ro,Z" "-v" "/var/lib/crater-agent-workspace/rustup-home:/opt/rustwide/rustup-home:ro,Z" "-e" "SOURCE_DIR=/opt/rustwide/workdir" "-e" "CARGO_TARGET_DIR=/opt/rustwide/target" "-e" "CARGO_HOME=/opt/rustwide/cargo-home" "-e" "RUSTUP_HOME=/opt/rustwide/rustup-home" "-w" "/opt/rustwide/workdir" "-m" "1610612736" "--user" "0:0" "--network" "none" "ghcr.io/rust-lang/crates-build-env/linux@sha256:5ff2268d62e97bff2cde7d5815dd6ed5b47097566f13b8d0ca110b04b60e07ed" "/opt/rustwide/cargo-home/bin/cargo" "+1.69.0" "metadata" "--no-deps" "--format-version=1", kill_on_drop: false }`
[INFO] [stdout] bfba49c24b55d38ddc7868a41b7c40d1fc37171fd9d117e28112eca05d3c989b
[INFO] running `Command { std: "docker" "start" "-a" "bfba49c24b55d38ddc7868a41b7c40d1fc37171fd9d117e28112eca05d3c989b", kill_on_drop: false }`
[INFO] running `Command { std: "docker" "inspect" "bfba49c24b55d38ddc7868a41b7c40d1fc37171fd9d117e28112eca05d3c989b", kill_on_drop: false }`
[INFO] running `Command { std: "docker" "rm" "-f" "bfba49c24b55d38ddc7868a41b7c40d1fc37171fd9d117e28112eca05d3c989b", kill_on_drop: false }`
[INFO] [stdout] bfba49c24b55d38ddc7868a41b7c40d1fc37171fd9d117e28112eca05d3c989b
[INFO] running `Command { std: "docker" "create" "-v" "/var/lib/crater-agent-workspace/builds/worker-6-tc1/target:/opt/rustwide/target:rw,Z" "-v" "/var/lib/crater-agent-workspace/builds/worker-6-tc1/source:/opt/rustwide/workdir:ro,Z" "-v" "/var/lib/crater-agent-workspace/cargo-home:/opt/rustwide/cargo-home:ro,Z" "-v" "/var/lib/crater-agent-workspace/rustup-home:/opt/rustwide/rustup-home:ro,Z" "-e" "SOURCE_DIR=/opt/rustwide/workdir" "-e" "CARGO_TARGET_DIR=/opt/rustwide/target" "-e" "CARGO_INCREMENTAL=0" "-e" "RUST_BACKTRACE=full" "-e" "RUSTFLAGS=--cap-lints=warn" "-e" "RUSTDOCFLAGS=--cap-lints=warn" "-e" "CARGO_HOME=/opt/rustwide/cargo-home" "-e" "RUSTUP_HOME=/opt/rustwide/rustup-home" "-w" "/opt/rustwide/workdir" "-m" "1610612736" "--user" "0:0" "--network" "none" "ghcr.io/rust-lang/crates-build-env/linux@sha256:5ff2268d62e97bff2cde7d5815dd6ed5b47097566f13b8d0ca110b04b60e07ed" "/opt/rustwide/cargo-home/bin/cargo" "+1.69.0" "build" "--frozen" "--message-format=json", kill_on_drop: false }`
[INFO] [stdout] d932490f0467d44c7aacbbb41013b77a97f58cd498b66de086b0fe21c0dfe673
[INFO] running `Command { std: "docker" "start" "-a" "d932490f0467d44c7aacbbb41013b77a97f58cd498b66de086b0fe21c0dfe673", kill_on_drop: false }`
[INFO] [stderr]    Compiling libc v0.2.142
[INFO] [stderr]    Compiling syn v1.0.109
[INFO] [stderr]    Compiling log v0.4.17
[INFO] [stderr]    Compiling regex-syntax v0.7.1
[INFO] [stderr]    Compiling pin-project-lite v0.2.9
[INFO] [stderr]    Compiling memchr v2.5.0
[INFO] [stderr]    Compiling value-bag v1.0.0-alpha.9
[INFO] [stderr]    Compiling uncased v0.9.7
[INFO] [stderr]    Compiling futures-io v0.3.28
[INFO] [stderr]    Compiling num-traits v0.2.15
[INFO] [stderr]    Compiling syn v2.0.15
[INFO] [stderr]    Compiling num-integer v0.1.45
[INFO] [stderr]    Compiling serde v1.0.160
[INFO] [stderr]    Compiling event-listener v2.5.3
[INFO] [stderr]    Compiling concurrent-queue v2.2.0
[INFO] [stderr]    Compiling futures-channel v0.3.28
[INFO] [stderr]    Compiling same-file v1.0.6
[INFO] [stderr]    Compiling libm v0.2.6
[INFO] [stderr]    Compiling fnv v1.0.7
[INFO] [stderr]    Compiling parking v2.1.0
[INFO] [stderr]    Compiling unic-common v0.9.0
[INFO] [stderr]    Compiling io-lifetimes v1.0.10
[INFO] [stderr]    Compiling waker-fn v1.1.0
[INFO] [stderr]    Compiling unic-char-range v0.9.0
[INFO] [stderr]    Compiling aho-corasick v1.0.1
[INFO] [stderr]    Compiling aho-corasick v0.7.20
[INFO] [stderr]    Compiling bstr v1.4.0
[INFO] [stderr]    Compiling futures-task v0.3.28
[INFO] [stderr]    Compiling fastrand v1.9.0
[INFO] [stderr]    Compiling phf_shared v0.10.0
[INFO] [stderr]    Compiling unic-char-property v0.9.0
[INFO] [stderr]    Compiling unic-ucd-version v0.9.0
[INFO] [stderr]    Compiling async-lock v2.7.0
[INFO] [stderr]    Compiling walkdir v2.3.3
[INFO] [stderr]    Compiling phf v0.10.1
[INFO] [stderr]    Compiling futures-lite v1.13.0
[INFO] [stderr]    Compiling polling v2.8.0
[INFO] [stderr]    Compiling thread_local v1.1.4
[INFO] [stderr]    Compiling futures-util v0.3.28
[INFO] [stderr]    Compiling pin-utils v0.1.0
[INFO] [stderr]    Compiling futures-sink v0.3.28
[INFO] [stderr]    Compiling iana-time-zone v0.1.56
[INFO] [stderr]    Compiling rustix v0.37.18
[INFO] [stderr]    Compiling unic-ucd-segment v0.9.0
[INFO] [stderr]    Compiling async-io v1.13.0
[INFO] [stderr]    Compiling lock_api v0.4.9
[INFO] [stderr]    Compiling async-task v4.4.0
[INFO] [stderr]    Compiling parking_lot_core v0.9.7
[INFO] [stderr]    Compiling deunicode v0.4.3
[INFO] [stderr]    Compiling linux-raw-sys v0.3.6
[INFO] [stderr]    Compiling getrandom v0.2.9
[INFO] [stderr]    Compiling time v0.1.45
[INFO] [stderr]    Compiling socket2 v0.4.9
[INFO] [stderr]    Compiling slug v0.1.4
[INFO] [stderr]    Compiling rand_core v0.6.4
[INFO] [stderr]    Compiling humansize v2.1.3
[INFO] [stderr]    Compiling unic-segment v0.9.0
[INFO] [stderr]    Compiling async-channel v1.8.0
[INFO] [stderr]    Compiling atomic-waker v1.1.1
[INFO] [stderr]    Compiling rand_chacha v0.3.1
[INFO] [stderr]    Compiling chrono v0.4.24
[INFO] [stderr]    Compiling httparse v1.8.0
[INFO] [stderr]    Compiling async-executor v1.5.1
[INFO] [stderr]    Compiling tokio v1.28.0
[INFO] [stderr]    Compiling rand v0.8.5
[INFO] [stderr]    Compiling pillow-fs v0.4.1
[INFO] [stderr]    Compiling regex v1.8.1
[INFO] [stderr]    Compiling parking_lot v0.12.1
[INFO] [stderr]    Compiling atty v0.2.14
[INFO] [stderr]    Compiling signal-hook-registry v1.4.1
[INFO] [stderr]    Compiling num_cpus v1.15.0
[INFO] [stderr]    Compiling dotenv v0.15.0
[INFO] [stderr]    Compiling bytes v1.4.0
[INFO] [stderr]    Compiling colored v2.0.0
[INFO] [stderr]    Compiling pillow-env v0.4.1
[INFO] [stderr]    Compiling phf_generator v0.10.0
[INFO] [stderr]    Compiling phf_codegen v0.10.0
[INFO] [stderr]    Compiling parse-zoneinfo v0.3.0
[INFO] [stderr]    Compiling thiserror-impl v1.0.40
[INFO] [stderr]    Compiling futures-macro v0.3.28
[INFO] [stderr]    Compiling tokio-macros v2.1.0
[INFO] [stderr]    Compiling chrono-tz-build v0.0.2
[INFO] [stderr]    Compiling ctor v0.1.26
[INFO] [stderr]    Compiling async-attributes v1.1.2
[INFO] [stderr]    Compiling serde_json v1.0.96
[INFO] [stderr]    Compiling chrono-tz v0.6.1
[INFO] [stderr]    Compiling thiserror v1.0.40
[INFO] [stderr]    Compiling pest v2.6.0
[INFO] [stderr]    Compiling globset v0.4.10
[INFO] [stderr]    Compiling blocking v1.3.1
[INFO] [stderr]    Compiling mio v0.8.6
[INFO] [stderr]    Compiling kv-log-macro v1.0.7
[INFO] [stderr]    Compiling ignore v0.4.20
[INFO] [stderr]    Compiling async-global-executor v2.3.1
[INFO] [stderr]    Compiling async-std v1.12.0
[INFO] [stderr]    Compiling globwalk v0.8.1
[INFO] [stderr]    Compiling pest_meta v2.6.0
[INFO] [stderr]    Compiling pest_generator v2.6.0
[INFO] [stderr]    Compiling futures-executor v0.3.28
[INFO] [stderr]    Compiling pest_derive v2.6.0
[INFO] [stderr]    Compiling futures v0.3.28
[INFO] [stderr]    Compiling handlebars v4.3.6
[INFO] [stderr]    Compiling tera v1.18.1
[INFO] [stderr]    Compiling pillow-templates v0.4.1
[INFO] [stderr]    Compiling pillow-http v0.4.1
[INFO] [stderr]    Compiling pillow-routing v0.4.1 (/opt/rustwide/workdir)
[INFO] [stdout] warning: unused imports: `handler::Handler`, `middlewares::Middleware`
[INFO] [stdout]   --> src/router.rs:10:19
[INFO] [stdout]    |
[INFO] [stdout] 10 | use pillow_http::{handler::Handler, middlewares::Middleware, Request, Response};
[INFO] [stdout]    |                   ^^^^^^^^^^^^^^^^  ^^^^^^^^^^^^^^^^^^^^^^^
[INFO] [stdout]    |
[INFO] [stdout]    = note: `#[warn(unused_imports)]` on by default
[INFO] [stdout] 
[INFO] [stdout] 
[INFO] [stdout] warning: unused variable: `path_param`
[INFO] [stdout]    --> src/router.rs:117:25
[INFO] [stdout]     |
[INFO] [stdout] 117 |                     let path_param: Vec<_> = route
[INFO] [stdout]     |                         ^^^^^^^^^^ help: if this is intentional, prefix it with an underscore: `_path_param`
[INFO] [stdout]     |
[INFO] [stdout]     = note: `#[warn(unused_variables)]` on by default
[INFO] [stdout] 
[INFO] [stdout] 
[INFO] [stdout] warning: 2 warnings emitted
[INFO] [stdout] 
[INFO] [stdout] 
[INFO] [stderr]     Finished dev [unoptimized + debuginfo] target(s) in 32.23s
[INFO] running `Command { std: "docker" "inspect" "d932490f0467d44c7aacbbb41013b77a97f58cd498b66de086b0fe21c0dfe673", kill_on_drop: false }`
[INFO] running `Command { std: "docker" "rm" "-f" "d932490f0467d44c7aacbbb41013b77a97f58cd498b66de086b0fe21c0dfe673", kill_on_drop: false }`
[INFO] [stdout] d932490f0467d44c7aacbbb41013b77a97f58cd498b66de086b0fe21c0dfe673
[INFO] running `Command { std: "docker" "create" "-v" "/var/lib/crater-agent-workspace/builds/worker-6-tc1/target:/opt/rustwide/target:rw,Z" "-v" "/var/lib/crater-agent-workspace/builds/worker-6-tc1/source:/opt/rustwide/workdir:ro,Z" "-v" "/var/lib/crater-agent-workspace/cargo-home:/opt/rustwide/cargo-home:ro,Z" "-v" "/var/lib/crater-agent-workspace/rustup-home:/opt/rustwide/rustup-home:ro,Z" "-e" "SOURCE_DIR=/opt/rustwide/workdir" "-e" "CARGO_TARGET_DIR=/opt/rustwide/target" "-e" "CARGO_INCREMENTAL=0" "-e" "RUST_BACKTRACE=full" "-e" "RUSTFLAGS=--cap-lints=warn" "-e" "RUSTDOCFLAGS=--cap-lints=warn" "-e" "CARGO_HOME=/opt/rustwide/cargo-home" "-e" "RUSTUP_HOME=/opt/rustwide/rustup-home" "-w" "/opt/rustwide/workdir" "-m" "1610612736" "--user" "0:0" "--network" "none" "ghcr.io/rust-lang/crates-build-env/linux@sha256:5ff2268d62e97bff2cde7d5815dd6ed5b47097566f13b8d0ca110b04b60e07ed" "/opt/rustwide/cargo-home/bin/cargo" "+1.69.0" "test" "--frozen" "--no-run" "--message-format=json", kill_on_drop: false }`
[INFO] [stdout] 94bd8b883c7d711ca64955ebd5f028afad1379d35e8e9f941caa63b9dfb28de9
[INFO] running `Command { std: "docker" "start" "-a" "94bd8b883c7d711ca64955ebd5f028afad1379d35e8e9f941caa63b9dfb28de9", kill_on_drop: false }`
[INFO] [stderr]     Blocking waiting for file lock on package cache
[INFO] [stdout] warning: unused imports: `handler::Handler`, `middlewares::Middleware`
[INFO] [stdout]   --> src/router.rs:10:19
[INFO] [stdout]    |
[INFO] [stdout] 10 | use pillow_http::{handler::Handler, middlewares::Middleware, Request, Response};
[INFO] [stdout]    |                   ^^^^^^^^^^^^^^^^  ^^^^^^^^^^^^^^^^^^^^^^^
[INFO] [stdout]    |
[INFO] [stdout]    = note: `#[warn(unused_imports)]` on by default
[INFO] [stdout] 
[INFO] [stdout] 
[INFO] [stdout] warning: unused variable: `path_param`
[INFO] [stdout]    --> src/router.rs:117:25
[INFO] [stdout]     |
[INFO] [stdout] 117 |                     let path_param: Vec<_> = route
[INFO] [stdout]     |                         ^^^^^^^^^^ help: if this is intentional, prefix it with an underscore: `_path_param`
[INFO] [stdout]     |
[INFO] [stdout]     = note: `#[warn(unused_variables)]` on by default
[INFO] [stdout] 
[INFO] [stdout] 
[INFO] [stderr]    Compiling pillow-routing v0.4.1 (/opt/rustwide/workdir)
[INFO] [stdout] warning: 2 warnings emitted
[INFO] [stdout] 
[INFO] [stdout] 
[INFO] [stdout] warning: unused imports: `handler::Handler`, `middlewares::Middleware`
[INFO] [stdout]   --> src/router.rs:10:19
[INFO] [stdout]    |
[INFO] [stdout] 10 | use pillow_http::{handler::Handler, middlewares::Middleware, Request, Response};
[INFO] [stdout]    |                   ^^^^^^^^^^^^^^^^  ^^^^^^^^^^^^^^^^^^^^^^^
[INFO] [stdout]    |
[INFO] [stdout]    = note: `#[warn(unused_imports)]` on by default
[INFO] [stdout] 
[INFO] [stdout] 
[INFO] [stdout] warning: unused variable: `path_param`
[INFO] [stdout]    --> src/router.rs:117:25
[INFO] [stdout]     |
[INFO] [stdout] 117 |                     let path_param: Vec<_> = route
[INFO] [stdout]     |                         ^^^^^^^^^^ help: if this is intentional, prefix it with an underscore: `_path_param`
[INFO] [stdout]     |
[INFO] [stdout]     = note: `#[warn(unused_variables)]` on by default
[INFO] [stdout] 
[INFO] [stdout] 
[INFO] [stdout] warning: 2 warnings emitted
[INFO] [stdout] 
[INFO] [stdout] 
[INFO] [stderr]     Finished test [unoptimized + debuginfo] target(s) in 0.67s
[INFO] running `Command { std: "docker" "inspect" "94bd8b883c7d711ca64955ebd5f028afad1379d35e8e9f941caa63b9dfb28de9", kill_on_drop: false }`
[INFO] running `Command { std: "docker" "rm" "-f" "94bd8b883c7d711ca64955ebd5f028afad1379d35e8e9f941caa63b9dfb28de9", kill_on_drop: false }`
[INFO] [stdout] 94bd8b883c7d711ca64955ebd5f028afad1379d35e8e9f941caa63b9dfb28de9
[INFO] running `Command { std: "docker" "create" "-v" "/var/lib/crater-agent-workspace/builds/worker-6-tc1/target:/opt/rustwide/target:rw,Z" "-v" "/var/lib/crater-agent-workspace/builds/worker-6-tc1/source:/opt/rustwide/workdir:ro,Z" "-v" "/var/lib/crater-agent-workspace/cargo-home:/opt/rustwide/cargo-home:ro,Z" "-v" "/var/lib/crater-agent-workspace/rustup-home:/opt/rustwide/rustup-home:ro,Z" "-e" "SOURCE_DIR=/opt/rustwide/workdir" "-e" "CARGO_TARGET_DIR=/opt/rustwide/target" "-e" "CARGO_INCREMENTAL=0" "-e" "RUST_BACKTRACE=full" "-e" "RUSTFLAGS=--cap-lints=warn" "-e" "RUSTDOCFLAGS=--cap-lints=warn" "-e" "CARGO_HOME=/opt/rustwide/cargo-home" "-e" "RUSTUP_HOME=/opt/rustwide/rustup-home" "-w" "/opt/rustwide/workdir" "-m" "1610612736" "--user" "0:0" "--network" "none" "ghcr.io/rust-lang/crates-build-env/linux@sha256:5ff2268d62e97bff2cde7d5815dd6ed5b47097566f13b8d0ca110b04b60e07ed" "/opt/rustwide/cargo-home/bin/cargo" "+1.69.0" "test" "--frozen", kill_on_drop: false }`
[INFO] [stdout] 9b4c534efcec1724fdb336d30832be3ba91238afeb6b6fd26fee0a5ca7e7f933
[INFO] running `Command { std: "docker" "start" "-a" "9b4c534efcec1724fdb336d30832be3ba91238afeb6b6fd26fee0a5ca7e7f933", kill_on_drop: false }`
[INFO] [stderr]     Blocking waiting for file lock on package cache
[INFO] [stderr]     Blocking waiting for file lock on package cache
[INFO] [stderr] warning: unused imports: `handler::Handler`, `middlewares::Middleware`
[INFO] [stderr]   --> src/router.rs:10:19
[INFO] [stderr]    |
[INFO] [stderr] 10 | use pillow_http::{handler::Handler, middlewares::Middleware, Request, Response};
[INFO] [stderr]    |                   ^^^^^^^^^^^^^^^^  ^^^^^^^^^^^^^^^^^^^^^^^
[INFO] [stderr]    |
[INFO] [stderr]    = note: `#[warn(unused_imports)]` on by default
[INFO] [stderr] 
[INFO] [stderr] warning: unused variable: `path_param`
[INFO] [stderr]    --> src/router.rs:117:25
[INFO] [stderr]     |
[INFO] [stderr] 117 |                     let path_param: Vec<_> = route
[INFO] [stderr]     |                         ^^^^^^^^^^ help: if this is intentional, prefix it with an underscore: `_path_param`
[INFO] [stderr]     |
[INFO] [stderr]     = note: `#[warn(unused_variables)]` on by default
[INFO] [stderr] 
[INFO] [stderr] warning: `pillow-routing` (lib) generated 2 warnings (run `cargo fix --lib -p pillow-routing` to apply 2 suggestions)
[INFO] [stderr] warning: `pillow-routing` (lib test) generated 2 warnings (2 duplicates)
[INFO] [stderr]     Finished test [unoptimized + debuginfo] target(s) in 1.39s
[INFO] [stderr]      Running unittests src/lib.rs (/opt/rustwide/target/debug/deps/pillow_routing-383fe5b9db4ab2b2)
[INFO] [stdout] 
[INFO] [stdout] running 0 tests
[INFO] [stdout] 
[INFO] [stdout] test result: ok. 0 passed; 0 failed; 0 ignored; 0 measured; 0 filtered out; finished in 0.00s
[INFO] [stdout] 
[INFO] [stderr]    Doc-tests pillow-routing
[INFO] [stdout] 
[INFO] [stdout] running 5 tests
[INFO] [stdout] test src/router.rs - router::MainRouter::post (line 175) ... FAILED
[INFO] [stdout] test src/router.rs - router::MainRouter::put (line 207) ... FAILED
[INFO] [stdout] test src/router.rs - router::MainRouter::delete (line 239) ... FAILED
[INFO] [stdout] test src/router.rs - router::MainRouter::get (line 144) ... FAILED
[INFO] [stdout] test src/lib.rs - (line 3) ... FAILED
[INFO] [stdout] 
[INFO] [stdout] failures:
[INFO] [stdout] 
[INFO] [stdout] ---- src/router.rs - router::MainRouter::post (line 175) stdout ----
[INFO] [stdout] error[E0433]: failed to resolve: use of undeclared crate or module `pillow`
[INFO] [stdout]  --> src/router.rs:176:5
[INFO] [stdout]   |
[INFO] [stdout] 2 | use pillow::http::{MainRouter, Response};
[INFO] [stdout]   |     ^^^^^^ use of undeclared crate or module `pillow`
[INFO] [stdout] 
[INFO] [stdout] error: aborting due to previous error
[INFO] [stdout] 
[INFO] [stdout] For more information about this error, try `rustc --explain E0433`.
[INFO] [stdout] Couldn't compile the test.
[INFO] [stdout] ---- src/router.rs - router::MainRouter::put (line 207) stdout ----
[INFO] [stdout] error[E0433]: failed to resolve: use of undeclared crate or module `pillow`
[INFO] [stdout]  --> src/router.rs:208:5
[INFO] [stdout]   |
[INFO] [stdout] 2 | use pillow::http::{MainRouter, Response};
[INFO] [stdout]   |     ^^^^^^ use of undeclared crate or module `pillow`
[INFO] [stdout] 
[INFO] [stdout] error: aborting due to previous error
[INFO] [stdout] 
[INFO] [stdout] For more information about this error, try `rustc --explain E0433`.
[INFO] [stdout] Couldn't compile the test.
[INFO] [stdout] ---- src/router.rs - router::MainRouter::delete (line 239) stdout ----
[INFO] [stdout] error[E0433]: failed to resolve: use of undeclared crate or module `pillow`
[INFO] [stdout]  --> src/router.rs:240:5
[INFO] [stdout]   |
[INFO] [stdout] 2 | use pillow::http::{MainRouter, Response};
[INFO] [stdout]   |     ^^^^^^ use of undeclared crate or module `pillow`
[INFO] [stdout] 
[INFO] [stdout] error: aborting due to previous error
[INFO] [stdout] 
[INFO] [stdout] For more information about this error, try `rustc --explain E0433`.
[INFO] [stdout] Couldn't compile the test.
[INFO] [stdout] ---- src/router.rs - router::MainRouter::get (line 144) stdout ----
[INFO] [stdout] error[E0433]: failed to resolve: use of undeclared crate or module `pillow`
[INFO] [stdout]  --> src/router.rs:145:5
[INFO] [stdout]   |
[INFO] [stdout] 2 | use pillow::http::{MainRouter, Response};
[INFO] [stdout]   |     ^^^^^^ use of undeclared crate or module `pillow`
[INFO] [stdout] 
[INFO] [stdout] error: aborting due to previous error
[INFO] [stdout] 
[INFO] [stdout] For more information about this error, try `rustc --explain E0433`.
[INFO] [stdout] Couldn't compile the test.
[INFO] [stdout] ---- src/lib.rs - (line 3) stdout ----
[INFO] [stdout] error[E0432]: unresolved import `pillow_routing::router::Router`
[INFO] [stdout]  --> src/lib.rs:4:5
[INFO] [stdout]   |
[INFO] [stdout] 4 | use pillow_routing::router::Router;
[INFO] [stdout]   |     ^^^^^^^^^^^^^^^^^^^^^^^^------
[INFO] [stdout]   |     |                       |
[INFO] [stdout]   |     |                       help: a similar name exists in the module: `Route`
[INFO] [stdout]   |     no `Router` in `router`
[INFO] [stdout] 
[INFO] [stdout] error[E0603]: module `router` is private
[INFO] [stdout]  --> src/lib.rs:4:21
[INFO] [stdout]   |
[INFO] [stdout] 4 | use pillow_routing::router::Router;
[INFO] [stdout]   |                     ^^^^^^ private module
[INFO] [stdout]   |
[INFO] [stdout] note: the module `router` is defined here
[INFO] [stdout]  --> /opt/rustwide/workdir/src/lib.rs:8:1
[INFO] [stdout]   |
[INFO] [stdout] 8 | mod router;
[INFO] [stdout]   | ^^^^^^^^^^
[INFO] [stdout] 
[INFO] [stdout] error: aborting due to 2 previous errors
[INFO] [stdout] 
[INFO] [stdout] Some errors have detailed explanations: E0432, E0603.
[INFO] [stdout] For more information about an error, try `rustc --explain E0432`.
[INFO] [stdout] Couldn't compile the test.
[INFO] [stdout] 
[INFO] [stdout] failures:
[INFO] [stdout]     src/lib.rs - (line 3)
[INFO] [stdout]     src/router.rs - router::MainRouter::delete (line 239)
[INFO] [stdout]     src/router.rs - router::MainRouter::get (line 144)
[INFO] [stdout]     src/router.rs - router::MainRouter::post (line 175)
[INFO] [stdout]     src/router.rs - router::MainRouter::put (line 207)
[INFO] [stdout] 
[INFO] [stdout] test result: FAILED. 0 passed; 5 failed; 0 ignored; 0 measured; 0 filtered out; finished in 0.05s
[INFO] [stdout] 
[INFO] [stderr] error: doctest failed, to rerun pass `--doc`
[INFO] running `Command { std: "docker" "inspect" "9b4c534efcec1724fdb336d30832be3ba91238afeb6b6fd26fee0a5ca7e7f933", kill_on_drop: false }`
[INFO] running `Command { std: "docker" "rm" "-f" "9b4c534efcec1724fdb336d30832be3ba91238afeb6b6fd26fee0a5ca7e7f933", kill_on_drop: false }`
[INFO] [stdout] 9b4c534efcec1724fdb336d30832be3ba91238afeb6b6fd26fee0a5ca7e7f933
