[INFO] fetching crate phar 0.0.3...
[INFO] testing phar-0.0.3 against 1.69.0 for beta-1.70-1
[INFO] extracting crate phar 0.0.3 into /workspace/builds/worker-3-tc1/source
[INFO] validating manifest of crates.io crate phar 0.0.3 on toolchain 1.69.0
[INFO] running `Command { std: CARGO_HOME="/workspace/cargo-home" RUSTUP_HOME="/workspace/rustup-home" "/workspace/cargo-home/bin/cargo" "+1.69.0" "metadata" "--manifest-path" "Cargo.toml" "--no-deps", kill_on_drop: false }`
[INFO] started tweaking crates.io crate phar 0.0.3
[INFO] finished tweaking crates.io crate phar 0.0.3
[INFO] tweaked toml for crates.io crate phar 0.0.3 written to /workspace/builds/worker-3-tc1/source/Cargo.toml
[INFO] running `Command { std: CARGO_HOME="/workspace/cargo-home" RUSTUP_HOME="/workspace/rustup-home" __CARGO_TEST_CHANNEL_OVERRIDE_DO_NOT_USE_THIS="nightly" "/workspace/cargo-home/bin/cargo" "+1.69.0" "generate-lockfile" "--manifest-path" "Cargo.toml" "-Zno-index-update", kill_on_drop: false }`
[INFO] running `Command { std: CARGO_HOME="/workspace/cargo-home" RUSTUP_HOME="/workspace/rustup-home" "/workspace/cargo-home/bin/cargo" "+1.69.0" "fetch" "--manifest-path" "Cargo.toml", kill_on_drop: false }`
[INFO] [stderr]  Downloading crates ...
[INFO] [stderr]   Downloaded auto_enums_core v0.7.12
[INFO] [stderr]   Downloaded auto_enums v0.7.12
[INFO] [stderr]   Downloaded auto_enums_derive v0.7.12
[INFO] [stderr]   Downloaded typed-builder v0.8.0
[INFO] [stderr]   Downloaded takes v0.1.0
[INFO] [stderr]   Downloaded shallow-tees v0.1.1
[INFO] running `Command { std: "docker" "create" "-v" "/var/lib/crater-agent-workspace/builds/worker-3-tc1/target:/opt/rustwide/target:rw,Z" "-v" "/var/lib/crater-agent-workspace/builds/worker-3-tc1/source:/opt/rustwide/workdir:ro,Z" "-v" "/var/lib/crater-agent-workspace/cargo-home:/opt/rustwide/cargo-home:ro,Z" "-v" "/var/lib/crater-agent-workspace/rustup-home:/opt/rustwide/rustup-home:ro,Z" "-e" "SOURCE_DIR=/opt/rustwide/workdir" "-e" "CARGO_TARGET_DIR=/opt/rustwide/target" "-e" "CARGO_HOME=/opt/rustwide/cargo-home" "-e" "RUSTUP_HOME=/opt/rustwide/rustup-home" "-w" "/opt/rustwide/workdir" "-m" "1610612736" "--user" "0:0" "--network" "none" "ghcr.io/rust-lang/crates-build-env/linux@sha256:5ff2268d62e97bff2cde7d5815dd6ed5b47097566f13b8d0ca110b04b60e07ed" "/opt/rustwide/cargo-home/bin/cargo" "+1.69.0" "metadata" "--no-deps" "--format-version=1", kill_on_drop: false }`
[INFO] [stdout] 77bf2d0ec870b6afc57f1983ed07b8ba4944f7d12d411efabdd9a28a831182d1
[INFO] running `Command { std: "docker" "start" "-a" "77bf2d0ec870b6afc57f1983ed07b8ba4944f7d12d411efabdd9a28a831182d1", kill_on_drop: false }`
[INFO] running `Command { std: "docker" "inspect" "77bf2d0ec870b6afc57f1983ed07b8ba4944f7d12d411efabdd9a28a831182d1", kill_on_drop: false }`
[INFO] running `Command { std: "docker" "rm" "-f" "77bf2d0ec870b6afc57f1983ed07b8ba4944f7d12d411efabdd9a28a831182d1", kill_on_drop: false }`
[INFO] [stdout] 77bf2d0ec870b6afc57f1983ed07b8ba4944f7d12d411efabdd9a28a831182d1
[INFO] running `Command { std: "docker" "create" "-v" "/var/lib/crater-agent-workspace/builds/worker-3-tc1/target:/opt/rustwide/target:rw,Z" "-v" "/var/lib/crater-agent-workspace/builds/worker-3-tc1/source:/opt/rustwide/workdir:ro,Z" "-v" "/var/lib/crater-agent-workspace/cargo-home:/opt/rustwide/cargo-home:ro,Z" "-v" "/var/lib/crater-agent-workspace/rustup-home:/opt/rustwide/rustup-home:ro,Z" "-e" "SOURCE_DIR=/opt/rustwide/workdir" "-e" "CARGO_TARGET_DIR=/opt/rustwide/target" "-e" "CARGO_INCREMENTAL=0" "-e" "RUST_BACKTRACE=full" "-e" "RUSTFLAGS=--cap-lints=warn" "-e" "RUSTDOCFLAGS=--cap-lints=warn" "-e" "CARGO_HOME=/opt/rustwide/cargo-home" "-e" "RUSTUP_HOME=/opt/rustwide/rustup-home" "-w" "/opt/rustwide/workdir" "-m" "1610612736" "--user" "0:0" "--network" "none" "ghcr.io/rust-lang/crates-build-env/linux@sha256:5ff2268d62e97bff2cde7d5815dd6ed5b47097566f13b8d0ca110b04b60e07ed" "/opt/rustwide/cargo-home/bin/cargo" "+1.69.0" "build" "--frozen" "--message-format=json", kill_on_drop: false }`
[INFO] [stdout] 0bd183325f4a34b998a70a014f126f353879685376c23ea755951d9cc5728606
[INFO] running `Command { std: "docker" "start" "-a" "0bd183325f4a34b998a70a014f126f353879685376c23ea755951d9cc5728606", kill_on_drop: false }`
[INFO] [stderr]    Compiling syn v1.0.109
[INFO] [stderr]    Compiling either v1.8.1
[INFO] [stderr]    Compiling generic-array v0.14.7
[INFO] [stderr]    Compiling auto_enums_derive v0.7.12
[INFO] [stderr]    Compiling libc v0.2.142
[INFO] [stderr]    Compiling bzip2-sys v0.1.11+1.0.8
[INFO] [stderr]    Compiling shallow-tees v0.1.1
[INFO] [stderr]    Compiling takes v0.1.0
[INFO] [stderr]    Compiling walkdir v2.3.3
[INFO] [stderr]    Compiling itertools v0.9.0
[INFO] [stderr]    Compiling digest v0.9.0
[INFO] [stderr]    Compiling block-buffer v0.9.0
[INFO] [stderr]    Compiling sha2 v0.9.9
[INFO] [stderr]    Compiling sha-1 v0.9.8
[INFO] [stderr]    Compiling md-5 v0.9.1
[INFO] [stderr]    Compiling bzip2 v0.4.4
[INFO] [stderr]    Compiling derive_utils v0.11.2
[INFO] [stderr]    Compiling auto_enums_core v0.7.12
[INFO] [stderr]    Compiling typed-builder v0.8.0
[INFO] [stderr]    Compiling auto_enums v0.7.12
[INFO] [stderr]    Compiling phar v0.0.3 (/opt/rustwide/workdir)
[INFO] [stderr]     Finished dev [unoptimized + debuginfo] target(s) in 8.22s
[INFO] running `Command { std: "docker" "inspect" "0bd183325f4a34b998a70a014f126f353879685376c23ea755951d9cc5728606", kill_on_drop: false }`
[INFO] running `Command { std: "docker" "rm" "-f" "0bd183325f4a34b998a70a014f126f353879685376c23ea755951d9cc5728606", kill_on_drop: false }`
[INFO] [stdout] 0bd183325f4a34b998a70a014f126f353879685376c23ea755951d9cc5728606
[INFO] running `Command { std: "docker" "create" "-v" "/var/lib/crater-agent-workspace/builds/worker-3-tc1/target:/opt/rustwide/target:rw,Z" "-v" "/var/lib/crater-agent-workspace/builds/worker-3-tc1/source:/opt/rustwide/workdir:ro,Z" "-v" "/var/lib/crater-agent-workspace/cargo-home:/opt/rustwide/cargo-home:ro,Z" "-v" "/var/lib/crater-agent-workspace/rustup-home:/opt/rustwide/rustup-home:ro,Z" "-e" "SOURCE_DIR=/opt/rustwide/workdir" "-e" "CARGO_TARGET_DIR=/opt/rustwide/target" "-e" "CARGO_INCREMENTAL=0" "-e" "RUST_BACKTRACE=full" "-e" "RUSTFLAGS=--cap-lints=warn" "-e" "RUSTDOCFLAGS=--cap-lints=warn" "-e" "CARGO_HOME=/opt/rustwide/cargo-home" "-e" "RUSTUP_HOME=/opt/rustwide/rustup-home" "-w" "/opt/rustwide/workdir" "-m" "1610612736" "--user" "0:0" "--network" "none" "ghcr.io/rust-lang/crates-build-env/linux@sha256:5ff2268d62e97bff2cde7d5815dd6ed5b47097566f13b8d0ca110b04b60e07ed" "/opt/rustwide/cargo-home/bin/cargo" "+1.69.0" "test" "--frozen" "--no-run" "--message-format=json", kill_on_drop: false }`
[INFO] [stdout] 92e3697de7eefb4a45fc7abfc59718722e2b6cb7d754f5da4996582082af11f2
[INFO] running `Command { std: "docker" "start" "-a" "92e3697de7eefb4a45fc7abfc59718722e2b6cb7d754f5da4996582082af11f2", kill_on_drop: false }`
[INFO] [stderr]    Compiling phar v0.0.3 (/opt/rustwide/workdir)
[INFO] [stderr]     Finished test [unoptimized + debuginfo] target(s) in 1.26s
[INFO] running `Command { std: "docker" "inspect" "92e3697de7eefb4a45fc7abfc59718722e2b6cb7d754f5da4996582082af11f2", kill_on_drop: false }`
[INFO] running `Command { std: "docker" "rm" "-f" "92e3697de7eefb4a45fc7abfc59718722e2b6cb7d754f5da4996582082af11f2", kill_on_drop: false }`
[INFO] [stdout] 92e3697de7eefb4a45fc7abfc59718722e2b6cb7d754f5da4996582082af11f2
[INFO] running `Command { std: "docker" "create" "-v" "/var/lib/crater-agent-workspace/builds/worker-3-tc1/target:/opt/rustwide/target:rw,Z" "-v" "/var/lib/crater-agent-workspace/builds/worker-3-tc1/source:/opt/rustwide/workdir:ro,Z" "-v" "/var/lib/crater-agent-workspace/cargo-home:/opt/rustwide/cargo-home:ro,Z" "-v" "/var/lib/crater-agent-workspace/rustup-home:/opt/rustwide/rustup-home:ro,Z" "-e" "SOURCE_DIR=/opt/rustwide/workdir" "-e" "CARGO_TARGET_DIR=/opt/rustwide/target" "-e" "CARGO_INCREMENTAL=0" "-e" "RUST_BACKTRACE=full" "-e" "RUSTFLAGS=--cap-lints=warn" "-e" "RUSTDOCFLAGS=--cap-lints=warn" "-e" "CARGO_HOME=/opt/rustwide/cargo-home" "-e" "RUSTUP_HOME=/opt/rustwide/rustup-home" "-w" "/opt/rustwide/workdir" "-m" "1610612736" "--user" "0:0" "--network" "none" "ghcr.io/rust-lang/crates-build-env/linux@sha256:5ff2268d62e97bff2cde7d5815dd6ed5b47097566f13b8d0ca110b04b60e07ed" "/opt/rustwide/cargo-home/bin/cargo" "+1.69.0" "test" "--frozen", kill_on_drop: false }`
[INFO] [stdout] 30ba61f57d87c7a8d79fde48c419a846824b7915f2756d5c71a16d289bdfd2e3
[INFO] running `Command { std: "docker" "start" "-a" "30ba61f57d87c7a8d79fde48c419a846824b7915f2756d5c71a16d289bdfd2e3", kill_on_drop: false }`
[INFO] [stderr]     Finished test [unoptimized + debuginfo] target(s) in 0.03s
[INFO] [stderr]      Running unittests src/lib.rs (/opt/rustwide/target/debug/deps/phar-ef66982de493cda2)
[INFO] [stdout] 
[INFO] [stdout] running 1 test
[INFO] [stdout] test read::util::tests::read_until_bstr ... ok
[INFO] [stdout] 
[INFO] [stdout] test result: ok. 1 passed; 0 failed; 0 ignored; 0 measured; 0 filtered out; finished in 0.00s
[INFO] [stdout] 
[INFO] [stderr]      Running tests/reader.rs (/opt/rustwide/target/debug/deps/reader-6ac097bd765c7a21)
[INFO] [stdout] 
[INFO] [stdout] running 5 tests
[INFO] [stdout] test test_plain_no_index ... FAILED
[INFO] [stdout] test test_plain_offset_only ... FAILED
[INFO] [stdout] test test_zip_metadata_map ... FAILED
[INFO] [stdout] test test_zip_name_map ... FAILED
[INFO] [stdout] test test_zip_offset_only ... FAILED
[INFO] [stdout] 
[INFO] [stdout] failures:
[INFO] [stdout] 
[INFO] [stdout] ---- test_plain_no_index stdout ----
[INFO] [stdout] Error: Os { code: 2, kind: NotFound, message: "No such file or directory" }
[INFO] [stdout] 
[INFO] [stdout] ---- test_plain_offset_only stdout ----
[INFO] [stdout] Error: Os { code: 2, kind: NotFound, message: "No such file or directory" }
[INFO] [stdout] 
[INFO] [stdout] ---- test_zip_metadata_map stdout ----
[INFO] [stdout] Error: Os { code: 2, kind: NotFound, message: "No such file or directory" }
[INFO] [stdout] 
[INFO] [stdout] ---- test_zip_name_map stdout ----
[INFO] [stdout] Error: Os { code: 2, kind: NotFound, message: "No such file or directory" }
[INFO] [stdout] 
[INFO] [stdout] ---- test_zip_offset_only stdout ----
[INFO] [stdout] Error: Os { code: 2, kind: NotFound, message: "No such file or directory" }
[INFO] [stdout] 
[INFO] [stdout] 
[INFO] [stdout] failures:
[INFO] [stdout]     test_plain_no_index
[INFO] [stdout]     test_plain_offset_only
[INFO] [stdout]     test_zip_metadata_map
[INFO] [stdout]     test_zip_name_map
[INFO] [stdout]     test_zip_offset_only
[INFO] [stderr] error: test failed, to rerun pass `--test reader`
[INFO] [stdout] 
[INFO] [stdout] test result: FAILED. 0 passed; 5 failed; 0 ignored; 0 measured; 0 filtered out; finished in 0.00s
[INFO] [stdout] 
[INFO] running `Command { std: "docker" "inspect" "30ba61f57d87c7a8d79fde48c419a846824b7915f2756d5c71a16d289bdfd2e3", kill_on_drop: false }`
[INFO] running `Command { std: "docker" "rm" "-f" "30ba61f57d87c7a8d79fde48c419a846824b7915f2756d5c71a16d289bdfd2e3", kill_on_drop: false }`
[INFO] [stdout] 30ba61f57d87c7a8d79fde48c419a846824b7915f2756d5c71a16d289bdfd2e3
