[INFO] fetching crate ph 0.5.0...
[INFO] testing ph-0.5.0 against 1.69.0 for beta-1.70-1
[INFO] extracting crate ph 0.5.0 into /workspace/builds/worker-2-tc1/source
[INFO] validating manifest of crates.io crate ph 0.5.0 on toolchain 1.69.0
[INFO] running `Command { std: CARGO_HOME="/workspace/cargo-home" RUSTUP_HOME="/workspace/rustup-home" "/workspace/cargo-home/bin/cargo" "+1.69.0" "metadata" "--manifest-path" "Cargo.toml" "--no-deps", kill_on_drop: false }`
[INFO] started tweaking crates.io crate ph 0.5.0
[INFO] finished tweaking crates.io crate ph 0.5.0
[INFO] tweaked toml for crates.io crate ph 0.5.0 written to /workspace/builds/worker-2-tc1/source/Cargo.toml
[INFO] running `Command { std: CARGO_HOME="/workspace/cargo-home" RUSTUP_HOME="/workspace/rustup-home" __CARGO_TEST_CHANNEL_OVERRIDE_DO_NOT_USE_THIS="nightly" "/workspace/cargo-home/bin/cargo" "+1.69.0" "generate-lockfile" "--manifest-path" "Cargo.toml" "-Zno-index-update", kill_on_drop: false }`
[INFO] running `Command { std: CARGO_HOME="/workspace/cargo-home" RUSTUP_HOME="/workspace/rustup-home" "/workspace/cargo-home/bin/cargo" "+1.69.0" "fetch" "--manifest-path" "Cargo.toml", kill_on_drop: false }`
[INFO] [stderr]     Blocking waiting for file lock on package cache
[INFO] [stderr]  Downloading crates ...
[INFO] [stderr]   Downloaded dyn_size_of v0.4.0
[INFO] [stderr]   Downloaded binout v0.1.1
[INFO] [stderr]   Downloaded bitm v0.2.1
[INFO] running `Command { std: "docker" "create" "-v" "/var/lib/crater-agent-workspace/builds/worker-2-tc1/target:/opt/rustwide/target:rw,Z" "-v" "/var/lib/crater-agent-workspace/builds/worker-2-tc1/source:/opt/rustwide/workdir:ro,Z" "-v" "/var/lib/crater-agent-workspace/cargo-home:/opt/rustwide/cargo-home:ro,Z" "-v" "/var/lib/crater-agent-workspace/rustup-home:/opt/rustwide/rustup-home:ro,Z" "-e" "SOURCE_DIR=/opt/rustwide/workdir" "-e" "CARGO_TARGET_DIR=/opt/rustwide/target" "-e" "CARGO_HOME=/opt/rustwide/cargo-home" "-e" "RUSTUP_HOME=/opt/rustwide/rustup-home" "-w" "/opt/rustwide/workdir" "-m" "1610612736" "--user" "0:0" "--network" "none" "ghcr.io/rust-lang/crates-build-env/linux@sha256:5ff2268d62e97bff2cde7d5815dd6ed5b47097566f13b8d0ca110b04b60e07ed" "/opt/rustwide/cargo-home/bin/cargo" "+1.69.0" "metadata" "--no-deps" "--format-version=1", kill_on_drop: false }`
[INFO] [stdout] bdbbbd0e42d24f76515ce63a313d15c8641b3d0f1d9869eb9ed6560ff695d7ad
[INFO] running `Command { std: "docker" "start" "-a" "bdbbbd0e42d24f76515ce63a313d15c8641b3d0f1d9869eb9ed6560ff695d7ad", kill_on_drop: false }`
[INFO] running `Command { std: "docker" "inspect" "bdbbbd0e42d24f76515ce63a313d15c8641b3d0f1d9869eb9ed6560ff695d7ad", kill_on_drop: false }`
[INFO] running `Command { std: "docker" "rm" "-f" "bdbbbd0e42d24f76515ce63a313d15c8641b3d0f1d9869eb9ed6560ff695d7ad", kill_on_drop: false }`
[INFO] [stdout] bdbbbd0e42d24f76515ce63a313d15c8641b3d0f1d9869eb9ed6560ff695d7ad
[INFO] running `Command { std: "docker" "create" "-v" "/var/lib/crater-agent-workspace/builds/worker-2-tc1/target:/opt/rustwide/target:rw,Z" "-v" "/var/lib/crater-agent-workspace/builds/worker-2-tc1/source:/opt/rustwide/workdir:ro,Z" "-v" "/var/lib/crater-agent-workspace/cargo-home:/opt/rustwide/cargo-home:ro,Z" "-v" "/var/lib/crater-agent-workspace/rustup-home:/opt/rustwide/rustup-home:ro,Z" "-e" "SOURCE_DIR=/opt/rustwide/workdir" "-e" "CARGO_TARGET_DIR=/opt/rustwide/target" "-e" "CARGO_INCREMENTAL=0" "-e" "RUST_BACKTRACE=full" "-e" "RUSTFLAGS=--cap-lints=warn" "-e" "RUSTDOCFLAGS=--cap-lints=warn" "-e" "CARGO_HOME=/opt/rustwide/cargo-home" "-e" "RUSTUP_HOME=/opt/rustwide/rustup-home" "-w" "/opt/rustwide/workdir" "-m" "1610612736" "--user" "0:0" "--network" "none" "ghcr.io/rust-lang/crates-build-env/linux@sha256:5ff2268d62e97bff2cde7d5815dd6ed5b47097566f13b8d0ca110b04b60e07ed" "/opt/rustwide/cargo-home/bin/cargo" "+1.69.0" "build" "--frozen" "--message-format=json", kill_on_drop: false }`
[INFO] [stdout] b40ddb897ae6cc7af013d5b0c786c099dee8eb9398700735738d845c22f1b591
[INFO] running `Command { std: "docker" "start" "-a" "b40ddb897ae6cc7af013d5b0c786c099dee8eb9398700735738d845c22f1b591", kill_on_drop: false }`
[INFO] [stderr]    Compiling crossbeam-utils v0.8.15
[INFO] [stderr]    Compiling memoffset v0.8.0
[INFO] [stderr]    Compiling crossbeam-epoch v0.9.14
[INFO] [stderr]    Compiling rayon-core v1.11.0
[INFO] [stderr]    Compiling either v1.8.1
[INFO] [stderr]    Compiling rand_core v0.6.4
[INFO] [stderr]    Compiling dyn_size_of v0.4.0
[INFO] [stderr]    Compiling binout v0.1.1
[INFO] [stderr]    Compiling wyhash v0.5.0
[INFO] [stderr]    Compiling bitm v0.2.1
[INFO] [stderr]    Compiling crossbeam-channel v0.5.8
[INFO] [stderr]    Compiling crossbeam-deque v0.8.3
[INFO] [stderr]    Compiling rayon v1.7.0
[INFO] [stderr]    Compiling ph v0.5.0 (/opt/rustwide/workdir)
[INFO] [stderr]     Finished dev [unoptimized + debuginfo] target(s) in 4.62s
[INFO] running `Command { std: "docker" "inspect" "b40ddb897ae6cc7af013d5b0c786c099dee8eb9398700735738d845c22f1b591", kill_on_drop: false }`
[INFO] running `Command { std: "docker" "rm" "-f" "b40ddb897ae6cc7af013d5b0c786c099dee8eb9398700735738d845c22f1b591", kill_on_drop: false }`
[INFO] [stdout] b40ddb897ae6cc7af013d5b0c786c099dee8eb9398700735738d845c22f1b591
[INFO] running `Command { std: "docker" "create" "-v" "/var/lib/crater-agent-workspace/builds/worker-2-tc1/target:/opt/rustwide/target:rw,Z" "-v" "/var/lib/crater-agent-workspace/builds/worker-2-tc1/source:/opt/rustwide/workdir:ro,Z" "-v" "/var/lib/crater-agent-workspace/cargo-home:/opt/rustwide/cargo-home:ro,Z" "-v" "/var/lib/crater-agent-workspace/rustup-home:/opt/rustwide/rustup-home:ro,Z" "-e" "SOURCE_DIR=/opt/rustwide/workdir" "-e" "CARGO_TARGET_DIR=/opt/rustwide/target" "-e" "CARGO_INCREMENTAL=0" "-e" "RUST_BACKTRACE=full" "-e" "RUSTFLAGS=--cap-lints=warn" "-e" "RUSTDOCFLAGS=--cap-lints=warn" "-e" "CARGO_HOME=/opt/rustwide/cargo-home" "-e" "RUSTUP_HOME=/opt/rustwide/rustup-home" "-w" "/opt/rustwide/workdir" "-m" "1610612736" "--user" "0:0" "--network" "none" "ghcr.io/rust-lang/crates-build-env/linux@sha256:5ff2268d62e97bff2cde7d5815dd6ed5b47097566f13b8d0ca110b04b60e07ed" "/opt/rustwide/cargo-home/bin/cargo" "+1.69.0" "test" "--frozen" "--no-run" "--message-format=json", kill_on_drop: false }`
[INFO] [stdout] 72fba46b2d916b8fd50b566fd45a5d09d33fb00db39d307d54e32cbaeb4634f4
[INFO] running `Command { std: "docker" "start" "-a" "72fba46b2d916b8fd50b566fd45a5d09d33fb00db39d307d54e32cbaeb4634f4", kill_on_drop: false }`
[INFO] [stderr]    Compiling ph v0.5.0 (/opt/rustwide/workdir)
[INFO] [stderr]     Finished test [unoptimized + debuginfo] target(s) in 4.67s
[INFO] running `Command { std: "docker" "inspect" "72fba46b2d916b8fd50b566fd45a5d09d33fb00db39d307d54e32cbaeb4634f4", kill_on_drop: false }`
[INFO] running `Command { std: "docker" "rm" "-f" "72fba46b2d916b8fd50b566fd45a5d09d33fb00db39d307d54e32cbaeb4634f4", kill_on_drop: false }`
[INFO] [stdout] 72fba46b2d916b8fd50b566fd45a5d09d33fb00db39d307d54e32cbaeb4634f4
[INFO] running `Command { std: "docker" "create" "-v" "/var/lib/crater-agent-workspace/builds/worker-2-tc1/target:/opt/rustwide/target:rw,Z" "-v" "/var/lib/crater-agent-workspace/builds/worker-2-tc1/source:/opt/rustwide/workdir:ro,Z" "-v" "/var/lib/crater-agent-workspace/cargo-home:/opt/rustwide/cargo-home:ro,Z" "-v" "/var/lib/crater-agent-workspace/rustup-home:/opt/rustwide/rustup-home:ro,Z" "-e" "SOURCE_DIR=/opt/rustwide/workdir" "-e" "CARGO_TARGET_DIR=/opt/rustwide/target" "-e" "CARGO_INCREMENTAL=0" "-e" "RUST_BACKTRACE=full" "-e" "RUSTFLAGS=--cap-lints=warn" "-e" "RUSTDOCFLAGS=--cap-lints=warn" "-e" "CARGO_HOME=/opt/rustwide/cargo-home" "-e" "RUSTUP_HOME=/opt/rustwide/rustup-home" "-w" "/opt/rustwide/workdir" "-m" "1610612736" "--user" "0:0" "--network" "none" "ghcr.io/rust-lang/crates-build-env/linux@sha256:5ff2268d62e97bff2cde7d5815dd6ed5b47097566f13b8d0ca110b04b60e07ed" "/opt/rustwide/cargo-home/bin/cargo" "+1.69.0" "test" "--frozen", kill_on_drop: false }`
[INFO] [stdout] f00e387c2f774fdd12baa7a8556dcfe309182628eab5e43ef647449e768bc2a0
[INFO] running `Command { std: "docker" "start" "-a" "f00e387c2f774fdd12baa7a8556dcfe309182628eab5e43ef647449e768bc2a0", kill_on_drop: false }`
[INFO] [stderr]     Finished test [unoptimized + debuginfo] target(s) in 0.01s
[INFO] [stderr]      Running unittests src/lib.rs (/opt/rustwide/target/debug/deps/ph-9f90725e8a33b769)
[INFO] [stdout] 
[INFO] [stdout] running 5 tests
[INFO] [stdout] test utils::tests::test_bits_to_store ... ok
[INFO] [stdout] test fp::hash::tests::test_small ... ok
[INFO] [stdout] test fp::hash2::tests::test_small_bits ... ok
[INFO] [stdout] test fp::hash2::tests::test_small_powers_of_two ... ok
[INFO] [stdout] test fp::hash2::tests::test_medium ... ok
[INFO] [stdout] 
[INFO] [stdout] test result: ok. 5 passed; 0 failed; 0 ignored; 0 measured; 0 filtered out; finished in 0.13s
[INFO] [stdout] 
[INFO] [stderr]    Doc-tests ph
[INFO] [stdout] 
[INFO] [stdout] running 3 tests
[INFO] [stdout] test src/utils.rs - utils::read_array (line 38) ... FAILED
[INFO] [stdout] test src/utils.rs - utils::bits_to_store (line 14) ... ok
[INFO] [stdout] test src/lib.rs - (line 4) ... ok
[INFO] [stdout] 
[INFO] [stdout] failures:
[INFO] [stdout] 
[INFO] [stdout] ---- src/utils.rs - utils::read_array (line 38) stdout ----
[INFO] [stdout] error: cannot find macro `read_array` in this scope
[INFO] [stdout]  --> src/utils.rs:43:1
[INFO] [stdout]   |
[INFO] [stdout] 7 | read_array!(l; bits from input);    // reads l (rounded up to a multiple of 64) bits from input as a Vec::<u64>
[INFO] [stdout]   | ^^^^^^^^^^
[INFO] [stdout]   |
[INFO] [stdout]   = help: consider importing this macro:
[INFO] [stdout]           ph::read_array
[INFO] [stdout] 
[INFO] [stdout] error: cannot find macro `read_array` in this scope
[INFO] [stdout]  --> src/utils.rs:42:5
[INFO] [stdout]   |
[INFO] [stdout] 6 | v = read_array!([u32, read u8] from input); // reads (from input) number (stored as u8) of elements to read, and read that number of u32 ...
[INFO] [stdout]   |     ^^^^^^^^^^
[INFO] [stdout]   |
[INFO] [stdout]   = help: consider importing this macro:
[INFO] [stdout]           ph::read_array
[INFO] [stdout] 
[INFO] [stdout] error: cannot find macro `read_array` in this scope
[INFO] [stdout]  --> src/utils.rs:41:5
[INFO] [stdout]   |
[INFO] [stdout] 5 | v = read_array!([u32, l] from input);    // reads l 32-bit integers from input (as a Vec::<u32>)
[INFO] [stdout]   |     ^^^^^^^^^^
[INFO] [stdout]   |
[INFO] [stdout]   = help: consider importing this macro:
[INFO] [stdout]           ph::read_array
[INFO] [stdout] 
[INFO] [stdout] error: cannot find macro `read_array` in this scope
[INFO] [stdout]  --> src/utils.rs:40:1
[INFO] [stdout]   |
[INFO] [stdout] 4 | read_array!([u32, l] from input to v);   // reads l 32-bit integers from input and pushes them to v
[INFO] [stdout]   | ^^^^^^^^^^
[INFO] [stdout]   |
[INFO] [stdout]   = help: consider importing this macro:
[INFO] [stdout]           ph::read_array
[INFO] [stdout] 
[INFO] [stdout] error[E0425]: cannot find value `v` in this scope
[INFO] [stdout]  --> src/utils.rs:41:1
[INFO] [stdout]   |
[INFO] [stdout] 5 | v = read_array!([u32, l] from input);    // reads l 32-bit integers from input (as a Vec::<u32>)
[INFO] [stdout]   | ^
[INFO] [stdout]   |
[INFO] [stdout] help: you might have meant to introduce a new binding
[INFO] [stdout]   |
[INFO] [stdout] 5 | let v = read_array!([u32, l] from input);    // reads l 32-bit integers from input (as a Vec::<u32>)
[INFO] [stdout]   | +++
[INFO] [stdout] 
[INFO] [stdout] error[E0425]: cannot find value `v` in this scope
[INFO] [stdout]  --> src/utils.rs:42:1
[INFO] [stdout]   |
[INFO] [stdout] 6 | v = read_array!([u32, read u8] from input); // reads (from input) number (stored as u8) of elements to read, and read that number of u32 ...
[INFO] [stdout]   | ^
[INFO] [stdout]   |
[INFO] [stdout] help: you might have meant to introduce a new binding
[INFO] [stdout]   |
[INFO] [stdout] 6 | let v = read_array!([u32, read u8] from input); // reads (from input) number (stored as u8) of elements to read, and read that number of u32 (as a Vec::<u32>)
[INFO] [stdout]   | +++
[INFO] [stdout] 
[INFO] [stdout] error: aborting due to 6 previous errors
[INFO] [stdout] 
[INFO] [stdout] For more information about this error, try `rustc --explain E0425`.
[INFO] [stdout] Couldn't compile the test.
[INFO] [stdout] 
[INFO] [stdout] failures:
[INFO] [stdout]     src/utils.rs - utils::read_array (line 38)
[INFO] [stdout] 
[INFO] [stdout] test result: FAILED. 2 passed; 1 failed; 0 ignored; 0 measured; 0 filtered out; finished in 0.96s
[INFO] [stdout] 
[INFO] [stderr] error: doctest failed, to rerun pass `--doc`
[INFO] running `Command { std: "docker" "inspect" "f00e387c2f774fdd12baa7a8556dcfe309182628eab5e43ef647449e768bc2a0", kill_on_drop: false }`
[INFO] running `Command { std: "docker" "rm" "-f" "f00e387c2f774fdd12baa7a8556dcfe309182628eab5e43ef647449e768bc2a0", kill_on_drop: false }`
[INFO] [stdout] f00e387c2f774fdd12baa7a8556dcfe309182628eab5e43ef647449e768bc2a0
