[INFO] fetching crate pgx-sql-entity-graph 0.7.4...
[INFO] testing pgx-sql-entity-graph-0.7.4 against 1.69.0 for beta-1.70-1
[INFO] extracting crate pgx-sql-entity-graph 0.7.4 into /workspace/builds/worker-1-tc1/source
[INFO] validating manifest of crates.io crate pgx-sql-entity-graph 0.7.4 on toolchain 1.69.0
[INFO] running `Command { std: CARGO_HOME="/workspace/cargo-home" RUSTUP_HOME="/workspace/rustup-home" "/workspace/cargo-home/bin/cargo" "+1.69.0" "metadata" "--manifest-path" "Cargo.toml" "--no-deps", kill_on_drop: false }`
[INFO] started tweaking crates.io crate pgx-sql-entity-graph 0.7.4
[INFO] finished tweaking crates.io crate pgx-sql-entity-graph 0.7.4
[INFO] tweaked toml for crates.io crate pgx-sql-entity-graph 0.7.4 written to /workspace/builds/worker-1-tc1/source/Cargo.toml
[INFO] running `Command { std: CARGO_HOME="/workspace/cargo-home" RUSTUP_HOME="/workspace/rustup-home" __CARGO_TEST_CHANNEL_OVERRIDE_DO_NOT_USE_THIS="nightly" "/workspace/cargo-home/bin/cargo" "+1.69.0" "generate-lockfile" "--manifest-path" "Cargo.toml" "-Zno-index-update", kill_on_drop: false }`
[INFO] running `Command { std: CARGO_HOME="/workspace/cargo-home" RUSTUP_HOME="/workspace/rustup-home" "/workspace/cargo-home/bin/cargo" "+1.69.0" "fetch" "--manifest-path" "Cargo.toml", kill_on_drop: false }`
[INFO] [stderr]  Downloading crates ...
[INFO] [stderr]   Downloaded plist v1.4.3
[INFO] [stderr]   Downloaded fancy-regex v0.7.1
[INFO] [stderr]   Downloaded syntect v5.0.0
[INFO] running `Command { std: "docker" "create" "-v" "/var/lib/crater-agent-workspace/builds/worker-1-tc1/target:/opt/rustwide/target:rw,Z" "-v" "/var/lib/crater-agent-workspace/builds/worker-1-tc1/source:/opt/rustwide/workdir:ro,Z" "-v" "/var/lib/crater-agent-workspace/cargo-home:/opt/rustwide/cargo-home:ro,Z" "-v" "/var/lib/crater-agent-workspace/rustup-home:/opt/rustwide/rustup-home:ro,Z" "-e" "SOURCE_DIR=/opt/rustwide/workdir" "-e" "CARGO_TARGET_DIR=/opt/rustwide/target" "-e" "CARGO_HOME=/opt/rustwide/cargo-home" "-e" "RUSTUP_HOME=/opt/rustwide/rustup-home" "-w" "/opt/rustwide/workdir" "-m" "1610612736" "--user" "0:0" "--network" "none" "ghcr.io/rust-lang/crates-build-env/linux@sha256:5ff2268d62e97bff2cde7d5815dd6ed5b47097566f13b8d0ca110b04b60e07ed" "/opt/rustwide/cargo-home/bin/cargo" "+1.69.0" "metadata" "--no-deps" "--format-version=1", kill_on_drop: false }`
[INFO] [stdout] 1330874a62759f70341af4ebcea2eed8626e8e486855f07e7b8a179b0d18523c
[INFO] running `Command { std: "docker" "start" "-a" "1330874a62759f70341af4ebcea2eed8626e8e486855f07e7b8a179b0d18523c", kill_on_drop: false }`
[INFO] running `Command { std: "docker" "inspect" "1330874a62759f70341af4ebcea2eed8626e8e486855f07e7b8a179b0d18523c", kill_on_drop: false }`
[INFO] running `Command { std: "docker" "rm" "-f" "1330874a62759f70341af4ebcea2eed8626e8e486855f07e7b8a179b0d18523c", kill_on_drop: false }`
[INFO] [stdout] 1330874a62759f70341af4ebcea2eed8626e8e486855f07e7b8a179b0d18523c
[INFO] running `Command { std: "docker" "create" "-v" "/var/lib/crater-agent-workspace/builds/worker-1-tc1/target:/opt/rustwide/target:rw,Z" "-v" "/var/lib/crater-agent-workspace/builds/worker-1-tc1/source:/opt/rustwide/workdir:ro,Z" "-v" "/var/lib/crater-agent-workspace/cargo-home:/opt/rustwide/cargo-home:ro,Z" "-v" "/var/lib/crater-agent-workspace/rustup-home:/opt/rustwide/rustup-home:ro,Z" "-e" "SOURCE_DIR=/opt/rustwide/workdir" "-e" "CARGO_TARGET_DIR=/opt/rustwide/target" "-e" "CARGO_INCREMENTAL=0" "-e" "RUST_BACKTRACE=full" "-e" "RUSTFLAGS=--cap-lints=warn" "-e" "RUSTDOCFLAGS=--cap-lints=warn" "-e" "CARGO_HOME=/opt/rustwide/cargo-home" "-e" "RUSTUP_HOME=/opt/rustwide/rustup-home" "-w" "/opt/rustwide/workdir" "-m" "1610612736" "--user" "0:0" "--network" "none" "ghcr.io/rust-lang/crates-build-env/linux@sha256:5ff2268d62e97bff2cde7d5815dd6ed5b47097566f13b8d0ca110b04b60e07ed" "/opt/rustwide/cargo-home/bin/cargo" "+1.69.0" "build" "--frozen" "--message-format=json", kill_on_drop: false }`
[INFO] [stdout] 2b54171ccefb118e7c4f3a4499df2071db019eecddba378bc81f52d153135bff
[INFO] running `Command { std: "docker" "start" "-a" "2b54171ccefb118e7c4f3a4499df2071db019eecddba378bc81f52d153135bff", kill_on_drop: false }`
[INFO] [stderr]    Compiling proc-macro2 v1.0.56
[INFO] [stderr]    Compiling unicode-ident v1.0.8
[INFO] [stderr]    Compiling hashbrown v0.12.3
[INFO] [stderr]    Compiling syn v1.0.109
[INFO] [stderr]    Compiling eyre v0.6.8
[INFO] [stderr]    Compiling indenter v0.3.3
[INFO] [stderr]    Compiling fixedbitset v0.4.2
[INFO] [stderr]    Compiling unicode-segmentation v1.10.1
[INFO] [stderr]    Compiling once_cell v1.17.1
[INFO] [stderr]    Compiling unescape v0.1.0
[INFO] [stderr]    Compiling indexmap v1.9.3
[INFO] [stderr]    Compiling quote v1.0.26
[INFO] [stderr]    Compiling convert_case v0.6.0
[INFO] [stderr]    Compiling petgraph v0.6.3
[INFO] [stderr]    Compiling pgx-sql-entity-graph v0.7.4 (/opt/rustwide/workdir)
[INFO] [stderr]     Finished dev [unoptimized + debuginfo] target(s) in 8.57s
[INFO] running `Command { std: "docker" "inspect" "2b54171ccefb118e7c4f3a4499df2071db019eecddba378bc81f52d153135bff", kill_on_drop: false }`
[INFO] running `Command { std: "docker" "rm" "-f" "2b54171ccefb118e7c4f3a4499df2071db019eecddba378bc81f52d153135bff", kill_on_drop: false }`
[INFO] [stdout] 2b54171ccefb118e7c4f3a4499df2071db019eecddba378bc81f52d153135bff
[INFO] running `Command { std: "docker" "create" "-v" "/var/lib/crater-agent-workspace/builds/worker-1-tc1/target:/opt/rustwide/target:rw,Z" "-v" "/var/lib/crater-agent-workspace/builds/worker-1-tc1/source:/opt/rustwide/workdir:ro,Z" "-v" "/var/lib/crater-agent-workspace/cargo-home:/opt/rustwide/cargo-home:ro,Z" "-v" "/var/lib/crater-agent-workspace/rustup-home:/opt/rustwide/rustup-home:ro,Z" "-e" "SOURCE_DIR=/opt/rustwide/workdir" "-e" "CARGO_TARGET_DIR=/opt/rustwide/target" "-e" "CARGO_INCREMENTAL=0" "-e" "RUST_BACKTRACE=full" "-e" "RUSTFLAGS=--cap-lints=warn" "-e" "RUSTDOCFLAGS=--cap-lints=warn" "-e" "CARGO_HOME=/opt/rustwide/cargo-home" "-e" "RUSTUP_HOME=/opt/rustwide/rustup-home" "-w" "/opt/rustwide/workdir" "-m" "1610612736" "--user" "0:0" "--network" "none" "ghcr.io/rust-lang/crates-build-env/linux@sha256:5ff2268d62e97bff2cde7d5815dd6ed5b47097566f13b8d0ca110b04b60e07ed" "/opt/rustwide/cargo-home/bin/cargo" "+1.69.0" "test" "--frozen" "--no-run" "--message-format=json", kill_on_drop: false }`
[INFO] [stdout] 2c0546653775b018e99a7d348003ddb99e0474cb5a4572780d993e72888cf234
[INFO] running `Command { std: "docker" "start" "-a" "2c0546653775b018e99a7d348003ddb99e0474cb5a4572780d993e72888cf234", kill_on_drop: false }`
[INFO] [stderr]    Compiling pgx-sql-entity-graph v0.7.4 (/opt/rustwide/workdir)
[INFO] [stderr]     Finished test [unoptimized + debuginfo] target(s) in 4.44s
[INFO] running `Command { std: "docker" "inspect" "2c0546653775b018e99a7d348003ddb99e0474cb5a4572780d993e72888cf234", kill_on_drop: false }`
[INFO] running `Command { std: "docker" "rm" "-f" "2c0546653775b018e99a7d348003ddb99e0474cb5a4572780d993e72888cf234", kill_on_drop: false }`
[INFO] [stdout] 2c0546653775b018e99a7d348003ddb99e0474cb5a4572780d993e72888cf234
[INFO] running `Command { std: "docker" "create" "-v" "/var/lib/crater-agent-workspace/builds/worker-1-tc1/target:/opt/rustwide/target:rw,Z" "-v" "/var/lib/crater-agent-workspace/builds/worker-1-tc1/source:/opt/rustwide/workdir:ro,Z" "-v" "/var/lib/crater-agent-workspace/cargo-home:/opt/rustwide/cargo-home:ro,Z" "-v" "/var/lib/crater-agent-workspace/rustup-home:/opt/rustwide/rustup-home:ro,Z" "-e" "SOURCE_DIR=/opt/rustwide/workdir" "-e" "CARGO_TARGET_DIR=/opt/rustwide/target" "-e" "CARGO_INCREMENTAL=0" "-e" "RUST_BACKTRACE=full" "-e" "RUSTFLAGS=--cap-lints=warn" "-e" "RUSTDOCFLAGS=--cap-lints=warn" "-e" "CARGO_HOME=/opt/rustwide/cargo-home" "-e" "RUSTUP_HOME=/opt/rustwide/rustup-home" "-w" "/opt/rustwide/workdir" "-m" "1610612736" "--user" "0:0" "--network" "none" "ghcr.io/rust-lang/crates-build-env/linux@sha256:5ff2268d62e97bff2cde7d5815dd6ed5b47097566f13b8d0ca110b04b60e07ed" "/opt/rustwide/cargo-home/bin/cargo" "+1.69.0" "test" "--frozen", kill_on_drop: false }`
[INFO] [stdout] cb9e2e648cdfcd512f5c37ee118070475b243b72bef966c22f87a182448ff60d
[INFO] running `Command { std: "docker" "start" "-a" "cb9e2e648cdfcd512f5c37ee118070475b243b72bef966c22f87a182448ff60d", kill_on_drop: false }`
[INFO] [stderr]     Finished test [unoptimized + debuginfo] target(s) in 0.04s
[INFO] [stderr]      Running unittests src/lib.rs (/opt/rustwide/target/debug/deps/pgx_sql_entity_graph-7a57a03e3d348781)
[INFO] [stdout] 
[INFO] [stdout] running 8 tests
[INFO] [stdout] test extern_args::tests::parse_args ... ok
[INFO] [stdout] test aggregate::aggregate_type::tests::solo ... ok
[INFO] [stdout] test aggregate::aggregate_type::tests::list_variadic ... ok
[INFO] [stdout] test aggregate::aggregate_type::tests::list_variadic_with_path ... ok
[INFO] [stdout] test aggregate::tests::agg_missing_required ... ok
[INFO] [stdout] test aggregate::aggregate_type::tests::list ... ok
[INFO] [stdout] test aggregate::tests::agg_required_only ... ok
[INFO] [stdout] test aggregate::tests::agg_all_options ... ok
[INFO] [stdout] 
[INFO] [stdout] test result: ok. 8 passed; 0 failed; 0 ignored; 0 measured; 0 filtered out; finished in 0.06s
[INFO] [stdout] 
[INFO] [stderr]    Doc-tests pgx-sql-entity-graph
[INFO] [stdout] 
[INFO] [stdout] running 15 tests
[INFO] [stdout] test src/to_sql/entity.rs - to_sql::entity::ToSqlConfigEntity::to_sql (line 54) ... ignored
[INFO] [stdout] test src/control_file.rs - control_file::ControlFile::from_str (line 45) ... FAILED
[INFO] [stdout] test src/control_file.rs - control_file::ControlFile (line 23) ... FAILED
[INFO] [stdout] test src/mapping.rs - mapping::RustSqlMapping (line 21) ... ok
[INFO] [stdout] test src/metadata/function_metadata.rs - metadata::function_metadata::FunctionMetadata (line 15) ... ok
[INFO] [stdout] test src/postgres_ord/mod.rs - postgres_ord::PostgresOrd (line 35) ... ok
[INFO] [stdout] test src/extension_sql/mod.rs - extension_sql::ExtensionSqlFile (line 35) ... ok
[INFO] [stdout] test src/postgres_hash/mod.rs - postgres_hash::PostgresHash (line 35) ... ok
[INFO] [stdout] test src/postgres_ord/mod.rs - postgres_ord::PostgresOrd (line 55) ... ok
[INFO] [stdout] test src/schema/mod.rs - schema::Schema (line 30) ... ok
[INFO] [stdout] test src/postgres_hash/mod.rs - postgres_hash::PostgresHash (line 55) ... ok
[INFO] [stdout] test src/postgres_enum/mod.rs - postgres_enum::PostgresEnum (line 33) ... ok
[INFO] [stdout] test src/extension_sql/mod.rs - extension_sql::ExtensionSql (line 140) ... ok
[INFO] [stdout] test src/postgres_type/mod.rs - postgres_type::PostgresType (line 33) ... ok
[INFO] [stdout] test src/pg_extern/mod.rs - pg_extern::PgExtern (line 55) ... ok
[INFO] [stdout] 
[INFO] [stdout] failures:
[INFO] [stdout] 
[INFO] [stdout] ---- src/control_file.rs - control_file::ControlFile::from_str (line 45) stdout ----
[INFO] [stdout] error: couldn't read src/../../pgx-examples/custom_types/custom_types.control: No such file or directory (os error 2)
[INFO] [stdout]  --> src/control_file.rs:48:15
[INFO] [stdout]   |
[INFO] [stdout] 5 | let context = include_str!("../../pgx-examples/custom_types/custom_types.control");
[INFO] [stdout]   |               ^^^^^^^^^^^^^^^^^^^^^^^^^^^^^^^^^^^^^^^^^^^^^^^^^^^^^^^^^^^^^^^^^^^^
[INFO] [stdout]   |
[INFO] [stdout]   = note: this error originates in the macro `include_str` (in Nightly builds, run with -Z macro-backtrace for more info)
[INFO] [stdout] 
[INFO] [stdout] error: aborting due to previous error
[INFO] [stdout] 
[INFO] [stdout] Couldn't compile the test.
[INFO] [stdout] ---- src/control_file.rs - control_file::ControlFile (line 23) stdout ----
[INFO] [stdout] error: couldn't read src/../../pgx-examples/custom_types/custom_types.control: No such file or directory (os error 2)
[INFO] [stdout]  --> src/control_file.rs:27:15
[INFO] [stdout]   |
[INFO] [stdout] 6 | let context = include_str!("../../pgx-examples/custom_types/custom_types.control");
[INFO] [stdout]   |               ^^^^^^^^^^^^^^^^^^^^^^^^^^^^^^^^^^^^^^^^^^^^^^^^^^^^^^^^^^^^^^^^^^^^
[INFO] [stdout]   |
[INFO] [stdout]   = note: this error originates in the macro `include_str` (in Nightly builds, run with -Z macro-backtrace for more info)
[INFO] [stdout] 
[INFO] [stdout] error: aborting due to previous error
[INFO] [stdout] 
[INFO] [stdout] Couldn't compile the test.
[INFO] [stdout] 
[INFO] [stdout] failures:
[INFO] [stdout]     src/control_file.rs - control_file::ControlFile (line 23)
[INFO] [stdout]     src/control_file.rs - control_file::ControlFile::from_str (line 45)
[INFO] [stdout] 
[INFO] [stdout] test result: FAILED. 12 passed; 2 failed; 1 ignored; 0 measured; 0 filtered out; finished in 3.53s
[INFO] [stdout] 
[INFO] [stderr] error: doctest failed, to rerun pass `--doc`
[INFO] running `Command { std: "docker" "inspect" "cb9e2e648cdfcd512f5c37ee118070475b243b72bef966c22f87a182448ff60d", kill_on_drop: false }`
[INFO] running `Command { std: "docker" "rm" "-f" "cb9e2e648cdfcd512f5c37ee118070475b243b72bef966c22f87a182448ff60d", kill_on_drop: false }`
[INFO] [stdout] cb9e2e648cdfcd512f5c37ee118070475b243b72bef966c22f87a182448ff60d
