[INFO] fetching crate perseus-size-opt 0.1.9...
[INFO] testing perseus-size-opt-0.1.9 against 1.69.0 for beta-1.70-1
[INFO] extracting crate perseus-size-opt 0.1.9 into /workspace/builds/worker-1-tc1/source
[INFO] validating manifest of crates.io crate perseus-size-opt 0.1.9 on toolchain 1.69.0
[INFO] running `Command { std: CARGO_HOME="/workspace/cargo-home" RUSTUP_HOME="/workspace/rustup-home" "/workspace/cargo-home/bin/cargo" "+1.69.0" "metadata" "--manifest-path" "Cargo.toml" "--no-deps", kill_on_drop: false }`
[INFO] started tweaking crates.io crate perseus-size-opt 0.1.9
[INFO] finished tweaking crates.io crate perseus-size-opt 0.1.9
[INFO] tweaked toml for crates.io crate perseus-size-opt 0.1.9 written to /workspace/builds/worker-1-tc1/source/Cargo.toml
[INFO] running `Command { std: CARGO_HOME="/workspace/cargo-home" RUSTUP_HOME="/workspace/rustup-home" __CARGO_TEST_CHANNEL_OVERRIDE_DO_NOT_USE_THIS="nightly" "/workspace/cargo-home/bin/cargo" "+1.69.0" "generate-lockfile" "--manifest-path" "Cargo.toml" "-Zno-index-update", kill_on_drop: false }`
[INFO] running `Command { std: CARGO_HOME="/workspace/cargo-home" RUSTUP_HOME="/workspace/rustup-home" "/workspace/cargo-home/bin/cargo" "+1.69.0" "fetch" "--manifest-path" "Cargo.toml", kill_on_drop: false }`
[INFO] [stderr]  Downloading crates ...
[INFO] [stderr]   Downloaded sycamore-macro v0.7.1
[INFO] [stderr]   Downloaded sycamore v0.7.1
[INFO] [stderr]   Downloaded cargo_toml v0.10.3
[INFO] [stderr]   Downloaded fmterr v0.1.1
[INFO] [stderr]   Downloaded rexie v0.2.1
[INFO] [stderr]   Downloaded sycamore-reactive v0.7.1
[INFO] [stderr]   Downloaded sycamore-router v0.7.1
[INFO] [stderr]   Downloaded perseus-macro v0.3.6
[INFO] [stderr]   Downloaded sycamore-router-macro v0.7.1
[INFO] [stderr]   Downloaded perseus v0.3.6
[INFO] running `Command { std: "docker" "create" "-v" "/var/lib/crater-agent-workspace/builds/worker-1-tc1/target:/opt/rustwide/target:rw,Z" "-v" "/var/lib/crater-agent-workspace/builds/worker-1-tc1/source:/opt/rustwide/workdir:ro,Z" "-v" "/var/lib/crater-agent-workspace/cargo-home:/opt/rustwide/cargo-home:ro,Z" "-v" "/var/lib/crater-agent-workspace/rustup-home:/opt/rustwide/rustup-home:ro,Z" "-e" "SOURCE_DIR=/opt/rustwide/workdir" "-e" "CARGO_TARGET_DIR=/opt/rustwide/target" "-e" "CARGO_HOME=/opt/rustwide/cargo-home" "-e" "RUSTUP_HOME=/opt/rustwide/rustup-home" "-w" "/opt/rustwide/workdir" "-m" "1610612736" "--user" "0:0" "--network" "none" "ghcr.io/rust-lang/crates-build-env/linux@sha256:5ff2268d62e97bff2cde7d5815dd6ed5b47097566f13b8d0ca110b04b60e07ed" "/opt/rustwide/cargo-home/bin/cargo" "+1.69.0" "metadata" "--no-deps" "--format-version=1", kill_on_drop: false }`
[INFO] [stdout] 51c6b3a4b1aa81280f4f793c6f3ace61ae96aa119521bb3b5cb691a5af16d55d
[INFO] running `Command { std: "docker" "start" "-a" "51c6b3a4b1aa81280f4f793c6f3ace61ae96aa119521bb3b5cb691a5af16d55d", kill_on_drop: false }`
[INFO] running `Command { std: "docker" "inspect" "51c6b3a4b1aa81280f4f793c6f3ace61ae96aa119521bb3b5cb691a5af16d55d", kill_on_drop: false }`
[INFO] running `Command { std: "docker" "rm" "-f" "51c6b3a4b1aa81280f4f793c6f3ace61ae96aa119521bb3b5cb691a5af16d55d", kill_on_drop: false }`
[INFO] [stdout] 51c6b3a4b1aa81280f4f793c6f3ace61ae96aa119521bb3b5cb691a5af16d55d
[INFO] running `Command { std: "docker" "create" "-v" "/var/lib/crater-agent-workspace/builds/worker-1-tc1/target:/opt/rustwide/target:rw,Z" "-v" "/var/lib/crater-agent-workspace/builds/worker-1-tc1/source:/opt/rustwide/workdir:ro,Z" "-v" "/var/lib/crater-agent-workspace/cargo-home:/opt/rustwide/cargo-home:ro,Z" "-v" "/var/lib/crater-agent-workspace/rustup-home:/opt/rustwide/rustup-home:ro,Z" "-e" "SOURCE_DIR=/opt/rustwide/workdir" "-e" "CARGO_TARGET_DIR=/opt/rustwide/target" "-e" "CARGO_INCREMENTAL=0" "-e" "RUST_BACKTRACE=full" "-e" "RUSTFLAGS=--cap-lints=warn" "-e" "RUSTDOCFLAGS=--cap-lints=warn" "-e" "CARGO_HOME=/opt/rustwide/cargo-home" "-e" "RUSTUP_HOME=/opt/rustwide/rustup-home" "-w" "/opt/rustwide/workdir" "-m" "1610612736" "--user" "0:0" "--network" "none" "ghcr.io/rust-lang/crates-build-env/linux@sha256:5ff2268d62e97bff2cde7d5815dd6ed5b47097566f13b8d0ca110b04b60e07ed" "/opt/rustwide/cargo-home/bin/cargo" "+1.69.0" "build" "--frozen" "--message-format=json", kill_on_drop: false }`
[INFO] [stdout] f22e09314707bc2a7e441dbecee3449c6f6b8375250502698043a20745196ff2
[INFO] running `Command { std: "docker" "start" "-a" "f22e09314707bc2a7e441dbecee3449c6f6b8375250502698043a20745196ff2", kill_on_drop: false }`
[INFO] [stderr]    Compiling proc-macro2 v1.0.56
[INFO] [stderr]    Compiling syn v1.0.109
[INFO] [stderr]    Compiling wasm-bindgen-shared v0.2.84
[INFO] [stderr]    Compiling bumpalo v3.12.1
[INFO] [stderr]    Compiling wasm-bindgen v0.2.84
[INFO] [stderr]    Compiling log v0.4.17
[INFO] [stderr]    Compiling lexical-util v0.8.5
[INFO] [stderr]    Compiling ahash v0.7.6
[INFO] [stderr]    Compiling num-traits v0.2.15
[INFO] [stderr]    Compiling getrandom v0.2.9
[INFO] [stderr]    Compiling strsim v0.10.0
[INFO] [stderr]    Compiling paste v1.0.12
[INFO] [stderr]    Compiling ident_case v1.0.1
[INFO] [stderr]    Compiling num-integer v0.1.45
[INFO] [stderr]    Compiling tokio v1.20.1
[INFO] [stderr]    Compiling minimal-lexical v0.2.1
[INFO] [stderr]    Compiling html-escape v0.2.13
[INFO] [stderr]    Compiling unicode-xid v0.2.4
[INFO] [stderr]    Compiling time v0.1.45
[INFO] [stderr]    Compiling aho-corasick v1.0.1
[INFO] [stderr]    Compiling nom v7.1.3
[INFO] [stderr]    Compiling iana-time-zone v0.1.56
[INFO] [stderr]    Compiling regex-syntax v0.7.1
[INFO] [stderr]    Compiling fmterr v0.1.1
[INFO] [stderr]    Compiling urlencoding v2.1.2
[INFO] [stderr]    Compiling lexical-parse-integer v0.8.6
[INFO] [stderr]    Compiling lexical-write-integer v0.8.5
[INFO] [stderr]    Compiling lexical-parse-float v0.8.5
[INFO] [stderr]    Compiling lexical-write-float v0.8.5
[INFO] [stderr]    Compiling quote v1.0.26
[INFO] [stderr]    Compiling syn v2.0.15
[INFO] [stderr]    Compiling lexical-core v0.8.5
[INFO] [stderr]    Compiling lexical v6.1.1
[INFO] [stderr]    Compiling chrono v0.4.24
[INFO] [stderr]    Compiling regex v1.8.1
[INFO] [stderr]    Compiling serde_derive v1.0.160
[INFO] [stderr]    Compiling futures-macro v0.3.28
[INFO] [stderr]    Compiling thiserror-impl v1.0.40
[INFO] [stderr]    Compiling async-trait v0.1.68
[INFO] [stderr]    Compiling wasm-bindgen-backend v0.2.84
[INFO] [stderr]    Compiling darling_core v0.13.4
[INFO] [stderr]    Compiling futures-util v0.3.28
[INFO] [stderr]    Compiling sycamore-macro v0.7.1
[INFO] [stderr]    Compiling sycamore-router-macro v0.7.1
[INFO] [stderr]    Compiling wasm-bindgen-macro-support v0.2.84
[INFO] [stderr]    Compiling thiserror v1.0.40
[INFO] [stderr]    Compiling wasm-bindgen-macro v0.2.84
[INFO] [stderr]    Compiling darling_macro v0.13.4
[INFO] [stderr]    Compiling darling v0.13.4
[INFO] [stderr]    Compiling serde v1.0.160
[INFO] [stderr]    Compiling futures-executor v0.3.28
[INFO] [stderr]    Compiling futures v0.3.28
[INFO] [stderr]    Compiling serde_json v1.0.96
[INFO] [stderr]    Compiling toml v0.5.11
[INFO] [stderr]    Compiling cargo_toml v0.10.3
[INFO] [stderr]    Compiling js-sys v0.3.61
[INFO] [stderr]    Compiling console_error_panic_hook v0.1.7
[INFO] [stderr]    Compiling web-sys v0.3.61
[INFO] [stderr]    Compiling wasm-bindgen-futures v0.4.34
[INFO] [stderr]    Compiling sycamore-reactive v0.7.1
[INFO] [stderr]    Compiling sycamore v0.7.1
[INFO] [stderr]    Compiling rexie v0.2.1
[INFO] [stderr]    Compiling perseus-macro v0.3.6
[INFO] [stderr]    Compiling sycamore-router v0.7.1
[INFO] [stderr]    Compiling perseus v0.3.6
[INFO] [stderr]    Compiling perseus-size-opt v0.1.9 (/opt/rustwide/workdir)
[INFO] [stderr]     Finished dev [unoptimized + debuginfo] target(s) in 19.98s
[INFO] running `Command { std: "docker" "inspect" "f22e09314707bc2a7e441dbecee3449c6f6b8375250502698043a20745196ff2", kill_on_drop: false }`
[INFO] running `Command { std: "docker" "rm" "-f" "f22e09314707bc2a7e441dbecee3449c6f6b8375250502698043a20745196ff2", kill_on_drop: false }`
[INFO] [stdout] f22e09314707bc2a7e441dbecee3449c6f6b8375250502698043a20745196ff2
[INFO] running `Command { std: "docker" "create" "-v" "/var/lib/crater-agent-workspace/builds/worker-1-tc1/target:/opt/rustwide/target:rw,Z" "-v" "/var/lib/crater-agent-workspace/builds/worker-1-tc1/source:/opt/rustwide/workdir:ro,Z" "-v" "/var/lib/crater-agent-workspace/cargo-home:/opt/rustwide/cargo-home:ro,Z" "-v" "/var/lib/crater-agent-workspace/rustup-home:/opt/rustwide/rustup-home:ro,Z" "-e" "SOURCE_DIR=/opt/rustwide/workdir" "-e" "CARGO_TARGET_DIR=/opt/rustwide/target" "-e" "CARGO_INCREMENTAL=0" "-e" "RUST_BACKTRACE=full" "-e" "RUSTFLAGS=--cap-lints=warn" "-e" "RUSTDOCFLAGS=--cap-lints=warn" "-e" "CARGO_HOME=/opt/rustwide/cargo-home" "-e" "RUSTUP_HOME=/opt/rustwide/rustup-home" "-w" "/opt/rustwide/workdir" "-m" "1610612736" "--user" "0:0" "--network" "none" "ghcr.io/rust-lang/crates-build-env/linux@sha256:5ff2268d62e97bff2cde7d5815dd6ed5b47097566f13b8d0ca110b04b60e07ed" "/opt/rustwide/cargo-home/bin/cargo" "+1.69.0" "test" "--frozen" "--no-run" "--message-format=json", kill_on_drop: false }`
[INFO] [stdout] 68a3fb83c3d0e13e2318fac60e894c5c07080f74188c3c6b2a3c50276ddf9e0f
[INFO] running `Command { std: "docker" "start" "-a" "68a3fb83c3d0e13e2318fac60e894c5c07080f74188c3c6b2a3c50276ddf9e0f", kill_on_drop: false }`
[INFO] [stderr]    Compiling perseus-size-opt v0.1.9 (/opt/rustwide/workdir)
[INFO] [stderr]     Finished test [unoptimized + debuginfo] target(s) in 0.39s
[INFO] running `Command { std: "docker" "inspect" "68a3fb83c3d0e13e2318fac60e894c5c07080f74188c3c6b2a3c50276ddf9e0f", kill_on_drop: false }`
[INFO] running `Command { std: "docker" "rm" "-f" "68a3fb83c3d0e13e2318fac60e894c5c07080f74188c3c6b2a3c50276ddf9e0f", kill_on_drop: false }`
[INFO] [stdout] 68a3fb83c3d0e13e2318fac60e894c5c07080f74188c3c6b2a3c50276ddf9e0f
[INFO] running `Command { std: "docker" "create" "-v" "/var/lib/crater-agent-workspace/builds/worker-1-tc1/target:/opt/rustwide/target:rw,Z" "-v" "/var/lib/crater-agent-workspace/builds/worker-1-tc1/source:/opt/rustwide/workdir:ro,Z" "-v" "/var/lib/crater-agent-workspace/cargo-home:/opt/rustwide/cargo-home:ro,Z" "-v" "/var/lib/crater-agent-workspace/rustup-home:/opt/rustwide/rustup-home:ro,Z" "-e" "SOURCE_DIR=/opt/rustwide/workdir" "-e" "CARGO_TARGET_DIR=/opt/rustwide/target" "-e" "CARGO_INCREMENTAL=0" "-e" "RUST_BACKTRACE=full" "-e" "RUSTFLAGS=--cap-lints=warn" "-e" "RUSTDOCFLAGS=--cap-lints=warn" "-e" "CARGO_HOME=/opt/rustwide/cargo-home" "-e" "RUSTUP_HOME=/opt/rustwide/rustup-home" "-w" "/opt/rustwide/workdir" "-m" "1610612736" "--user" "0:0" "--network" "none" "ghcr.io/rust-lang/crates-build-env/linux@sha256:5ff2268d62e97bff2cde7d5815dd6ed5b47097566f13b8d0ca110b04b60e07ed" "/opt/rustwide/cargo-home/bin/cargo" "+1.69.0" "test" "--frozen", kill_on_drop: false }`
[INFO] [stdout] 53397e0bd1192a06695e4e95dd39ee34f7b232c04792fe0eedaee7f161bf92e2
[INFO] running `Command { std: "docker" "start" "-a" "53397e0bd1192a06695e4e95dd39ee34f7b232c04792fe0eedaee7f161bf92e2", kill_on_drop: false }`
[INFO] [stderr]     Finished test [unoptimized + debuginfo] target(s) in 0.07s
[INFO] [stderr]      Running unittests src/lib.rs (/opt/rustwide/target/debug/deps/perseus_size_opt-b9cf47bfdbf431fe)
[INFO] [stdout] 
[INFO] [stdout] running 0 tests
[INFO] [stdout] 
[INFO] [stdout] test result: ok. 0 passed; 0 failed; 0 ignored; 0 measured; 0 filtered out; finished in 0.00s
[INFO] [stdout] 
[INFO] [stderr]    Doc-tests perseus-size-opt
[INFO] [stdout] 
[INFO] [stdout] running 2 tests
[INFO] [stdout] test src/lib.rs - (line 13) ... FAILED
[INFO] [stdout] test src/lib.rs - (line 19) ... ok
[INFO] [stdout] 
[INFO] [stdout] failures:
[INFO] [stdout] 
[INFO] [stdout] ---- src/lib.rs - (line 13) stdout ----
[INFO] [stdout] error: type ascription cannot be followed by a method call
[INFO] [stdout]  --> src/lib.rs:14:1
[INFO] [stdout]   |
[INFO] [stdout] 4 | plugins: Plugins::new().plugin(perseus_size_opt(), SizeOpts::default())
[INFO] [stdout]   | ^^^^^^^----------------
[INFO] [stdout]   |        |
[INFO] [stdout]   |        help: remove the type ascription
[INFO] [stdout] 
[INFO] [stdout] error[E0433]: failed to resolve: use of undeclared type `Plugins`
[INFO] [stdout]  --> src/lib.rs:14:10
[INFO] [stdout]   |
[INFO] [stdout] 4 | plugins: Plugins::new().plugin(perseus_size_opt(), SizeOpts::default())
[INFO] [stdout]   |          ^^^^^^^ use of undeclared type `Plugins`
[INFO] [stdout] 
[INFO] [stdout] error[E0425]: cannot find value `plugins` in this scope
[INFO] [stdout]  --> src/lib.rs:14:1
[INFO] [stdout]   |
[INFO] [stdout] 4 | plugins: Plugins::new().plugin(perseus_size_opt(), SizeOpts::default())
[INFO] [stdout]   | ^^^^^^^ expecting a type here because of type ascription
[INFO] [stdout] 
[INFO] [stdout] error[E0423]: expected function, found crate `perseus_size_opt`
[INFO] [stdout]  --> src/lib.rs:14:32
[INFO] [stdout]   |
[INFO] [stdout] 4 | plugins: Plugins::new().plugin(perseus_size_opt(), SizeOpts::default())
[INFO] [stdout]   |                                ^^^^^^^^^^^^^^^^ not a function
[INFO] [stdout]   |
[INFO] [stdout] help: consider importing this function instead
[INFO] [stdout]   |
[INFO] [stdout] 2 | use perseus_size_opt::perseus_size_opt;
[INFO] [stdout]   |
[INFO] [stdout] 
[INFO] [stdout] error[E0433]: failed to resolve: use of undeclared type `SizeOpts`
[INFO] [stdout]  --> src/lib.rs:14:52
[INFO] [stdout]   |
[INFO] [stdout] 4 | plugins: Plugins::new().plugin(perseus_size_opt(), SizeOpts::default())
[INFO] [stdout]   |                                                    ^^^^^^^^ use of undeclared type `SizeOpts`
[INFO] [stdout]   |
[INFO] [stdout] help: consider importing this struct
[INFO] [stdout]   |
[INFO] [stdout] 2 | use perseus_size_opt::SizeOpts;
[INFO] [stdout]   |
[INFO] [stdout] 
[INFO] [stdout] error: aborting due to 5 previous errors
[INFO] [stdout] 
[INFO] [stdout] Some errors have detailed explanations: E0423, E0425, E0433.
[INFO] [stdout] For more information about an error, try `rustc --explain E0423`.
[INFO] [stdout] Couldn't compile the test.
[INFO] [stdout] 
[INFO] [stdout] failures:
[INFO] [stdout]     src/lib.rs - (line 13)
[INFO] [stdout] 
[INFO] [stdout] test result: FAILED. 1 passed; 1 failed; 0 ignored; 0 measured; 0 filtered out; finished in 0.21s
[INFO] [stdout] 
[INFO] [stderr] error: doctest failed, to rerun pass `--doc`
[INFO] running `Command { std: "docker" "inspect" "53397e0bd1192a06695e4e95dd39ee34f7b232c04792fe0eedaee7f161bf92e2", kill_on_drop: false }`
[INFO] running `Command { std: "docker" "rm" "-f" "53397e0bd1192a06695e4e95dd39ee34f7b232c04792fe0eedaee7f161bf92e2", kill_on_drop: false }`
[INFO] [stdout] 53397e0bd1192a06695e4e95dd39ee34f7b232c04792fe0eedaee7f161bf92e2
