[INFO] fetching crate performances-testing 0.0.8...
[INFO] testing performances-testing-0.0.8 against 1.69.0 for beta-1.70-1
[INFO] extracting crate performances-testing 0.0.8 into /workspace/builds/worker-4-tc1/source
[INFO] validating manifest of crates.io crate performances-testing 0.0.8 on toolchain 1.69.0
[INFO] running `Command { std: CARGO_HOME="/workspace/cargo-home" RUSTUP_HOME="/workspace/rustup-home" "/workspace/cargo-home/bin/cargo" "+1.69.0" "metadata" "--manifest-path" "Cargo.toml" "--no-deps", kill_on_drop: false }`
[INFO] started tweaking crates.io crate performances-testing 0.0.8
[INFO] finished tweaking crates.io crate performances-testing 0.0.8
[INFO] tweaked toml for crates.io crate performances-testing 0.0.8 written to /workspace/builds/worker-4-tc1/source/Cargo.toml
[INFO] running `Command { std: CARGO_HOME="/workspace/cargo-home" RUSTUP_HOME="/workspace/rustup-home" __CARGO_TEST_CHANNEL_OVERRIDE_DO_NOT_USE_THIS="nightly" "/workspace/cargo-home/bin/cargo" "+1.69.0" "generate-lockfile" "--manifest-path" "Cargo.toml" "-Zno-index-update", kill_on_drop: false }`
[INFO] running `Command { std: CARGO_HOME="/workspace/cargo-home" RUSTUP_HOME="/workspace/rustup-home" "/workspace/cargo-home/bin/cargo" "+1.69.0" "fetch" "--manifest-path" "Cargo.toml", kill_on_drop: false }`
[INFO] [stderr]  Downloading crates ...
[INFO] [stderr]   Downloaded progress_bar v1.0.3
[INFO] [stderr]   Downloaded colored_truecolor v0.1.0
[INFO] running `Command { std: "docker" "create" "-v" "/var/lib/crater-agent-workspace/builds/worker-4-tc1/target:/opt/rustwide/target:rw,Z" "-v" "/var/lib/crater-agent-workspace/builds/worker-4-tc1/source:/opt/rustwide/workdir:ro,Z" "-v" "/var/lib/crater-agent-workspace/cargo-home:/opt/rustwide/cargo-home:ro,Z" "-v" "/var/lib/crater-agent-workspace/rustup-home:/opt/rustwide/rustup-home:ro,Z" "-e" "SOURCE_DIR=/opt/rustwide/workdir" "-e" "CARGO_TARGET_DIR=/opt/rustwide/target" "-e" "CARGO_HOME=/opt/rustwide/cargo-home" "-e" "RUSTUP_HOME=/opt/rustwide/rustup-home" "-w" "/opt/rustwide/workdir" "-m" "1610612736" "--user" "0:0" "--network" "none" "ghcr.io/rust-lang/crates-build-env/linux@sha256:5ff2268d62e97bff2cde7d5815dd6ed5b47097566f13b8d0ca110b04b60e07ed" "/opt/rustwide/cargo-home/bin/cargo" "+1.69.0" "metadata" "--no-deps" "--format-version=1", kill_on_drop: false }`
[INFO] [stdout] 1593517f60c27abbaa5ff5cd30ccae58d49b2e824f5a90c4c431421f6006a79f
[INFO] running `Command { std: "docker" "start" "-a" "1593517f60c27abbaa5ff5cd30ccae58d49b2e824f5a90c4c431421f6006a79f", kill_on_drop: false }`
[INFO] running `Command { std: "docker" "inspect" "1593517f60c27abbaa5ff5cd30ccae58d49b2e824f5a90c4c431421f6006a79f", kill_on_drop: false }`
[INFO] running `Command { std: "docker" "rm" "-f" "1593517f60c27abbaa5ff5cd30ccae58d49b2e824f5a90c4c431421f6006a79f", kill_on_drop: false }`
[INFO] [stdout] 1593517f60c27abbaa5ff5cd30ccae58d49b2e824f5a90c4c431421f6006a79f
[INFO] running `Command { std: "docker" "create" "-v" "/var/lib/crater-agent-workspace/builds/worker-4-tc1/target:/opt/rustwide/target:rw,Z" "-v" "/var/lib/crater-agent-workspace/builds/worker-4-tc1/source:/opt/rustwide/workdir:ro,Z" "-v" "/var/lib/crater-agent-workspace/cargo-home:/opt/rustwide/cargo-home:ro,Z" "-v" "/var/lib/crater-agent-workspace/rustup-home:/opt/rustwide/rustup-home:ro,Z" "-e" "SOURCE_DIR=/opt/rustwide/workdir" "-e" "CARGO_TARGET_DIR=/opt/rustwide/target" "-e" "CARGO_INCREMENTAL=0" "-e" "RUST_BACKTRACE=full" "-e" "RUSTFLAGS=--cap-lints=warn" "-e" "RUSTDOCFLAGS=--cap-lints=warn" "-e" "CARGO_HOME=/opt/rustwide/cargo-home" "-e" "RUSTUP_HOME=/opt/rustwide/rustup-home" "-w" "/opt/rustwide/workdir" "-m" "1610612736" "--user" "0:0" "--network" "none" "ghcr.io/rust-lang/crates-build-env/linux@sha256:5ff2268d62e97bff2cde7d5815dd6ed5b47097566f13b8d0ca110b04b60e07ed" "/opt/rustwide/cargo-home/bin/cargo" "+1.69.0" "build" "--frozen" "--message-format=json", kill_on_drop: false }`
[INFO] [stdout] ccd375073cc9f5ca9786a84a72ba3c1b0c31a274d3efb2f582b397bc89bdd218
[INFO] running `Command { std: "docker" "start" "-a" "ccd375073cc9f5ca9786a84a72ba3c1b0c31a274d3efb2f582b397bc89bdd218", kill_on_drop: false }`
[INFO] [stderr]    Compiling cgmath v0.16.1
[INFO] [stderr]    Compiling winapi v0.3.9
[INFO] [stderr]    Compiling approx v0.1.1
[INFO] [stderr]    Compiling lazy_static v1.4.0
[INFO] [stderr]    Compiling bytemuck v1.13.1
[INFO] [stderr]    Compiling num-traits v0.2.15
[INFO] [stderr]    Compiling libc v0.2.142
[INFO] [stderr]    Compiling progress_bar v1.0.3
[INFO] [stderr]    Compiling rgb v0.8.36
[INFO] [stderr]    Compiling rand v0.4.6
[INFO] [stderr]    Compiling num-traits v0.1.43
[INFO] [stderr]    Compiling winconsole v0.10.0
[INFO] [stderr]    Compiling colored_truecolor v0.1.0
[INFO] [stderr]    Compiling performances-testing v0.0.8 (/opt/rustwide/workdir)
[INFO] [stderr]     Finished dev [unoptimized + debuginfo] target(s) in 5.24s
[INFO] running `Command { std: "docker" "inspect" "ccd375073cc9f5ca9786a84a72ba3c1b0c31a274d3efb2f582b397bc89bdd218", kill_on_drop: false }`
[INFO] running `Command { std: "docker" "rm" "-f" "ccd375073cc9f5ca9786a84a72ba3c1b0c31a274d3efb2f582b397bc89bdd218", kill_on_drop: false }`
[INFO] [stdout] ccd375073cc9f5ca9786a84a72ba3c1b0c31a274d3efb2f582b397bc89bdd218
[INFO] running `Command { std: "docker" "create" "-v" "/var/lib/crater-agent-workspace/builds/worker-4-tc1/target:/opt/rustwide/target:rw,Z" "-v" "/var/lib/crater-agent-workspace/builds/worker-4-tc1/source:/opt/rustwide/workdir:ro,Z" "-v" "/var/lib/crater-agent-workspace/cargo-home:/opt/rustwide/cargo-home:ro,Z" "-v" "/var/lib/crater-agent-workspace/rustup-home:/opt/rustwide/rustup-home:ro,Z" "-e" "SOURCE_DIR=/opt/rustwide/workdir" "-e" "CARGO_TARGET_DIR=/opt/rustwide/target" "-e" "CARGO_INCREMENTAL=0" "-e" "RUST_BACKTRACE=full" "-e" "RUSTFLAGS=--cap-lints=warn" "-e" "RUSTDOCFLAGS=--cap-lints=warn" "-e" "CARGO_HOME=/opt/rustwide/cargo-home" "-e" "RUSTUP_HOME=/opt/rustwide/rustup-home" "-w" "/opt/rustwide/workdir" "-m" "1610612736" "--user" "0:0" "--network" "none" "ghcr.io/rust-lang/crates-build-env/linux@sha256:5ff2268d62e97bff2cde7d5815dd6ed5b47097566f13b8d0ca110b04b60e07ed" "/opt/rustwide/cargo-home/bin/cargo" "+1.69.0" "test" "--frozen" "--no-run" "--message-format=json", kill_on_drop: false }`
[INFO] [stdout] aab707e067fc810885e338c5b4e96bf69128cdf1a7c332415990f609d429b523
[INFO] running `Command { std: "docker" "start" "-a" "aab707e067fc810885e338c5b4e96bf69128cdf1a7c332415990f609d429b523", kill_on_drop: false }`
[INFO] [stderr]     Blocking waiting for file lock on package cache
[INFO] [stderr]    Compiling performances-testing v0.0.8 (/opt/rustwide/workdir)
[INFO] [stderr]     Finished test [unoptimized + debuginfo] target(s) in 0.61s
[INFO] running `Command { std: "docker" "inspect" "aab707e067fc810885e338c5b4e96bf69128cdf1a7c332415990f609d429b523", kill_on_drop: false }`
[INFO] running `Command { std: "docker" "rm" "-f" "aab707e067fc810885e338c5b4e96bf69128cdf1a7c332415990f609d429b523", kill_on_drop: false }`
[INFO] [stdout] aab707e067fc810885e338c5b4e96bf69128cdf1a7c332415990f609d429b523
[INFO] running `Command { std: "docker" "create" "-v" "/var/lib/crater-agent-workspace/builds/worker-4-tc1/target:/opt/rustwide/target:rw,Z" "-v" "/var/lib/crater-agent-workspace/builds/worker-4-tc1/source:/opt/rustwide/workdir:ro,Z" "-v" "/var/lib/crater-agent-workspace/cargo-home:/opt/rustwide/cargo-home:ro,Z" "-v" "/var/lib/crater-agent-workspace/rustup-home:/opt/rustwide/rustup-home:ro,Z" "-e" "SOURCE_DIR=/opt/rustwide/workdir" "-e" "CARGO_TARGET_DIR=/opt/rustwide/target" "-e" "CARGO_INCREMENTAL=0" "-e" "RUST_BACKTRACE=full" "-e" "RUSTFLAGS=--cap-lints=warn" "-e" "RUSTDOCFLAGS=--cap-lints=warn" "-e" "CARGO_HOME=/opt/rustwide/cargo-home" "-e" "RUSTUP_HOME=/opt/rustwide/rustup-home" "-w" "/opt/rustwide/workdir" "-m" "1610612736" "--user" "0:0" "--network" "none" "ghcr.io/rust-lang/crates-build-env/linux@sha256:5ff2268d62e97bff2cde7d5815dd6ed5b47097566f13b8d0ca110b04b60e07ed" "/opt/rustwide/cargo-home/bin/cargo" "+1.69.0" "test" "--frozen", kill_on_drop: false }`
[INFO] [stdout] 1c7acf5372520320d2f5212efed8c1aa4b8415ad9c3310465e243084dc52f27f
[INFO] running `Command { std: "docker" "start" "-a" "1c7acf5372520320d2f5212efed8c1aa4b8415ad9c3310465e243084dc52f27f", kill_on_drop: false }`
[INFO] [stderr]     Finished test [unoptimized + debuginfo] target(s) in 0.02s
[INFO] [stderr]      Running unittests src/performances.rs (/opt/rustwide/target/debug/deps/performances-1ec520d57353adc6)
[INFO] [stdout] 
[INFO] [stdout] running 0 tests
[INFO] [stdout] 
[INFO] [stdout] test result: ok. 0 passed; 0 failed; 0 ignored; 0 measured; 0 filtered out; finished in 0.00s
[INFO] [stdout] 
[INFO] [stderr]    Doc-tests performances
[INFO] [stdout] 
[INFO] [stdout] running 3 tests
[INFO] [stdout] test src/performances.rs - zuu::take (line 34) ... FAILED
[INFO] [stdout] test src/performances.rs - F::check (line 224) ... FAILED
[INFO] [stdout] test src/performances.rs - zuu::P::check (line 80) ... FAILED
[INFO] [stdout] 
[INFO] [stdout] failures:
[INFO] [stdout] 
[INFO] [stdout] ---- src/performances.rs - zuu::take (line 34) stdout ----
[INFO] [stdout] error: no rules expected the token `,`
[INFO] [stdout]   --> src/performances.rs:44:83
[INFO] [stdout]    |
[INFO] [stdout] 13 | take!("Detect os must be take less cpu time", "is_windows", is_windows, 10, MICROS,"must be less than 10 µs");
[INFO] [stdout]    |                                                                                   ^ no rules expected this token in macro call
[INFO] [stdout]    |
[INFO] [stdout] note: while trying to match meta-variable `$unity:expr`
[INFO] [stdout]   --> /opt/rustwide/workdir/src/performances.rs:48:69
[INFO] [stdout]    |
[INFO] [stdout] 48 |         ($description:expr,$name:expr,$callback:expr,$expected:expr,$unity:expr) => {
[INFO] [stdout]    |                                                                     ^^^^^^^^^^^
[INFO] [stdout] 
[INFO] [stdout] error: aborting due to previous error
[INFO] [stdout] 
[INFO] [stdout] Couldn't compile the test.
[INFO] [stdout] ---- src/performances.rs - F::check (line 224) stdout ----
[INFO] [stdout] error[E0603]: struct `F` is private
[INFO] [stdout]  --> src/performances.rs:227:25
[INFO] [stdout]   |
[INFO] [stdout] 6 | use performances::zuu::{F, P};
[INFO] [stdout]   |                         ^ private struct
[INFO] [stdout]   |
[INFO] [stdout] note: the struct `F` is defined here
[INFO] [stdout]  --> /opt/rustwide/workdir/src/performances.rs:7:9
[INFO] [stdout]   |
[INFO] [stdout] 7 |     use crate::F;
[INFO] [stdout]   |         ^^^^^^^^
[INFO] [stdout] 
[INFO] [stdout] error: aborting due to previous error
[INFO] [stdout] 
[INFO] [stdout] For more information about this error, try `rustc --explain E0603`.
[INFO] [stdout] Couldn't compile the test.
[INFO] [stdout] ---- src/performances.rs - zuu::P::check (line 80) stdout ----
[INFO] [stdout] Test executable failed (exit status: 101).
[INFO] [stdout] 
[INFO] [stdout] stdout:
[INFO] [stdout] [1;35mDetect os must be take less cpu time[0m
[INFO] [stdout] is_windows function take less of 10 µs
[INFO] [stdout] [1;35mDetect os must be take less cpu time[0m
[INFO] [stdout] is_linux function take less of 10 µs
[INFO] [stdout] [1m[34m     Loading[0m[K [                                                  ] 0/2
[INFO] [stdout] [1A
[INFO] [stdout] stderr:
[INFO] [stdout] thread 'main' panicked at 'called `Option::unwrap()` on a `None` value', src/performances.rs:152:46
[INFO] [stdout] stack backtrace:
[INFO] [stdout]    0:     0x559633da125a - std::backtrace_rs::backtrace::libunwind::trace::ha9053a9a07ca49cb
[INFO] [stdout]                                at /rustc/84c898d65adf2f39a5a98507f1fe0ce10a2b8dbc/library/std/src/../../backtrace/src/backtrace/libunwind.rs:93:5
[INFO] [stdout]    1:     0x559633da125a - std::backtrace_rs::backtrace::trace_unsynchronized::h9c2852a457ad564e
[INFO] [stdout]                                at /rustc/84c898d65adf2f39a5a98507f1fe0ce10a2b8dbc/library/std/src/../../backtrace/src/backtrace/mod.rs:66:5
[INFO] [stdout]    2:     0x559633da125a - std::sys_common::backtrace::_print_fmt::h457936fbfaa0070f
[INFO] [stdout]                                at /rustc/84c898d65adf2f39a5a98507f1fe0ce10a2b8dbc/library/std/src/sys_common/backtrace.rs:65:5
[INFO] [stdout]    3:     0x559633da125a - <std::sys_common::backtrace::_print::DisplayBacktrace as core::fmt::Display>::fmt::h5779d7bf7f70cb0c
[INFO] [stdout]                                at /rustc/84c898d65adf2f39a5a98507f1fe0ce10a2b8dbc/library/std/src/sys_common/backtrace.rs:44:22
[INFO] [stdout]    4:     0x559633dbc37e - core::fmt::write::h5a4baaff1bcd3eb5
[INFO] [stdout]                                at /rustc/84c898d65adf2f39a5a98507f1fe0ce10a2b8dbc/library/core/src/fmt/mod.rs:1232:17
[INFO] [stdout]    5:     0x559633d9f1f5 - std::io::Write::write_fmt::h4bc1f301cb9e9cce
[INFO] [stdout]                                at /rustc/84c898d65adf2f39a5a98507f1fe0ce10a2b8dbc/library/std/src/io/mod.rs:1684:15
[INFO] [stdout]    6:     0x559633da1025 - std::sys_common::backtrace::_print::h5fcdc36060f177e8
[INFO] [stdout]                                at /rustc/84c898d65adf2f39a5a98507f1fe0ce10a2b8dbc/library/std/src/sys_common/backtrace.rs:47:5
[INFO] [stdout]    7:     0x559633da1025 - std::sys_common::backtrace::print::h54ca9458b876c8bf
[INFO] [stdout]                                at /rustc/84c898d65adf2f39a5a98507f1fe0ce10a2b8dbc/library/std/src/sys_common/backtrace.rs:34:9
[INFO] [stdout]    8:     0x559633da267f - std::panicking::default_hook::{{closure}}::hbe471161c7664ed6
[INFO] [stdout]                                at /rustc/84c898d65adf2f39a5a98507f1fe0ce10a2b8dbc/library/std/src/panicking.rs:271:22
[INFO] [stdout]    9:     0x559633da23bb - std::panicking::default_hook::ha3500da57aa4ac4f
[INFO] [stdout]                                at /rustc/84c898d65adf2f39a5a98507f1fe0ce10a2b8dbc/library/std/src/panicking.rs:290:9
[INFO] [stdout]   10:     0x559633da2c28 - std::panicking::rust_panic_with_hook::h50c09d000dc561d2
[INFO] [stdout]                                at /rustc/84c898d65adf2f39a5a98507f1fe0ce10a2b8dbc/library/std/src/panicking.rs:692:13
[INFO] [stdout]   11:     0x559633da2ae2 - std::panicking::begin_panic_handler::{{closure}}::h9e2b2176e00e0d9c
[INFO] [stdout]                                at /rustc/84c898d65adf2f39a5a98507f1fe0ce10a2b8dbc/library/std/src/panicking.rs:581:13
[INFO] [stdout]   12:     0x559633da16c6 - std::sys_common::backtrace::__rust_end_short_backtrace::h5739b8e512c09d02
[INFO] [stdout]                                at /rustc/84c898d65adf2f39a5a98507f1fe0ce10a2b8dbc/library/std/src/sys_common/backtrace.rs:150:18
[INFO] [stdout]   13:     0x559633da2832 - rust_begin_unwind
[INFO] [stdout]                                at /rustc/84c898d65adf2f39a5a98507f1fe0ce10a2b8dbc/library/std/src/panicking.rs:579:5
[INFO] [stdout]   14:     0x559633d6b333 - core::panicking::panic_fmt::hf33a1475b4dc5c3e
[INFO] [stdout]                                at /rustc/84c898d65adf2f39a5a98507f1fe0ce10a2b8dbc/library/core/src/panicking.rs:64:14
[INFO] [stdout]   15:     0x559633d6b3cd - core::panicking::panic::h9533b2fee90b999e
[INFO] [stdout]                                at /rustc/84c898d65adf2f39a5a98507f1fe0ce10a2b8dbc/library/core/src/panicking.rs:114:5
[INFO] [stdout]   16:     0x559633d75872 - core::option::Option<T>::unwrap::h840070e00ef7a8d5
[INFO] [stdout]   17:     0x559633d76485 - performances::zuu::P::end::h6c5810e4c715751c
[INFO] [stdout]   18:     0x559633d73207 - rust_out::main::_doctest_main_src_performances_rs_80_0::h827e6c8a9242b8cb
[INFO] [stdout]   19:     0x559633d73116 - rust_out::main::h045d0fd74ed7290e
[INFO] [stdout]   20:     0x559633d6da33 - core::ops::function::FnOnce::call_once::h5b89dea722ea21ad
[INFO] [stdout]   21:     0x559633d6ce89 - std::sys_common::backtrace::__rust_begin_short_backtrace::hc178e4cfacf1803d
[INFO] [stdout]   22:     0x559633d6cf09 - std::rt::lang_start::{{closure}}::he8c5d60628d06093
[INFO] [stdout]   23:     0x559633d9c20c - core::ops::function::impls::<impl core::ops::function::FnOnce<A> for &F>::call_once::hd6efcd3bec896f2c
[INFO] [stdout]                                at /rustc/84c898d65adf2f39a5a98507f1fe0ce10a2b8dbc/library/core/src/ops/function.rs:287:13
[INFO] [stdout]   24:     0x559633d9c20c - std::panicking::try::do_call::hce04e543bb1f4cbb
[INFO] [stdout]                                at /rustc/84c898d65adf2f39a5a98507f1fe0ce10a2b8dbc/library/std/src/panicking.rs:487:40
[INFO] [stdout]   25:     0x559633d9c20c - std::panicking::try::h3342dd4e1f680968
[INFO] [stdout]                                at /rustc/84c898d65adf2f39a5a98507f1fe0ce10a2b8dbc/library/std/src/panicking.rs:451:19
[INFO] [stdout]   26:     0x559633d9c20c - std::panic::catch_unwind::h148ce1e59ac0cee7
[INFO] [stdout]                                at /rustc/84c898d65adf2f39a5a98507f1fe0ce10a2b8dbc/library/std/src/panic.rs:140:14
[INFO] [stdout]   27:     0x559633d9c20c - std::rt::lang_start_internal::{{closure}}::h25f9dda2057a67fe
[INFO] [stdout]                                at /rustc/84c898d65adf2f39a5a98507f1fe0ce10a2b8dbc/library/std/src/rt.rs:148:48
[INFO] [stdout]   28:     0x559633d9c20c - std::panicking::try::do_call::h7caaaeaf9401650b
[INFO] [stdout]                                at /rustc/84c898d65adf2f39a5a98507f1fe0ce10a2b8dbc/library/std/src/panicking.rs:487:40
[INFO] [stdout]   29:     0x559633d9c20c - std::panicking::try::he7d15285746cbbc2
[INFO] [stdout]                                at /rustc/84c898d65adf2f39a5a98507f1fe0ce10a2b8dbc/library/std/src/panicking.rs:451:19
[INFO] [stdout]   30:     0x559633d9c20c - std::panic::catch_unwind::h89fb4f50c0301fe0
[INFO] [stdout]                                at /rustc/84c898d65adf2f39a5a98507f1fe0ce10a2b8dbc/library/std/src/panic.rs:140:14
[INFO] [stdout]   31:     0x559633d9c20c - std::rt::lang_start_internal::h078acd489417d3c1
[INFO] [stdout]                                at /rustc/84c898d65adf2f39a5a98507f1fe0ce10a2b8dbc/library/std/src/rt.rs:148:20
[INFO] [stdout]   32:     0x559633d6cee7 - std::rt::lang_start::h335d6166ecad8ac7
[INFO] [stdout]   33:     0x559633d732d5 - main
[INFO] [stdout]   34:     0x7fa87b511d90 - <unknown>
[INFO] [stdout]   35:     0x7fa87b511e40 - __libc_start_main
[INFO] [stdout]   36:     0x559633d6b865 - _start
[INFO] [stdout]   37:                0x0 - <unknown>
[INFO] [stdout] 
[INFO] [stdout] 
[INFO] [stdout] 
[INFO] [stdout] failures:
[INFO] [stdout]     src/performances.rs - F::check (line 224)
[INFO] [stdout]     src/performances.rs - zuu::P::check (line 80)
[INFO] [stdout]     src/performances.rs - zuu::take (line 34)
[INFO] [stdout] 
[INFO] [stdout] test result: FAILED. 0 passed; 3 failed; 0 ignored; 0 measured; 0 filtered out; finished in 0.32s
[INFO] [stdout] 
[INFO] [stderr] error: doctest failed, to rerun pass `--doc`
[INFO] running `Command { std: "docker" "inspect" "1c7acf5372520320d2f5212efed8c1aa4b8415ad9c3310465e243084dc52f27f", kill_on_drop: false }`
[INFO] running `Command { std: "docker" "rm" "-f" "1c7acf5372520320d2f5212efed8c1aa4b8415ad9c3310465e243084dc52f27f", kill_on_drop: false }`
[INFO] [stdout] 1c7acf5372520320d2f5212efed8c1aa4b8415ad9c3310465e243084dc52f27f
