[INFO] fetching crate perfect-derive 0.1.0...
[INFO] testing perfect-derive-0.1.0 against 1.69.0 for beta-1.70-1
[INFO] extracting crate perfect-derive 0.1.0 into /workspace/builds/worker-5-tc1/source
[INFO] validating manifest of crates.io crate perfect-derive 0.1.0 on toolchain 1.69.0
[INFO] running `Command { std: CARGO_HOME="/workspace/cargo-home" RUSTUP_HOME="/workspace/rustup-home" "/workspace/cargo-home/bin/cargo" "+1.69.0" "metadata" "--manifest-path" "Cargo.toml" "--no-deps", kill_on_drop: false }`
[INFO] started tweaking crates.io crate perfect-derive 0.1.0
[INFO] finished tweaking crates.io crate perfect-derive 0.1.0
[INFO] tweaked toml for crates.io crate perfect-derive 0.1.0 written to /workspace/builds/worker-5-tc1/source/Cargo.toml
[INFO] running `Command { std: CARGO_HOME="/workspace/cargo-home" RUSTUP_HOME="/workspace/rustup-home" __CARGO_TEST_CHANNEL_OVERRIDE_DO_NOT_USE_THIS="nightly" "/workspace/cargo-home/bin/cargo" "+1.69.0" "generate-lockfile" "--manifest-path" "Cargo.toml" "-Zno-index-update", kill_on_drop: false }`
[INFO] [stderr]     Blocking waiting for file lock on package cache
[INFO] running `Command { std: CARGO_HOME="/workspace/cargo-home" RUSTUP_HOME="/workspace/rustup-home" "/workspace/cargo-home/bin/cargo" "+1.69.0" "fetch" "--manifest-path" "Cargo.toml", kill_on_drop: false }`
[INFO] [stderr]     Blocking waiting for file lock on package cache
[INFO] [stderr]  Downloading crates ...
[INFO] [stderr]   Downloaded cps v0.2.2
[INFO] running `Command { std: "docker" "create" "-v" "/var/lib/crater-agent-workspace/builds/worker-5-tc1/target:/opt/rustwide/target:rw,Z" "-v" "/var/lib/crater-agent-workspace/builds/worker-5-tc1/source:/opt/rustwide/workdir:ro,Z" "-v" "/var/lib/crater-agent-workspace/cargo-home:/opt/rustwide/cargo-home:ro,Z" "-v" "/var/lib/crater-agent-workspace/rustup-home:/opt/rustwide/rustup-home:ro,Z" "-e" "SOURCE_DIR=/opt/rustwide/workdir" "-e" "CARGO_TARGET_DIR=/opt/rustwide/target" "-e" "CARGO_HOME=/opt/rustwide/cargo-home" "-e" "RUSTUP_HOME=/opt/rustwide/rustup-home" "-w" "/opt/rustwide/workdir" "-m" "1610612736" "--user" "0:0" "--network" "none" "ghcr.io/rust-lang/crates-build-env/linux@sha256:97d61d7686bf65f8ecb15491ab51835e82dc9176a96a831f143a431b191fc501" "/opt/rustwide/cargo-home/bin/cargo" "+1.69.0" "metadata" "--no-deps" "--format-version=1", kill_on_drop: false }`
[INFO] [stdout] 81c3af3a5ecfb600d1f81084fed72e67d53b9a367dbac5c7f068bbffa3725ddb
[INFO] running `Command { std: "docker" "start" "-a" "81c3af3a5ecfb600d1f81084fed72e67d53b9a367dbac5c7f068bbffa3725ddb", kill_on_drop: false }`
[INFO] running `Command { std: "docker" "inspect" "81c3af3a5ecfb600d1f81084fed72e67d53b9a367dbac5c7f068bbffa3725ddb", kill_on_drop: false }`
[INFO] running `Command { std: "docker" "rm" "-f" "81c3af3a5ecfb600d1f81084fed72e67d53b9a367dbac5c7f068bbffa3725ddb", kill_on_drop: false }`
[INFO] [stdout] 81c3af3a5ecfb600d1f81084fed72e67d53b9a367dbac5c7f068bbffa3725ddb
[INFO] running `Command { std: "docker" "create" "-v" "/var/lib/crater-agent-workspace/builds/worker-5-tc1/target:/opt/rustwide/target:rw,Z" "-v" "/var/lib/crater-agent-workspace/builds/worker-5-tc1/source:/opt/rustwide/workdir:ro,Z" "-v" "/var/lib/crater-agent-workspace/cargo-home:/opt/rustwide/cargo-home:ro,Z" "-v" "/var/lib/crater-agent-workspace/rustup-home:/opt/rustwide/rustup-home:ro,Z" "-e" "SOURCE_DIR=/opt/rustwide/workdir" "-e" "CARGO_TARGET_DIR=/opt/rustwide/target" "-e" "CARGO_INCREMENTAL=0" "-e" "RUST_BACKTRACE=full" "-e" "RUSTFLAGS=--cap-lints=warn" "-e" "RUSTDOCFLAGS=--cap-lints=warn" "-e" "CARGO_HOME=/opt/rustwide/cargo-home" "-e" "RUSTUP_HOME=/opt/rustwide/rustup-home" "-w" "/opt/rustwide/workdir" "-m" "1610612736" "--user" "0:0" "--network" "none" "ghcr.io/rust-lang/crates-build-env/linux@sha256:97d61d7686bf65f8ecb15491ab51835e82dc9176a96a831f143a431b191fc501" "/opt/rustwide/cargo-home/bin/cargo" "+1.69.0" "build" "--frozen" "--message-format=json", kill_on_drop: false }`
[INFO] [stdout] 6f1216e9d5993adb1eade5b87c20d6b72eb0dda76a13882fc696adb68b59f85a
[INFO] running `Command { std: "docker" "start" "-a" "6f1216e9d5993adb1eade5b87c20d6b72eb0dda76a13882fc696adb68b59f85a", kill_on_drop: false }`
[INFO] [stderr]    Compiling syn v1.0.109
[INFO] [stderr]    Compiling litrs v0.2.3
[INFO] [stderr]    Compiling cps v0.2.2
[INFO] [stderr]    Compiling perfect-derive v0.1.0 (/opt/rustwide/workdir)
[INFO] [stderr]     Finished dev [unoptimized + debuginfo] target(s) in 9.20s
[INFO] running `Command { std: "docker" "inspect" "6f1216e9d5993adb1eade5b87c20d6b72eb0dda76a13882fc696adb68b59f85a", kill_on_drop: false }`
[INFO] running `Command { std: "docker" "rm" "-f" "6f1216e9d5993adb1eade5b87c20d6b72eb0dda76a13882fc696adb68b59f85a", kill_on_drop: false }`
[INFO] [stdout] 6f1216e9d5993adb1eade5b87c20d6b72eb0dda76a13882fc696adb68b59f85a
[INFO] running `Command { std: "docker" "create" "-v" "/var/lib/crater-agent-workspace/builds/worker-5-tc1/target:/opt/rustwide/target:rw,Z" "-v" "/var/lib/crater-agent-workspace/builds/worker-5-tc1/source:/opt/rustwide/workdir:ro,Z" "-v" "/var/lib/crater-agent-workspace/cargo-home:/opt/rustwide/cargo-home:ro,Z" "-v" "/var/lib/crater-agent-workspace/rustup-home:/opt/rustwide/rustup-home:ro,Z" "-e" "SOURCE_DIR=/opt/rustwide/workdir" "-e" "CARGO_TARGET_DIR=/opt/rustwide/target" "-e" "CARGO_INCREMENTAL=0" "-e" "RUST_BACKTRACE=full" "-e" "RUSTFLAGS=--cap-lints=warn" "-e" "RUSTDOCFLAGS=--cap-lints=warn" "-e" "CARGO_HOME=/opt/rustwide/cargo-home" "-e" "RUSTUP_HOME=/opt/rustwide/rustup-home" "-w" "/opt/rustwide/workdir" "-m" "1610612736" "--user" "0:0" "--network" "none" "ghcr.io/rust-lang/crates-build-env/linux@sha256:97d61d7686bf65f8ecb15491ab51835e82dc9176a96a831f143a431b191fc501" "/opt/rustwide/cargo-home/bin/cargo" "+1.69.0" "test" "--frozen" "--no-run" "--message-format=json", kill_on_drop: false }`
[INFO] [stdout] 8c7e78706f5eb15975765169fa461fd60ac4fdda765c364ca970653ac4c598db
[INFO] running `Command { std: "docker" "start" "-a" "8c7e78706f5eb15975765169fa461fd60ac4fdda765c364ca970653ac4c598db", kill_on_drop: false }`
[INFO] [stderr]    Compiling proc-macro2 v1.0.56
[INFO] [stderr]    Compiling unicode-ident v1.0.8
[INFO] [stderr]    Compiling quote v1.0.26
[INFO] [stderr]    Compiling syn v1.0.109
[INFO] [stderr]    Compiling litrs v0.2.3
[INFO] [stderr]    Compiling cps v0.2.2
[INFO] [stderr]    Compiling perfect-derive v0.1.0 (/opt/rustwide/workdir)
[INFO] [stdout] warning: private type `List<NonClonable>` in public interface (error E0446)
[INFO] [stdout]   --> tests/recursive_generic_tests.rs:22:1
[INFO] [stdout]    |
[INFO] [stdout] 22 | / pub fn functional_list_is_clonable()
[INFO] [stdout] 23 | | where
[INFO] [stdout] 24 | |     List<NonClonable>: Clone,
[INFO] [stdout]    | |_____________________________^
[INFO] [stdout]    |
[INFO] [stdout]    = warning: this was previously accepted by the compiler but is being phased out; it will become a hard error in a future release!
[INFO] [stdout]    = note: for more information, see issue #34537 <https://github.com/rust-lang/rust/issues/34537>
[INFO] [stdout]    = note: `#[warn(private_in_public)]` on by default
[INFO] [stdout] 
[INFO] [stdout] 
[INFO] [stdout] warning: private type `NonClonable` in public interface (error E0446)
[INFO] [stdout]   --> tests/recursive_generic_tests.rs:22:1
[INFO] [stdout]    |
[INFO] [stdout] 22 | / pub fn functional_list_is_clonable()
[INFO] [stdout] 23 | | where
[INFO] [stdout] 24 | |     List<NonClonable>: Clone,
[INFO] [stdout]    | |_____________________________^
[INFO] [stdout]    |
[INFO] [stdout]    = warning: this was previously accepted by the compiler but is being phased out; it will become a hard error in a future release!
[INFO] [stdout]    = note: for more information, see issue #34537 <https://github.com/rust-lang/rust/issues/34537>
[INFO] [stdout] 
[INFO] [stdout] 
[INFO] [stdout] warning: private type `copy::Struct` in public interface (error E0446)
[INFO] [stdout]   --> tests/perfect_derive_base_macro.rs:23:13
[INFO] [stdout]    |
[INFO] [stdout] 23 | /             pub fn $method_name()
[INFO] [stdout] 24 | |             where
[INFO] [stdout] 25 | |                 Struct: $trait_name,
[INFO] [stdout] 26 | |                 Enum: $trait_name,
[INFO] [stdout]    | |__________________________________^
[INFO] [stdout] ...
[INFO] [stdout] 34 |   make_test!(Copy, Clone; copy);
[INFO] [stdout]    |   ----------------------------- in this macro invocation
[INFO] [stdout]    |
[INFO] [stdout]    = warning: this was previously accepted by the compiler but is being phased out; it will become a hard error in a future release!
[INFO] [stdout]    = note: for more information, see issue #34537 <https://github.com/rust-lang/rust/issues/34537>
[INFO] [stdout]    = note: `#[warn(private_in_public)]` on by default
[INFO] [stdout]    = note: this warning originates in the macro `make_test` (in Nightly builds, run with -Z macro-backtrace for more info)
[INFO] [stdout] 
[INFO] [stdout] 
[INFO] [stdout] warning: private type `copy::Enum` in public interface (error E0446)
[INFO] [stdout]   --> tests/perfect_derive_base_macro.rs:23:13
[INFO] [stdout]    |
[INFO] [stdout] 23 | /             pub fn $method_name()
[INFO] [stdout] 24 | |             where
[INFO] [stdout] 25 | |                 Struct: $trait_name,
[INFO] [stdout] 26 | |                 Enum: $trait_name,
[INFO] [stdout]    | |__________________________________^
[INFO] [stdout] ...
[INFO] [stdout] 34 |   make_test!(Copy, Clone; copy);
[INFO] [stdout]    |   ----------------------------- in this macro invocation
[INFO] [stdout]    |
[INFO] [stdout]    = warning: this was previously accepted by the compiler but is being phased out; it will become a hard error in a future release!
[INFO] [stdout]    = note: for more information, see issue #34537 <https://github.com/rust-lang/rust/issues/34537>
[INFO] [stdout]    = note: this warning originates in the macro `make_test` (in Nightly builds, run with -Z macro-backtrace for more info)
[INFO] [stdout] 
[INFO] [stdout] 
[INFO] [stdout] warning: private type `clone::Struct` in public interface (error E0446)
[INFO] [stdout]   --> tests/perfect_derive_base_macro.rs:23:13
[INFO] [stdout]    |
[INFO] [stdout] 23 | /             pub fn $method_name()
[INFO] [stdout] 24 | |             where
[INFO] [stdout] 25 | |                 Struct: $trait_name,
[INFO] [stdout] 26 | |                 Enum: $trait_name,
[INFO] [stdout]    | |__________________________________^
[INFO] [stdout] ...
[INFO] [stdout] 35 |   make_test!(Clone; clone);
[INFO] [stdout]    |   ------------------------ in this macro invocation
[INFO] [stdout]    |
[INFO] [stdout]    = warning: this was previously accepted by the compiler but is being phased out; it will become a hard error in a future release!
[INFO] [stdout]    = note: for more information, see issue #34537 <https://github.com/rust-lang/rust/issues/34537>
[INFO] [stdout]    = note: this warning originates in the macro `make_test` (in Nightly builds, run with -Z macro-backtrace for more info)
[INFO] [stdout] 
[INFO] [stdout] 
[INFO] [stdout] warning: private type `clone::Enum` in public interface (error E0446)
[INFO] [stdout]   --> tests/perfect_derive_base_macro.rs:23:13
[INFO] [stdout]    |
[INFO] [stdout] 23 | /             pub fn $method_name()
[INFO] [stdout] 24 | |             where
[INFO] [stdout] 25 | |                 Struct: $trait_name,
[INFO] [stdout] 26 | |                 Enum: $trait_name,
[INFO] [stdout]    | |__________________________________^
[INFO] [stdout] ...
[INFO] [stdout] 35 |   make_test!(Clone; clone);
[INFO] [stdout]    |   ------------------------ in this macro invocation
[INFO] [stdout]    |
[INFO] [stdout]    = warning: this was previously accepted by the compiler but is being phased out; it will become a hard error in a future release!
[INFO] [stdout]    = note: for more information, see issue #34537 <https://github.com/rust-lang/rust/issues/34537>
[INFO] [stdout]    = note: this warning originates in the macro `make_test` (in Nightly builds, run with -Z macro-backtrace for more info)
[INFO] [stdout] 
[INFO] [stdout] 
[INFO] [stdout] warning: private type `peq::Struct` in public interface (error E0446)
[INFO] [stdout]   --> tests/perfect_derive_base_macro.rs:23:13
[INFO] [stdout]    |
[INFO] [stdout] 23 | /             pub fn $method_name()
[INFO] [stdout] 24 | |             where
[INFO] [stdout] 25 | |                 Struct: $trait_name,
[INFO] [stdout] 26 | |                 Enum: $trait_name,
[INFO] [stdout]    | |__________________________________^
[INFO] [stdout] ...
[INFO] [stdout] 36 |   make_test!(PartialEq; peq);
[INFO] [stdout]    |   -------------------------- in this macro invocation
[INFO] [stdout]    |
[INFO] [stdout]    = warning: this was previously accepted by the compiler but is being phased out; it will become a hard error in a future release!
[INFO] [stdout]    = note: for more information, see issue #34537 <https://github.com/rust-lang/rust/issues/34537>
[INFO] [stdout]    = note: this warning originates in the macro `make_test` (in Nightly builds, run with -Z macro-backtrace for more info)
[INFO] [stdout] 
[INFO] [stdout] 
[INFO] [stdout] warning: private type `peq::Enum` in public interface (error E0446)
[INFO] [stdout]   --> tests/perfect_derive_base_macro.rs:23:13
[INFO] [stdout]    |
[INFO] [stdout] 23 | /             pub fn $method_name()
[INFO] [stdout] 24 | |             where
[INFO] [stdout] 25 | |                 Struct: $trait_name,
[INFO] [stdout] 26 | |                 Enum: $trait_name,
[INFO] [stdout]    | |__________________________________^
[INFO] [stdout] ...
[INFO] [stdout] 36 |   make_test!(PartialEq; peq);
[INFO] [stdout]    |   -------------------------- in this macro invocation
[INFO] [stdout]    |
[INFO] [stdout]    = warning: this was previously accepted by the compiler but is being phased out; it will become a hard error in a future release!
[INFO] [stdout]    = note: for more information, see issue #34537 <https://github.com/rust-lang/rust/issues/34537>
[INFO] [stdout]    = note: this warning originates in the macro `make_test` (in Nightly builds, run with -Z macro-backtrace for more info)
[INFO] [stdout] 
[INFO] [stdout] 
[INFO] [stdout] warning: private type `eq::Struct` in public interface (error E0446)
[INFO] [stdout]   --> tests/perfect_derive_base_macro.rs:23:13
[INFO] [stdout]    |
[INFO] [stdout] 23 | /             pub fn $method_name()
[INFO] [stdout] 24 | |             where
[INFO] [stdout] 25 | |                 Struct: $trait_name,
[INFO] [stdout] 26 | |                 Enum: $trait_name,
[INFO] [stdout]    | |__________________________________^
[INFO] [stdout] ...
[INFO] [stdout] 37 |   make_test!(Eq, PartialEq; eq);
[INFO] [stdout]    |   ----------------------------- in this macro invocation
[INFO] [stdout]    |
[INFO] [stdout]    = warning: this was previously accepted by the compiler but is being phased out; it will become a hard error in a future release!
[INFO] [stdout]    = note: for more information, see issue #34537 <https://github.com/rust-lang/rust/issues/34537>
[INFO] [stdout]    = note: this warning originates in the macro `make_test` (in Nightly builds, run with -Z macro-backtrace for more info)
[INFO] [stdout] 
[INFO] [stdout] 
[INFO] [stdout] warning: private type `eq::Enum` in public interface (error E0446)
[INFO] [stdout]   --> tests/perfect_derive_base_macro.rs:23:13
[INFO] [stdout]    |
[INFO] [stdout] 23 | /             pub fn $method_name()
[INFO] [stdout] 24 | |             where
[INFO] [stdout] 25 | |                 Struct: $trait_name,
[INFO] [stdout] 26 | |                 Enum: $trait_name,
[INFO] [stdout]    | |__________________________________^
[INFO] [stdout] ...
[INFO] [stdout] 37 |   make_test!(Eq, PartialEq; eq);
[INFO] [stdout]    |   ----------------------------- in this macro invocation
[INFO] [stdout]    |
[INFO] [stdout]    = warning: this was previously accepted by the compiler but is being phased out; it will become a hard error in a future release!
[INFO] [stdout]    = note: for more information, see issue #34537 <https://github.com/rust-lang/rust/issues/34537>
[INFO] [stdout]    = note: this warning originates in the macro `make_test` (in Nightly builds, run with -Z macro-backtrace for more info)
[INFO] [stdout] 
[INFO] [stdout] 
[INFO] [stdout] warning: private type `ord::Struct` in public interface (error E0446)
[INFO] [stdout]   --> tests/perfect_derive_base_macro.rs:23:13
[INFO] [stdout]    |
[INFO] [stdout] 23 | /             pub fn $method_name()
[INFO] [stdout] 24 | |             where
[INFO] [stdout] 25 | |                 Struct: $trait_name,
[INFO] [stdout] 26 | |                 Enum: $trait_name,
[INFO] [stdout]    | |__________________________________^
[INFO] [stdout] ...
[INFO] [stdout] 38 |   make_test!(Ord, Eq, PartialOrd, PartialEq; ord);
[INFO] [stdout]    |   ----------------------------------------------- in this macro invocation
[INFO] [stdout]    |
[INFO] [stdout]    = warning: this was previously accepted by the compiler but is being phased out; it will become a hard error in a future release!
[INFO] [stdout]    = note: for more information, see issue #34537 <https://github.com/rust-lang/rust/issues/34537>
[INFO] [stdout]    = note: this warning originates in the macro `make_test` (in Nightly builds, run with -Z macro-backtrace for more info)
[INFO] [stdout] 
[INFO] [stdout] 
[INFO] [stdout] warning: private type `ord::Enum` in public interface (error E0446)
[INFO] [stdout]   --> tests/perfect_derive_base_macro.rs:23:13
[INFO] [stdout]    |
[INFO] [stdout] 23 | /             pub fn $method_name()
[INFO] [stdout] 24 | |             where
[INFO] [stdout] 25 | |                 Struct: $trait_name,
[INFO] [stdout] 26 | |                 Enum: $trait_name,
[INFO] [stdout]    | |__________________________________^
[INFO] [stdout] ...
[INFO] [stdout] 38 |   make_test!(Ord, Eq, PartialOrd, PartialEq; ord);
[INFO] [stdout]    |   ----------------------------------------------- in this macro invocation
[INFO] [stdout]    |
[INFO] [stdout]    = warning: this was previously accepted by the compiler but is being phased out; it will become a hard error in a future release!
[INFO] [stdout]    = note: for more information, see issue #34537 <https://github.com/rust-lang/rust/issues/34537>
[INFO] [stdout]    = note: this warning originates in the macro `make_test` (in Nightly builds, run with -Z macro-backtrace for more info)
[INFO] [stdout] 
[INFO] [stdout] 
[INFO] [stdout] warning: private type `pord::Struct` in public interface (error E0446)
[INFO] [stdout]   --> tests/perfect_derive_base_macro.rs:23:13
[INFO] [stdout]    |
[INFO] [stdout] 23 | /             pub fn $method_name()
[INFO] [stdout] 24 | |             where
[INFO] [stdout] 25 | |                 Struct: $trait_name,
[INFO] [stdout] 26 | |                 Enum: $trait_name,
[INFO] [stdout]    | |__________________________________^
[INFO] [stdout] ...
[INFO] [stdout] 39 |   make_test!(PartialOrd, PartialEq; pord);
[INFO] [stdout]    |   --------------------------------------- in this macro invocation
[INFO] [stdout]    |
[INFO] [stdout]    = warning: this was previously accepted by the compiler but is being phased out; it will become a hard error in a future release!
[INFO] [stdout]    = note: for more information, see issue #34537 <https://github.com/rust-lang/rust/issues/34537>
[INFO] [stdout]    = note: this warning originates in the macro `make_test` (in Nightly builds, run with -Z macro-backtrace for more info)
[INFO] [stdout] 
[INFO] [stdout] 
[INFO] [stdout] warning: private type `pord::Enum` in public interface (error E0446)
[INFO] [stdout]   --> tests/perfect_derive_base_macro.rs:23:13
[INFO] [stdout]    |
[INFO] [stdout] 23 | /             pub fn $method_name()
[INFO] [stdout] 24 | |             where
[INFO] [stdout] 25 | |                 Struct: $trait_name,
[INFO] [stdout] 26 | |                 Enum: $trait_name,
[INFO] [stdout]    | |__________________________________^
[INFO] [stdout] ...
[INFO] [stdout] 39 |   make_test!(PartialOrd, PartialEq; pord);
[INFO] [stdout]    |   --------------------------------------- in this macro invocation
[INFO] [stdout]    |
[INFO] [stdout]    = warning: this was previously accepted by the compiler but is being phased out; it will become a hard error in a future release!
[INFO] [stdout]    = note: for more information, see issue #34537 <https://github.com/rust-lang/rust/issues/34537>
[INFO] [stdout]    = note: this warning originates in the macro `make_test` (in Nightly builds, run with -Z macro-backtrace for more info)
[INFO] [stdout] 
[INFO] [stdout] 
[INFO] [stdout] warning: private type `DefaultableEnum` in public interface (error E0446)
[INFO] [stdout]    --> tests/perfect_derive_base_macro.rs:101:1
[INFO] [stdout]     |
[INFO] [stdout] 101 | / pub fn defaultable_enum_is_default()
[INFO] [stdout] 102 | | where
[INFO] [stdout] 103 | |     DefaultableEnum: Default,
[INFO] [stdout]     | |_____________________________^
[INFO] [stdout]     |
[INFO] [stdout]     = warning: this was previously accepted by the compiler but is being phased out; it will become a hard error in a future release!
[INFO] [stdout]     = note: for more information, see issue #34537 <https://github.com/rust-lang/rust/issues/34537>
[INFO] [stdout] 
[INFO] [stdout] 
[INFO] [stdout] warning: variant `E1` is never constructed
[INFO] [stdout]   --> tests/perfect_derive_base_macro.rs:95:5
[INFO] [stdout]    |
[INFO] [stdout] 94 | enum DefaultableEnum {
[INFO] [stdout]    |      --------------- variant in this enum
[INFO] [stdout] 95 |     E1(NonDefaultable),
[INFO] [stdout]    |     ^^
[INFO] [stdout]    |
[INFO] [stdout]    = note: `#[warn(dead_code)]` on by default
[INFO] [stdout] 
[INFO] [stdout] 
[INFO] [stdout] warning: variants `E1`, `E2`, `E3`, `E4`, and `E5` are never constructed
[INFO] [stdout]   --> tests/perfect_derive_base_macro.rs:15:17
[INFO] [stdout]    |
[INFO] [stdout] 14 |             enum Enum {
[INFO] [stdout]    |                  ---- variants in this enum
[INFO] [stdout] 15 |                 E1,
[INFO] [stdout]    |                 ^^
[INFO] [stdout] 16 |                 E2(),
[INFO] [stdout]    |                 ^^
[INFO] [stdout] 17 |                 E3(usize),
[INFO] [stdout]    |                 ^^
[INFO] [stdout] 18 |                 E4(u32, ()),
[INFO] [stdout]    |                 ^^
[INFO] [stdout] 19 |                 E5{name1: u32, name2: ()},
[INFO] [stdout]    |                 ^^
[INFO] [stdout] ...
[INFO] [stdout] 36 | make_test!(PartialEq; peq);
[INFO] [stdout]    | --------------------------
[INFO] [stdout]    | |
[INFO] [stdout]    | in this macro invocation
[INFO] [stdout]    | in this macro invocation
[INFO] [stdout]    | in this macro invocation
[INFO] [stdout]    | in this macro invocation
[INFO] [stdout]    | in this macro invocation
[INFO] [stdout]    |
[INFO] [stdout]    = note: this warning originates in the macro `make_test` (in Nightly builds, run with -Z macro-backtrace for more info)
[INFO] [stdout] 
[INFO] [stdout] 
[INFO] [stdout] warning: variants `E1`, `E2`, `E3`, `E4`, and `E5` are never constructed
[INFO] [stdout]   --> tests/perfect_derive_base_macro.rs:15:17
[INFO] [stdout]    |
[INFO] [stdout] 14 |             enum Enum {
[INFO] [stdout]    |                  ---- variants in this enum
[INFO] [stdout] 15 |                 E1,
[INFO] [stdout]    |                 ^^
[INFO] [stdout] 16 |                 E2(),
[INFO] [stdout]    |                 ^^
[INFO] [stdout] 17 |                 E3(usize),
[INFO] [stdout]    |                 ^^
[INFO] [stdout] 18 |                 E4(u32, ()),
[INFO] [stdout]    |                 ^^
[INFO] [stdout] 19 |                 E5{name1: u32, name2: ()},
[INFO] [stdout]    |                 ^^
[INFO] [stdout] ...
[INFO] [stdout] 37 | make_test!(Eq, PartialEq; eq);
[INFO] [stdout]    | -----------------------------
[INFO] [stdout]    | |
[INFO] [stdout]    | in this macro invocation
[INFO] [stdout]    | in this macro invocation
[INFO] [stdout]    | in this macro invocation
[INFO] [stdout]    | in this macro invocation
[INFO] [stdout]    | in this macro invocation
[INFO] [stdout]    |
[INFO] [stdout]    = note: this warning originates in the macro `make_test` (in Nightly builds, run with -Z macro-backtrace for more info)
[INFO] [stdout] 
[INFO] [stdout] 
[INFO] [stdout] warning: variants `E1`, `E2`, `E3`, `E4`, and `E5` are never constructed
[INFO] [stdout]   --> tests/perfect_derive_base_macro.rs:15:17
[INFO] [stdout]    |
[INFO] [stdout] 14 |             enum Enum {
[INFO] [stdout]    |                  ---- variants in this enum
[INFO] [stdout] 15 |                 E1,
[INFO] [stdout]    |                 ^^
[INFO] [stdout] 16 |                 E2(),
[INFO] [stdout]    |                 ^^
[INFO] [stdout] 17 |                 E3(usize),
[INFO] [stdout]    |                 ^^
[INFO] [stdout] 18 |                 E4(u32, ()),
[INFO] [stdout]    |                 ^^
[INFO] [stdout] 19 |                 E5{name1: u32, name2: ()},
[INFO] [stdout]    |                 ^^
[INFO] [stdout] ...
[INFO] [stdout] 38 | make_test!(Ord, Eq, PartialOrd, PartialEq; ord);
[INFO] [stdout]    | -----------------------------------------------
[INFO] [stdout]    | |
[INFO] [stdout]    | in this macro invocation
[INFO] [stdout]    | in this macro invocation
[INFO] [stdout]    | in this macro invocation
[INFO] [stdout]    | in this macro invocation
[INFO] [stdout]    | in this macro invocation
[INFO] [stdout]    |
[INFO] [stdout]    = note: this warning originates in the macro `make_test` (in Nightly builds, run with -Z macro-backtrace for more info)
[INFO] [stdout] 
[INFO] [stdout] 
[INFO] [stdout] warning: variants `E1`, `E2`, `E3`, `E4`, and `E5` are never constructed
[INFO] [stdout]   --> tests/perfect_derive_base_macro.rs:15:17
[INFO] [stdout]    |
[INFO] [stdout] 14 |             enum Enum {
[INFO] [stdout]    |                  ---- variants in this enum
[INFO] [stdout] 15 |                 E1,
[INFO] [stdout]    |                 ^^
[INFO] [stdout] 16 |                 E2(),
[INFO] [stdout]    |                 ^^
[INFO] [stdout] 17 |                 E3(usize),
[INFO] [stdout]    |                 ^^
[INFO] [stdout] 18 |                 E4(u32, ()),
[INFO] [stdout]    |                 ^^
[INFO] [stdout] 19 |                 E5{name1: u32, name2: ()},
[INFO] [stdout]    |                 ^^
[INFO] [stdout] ...
[INFO] [stdout] 39 | make_test!(PartialOrd, PartialEq; pord);
[INFO] [stdout]    | ---------------------------------------
[INFO] [stdout]    | |
[INFO] [stdout]    | in this macro invocation
[INFO] [stdout]    | in this macro invocation
[INFO] [stdout]    | in this macro invocation
[INFO] [stdout]    | in this macro invocation
[INFO] [stdout]    | in this macro invocation
[INFO] [stdout]    |
[INFO] [stdout]    = note: this warning originates in the macro `make_test` (in Nightly builds, run with -Z macro-backtrace for more info)
[INFO] [stdout] 
[INFO] [stdout] 
[INFO] [stdout] warning: private type `copy::Struct<u32, usize>` in public interface (error E0446)
[INFO] [stdout]   --> tests/perfect_derive_simple_generic_macro.rs:22:13
[INFO] [stdout]    |
[INFO] [stdout] 22 | /             pub fn $method_name()
[INFO] [stdout] 23 | |             where
[INFO] [stdout] 24 | |                 Struct<u32, usize>: $trait_name,
[INFO] [stdout] 25 | |                 Enum<i64, ()>: $trait_name,
[INFO] [stdout]    | |___________________________________________^
[INFO] [stdout] ...
[INFO] [stdout] 33 |   make_test!(Copy, Clone; copy);
[INFO] [stdout]    |   ----------------------------- in this macro invocation
[INFO] [stdout]    |
[INFO] [stdout]    = warning: this was previously accepted by the compiler but is being phased out; it will become a hard error in a future release!
[INFO] [stdout]    = note: for more information, see issue #34537 <https://github.com/rust-lang/rust/issues/34537>
[INFO] [stdout]    = note: `#[warn(private_in_public)]` on by default
[INFO] [stdout]    = note: this warning originates in the macro `make_test` (in Nightly builds, run with -Z macro-backtrace for more info)
[INFO] [stdout] 
[INFO] [stdout] 
[INFO] [stdout] warning: private type `copy::Enum<i64, ()>` in public interface (error E0446)
[INFO] [stdout]   --> tests/perfect_derive_simple_generic_macro.rs:22:13
[INFO] [stdout]    |
[INFO] [stdout] 22 | /             pub fn $method_name()
[INFO] [stdout] 23 | |             where
[INFO] [stdout] 24 | |                 Struct<u32, usize>: $trait_name,
[INFO] [stdout] 25 | |                 Enum<i64, ()>: $trait_name,
[INFO] [stdout]    | |___________________________________________^
[INFO] [stdout] ...
[INFO] [stdout] 33 |   make_test!(Copy, Clone; copy);
[INFO] [stdout]    |   ----------------------------- in this macro invocation
[INFO] [stdout]    |
[INFO] [stdout]    = warning: this was previously accepted by the compiler but is being phased out; it will become a hard error in a future release!
[INFO] [stdout]    = note: for more information, see issue #34537 <https://github.com/rust-lang/rust/issues/34537>
[INFO] [stdout]    = note: this warning originates in the macro `make_test` (in Nightly builds, run with -Z macro-backtrace for more info)
[INFO] [stdout] 
[INFO] [stdout] 
[INFO] [stdout] warning: private type `clone::Struct<u32, usize>` in public interface (error E0446)
[INFO] [stdout]   --> tests/perfect_derive_simple_generic_macro.rs:22:13
[INFO] [stdout]    |
[INFO] [stdout] 22 | /             pub fn $method_name()
[INFO] [stdout] 23 | |             where
[INFO] [stdout] 24 | |                 Struct<u32, usize>: $trait_name,
[INFO] [stdout] 25 | |                 Enum<i64, ()>: $trait_name,
[INFO] [stdout]    | |___________________________________________^
[INFO] [stdout] ...
[INFO] [stdout] 34 |   make_test!(Clone; clone);
[INFO] [stdout]    |   ------------------------ in this macro invocation
[INFO] [stdout]    |
[INFO] [stdout]    = warning: this was previously accepted by the compiler but is being phased out; it will become a hard error in a future release!
[INFO] [stdout]    = note: for more information, see issue #34537 <https://github.com/rust-lang/rust/issues/34537>
[INFO] [stdout]    = note: this warning originates in the macro `make_test` (in Nightly builds, run with -Z macro-backtrace for more info)
[INFO] [stdout] 
[INFO] [stdout] 
[INFO] [stdout] warning: private type `clone::Enum<i64, ()>` in public interface (error E0446)
[INFO] [stdout]   --> tests/perfect_derive_simple_generic_macro.rs:22:13
[INFO] [stdout]    |
[INFO] [stdout] 22 | /             pub fn $method_name()
[INFO] [stdout] 23 | |             where
[INFO] [stdout] 24 | |                 Struct<u32, usize>: $trait_name,
[INFO] [stdout] 25 | |                 Enum<i64, ()>: $trait_name,
[INFO] [stdout]    | |___________________________________________^
[INFO] [stdout] ...
[INFO] [stdout] 34 |   make_test!(Clone; clone);
[INFO] [stdout]    |   ------------------------ in this macro invocation
[INFO] [stdout]    |
[INFO] [stdout]    = warning: this was previously accepted by the compiler but is being phased out; it will become a hard error in a future release!
[INFO] [stdout]    = note: for more information, see issue #34537 <https://github.com/rust-lang/rust/issues/34537>
[INFO] [stdout]    = note: this warning originates in the macro `make_test` (in Nightly builds, run with -Z macro-backtrace for more info)
[INFO] [stdout] 
[INFO] [stdout] 
[INFO] [stdout] warning: private type `peq::Struct<u32, usize>` in public interface (error E0446)
[INFO] [stdout]   --> tests/perfect_derive_simple_generic_macro.rs:22:13
[INFO] [stdout]    |
[INFO] [stdout] 22 | /             pub fn $method_name()
[INFO] [stdout] 23 | |             where
[INFO] [stdout] 24 | |                 Struct<u32, usize>: $trait_name,
[INFO] [stdout] 25 | |                 Enum<i64, ()>: $trait_name,
[INFO] [stdout]    | |___________________________________________^
[INFO] [stdout] ...
[INFO] [stdout] 35 |   make_test!(PartialEq; peq);
[INFO] [stdout]    |   -------------------------- in this macro invocation
[INFO] [stdout]    |
[INFO] [stdout]    = warning: this was previously accepted by the compiler but is being phased out; it will become a hard error in a future release!
[INFO] [stdout]    = note: for more information, see issue #34537 <https://github.com/rust-lang/rust/issues/34537>
[INFO] [stdout]    = note: this warning originates in the macro `make_test` (in Nightly builds, run with -Z macro-backtrace for more info)
[INFO] [stdout] 
[INFO] [stdout] 
[INFO] [stdout] warning: private type `peq::Enum<i64, ()>` in public interface (error E0446)
[INFO] [stdout]   --> tests/perfect_derive_simple_generic_macro.rs:22:13
[INFO] [stdout]    |
[INFO] [stdout] 22 | /             pub fn $method_name()
[INFO] [stdout] 23 | |             where
[INFO] [stdout] 24 | |                 Struct<u32, usize>: $trait_name,
[INFO] [stdout] 25 | |                 Enum<i64, ()>: $trait_name,
[INFO] [stdout]    | |___________________________________________^
[INFO] [stdout] ...
[INFO] [stdout] 35 |   make_test!(PartialEq; peq);
[INFO] [stdout]    |   -------------------------- in this macro invocation
[INFO] [stdout]    |
[INFO] [stdout]    = warning: this was previously accepted by the compiler but is being phased out; it will become a hard error in a future release!
[INFO] [stdout]    = note: for more information, see issue #34537 <https://github.com/rust-lang/rust/issues/34537>
[INFO] [stdout]    = note: this warning originates in the macro `make_test` (in Nightly builds, run with -Z macro-backtrace for more info)
[INFO] [stdout] 
[INFO] [stdout] 
[INFO] [stdout] warning: private type `eq::Struct<u32, usize>` in public interface (error E0446)
[INFO] [stdout]   --> tests/perfect_derive_simple_generic_macro.rs:22:13
[INFO] [stdout]    |
[INFO] [stdout] 22 | /             pub fn $method_name()
[INFO] [stdout] 23 | |             where
[INFO] [stdout] 24 | |                 Struct<u32, usize>: $trait_name,
[INFO] [stdout] 25 | |                 Enum<i64, ()>: $trait_name,
[INFO] [stdout]    | |___________________________________________^
[INFO] [stdout] ...
[INFO] [stdout] 36 |   make_test!(Eq, PartialEq; eq);
[INFO] [stdout]    |   ----------------------------- in this macro invocation
[INFO] [stdout]    |
[INFO] [stdout]    = warning: this was previously accepted by the compiler but is being phased out; it will become a hard error in a future release!
[INFO] [stdout]    = note: for more information, see issue #34537 <https://github.com/rust-lang/rust/issues/34537>
[INFO] [stdout]    = note: this warning originates in the macro `make_test` (in Nightly builds, run with -Z macro-backtrace for more info)
[INFO] [stdout] 
[INFO] [stdout] 
[INFO] [stdout] warning: private type `eq::Enum<i64, ()>` in public interface (error E0446)
[INFO] [stdout]   --> tests/perfect_derive_simple_generic_macro.rs:22:13
[INFO] [stdout]    |
[INFO] [stdout] 22 | /             pub fn $method_name()
[INFO] [stdout] 23 | |             where
[INFO] [stdout] 24 | |                 Struct<u32, usize>: $trait_name,
[INFO] [stdout] 25 | |                 Enum<i64, ()>: $trait_name,
[INFO] [stdout]    | |___________________________________________^
[INFO] [stdout] ...
[INFO] [stdout] 36 |   make_test!(Eq, PartialEq; eq);
[INFO] [stdout]    |   ----------------------------- in this macro invocation
[INFO] [stdout]    |
[INFO] [stdout]    = warning: this was previously accepted by the compiler but is being phased out; it will become a hard error in a future release!
[INFO] [stdout]    = note: for more information, see issue #34537 <https://github.com/rust-lang/rust/issues/34537>
[INFO] [stdout]    = note: this warning originates in the macro `make_test` (in Nightly builds, run with -Z macro-backtrace for more info)
[INFO] [stdout] 
[INFO] [stdout] 
[INFO] [stdout] warning: private type `ord::Struct<u32, usize>` in public interface (error E0446)
[INFO] [stdout]   --> tests/perfect_derive_simple_generic_macro.rs:22:13
[INFO] [stdout]    |
[INFO] [stdout] 22 | /             pub fn $method_name()
[INFO] [stdout] 23 | |             where
[INFO] [stdout] 24 | |                 Struct<u32, usize>: $trait_name,
[INFO] [stdout] 25 | |                 Enum<i64, ()>: $trait_name,
[INFO] [stdout]    | |___________________________________________^
[INFO] [stdout] ...
[INFO] [stdout] 37 |   make_test!(Ord, Eq, PartialOrd, PartialEq; ord);
[INFO] [stdout]    |   ----------------------------------------------- in this macro invocation
[INFO] [stdout]    |
[INFO] [stdout]    = warning: this was previously accepted by the compiler but is being phased out; it will become a hard error in a future release!
[INFO] [stdout]    = note: for more information, see issue #34537 <https://github.com/rust-lang/rust/issues/34537>
[INFO] [stdout]    = note: this warning originates in the macro `make_test` (in Nightly builds, run with -Z macro-backtrace for more info)
[INFO] [stdout] 
[INFO] [stdout] 
[INFO] [stdout] warning: private type `ord::Enum<i64, ()>` in public interface (error E0446)
[INFO] [stdout]   --> tests/perfect_derive_simple_generic_macro.rs:22:13
[INFO] [stdout]    |
[INFO] [stdout] 22 | /             pub fn $method_name()
[INFO] [stdout] 23 | |             where
[INFO] [stdout] 24 | |                 Struct<u32, usize>: $trait_name,
[INFO] [stdout] 25 | |                 Enum<i64, ()>: $trait_name,
[INFO] [stdout]    | |___________________________________________^
[INFO] [stdout] ...
[INFO] [stdout] 37 |   make_test!(Ord, Eq, PartialOrd, PartialEq; ord);
[INFO] [stdout]    |   ----------------------------------------------- in this macro invocation
[INFO] [stdout]    |
[INFO] [stdout]    = warning: this was previously accepted by the compiler but is being phased out; it will become a hard error in a future release!
[INFO] [stdout]    = note: for more information, see issue #34537 <https://github.com/rust-lang/rust/issues/34537>
[INFO] [stdout]    = note: this warning originates in the macro `make_test` (in Nightly builds, run with -Z macro-backtrace for more info)
[INFO] [stdout] 
[INFO] [stdout] 
[INFO] [stdout] warning: private type `pord::Struct<u32, usize>` in public interface (error E0446)
[INFO] [stdout]   --> tests/perfect_derive_simple_generic_macro.rs:22:13
[INFO] [stdout]    |
[INFO] [stdout] 22 | /             pub fn $method_name()
[INFO] [stdout] 23 | |             where
[INFO] [stdout] 24 | |                 Struct<u32, usize>: $trait_name,
[INFO] [stdout] 25 | |                 Enum<i64, ()>: $trait_name,
[INFO] [stdout]    | |___________________________________________^
[INFO] [stdout] ...
[INFO] [stdout] 38 |   make_test!(PartialOrd, PartialEq; pord);
[INFO] [stdout]    |   --------------------------------------- in this macro invocation
[INFO] [stdout]    |
[INFO] [stdout]    = warning: this was previously accepted by the compiler but is being phased out; it will become a hard error in a future release!
[INFO] [stdout]    = note: for more information, see issue #34537 <https://github.com/rust-lang/rust/issues/34537>
[INFO] [stdout]    = note: this warning originates in the macro `make_test` (in Nightly builds, run with -Z macro-backtrace for more info)
[INFO] [stdout] 
[INFO] [stdout] 
[INFO] [stdout] warning: private type `pord::Enum<i64, ()>` in public interface (error E0446)
[INFO] [stdout]   --> tests/perfect_derive_simple_generic_macro.rs:22:13
[INFO] [stdout]    |
[INFO] [stdout] 22 | /             pub fn $method_name()
[INFO] [stdout] 23 | |             where
[INFO] [stdout] 24 | |                 Struct<u32, usize>: $trait_name,
[INFO] [stdout] 25 | |                 Enum<i64, ()>: $trait_name,
[INFO] [stdout]    | |___________________________________________^
[INFO] [stdout] ...
[INFO] [stdout] 38 |   make_test!(PartialOrd, PartialEq; pord);
[INFO] [stdout]    |   --------------------------------------- in this macro invocation
[INFO] [stdout]    |
[INFO] [stdout]    = warning: this was previously accepted by the compiler but is being phased out; it will become a hard error in a future release!
[INFO] [stdout]    = note: for more information, see issue #34537 <https://github.com/rust-lang/rust/issues/34537>
[INFO] [stdout]    = note: this warning originates in the macro `make_test` (in Nightly builds, run with -Z macro-backtrace for more info)
[INFO] [stdout] 
[INFO] [stdout] 
[INFO] [stdout] warning: variants `E1`, `E2`, `E3`, `E4`, and `E5` are never constructed
[INFO] [stdout]   --> tests/perfect_derive_simple_generic_macro.rs:14:17
[INFO] [stdout]    |
[INFO] [stdout] 13 |             enum Enum<U, T> {
[INFO] [stdout]    |                  ---- variants in this enum
[INFO] [stdout] 14 |                 E1,
[INFO] [stdout]    |                 ^^
[INFO] [stdout] 15 |                 E2(),
[INFO] [stdout]    |                 ^^
[INFO] [stdout] 16 |                 E3(usize),
[INFO] [stdout]    |                 ^^
[INFO] [stdout] 17 |                 E4(u32, (), U),
[INFO] [stdout]    |                 ^^
[INFO] [stdout] 18 |                 E5{name1: T, name2: ()},
[INFO] [stdout]    |                 ^^
[INFO] [stdout] ...
[INFO] [stdout] 35 | make_test!(PartialEq; peq);
[INFO] [stdout]    | --------------------------
[INFO] [stdout]    | |
[INFO] [stdout]    | in this macro invocation
[INFO] [stdout]    | in this macro invocation
[INFO] [stdout]    | in this macro invocation
[INFO] [stdout]    | in this macro invocation
[INFO] [stdout]    | in this macro invocation
[INFO] [stdout]    |
[INFO] [stdout]    = note: `#[warn(dead_code)]` on by default
[INFO] [stdout]    = note: this warning originates in the macro `make_test` (in Nightly builds, run with -Z macro-backtrace for more info)
[INFO] [stdout] 
[INFO] [stdout] 
[INFO] [stdout] warning: variants `E1`, `E2`, `E3`, `E4`, and `E5` are never constructed
[INFO] [stdout]   --> tests/perfect_derive_simple_generic_macro.rs:14:17
[INFO] [stdout]    |
[INFO] [stdout] 13 |             enum Enum<U, T> {
[INFO] [stdout]    |                  ---- variants in this enum
[INFO] [stdout] 14 |                 E1,
[INFO] [stdout]    |                 ^^
[INFO] [stdout] 15 |                 E2(),
[INFO] [stdout]    |                 ^^
[INFO] [stdout] 16 |                 E3(usize),
[INFO] [stdout]    |                 ^^
[INFO] [stdout] 17 |                 E4(u32, (), U),
[INFO] [stdout]    |                 ^^
[INFO] [stdout] 18 |                 E5{name1: T, name2: ()},
[INFO] [stdout]    |                 ^^
[INFO] [stdout] ...
[INFO] [stdout] 36 | make_test!(Eq, PartialEq; eq);
[INFO] [stdout]    | -----------------------------
[INFO] [stdout]    | |
[INFO] [stdout]    | in this macro invocation
[INFO] [stdout]    | in this macro invocation
[INFO] [stdout]    | in this macro invocation
[INFO] [stdout]    | in this macro invocation
[INFO] [stdout]    | in this macro invocation
[INFO] [stdout]    |
[INFO] [stdout]    = note: this warning originates in the macro `make_test` (in Nightly builds, run with -Z macro-backtrace for more info)
[INFO] [stdout] 
[INFO] [stdout] 
[INFO] [stdout] warning: variants `E1`, `E2`, `E3`, `E4`, and `E5` are never constructed
[INFO] [stdout]   --> tests/perfect_derive_simple_generic_macro.rs:14:17
[INFO] [stdout]    |
[INFO] [stdout] 13 |             enum Enum<U, T> {
[INFO] [stdout]    |                  ---- variants in this enum
[INFO] [stdout] 14 |                 E1,
[INFO] [stdout]    |                 ^^
[INFO] [stdout] 15 |                 E2(),
[INFO] [stdout]    |                 ^^
[INFO] [stdout] 16 |                 E3(usize),
[INFO] [stdout]    |                 ^^
[INFO] [stdout] 17 |                 E4(u32, (), U),
[INFO] [stdout]    |                 ^^
[INFO] [stdout] 18 |                 E5{name1: T, name2: ()},
[INFO] [stdout]    |                 ^^
[INFO] [stdout] ...
[INFO] [stdout] 37 | make_test!(Ord, Eq, PartialOrd, PartialEq; ord);
[INFO] [stdout]    | -----------------------------------------------
[INFO] [stdout]    | |
[INFO] [stdout]    | in this macro invocation
[INFO] [stdout]    | in this macro invocation
[INFO] [stdout]    | in this macro invocation
[INFO] [stdout]    | in this macro invocation
[INFO] [stdout]    | in this macro invocation
[INFO] [stdout]    |
[INFO] [stdout]    = note: this warning originates in the macro `make_test` (in Nightly builds, run with -Z macro-backtrace for more info)
[INFO] [stdout] 
[INFO] [stdout] 
[INFO] [stdout] warning: variants `E1`, `E2`, `E3`, `E4`, and `E5` are never constructed
[INFO] [stdout]   --> tests/perfect_derive_simple_generic_macro.rs:14:17
[INFO] [stdout]    |
[INFO] [stdout] 13 |             enum Enum<U, T> {
[INFO] [stdout]    |                  ---- variants in this enum
[INFO] [stdout] 14 |                 E1,
[INFO] [stdout]    |                 ^^
[INFO] [stdout] 15 |                 E2(),
[INFO] [stdout]    |                 ^^
[INFO] [stdout] 16 |                 E3(usize),
[INFO] [stdout]    |                 ^^
[INFO] [stdout] 17 |                 E4(u32, (), U),
[INFO] [stdout]    |                 ^^
[INFO] [stdout] 18 |                 E5{name1: T, name2: ()},
[INFO] [stdout]    |                 ^^
[INFO] [stdout] ...
[INFO] [stdout] 38 | make_test!(PartialOrd, PartialEq; pord);
[INFO] [stdout]    | ---------------------------------------
[INFO] [stdout]    | |
[INFO] [stdout]    | in this macro invocation
[INFO] [stdout]    | in this macro invocation
[INFO] [stdout]    | in this macro invocation
[INFO] [stdout]    | in this macro invocation
[INFO] [stdout]    | in this macro invocation
[INFO] [stdout]    |
[INFO] [stdout]    = note: this warning originates in the macro `make_test` (in Nightly builds, run with -Z macro-backtrace for more info)
[INFO] [stdout] 
[INFO] [stdout] 
[INFO] [stdout] warning: 2 warnings emitted
[INFO] [stdout] 
[INFO] [stdout] 
[INFO] [stdout] warning: 18 warnings emitted
[INFO] [stdout] 
[INFO] [stdout] 
[INFO] [stdout] warning: 16 warnings emitted
[INFO] [stdout] 
[INFO] [stdout] 
[INFO] [stderr]     Finished test [unoptimized + debuginfo] target(s) in 11.87s
[INFO] running `Command { std: "docker" "inspect" "8c7e78706f5eb15975765169fa461fd60ac4fdda765c364ca970653ac4c598db", kill_on_drop: false }`
[INFO] running `Command { std: "docker" "rm" "-f" "8c7e78706f5eb15975765169fa461fd60ac4fdda765c364ca970653ac4c598db", kill_on_drop: false }`
[INFO] [stdout] 8c7e78706f5eb15975765169fa461fd60ac4fdda765c364ca970653ac4c598db
[INFO] running `Command { std: "docker" "create" "-v" "/var/lib/crater-agent-workspace/builds/worker-5-tc1/target:/opt/rustwide/target:rw,Z" "-v" "/var/lib/crater-agent-workspace/builds/worker-5-tc1/source:/opt/rustwide/workdir:ro,Z" "-v" "/var/lib/crater-agent-workspace/cargo-home:/opt/rustwide/cargo-home:ro,Z" "-v" "/var/lib/crater-agent-workspace/rustup-home:/opt/rustwide/rustup-home:ro,Z" "-e" "SOURCE_DIR=/opt/rustwide/workdir" "-e" "CARGO_TARGET_DIR=/opt/rustwide/target" "-e" "CARGO_INCREMENTAL=0" "-e" "RUST_BACKTRACE=full" "-e" "RUSTFLAGS=--cap-lints=warn" "-e" "RUSTDOCFLAGS=--cap-lints=warn" "-e" "CARGO_HOME=/opt/rustwide/cargo-home" "-e" "RUSTUP_HOME=/opt/rustwide/rustup-home" "-w" "/opt/rustwide/workdir" "-m" "1610612736" "--user" "0:0" "--network" "none" "ghcr.io/rust-lang/crates-build-env/linux@sha256:97d61d7686bf65f8ecb15491ab51835e82dc9176a96a831f143a431b191fc501" "/opt/rustwide/cargo-home/bin/cargo" "+1.69.0" "test" "--frozen", kill_on_drop: false }`
[INFO] [stdout] 4206bd91788100a62f0dd23cd12bb731c61cd4a9ef4488a69b89d36aba0e51f3
[INFO] running `Command { std: "docker" "start" "-a" "4206bd91788100a62f0dd23cd12bb731c61cd4a9ef4488a69b89d36aba0e51f3", kill_on_drop: false }`
[INFO] [stderr] warning: private type `copy::Struct` in public interface (error E0446)
[INFO] [stderr]   --> tests/perfect_derive_base_macro.rs:23:13
[INFO] [stderr]    |
[INFO] [stderr] 23 | /             pub fn $method_name()
[INFO] [stderr] 24 | |             where
[INFO] [stderr] 25 | |                 Struct: $trait_name,
[INFO] [stderr] 26 | |                 Enum: $trait_name,
[INFO] [stderr]    | |__________________________________^
[INFO] [stderr] ...
[INFO] [stderr] 34 |   make_test!(Copy, Clone; copy);
[INFO] [stderr]    |   ----------------------------- in this macro invocation
[INFO] [stderr]    |
[INFO] [stderr]    = warning: this was previously accepted by the compiler but is being phased out; it will become a hard error in a future release!
[INFO] [stderr]    = note: for more information, see issue #34537 <https://github.com/rust-lang/rust/issues/34537>
[INFO] [stderr]    = note: `#[warn(private_in_public)]` on by default
[INFO] [stderr]    = note: this warning originates in the macro `make_test` (in Nightly builds, run with -Z macro-backtrace for more info)
[INFO] [stderr] 
[INFO] [stderr] warning: private type `copy::Enum` in public interface (error E0446)
[INFO] [stderr]   --> tests/perfect_derive_base_macro.rs:23:13
[INFO] [stderr]    |
[INFO] [stderr] 23 | /             pub fn $method_name()
[INFO] [stderr] 24 | |             where
[INFO] [stderr] 25 | |                 Struct: $trait_name,
[INFO] [stderr] 26 | |                 Enum: $trait_name,
[INFO] [stderr]    | |__________________________________^
[INFO] [stderr] ...
[INFO] [stderr] 34 |   make_test!(Copy, Clone; copy);
[INFO] [stderr]    |   ----------------------------- in this macro invocation
[INFO] [stderr]    |
[INFO] [stderr]    = warning: this was previously accepted by the compiler but is being phased out; it will become a hard error in a future release!
[INFO] [stderr]    = note: for more information, see issue #34537 <https://github.com/rust-lang/rust/issues/34537>
[INFO] [stderr]    = note: this warning originates in the macro `make_test` (in Nightly builds, run with -Z macro-backtrace for more info)
[INFO] [stderr] 
[INFO] [stderr] warning: private type `clone::Struct` in public interface (error E0446)
[INFO] [stderr]   --> tests/perfect_derive_base_macro.rs:23:13
[INFO] [stderr]    |
[INFO] [stderr] 23 | /             pub fn $method_name()
[INFO] [stderr] 24 | |             where
[INFO] [stderr] 25 | |                 Struct: $trait_name,
[INFO] [stderr] 26 | |                 Enum: $trait_name,
[INFO] [stderr]    | |__________________________________^
[INFO] [stderr] ...
[INFO] [stderr] 35 |   make_test!(Clone; clone);
[INFO] [stderr]    |   ------------------------ in this macro invocation
[INFO] [stderr]    |
[INFO] [stderr]    = warning: this was previously accepted by the compiler but is being phased out; it will become a hard error in a future release!
[INFO] [stderr]    = note: for more information, see issue #34537 <https://github.com/rust-lang/rust/issues/34537>
[INFO] [stderr]    = note: this warning originates in the macro `make_test` (in Nightly builds, run with -Z macro-backtrace for more info)
[INFO] [stderr] 
[INFO] [stderr] warning: private type `clone::Enum` in public interface (error E0446)
[INFO] [stderr]   --> tests/perfect_derive_base_macro.rs:23:13
[INFO] [stderr]    |
[INFO] [stderr] 23 | /             pub fn $method_name()
[INFO] [stderr] 24 | |             where
[INFO] [stderr] 25 | |                 Struct: $trait_name,
[INFO] [stderr] 26 | |                 Enum: $trait_name,
[INFO] [stderr]    | |__________________________________^
[INFO] [stderr] ...
[INFO] [stderr] 35 |   make_test!(Clone; clone);
[INFO] [stderr]    |   ------------------------ in this macro invocation
[INFO] [stderr]    |
[INFO] [stderr]    = warning: this was previously accepted by the compiler but is being phased out; it will become a hard error in a future release!
[INFO] [stderr]    = note: for more information, see issue #34537 <https://github.com/rust-lang/rust/issues/34537>
[INFO] [stderr]    = note: this warning originates in the macro `make_test` (in Nightly builds, run with -Z macro-backtrace for more info)
[INFO] [stderr] 
[INFO] [stderr] warning: private type `peq::Struct` in public interface (error E0446)
[INFO] [stderr]   --> tests/perfect_derive_base_macro.rs:23:13
[INFO] [stderr]    |
[INFO] [stderr] 23 | /             pub fn $method_name()
[INFO] [stderr] 24 | |             where
[INFO] [stderr] 25 | |                 Struct: $trait_name,
[INFO] [stderr] 26 | |                 Enum: $trait_name,
[INFO] [stderr]    | |__________________________________^
[INFO] [stderr] ...
[INFO] [stderr] 36 |   make_test!(PartialEq; peq);
[INFO] [stderr]    |   -------------------------- in this macro invocation
[INFO] [stderr]    |
[INFO] [stderr]    = warning: this was previously accepted by the compiler but is being phased out; it will become a hard error in a future release!
[INFO] [stderr]    = note: for more information, see issue #34537 <https://github.com/rust-lang/rust/issues/34537>
[INFO] [stderr]    = note: this warning originates in the macro `make_test` (in Nightly builds, run with -Z macro-backtrace for more info)
[INFO] [stderr] 
[INFO] [stderr] warning: private type `peq::Enum` in public interface (error E0446)
[INFO] [stderr]   --> tests/perfect_derive_base_macro.rs:23:13
[INFO] [stderr]    |
[INFO] [stderr] 23 | /             pub fn $method_name()
[INFO] [stderr] 24 | |             where
[INFO] [stderr] 25 | |                 Struct: $trait_name,
[INFO] [stderr] 26 | |                 Enum: $trait_name,
[INFO] [stderr]    | |__________________________________^
[INFO] [stderr] ...
[INFO] [stderr] 36 |   make_test!(PartialEq; peq);
[INFO] [stderr]    |   -------------------------- in this macro invocation
[INFO] [stderr]    |
[INFO] [stderr]    = warning: this was previously accepted by the compiler but is being phased out; it will become a hard error in a future release!
[INFO] [stderr]    = note: for more information, see issue #34537 <https://github.com/rust-lang/rust/issues/34537>
[INFO] [stderr]    = note: this warning originates in the macro `make_test` (in Nightly builds, run with -Z macro-backtrace for more info)
[INFO] [stderr] 
[INFO] [stderr] warning: private type `eq::Struct` in public interface (error E0446)
[INFO] [stderr]   --> tests/perfect_derive_base_macro.rs:23:13
[INFO] [stderr]    |
[INFO] [stderr] 23 | /             pub fn $method_name()
[INFO] [stderr] 24 | |             where
[INFO] [stderr] 25 | |                 Struct: $trait_name,
[INFO] [stderr] 26 | |                 Enum: $trait_name,
[INFO] [stderr]    | |__________________________________^
[INFO] [stderr] ...
[INFO] [stderr] 37 |   make_test!(Eq, PartialEq; eq);
[INFO] [stderr]    |   ----------------------------- in this macro invocation
[INFO] [stderr]    |
[INFO] [stderr]    = warning: this was previously accepted by the compiler but is being phased out; it will become a hard error in a future release!
[INFO] [stderr]    = note: for more information, see issue #34537 <https://github.com/rust-lang/rust/issues/34537>
[INFO] [stderr]    = note: this warning originates in the macro `make_test` (in Nightly builds, run with -Z macro-backtrace for more info)
[INFO] [stderr] 
[INFO] [stderr] warning: private type `eq::Enum` in public interface (error E0446)
[INFO] [stderr]   --> tests/perfect_derive_base_macro.rs:23:13
[INFO] [stderr]    |
[INFO] [stderr] 23 | /             pub fn $method_name()
[INFO] [stderr] 24 | |             where
[INFO] [stderr] 25 | |                 Struct: $trait_name,
[INFO] [stderr] 26 | |                 Enum: $trait_name,
[INFO] [stderr]    | |__________________________________^
[INFO] [stderr] ...
[INFO] [stderr] 37 |   make_test!(Eq, PartialEq; eq);
[INFO] [stderr]    |   ----------------------------- in this macro invocation
[INFO] [stderr]    |
[INFO] [stderr]    = warning: this was previously accepted by the compiler but is being phased out; it will become a hard error in a future release!
[INFO] [stderr]    = note: for more information, see issue #34537 <https://github.com/rust-lang/rust/issues/34537>
[INFO] [stderr]    = note: this warning originates in the macro `make_test` (in Nightly builds, run with -Z macro-backtrace for more info)
[INFO] [stderr] 
[INFO] [stderr] warning: private type `ord::Struct` in public interface (error E0446)
[INFO] [stderr]   --> tests/perfect_derive_base_macro.rs:23:13
[INFO] [stderr]    |
[INFO] [stderr] 23 | /             pub fn $method_name()
[INFO] [stderr] 24 | |             where
[INFO] [stderr] 25 | |                 Struct: $trait_name,
[INFO] [stderr] 26 | |                 Enum: $trait_name,
[INFO] [stderr]    | |__________________________________^
[INFO] [stderr] ...
[INFO] [stderr] 38 |   make_test!(Ord, Eq, PartialOrd, PartialEq; ord);
[INFO] [stderr]    |   ----------------------------------------------- in this macro invocation
[INFO] [stderr]    |
[INFO] [stderr]    = warning: this was previously accepted by the compiler but is being phased out; it will become a hard error in a future release!
[INFO] [stderr]    = note: for more information, see issue #34537 <https://github.com/rust-lang/rust/issues/34537>
[INFO] [stderr]    = note: this warning originates in the macro `make_test` (in Nightly builds, run with -Z macro-backtrace for more info)
[INFO] [stderr] 
[INFO] [stderr] warning: private type `ord::Enum` in public interface (error E0446)
[INFO] [stderr]   --> tests/perfect_derive_base_macro.rs:23:13
[INFO] [stderr]    |
[INFO] [stderr] 23 | /             pub fn $method_name()
[INFO] [stderr] 24 | |             where
[INFO] [stderr] 25 | |                 Struct: $trait_name,
[INFO] [stderr] 26 | |                 Enum: $trait_name,
[INFO] [stderr]    | |__________________________________^
[INFO] [stderr] ...
[INFO] [stderr] 38 |   make_test!(Ord, Eq, PartialOrd, PartialEq; ord);
[INFO] [stderr]    |   ----------------------------------------------- in this macro invocation
[INFO] [stderr]    |
[INFO] [stderr]    = warning: this was previously accepted by the compiler but is being phased out; it will become a hard error in a future release!
[INFO] [stderr]    = note: for more information, see issue #34537 <https://github.com/rust-lang/rust/issues/34537>
[INFO] [stderr]    = note: this warning originates in the macro `make_test` (in Nightly builds, run with -Z macro-backtrace for more info)
[INFO] [stderr] 
[INFO] [stderr] warning: private type `pord::Struct` in public interface (error E0446)
[INFO] [stderr]   --> tests/perfect_derive_base_macro.rs:23:13
[INFO] [stderr]    |
[INFO] [stderr] 23 | /             pub fn $method_name()
[INFO] [stderr] 24 | |             where
[INFO] [stderr] 25 | |                 Struct: $trait_name,
[INFO] [stderr] 26 | |                 Enum: $trait_name,
[INFO] [stderr]    | |__________________________________^
[INFO] [stderr] ...
[INFO] [stderr] 39 |   make_test!(PartialOrd, PartialEq; pord);
[INFO] [stderr]    |   --------------------------------------- in this macro invocation
[INFO] [stderr]    |
[INFO] [stderr]    = warning: this was previously accepted by the compiler but is being phased out; it will become a hard error in a future release!
[INFO] [stderr]    = note: for more information, see issue #34537 <https://github.com/rust-lang/rust/issues/34537>
[INFO] [stderr]    = note: this warning originates in the macro `make_test` (in Nightly builds, run with -Z macro-backtrace for more info)
[INFO] [stderr] 
[INFO] [stderr] warning: private type `pord::Enum` in public interface (error E0446)
[INFO] [stderr]   --> tests/perfect_derive_base_macro.rs:23:13
[INFO] [stderr]    |
[INFO] [stderr] 23 | /             pub fn $method_name()
[INFO] [stderr] 24 | |             where
[INFO] [stderr] 25 | |                 Struct: $trait_name,
[INFO] [stderr] 26 | |                 Enum: $trait_name,
[INFO] [stderr]    | |__________________________________^
[INFO] [stderr] ...
[INFO] [stderr] 39 |   make_test!(PartialOrd, PartialEq; pord);
[INFO] [stderr]    |   --------------------------------------- in this macro invocation
[INFO] [stderr]    |
[INFO] [stderr]    = warning: this was previously accepted by the compiler but is being phased out; it will become a hard error in a future release!
[INFO] [stderr]    = note: for more information, see issue #34537 <https://github.com/rust-lang/rust/issues/34537>
[INFO] [stderr]    = note: this warning originates in the macro `make_test` (in Nightly builds, run with -Z macro-backtrace for more info)
[INFO] [stderr] 
[INFO] [stderr] warning: private type `DefaultableEnum` in public interface (error E0446)
[INFO] [stderr]    --> tests/perfect_derive_base_macro.rs:101:1
[INFO] [stderr]     |
[INFO] [stderr] 101 | / pub fn defaultable_enum_is_default()
[INFO] [stderr] 102 | | where
[INFO] [stderr] 103 | |     DefaultableEnum: Default,
[INFO] [stderr]     | |_____________________________^
[INFO] [stderr]     |
[INFO] [stderr]     = warning: this was previously accepted by the compiler but is being phased out; it will become a hard error in a future release!
[INFO] [stderr]     = note: for more information, see issue #34537 <https://github.com/rust-lang/rust/issues/34537>
[INFO] [stderr] 
[INFO] [stderr] warning: variant `E1` is never constructed
[INFO] [stderr]   --> tests/perfect_derive_base_macro.rs:95:5
[INFO] [stderr]    |
[INFO] [stderr] 94 | enum DefaultableEnum {
[INFO] [stderr]    |      --------------- variant in this enum
[INFO] [stderr] 95 |     E1(NonDefaultable),
[INFO] [stderr]    |     ^^
[INFO] [stderr]    |
[INFO] [stderr]    = note: `#[warn(dead_code)]` on by default
[INFO] [stderr] 
[INFO] [stderr] warning: variants `E1`, `E2`, `E3`, `E4`, and `E5` are never constructed
[INFO] [stderr]   --> tests/perfect_derive_base_macro.rs:15:17
[INFO] [stderr]    |
[INFO] [stderr] 14 |             enum Enum {
[INFO] [stderr]    |                  ---- variants in this enum
[INFO] [stderr] 15 |                 E1,
[INFO] [stderr]    |                 ^^
[INFO] [stderr] 16 |                 E2(),
[INFO] [stderr]    |                 ^^
[INFO] [stderr] 17 |                 E3(usize),
[INFO] [stderr]    |                 ^^
[INFO] [stderr] 18 |                 E4(u32, ()),
[INFO] [stderr]    |                 ^^
[INFO] [stderr] 19 |                 E5{name1: u32, name2: ()},
[INFO] [stderr]    |                 ^^
[INFO] [stderr] ...
[INFO] [stderr] 36 | make_test!(PartialEq; peq);
[INFO] [stderr]    | --------------------------
[INFO] [stderr]    | |
[INFO] [stderr]    | in this macro invocation
[INFO] [stderr]    | in this macro invocation
[INFO] [stderr]    | in this macro invocation
[INFO] [stderr]    | in this macro invocation
[INFO] [stderr]    | in this macro invocation
[INFO] [stderr]    |
[INFO] [stderr]    = note: this warning originates in the macro `make_test` (in Nightly builds, run with -Z macro-backtrace for more info)
[INFO] [stderr] 
[INFO] [stderr] warning: variants `E1`, `E2`, `E3`, `E4`, and `E5` are never constructed
[INFO] [stderr]   --> tests/perfect_derive_base_macro.rs:15:17
[INFO] [stderr]    |
[INFO] [stderr] 14 |             enum Enum {
[INFO] [stderr]    |                  ---- variants in this enum
[INFO] [stderr] 15 |                 E1,
[INFO] [stderr]    |                 ^^
[INFO] [stderr] 16 |                 E2(),
[INFO] [stderr]    |                 ^^
[INFO] [stderr] 17 |                 E3(usize),
[INFO] [stderr]    |                 ^^
[INFO] [stderr] 18 |                 E4(u32, ()),
[INFO] [stderr]    |                 ^^
[INFO] [stderr] 19 |                 E5{name1: u32, name2: ()},
[INFO] [stderr]    |                 ^^
[INFO] [stderr] ...
[INFO] [stderr] 37 | make_test!(Eq, PartialEq; eq);
[INFO] [stderr]    | -----------------------------
[INFO] [stderr]    | |
[INFO] [stderr]    | in this macro invocation
[INFO] [stderr]    | in this macro invocation
[INFO] [stderr]    | in this macro invocation
[INFO] [stderr]    | in this macro invocation
[INFO] [stderr]    | in this macro invocation
[INFO] [stderr]    |
[INFO] [stderr]    = note: this warning originates in the macro `make_test` (in Nightly builds, run with -Z macro-backtrace for more info)
[INFO] [stderr] 
[INFO] [stderr] warning: variants `E1`, `E2`, `E3`, `E4`, and `E5` are never constructed
[INFO] [stderr]   --> tests/perfect_derive_base_macro.rs:15:17
[INFO] [stderr]    |
[INFO] [stderr] 14 |             enum Enum {
[INFO] [stderr]    |                  ---- variants in this enum
[INFO] [stderr] 15 |                 E1,
[INFO] [stderr]    |                 ^^
[INFO] [stderr] 16 |                 E2(),
[INFO] [stderr]    |                 ^^
[INFO] [stderr] 17 |                 E3(usize),
[INFO] [stderr]    |                 ^^
[INFO] [stderr] 18 |                 E4(u32, ()),
[INFO] [stderr]    |                 ^^
[INFO] [stderr] 19 |                 E5{name1: u32, name2: ()},
[INFO] [stderr]    |                 ^^
[INFO] [stderr] ...
[INFO] [stderr] 38 | make_test!(Ord, Eq, PartialOrd, PartialEq; ord);
[INFO] [stderr]    | -----------------------------------------------
[INFO] [stderr]    | |
[INFO] [stderr]    | in this macro invocation
[INFO] [stderr]    | in this macro invocation
[INFO] [stderr]    | in this macro invocation
[INFO] [stderr]    | in this macro invocation
[INFO] [stderr]    | in this macro invocation
[INFO] [stderr]    |
[INFO] [stderr]    = note: this warning originates in the macro `make_test` (in Nightly builds, run with -Z macro-backtrace for more info)
[INFO] [stderr] 
[INFO] [stderr] warning: variants `E1`, `E2`, `E3`, `E4`, and `E5` are never constructed
[INFO] [stderr]   --> tests/perfect_derive_base_macro.rs:15:17
[INFO] [stderr]    |
[INFO] [stderr] 14 |             enum Enum {
[INFO] [stderr]    |                  ---- variants in this enum
[INFO] [stderr] 15 |                 E1,
[INFO] [stderr]    |                 ^^
[INFO] [stderr] 16 |                 E2(),
[INFO] [stderr]    |                 ^^
[INFO] [stderr] 17 |                 E3(usize),
[INFO] [stderr]    |                 ^^
[INFO] [stderr] 18 |                 E4(u32, ()),
[INFO] [stderr]    |                 ^^
[INFO] [stderr] 19 |                 E5{name1: u32, name2: ()},
[INFO] [stderr]    |                 ^^
[INFO] [stderr] ...
[INFO] [stderr] 39 | make_test!(PartialOrd, PartialEq; pord);
[INFO] [stderr]    | ---------------------------------------
[INFO] [stderr]    | |
[INFO] [stderr]    | in this macro invocation
[INFO] [stderr]    | in this macro invocation
[INFO] [stderr]    | in this macro invocation
[INFO] [stderr]    | in this macro invocation
[INFO] [stderr]    | in this macro invocation
[INFO] [stderr]    |
[INFO] [stderr]    = note: this warning originates in the macro `make_test` (in Nightly builds, run with -Z macro-backtrace for more info)
[INFO] [stderr] 
[INFO] [stderr] warning: private type `copy::Struct<u32, usize>` in public interface (error E0446)
[INFO] [stderr]   --> tests/perfect_derive_simple_generic_macro.rs:22:13
[INFO] [stderr]    |
[INFO] [stderr] 22 | /             pub fn $method_name()
[INFO] [stderr] 23 | |             where
[INFO] [stderr] 24 | |                 Struct<u32, usize>: $trait_name,
[INFO] [stderr] 25 | |                 Enum<i64, ()>: $trait_name,
[INFO] [stderr]    | |___________________________________________^
[INFO] [stderr] ...
[INFO] [stderr] 33 |   make_test!(Copy, Clone; copy);
[INFO] [stderr]    |   ----------------------------- in this macro invocation
[INFO] [stderr]    |
[INFO] [stderr]    = warning: this was previously accepted by the compiler but is being phased out; it will become a hard error in a future release!
[INFO] [stderr]    = note: for more information, see issue #34537 <https://github.com/rust-lang/rust/issues/34537>
[INFO] [stderr]    = note: `#[warn(private_in_public)]` on by default
[INFO] [stderr]    = note: this warning originates in the macro `make_test` (in Nightly builds, run with -Z macro-backtrace for more info)
[INFO] [stderr] 
[INFO] [stderr] warning: private type `copy::Enum<i64, ()>` in public interface (error E0446)
[INFO] [stderr]   --> tests/perfect_derive_simple_generic_macro.rs:22:13
[INFO] [stderr]    |
[INFO] [stderr] 22 | /             pub fn $method_name()
[INFO] [stderr] 23 | |             where
[INFO] [stderr] 24 | |                 Struct<u32, usize>: $trait_name,
[INFO] [stderr] 25 | |                 Enum<i64, ()>: $trait_name,
[INFO] [stderr]    | |___________________________________________^
[INFO] [stderr] ...
[INFO] [stderr] 33 |   make_test!(Copy, Clone; copy);
[INFO] [stderr]    |   ----------------------------- in this macro invocation
[INFO] [stderr]    |
[INFO] [stderr]    = warning: this was previously accepted by the compiler but is being phased out; it will become a hard error in a future release!
[INFO] [stderr]    = note: for more information, see issue #34537 <https://github.com/rust-lang/rust/issues/34537>
[INFO] [stderr]    = note: this warning originates in the macro `make_test` (in Nightly builds, run with -Z macro-backtrace for more info)
[INFO] [stderr] 
[INFO] [stderr] warning: private type `clone::Struct<u32, usize>` in public interface (error E0446)
[INFO] [stderr]   --> tests/perfect_derive_simple_generic_macro.rs:22:13
[INFO] [stderr]    |
[INFO] [stderr] 22 | /             pub fn $method_name()
[INFO] [stderr] 23 | |             where
[INFO] [stderr] 24 | |                 Struct<u32, usize>: $trait_name,
[INFO] [stderr] 25 | |                 Enum<i64, ()>: $trait_name,
[INFO] [stderr]    | |___________________________________________^
[INFO] [stderr] ...
[INFO] [stderr] 34 |   make_test!(Clone; clone);
[INFO] [stderr]    |   ------------------------ in this macro invocation
[INFO] [stderr]    |
[INFO] [stderr]    = warning: this was previously accepted by the compiler but is being phased out; it will become a hard error in a future release!
[INFO] [stderr]    = note: for more information, see issue #34537 <https://github.com/rust-lang/rust/issues/34537>
[INFO] [stderr]    = note: this warning originates in the macro `make_test` (in Nightly builds, run with -Z macro-backtrace for more info)
[INFO] [stderr] 
[INFO] [stderr] warning: private type `clone::Enum<i64, ()>` in public interface (error E0446)
[INFO] [stderr]   --> tests/perfect_derive_simple_generic_macro.rs:22:13
[INFO] [stderr]    |
[INFO] [stderr] 22 | /             pub fn $method_name()
[INFO] [stderr] 23 | |             where
[INFO] [stderr] 24 | |                 Struct<u32, usize>: $trait_name,
[INFO] [stderr] 25 | |                 Enum<i64, ()>: $trait_name,
[INFO] [stderr]    | |___________________________________________^
[INFO] [stderr] ...
[INFO] [stderr] 34 |   make_test!(Clone; clone);
[INFO] [stderr]    |   ------------------------ in this macro invocation
[INFO] [stderr]    |
[INFO] [stderr]    = warning: this was previously accepted by the compiler but is being phased out; it will become a hard error in a future release!
[INFO] [stderr]    = note: for more information, see issue #34537 <https://github.com/rust-lang/rust/issues/34537>
[INFO] [stderr]    = note: this warning originates in the macro `make_test` (in Nightly builds, run with -Z macro-backtrace for more info)
[INFO] [stderr] 
[INFO] [stderr] warning: private type `peq::Struct<u32, usize>` in public interface (error E0446)
[INFO] [stderr]   --> tests/perfect_derive_simple_generic_macro.rs:22:13
[INFO] [stderr]    |
[INFO] [stderr] 22 | /             pub fn $method_name()
[INFO] [stderr] 23 | |             where
[INFO] [stderr] 24 | |                 Struct<u32, usize>: $trait_name,
[INFO] [stderr] 25 | |                 Enum<i64, ()>: $trait_name,
[INFO] [stderr]    | |___________________________________________^
[INFO] [stderr] ...
[INFO] [stderr] 35 |   make_test!(PartialEq; peq);
[INFO] [stderr]    |   -------------------------- in this macro invocation
[INFO] [stderr]    |
[INFO] [stderr]    = warning: this was previously accepted by the compiler but is being phased out; it will become a hard error in a future release!
[INFO] [stderr]    = note: for more information, see issue #34537 <https://github.com/rust-lang/rust/issues/34537>
[INFO] [stderr]    = note: this warning originates in the macro `make_test` (in Nightly builds, run with -Z macro-backtrace for more info)
[INFO] [stderr] 
[INFO] [stderr] warning: private type `peq::Enum<i64, ()>` in public interface (error E0446)
[INFO] [stderr]   --> tests/perfect_derive_simple_generic_macro.rs:22:13
[INFO] [stderr]    |
[INFO] [stderr] 22 | /             pub fn $method_name()
[INFO] [stderr] 23 | |             where
[INFO] [stderr] 24 | |                 Struct<u32, usize>: $trait_name,
[INFO] [stderr] 25 | |                 Enum<i64, ()>: $trait_name,
[INFO] [stderr]    | |___________________________________________^
[INFO] [stderr] ...
[INFO] [stderr] 35 |   make_test!(PartialEq; peq);
[INFO] [stderr]    |   -------------------------- in this macro invocation
[INFO] [stderr]    |
[INFO] [stderr]    = warning: this was previously accepted by the compiler but is being phased out; it will become a hard error in a future release!
[INFO] [stderr]    = note: for more information, see issue #34537 <https://github.com/rust-lang/rust/issues/34537>
[INFO] [stderr]    = note: this warning originates in the macro `make_test` (in Nightly builds, run with -Z macro-backtrace for more info)
[INFO] [stderr] 
[INFO] [stderr] warning: private type `eq::Struct<u32, usize>` in public interface (error E0446)
[INFO] [stderr]   --> tests/perfect_derive_simple_generic_macro.rs:22:13
[INFO] [stderr]    |
[INFO] [stderr] 22 | /             pub fn $method_name()
[INFO] [stderr] 23 | |             where
[INFO] [stderr] 24 | |                 Struct<u32, usize>: $trait_name,
[INFO] [stderr] 25 | |                 Enum<i64, ()>: $trait_name,
[INFO] [stderr]    | |___________________________________________^
[INFO] [stderr] ...
[INFO] [stderr] 36 |   make_test!(Eq, PartialEq; eq);
[INFO] [stderr]    |   ----------------------------- in this macro invocation
[INFO] [stderr]    |
[INFO] [stderr]    = warning: this was previously accepted by the compiler but is being phased out; it will become a hard error in a future release!
[INFO] [stderr]    = note: for more information, see issue #34537 <https://github.com/rust-lang/rust/issues/34537>
[INFO] [stderr]    = note: this warning originates in the macro `make_test` (in Nightly builds, run with -Z macro-backtrace for more info)
[INFO] [stderr] 
[INFO] [stderr] warning: private type `eq::Enum<i64, ()>` in public interface (error E0446)
[INFO] [stderr]   --> tests/perfect_derive_simple_generic_macro.rs:22:13
[INFO] [stderr]    |
[INFO] [stderr] 22 | /             pub fn $method_name()
[INFO] [stderr] 23 | |             where
[INFO] [stderr] 24 | |                 Struct<u32, usize>: $trait_name,
[INFO] [stderr] 25 | |                 Enum<i64, ()>: $trait_name,
[INFO] [stderr]    | |___________________________________________^
[INFO] [stderr] ...
[INFO] [stderr] 36 |   make_test!(Eq, PartialEq; eq);
[INFO] [stderr]    |   ----------------------------- in this macro invocation
[INFO] [stderr]    |
[INFO] [stderr]    = warning: this was previously accepted by the compiler but is being phased out; it will become a hard error in a future release!
[INFO] [stderr]    = note: for more information, see issue #34537 <https://github.com/rust-lang/rust/issues/34537>
[INFO] [stderr]    = note: this warning originates in the macro `make_test` (in Nightly builds, run with -Z macro-backtrace for more info)
[INFO] [stderr] 
[INFO] [stderr] warning: private type `ord::Struct<u32, usize>` in public interface (error E0446)
[INFO] [stderr]   --> tests/perfect_derive_simple_generic_macro.rs:22:13
[INFO] [stderr]    |
[INFO] [stderr] 22 | /             pub fn $method_name()
[INFO] [stderr] 23 | |             where
[INFO] [stderr] 24 | |                 Struct<u32, usize>: $trait_name,
[INFO] [stderr] 25 | |                 Enum<i64, ()>: $trait_name,
[INFO] [stderr]    | |___________________________________________^
[INFO] [stderr] ...
[INFO] [stderr] 37 |   make_test!(Ord, Eq, PartialOrd, PartialEq; ord);
[INFO] [stderr]    |   ----------------------------------------------- in this macro invocation
[INFO] [stderr]    |
[INFO] [stderr]    = warning: this was previously accepted by the compiler but is being phased out; it will become a hard error in a future release!
[INFO] [stderr]    = note: for more information, see issue #34537 <https://github.com/rust-lang/rust/issues/34537>
[INFO] [stderr]    = note: this warning originates in the macro `make_test` (in Nightly builds, run with -Z macro-backtrace for more info)
[INFO] [stderr] 
[INFO] [stderr] warning: private type `ord::Enum<i64, ()>` in public interface (error E0446)
[INFO] [stderr]   --> tests/perfect_derive_simple_generic_macro.rs:22:13
[INFO] [stderr]    |
[INFO] [stderr] 22 | /             pub fn $method_name()
[INFO] [stderr] 23 | |             where
[INFO] [stderr] 24 | |                 Struct<u32, usize>: $trait_name,
[INFO] [stderr] 25 | |                 Enum<i64, ()>: $trait_name,
[INFO] [stderr]    | |___________________________________________^
[INFO] [stderr] ...
[INFO] [stderr] 37 |   make_test!(Ord, Eq, PartialOrd, PartialEq; ord);
[INFO] [stderr]    |   ----------------------------------------------- in this macro invocation
[INFO] [stderr]    |
[INFO] [stderr]    = warning: this was previously accepted by the compiler but is being phased out; it will become a hard error in a future release!
[INFO] [stderr]    = note: for more information, see issue #34537 <https://github.com/rust-lang/rust/issues/34537>
[INFO] [stderr]    = note: this warning originates in the macro `make_test` (in Nightly builds, run with -Z macro-backtrace for more info)
[INFO] [stderr] 
[INFO] [stderr] warning: private type `pord::Struct<u32, usize>` in public interface (error E0446)
[INFO] [stderr]   --> tests/perfect_derive_simple_generic_macro.rs:22:13
[INFO] [stderr]    |
[INFO] [stderr] 22 | /             pub fn $method_name()
[INFO] [stderr] 23 | |             where
[INFO] [stderr] 24 | |                 Struct<u32, usize>: $trait_name,
[INFO] [stderr] 25 | |                 Enum<i64, ()>: $trait_name,
[INFO] [stderr]    | |___________________________________________^
[INFO] [stderr] ...
[INFO] [stderr] 38 |   make_test!(PartialOrd, PartialEq; pord);
[INFO] [stderr]    |   --------------------------------------- in this macro invocation
[INFO] [stderr]    |
[INFO] [stderr]    = warning: this was previously accepted by the compiler but is being phased out; it will become a hard error in a future release!
[INFO] [stderr]    = note: for more information, see issue #34537 <https://github.com/rust-lang/rust/issues/34537>
[INFO] [stderr]    = note: this warning originates in the macro `make_test` (in Nightly builds, run with -Z macro-backtrace for more info)
[INFO] [stderr] 
[INFO] [stderr] warning: private type `pord::Enum<i64, ()>` in public interface (error E0446)
[INFO] [stderr]   --> tests/perfect_derive_simple_generic_macro.rs:22:13
[INFO] [stderr]    |
[INFO] [stderr] 22 | /             pub fn $method_name()
[INFO] [stderr] 23 | |             where
[INFO] [stderr] 24 | |                 Struct<u32, usize>: $trait_name,
[INFO] [stderr] 25 | |                 Enum<i64, ()>: $trait_name,
[INFO] [stderr]    | |___________________________________________^
[INFO] [stderr] ...
[INFO] [stderr] 38 |   make_test!(PartialOrd, PartialEq; pord);
[INFO] [stderr]    |   --------------------------------------- in this macro invocation
[INFO] [stderr]    |
[INFO] [stderr]    = warning: this was previously accepted by the compiler but is being phased out; it will become a hard error in a future release!
[INFO] [stderr]    = note: for more information, see issue #34537 <https://github.com/rust-lang/rust/issues/34537>
[INFO] [stderr]    = note: this warning originates in the macro `make_test` (in Nightly builds, run with -Z macro-backtrace for more info)
[INFO] [stderr] 
[INFO] [stderr] warning: variants `E1`, `E2`, `E3`, `E4`, and `E5` are never constructed
[INFO] [stderr]   --> tests/perfect_derive_simple_generic_macro.rs:14:17
[INFO] [stderr]    |
[INFO] [stderr] 13 |             enum Enum<U, T> {
[INFO] [stderr]    |                  ---- variants in this enum
[INFO] [stderr] 14 |                 E1,
[INFO] [stderr]    |                 ^^
[INFO] [stderr] 15 |                 E2(),
[INFO] [stderr]    |                 ^^
[INFO] [stderr] 16 |                 E3(usize),
[INFO] [stderr]    |                 ^^
[INFO] [stderr] 17 |                 E4(u32, (), U),
[INFO] [stderr]    |                 ^^
[INFO] [stderr] 18 |                 E5{name1: T, name2: ()},
[INFO] [stderr]    |                 ^^
[INFO] [stderr] ...
[INFO] [stderr] 35 | make_test!(PartialEq; peq);
[INFO] [stderr]    | --------------------------
[INFO] [stderr]    | |
[INFO] [stderr]    | in this macro invocation
[INFO] [stderr]    | in this macro invocation
[INFO] [stderr]    | in this macro invocation
[INFO] [stderr]    | in this macro invocation
[INFO] [stderr]    | in this macro invocation
[INFO] [stderr]    |
[INFO] [stderr]    = note: `#[warn(dead_code)]` on by default
[INFO] [stderr]    = note: this warning originates in the macro `make_test` (in Nightly builds, run with -Z macro-backtrace for more info)
[INFO] [stderr] 
[INFO] [stderr] warning: variants `E1`, `E2`, `E3`, `E4`, and `E5` are never constructed
[INFO] [stderr]   --> tests/perfect_derive_simple_generic_macro.rs:14:17
[INFO] [stderr]    |
[INFO] [stderr] 13 |             enum Enum<U, T> {
[INFO] [stderr]    |                  ---- variants in this enum
[INFO] [stderr] 14 |                 E1,
[INFO] [stderr]    |                 ^^
[INFO] [stderr] 15 |                 E2(),
[INFO] [stderr]    |                 ^^
[INFO] [stderr] 16 |                 E3(usize),
[INFO] [stderr]    |                 ^^
[INFO] [stderr] 17 |                 E4(u32, (), U),
[INFO] [stderr]    |                 ^^
[INFO] [stderr] 18 |                 E5{name1: T, name2: ()},
[INFO] [stderr]    |                 ^^
[INFO] [stderr] ...
[INFO] [stderr] 36 | make_test!(Eq, PartialEq; eq);
[INFO] [stderr]    | -----------------------------
[INFO] [stderr]    | |
[INFO] [stderr]    | in this macro invocation
[INFO] [stderr]    | in this macro invocation
[INFO] [stderr]    | in this macro invocation
[INFO] [stderr]    | in this macro invocation
[INFO] [stderr]    | in this macro invocation
[INFO] [stderr]    |
[INFO] [stderr]    = note: this warning originates in the macro `make_test` (in Nightly builds, run with -Z macro-backtrace for more info)
[INFO] [stderr] 
[INFO] [stderr] warning: variants `E1`, `E2`, `E3`, `E4`, and `E5` are never constructed
[INFO] [stderr]   --> tests/perfect_derive_simple_generic_macro.rs:14:17
[INFO] [stderr]    |
[INFO] [stderr] 13 |             enum Enum<U, T> {
[INFO] [stderr]    |                  ---- variants in this enum
[INFO] [stderr] 14 |                 E1,
[INFO] [stderr]    |                 ^^
[INFO] [stderr] 15 |                 E2(),
[INFO] [stderr]    |                 ^^
[INFO] [stderr] 16 |                 E3(usize),
[INFO] [stderr]    |                 ^^
[INFO] [stderr] 17 |                 E4(u32, (), U),
[INFO] [stderr]    |                 ^^
[INFO] [stderr] 18 |                 E5{name1: T, name2: ()},
[INFO] [stderr]    |                 ^^
[INFO] [stderr] ...
[INFO] [stderr] 37 | make_test!(Ord, Eq, PartialOrd, PartialEq; ord);
[INFO] [stderr]    | -----------------------------------------------
[INFO] [stderr]    | |
[INFO] [stderr]    | in this macro invocation
[INFO] [stderr]    | in this macro invocation
[INFO] [stderr]    | in this macro invocation
[INFO] [stderr]    | in this macro invocation
[INFO] [stderr]    | in this macro invocation
[INFO] [stderr]    |
[INFO] [stderr]    = note: this warning originates in the macro `make_test` (in Nightly builds, run with -Z macro-backtrace for more info)
[INFO] [stderr] 
[INFO] [stderr] warning: variants `E1`, `E2`, `E3`, `E4`, and `E5` are never constructed
[INFO] [stderr]   --> tests/perfect_derive_simple_generic_macro.rs:14:17
[INFO] [stderr]    |
[INFO] [stderr] 13 |             enum Enum<U, T> {
[INFO] [stderr]    |                  ---- variants in this enum
[INFO] [stderr] 14 |                 E1,
[INFO] [stderr]    |                 ^^
[INFO] [stderr] 15 |                 E2(),
[INFO] [stderr]    |                 ^^
[INFO] [stderr] 16 |                 E3(usize),
[INFO] [stderr]    |                 ^^
[INFO] [stderr] 17 |                 E4(u32, (), U),
[INFO] [stderr]    |                 ^^
[INFO] [stderr] 18 |                 E5{name1: T, name2: ()},
[INFO] [stderr]    |                 ^^
[INFO] [stderr] ...
[INFO] [stderr] 38 | make_test!(PartialOrd, PartialEq; pord);
[INFO] [stderr]    | ---------------------------------------
[INFO] [stderr]    | |
[INFO] [stderr]    | in this macro invocation
[INFO] [stderr]    | in this macro invocation
[INFO] [stderr]    | in this macro invocation
[INFO] [stderr]    | in this macro invocation
[INFO] [stderr]    | in this macro invocation
[INFO] [stderr]    |
[INFO] [stderr]    = note: this warning originates in the macro `make_test` (in Nightly builds, run with -Z macro-backtrace for more info)
[INFO] [stderr] 
[INFO] [stderr] warning: private type `List<NonClonable>` in public interface (error E0446)
[INFO] [stderr]   --> tests/recursive_generic_tests.rs:22:1
[INFO] [stderr]    |
[INFO] [stderr] 22 | / pub fn functional_list_is_clonable()
[INFO] [stderr] 23 | | where
[INFO] [stderr] 24 | |     List<NonClonable>: Clone,
[INFO] [stderr]    | |_____________________________^
[INFO] [stderr]    |
[INFO] [stderr]    = warning: this was previously accepted by the compiler but is being phased out; it will become a hard error in a future release!
[INFO] [stderr]    = note: for more information, see issue #34537 <https://github.com/rust-lang/rust/issues/34537>
[INFO] [stderr]    = note: `#[warn(private_in_public)]` on by default
[INFO] [stderr] 
[INFO] [stderr] warning: private type `NonClonable` in public interface (error E0446)
[INFO] [stderr]   --> tests/recursive_generic_tests.rs:22:1
[INFO] [stderr]    |
[INFO] [stderr] 22 | / pub fn functional_list_is_clonable()
[INFO] [stderr] 23 | | where
[INFO] [stderr] 24 | |     List<NonClonable>: Clone,
[INFO] [stderr]    | |_____________________________^
[INFO] [stderr]    |
[INFO] [stderr]    = warning: this was previously accepted by the compiler but is being phased out; it will become a hard error in a future release!
[INFO] [stderr]    = note: for more information, see issue #34537 <https://github.com/rust-lang/rust/issues/34537>
[INFO] [stderr] 
[INFO] [stderr] warning: `perfect-derive` (test "perfect_derive_base_macro") generated 18 warnings
[INFO] [stderr] warning: `perfect-derive` (test "perfect_derive_simple_generic_macro") generated 16 warnings
[INFO] [stderr] warning: `perfect-derive` (test "recursive_generic_tests") generated 2 warnings
[INFO] [stderr]     Finished test [unoptimized + debuginfo] target(s) in 0.03s
[INFO] [stderr]      Running unittests src/lib.rs (/opt/rustwide/target/debug/deps/perfect_derive-43099858393e5bad)
[INFO] [stderr]      Running tests/perfect_derive_base_macro.rs (/opt/rustwide/target/debug/deps/perfect_derive_base_macro-3939e379d1db33ea)
[INFO] [stdout] 
[INFO] [stdout] running 0 tests
[INFO] [stdout] 
[INFO] [stdout] test result: ok. 0 passed; 0 failed; 0 ignored; 0 measured; 0 filtered out; finished in 0.00s
[INFO] [stdout] 
[INFO] [stdout] 
[INFO] [stdout] running 10 tests
[INFO] [stdout] test copy::copy ... ok
[INFO] [stdout] test eq::eq ... ok
[INFO] [stdout] test clone::clone ... ok
[INFO] [stdout] test copy_struct_eq ... ok
[INFO] [stdout] test copy_unit_enum_eq ... ok
[INFO] [stdout] test peq::peq ... ok
[INFO] [stdout] test defaultable_enum_is_default ... ok
[INFO] [stdout] test pord::pord ... ok
[INFO] [stdout] test ord::ord ... ok
[INFO] [stdout] test copy_full_enum_eq ... ok
[INFO] [stdout] 
[INFO] [stdout] test result: ok. 10 passed; 0 failed; 0 ignored; 0 measured; 0 filtered out; finished in 0.02s
[INFO] [stdout] 
[INFO] [stderr]      Running tests/perfect_derive_simple_generic_macro.rs (/opt/rustwide/target/debug/deps/perfect_derive_simple_generic_macro-8d3c7faf6515e067)
[INFO] [stdout] 
[INFO] [stdout] running 6 tests
[INFO] [stdout] test clone::clone ... ok
[INFO] [stdout] test eq::eq ... ok
[INFO] [stdout] test ord::ord ... ok
[INFO] [stdout] test peq::peq ... ok
[INFO] [stdout] test pord::pord ... ok
[INFO] [stdout] test copy::copy ... ok
[INFO] [stdout] 
[INFO] [stdout] test result: ok. 6 passed; 0 failed; 0 ignored; 0 measured; 0 filtered out; finished in 0.00s
[INFO] [stdout] 
[INFO] [stderr]      Running tests/recursive_generic_tests.rs (/opt/rustwide/target/debug/deps/recursive_generic_tests-7fc49a16d148a3e7)
[INFO] [stdout] 
[INFO] [stdout] running 1 test
[INFO] [stdout] test functional_list_is_clonable ... ok
[INFO] [stdout] 
[INFO] [stdout] test result: ok. 1 passed; 0 failed; 0 ignored; 0 measured; 0 filtered out; finished in 0.00s
[INFO] [stdout] 
[INFO] [stderr]    Doc-tests perfect-derive
[INFO] [stdout] 
[INFO] [stdout] running 1 test
[INFO] [stdout] test src/lib.rs - perfect_derive (line 28) ... FAILED
[INFO] [stdout] 
[INFO] [stdout] failures:
[INFO] [stdout] 
[INFO] [stdout] ---- src/lib.rs - perfect_derive (line 28) stdout ----
[INFO] [stdout] error[E0433]: failed to resolve: use of undeclared crate or module `thiserror`
[INFO] [stdout]  --> src/lib.rs:31:10
[INFO] [stdout]   |
[INFO] [stdout] 6 | #[derive(thiserror::Error)]
[INFO] [stdout]   |          ^^^^^^^^^ use of undeclared crate or module `thiserror`
[INFO] [stdout] 
[INFO] [stdout] error: cannot find attribute `perfect_derive` in this scope
[INFO] [stdout]  --> src/lib.rs:32:3
[INFO] [stdout]   |
[INFO] [stdout] 7 | #[perfect_derive(Clone, Debug)]
[INFO] [stdout]   |   ^^^^^^^^^^^^^^
[INFO] [stdout]   |
[INFO] [stdout]   = help: consider importing this attribute macro:
[INFO] [stdout]           perfect_derive::perfect_derive
[INFO] [stdout] note: `perfect_derive` is imported here, but it is a crate, not an attribute
[INFO] [stdout]  --> src/lib.rs:27:1
[INFO] [stdout]   |
[INFO] [stdout] 2 | extern crate r#perfect_derive;
[INFO] [stdout]   | ^^^^^^^^^^^^^^^^^^^^^^^^^^^^^^
[INFO] [stdout] 
[INFO] [stdout] error: aborting due to 2 previous errors
[INFO] [stdout] 
[INFO] [stdout] For more information about this error, try `rustc --explain E0433`.
[INFO] [stdout] Couldn't compile the test.
[INFO] [stdout] 
[INFO] [stdout] failures:
[INFO] [stdout]     src/lib.rs - perfect_derive (line 28)
[INFO] [stdout] 
[INFO] [stdout] test result: FAILED. 0 passed; 1 failed; 0 ignored; 0 measured; 0 filtered out; finished in 0.05s
[INFO] [stdout] 
[INFO] [stderr] error: doctest failed, to rerun pass `--doc`
[INFO] running `Command { std: "docker" "inspect" "4206bd91788100a62f0dd23cd12bb731c61cd4a9ef4488a69b89d36aba0e51f3", kill_on_drop: false }`
[INFO] running `Command { std: "docker" "rm" "-f" "4206bd91788100a62f0dd23cd12bb731c61cd4a9ef4488a69b89d36aba0e51f3", kill_on_drop: false }`
[INFO] [stdout] 4206bd91788100a62f0dd23cd12bb731c61cd4a9ef4488a69b89d36aba0e51f3
