[INFO] fetching crate peace_rt_model_native 0.0.9...
[INFO] testing peace_rt_model_native-0.0.9 against 1.69.0 for beta-1.70-1
[INFO] extracting crate peace_rt_model_native 0.0.9 into /workspace/builds/worker-6-tc1/source
[INFO] validating manifest of crates.io crate peace_rt_model_native 0.0.9 on toolchain 1.69.0
[INFO] running `Command { std: CARGO_HOME="/workspace/cargo-home" RUSTUP_HOME="/workspace/rustup-home" "/workspace/cargo-home/bin/cargo" "+1.69.0" "metadata" "--manifest-path" "Cargo.toml" "--no-deps", kill_on_drop: false }`
[INFO] started tweaking crates.io crate peace_rt_model_native 0.0.9
[INFO] finished tweaking crates.io crate peace_rt_model_native 0.0.9
[INFO] tweaked toml for crates.io crate peace_rt_model_native 0.0.9 written to /workspace/builds/worker-6-tc1/source/Cargo.toml
[INFO] running `Command { std: CARGO_HOME="/workspace/cargo-home" RUSTUP_HOME="/workspace/rustup-home" __CARGO_TEST_CHANNEL_OVERRIDE_DO_NOT_USE_THIS="nightly" "/workspace/cargo-home/bin/cargo" "+1.69.0" "generate-lockfile" "--manifest-path" "Cargo.toml" "-Zno-index-update", kill_on_drop: false }`
[INFO] [stderr]     Blocking waiting for file lock on package cache
[INFO] running `Command { std: CARGO_HOME="/workspace/cargo-home" RUSTUP_HOME="/workspace/rustup-home" "/workspace/cargo-home/bin/cargo" "+1.69.0" "fetch" "--manifest-path" "Cargo.toml", kill_on_drop: false }`
[INFO] running `Command { std: "docker" "create" "-v" "/var/lib/crater-agent-workspace/builds/worker-6-tc1/target:/opt/rustwide/target:rw,Z" "-v" "/var/lib/crater-agent-workspace/builds/worker-6-tc1/source:/opt/rustwide/workdir:ro,Z" "-v" "/var/lib/crater-agent-workspace/cargo-home:/opt/rustwide/cargo-home:ro,Z" "-v" "/var/lib/crater-agent-workspace/rustup-home:/opt/rustwide/rustup-home:ro,Z" "-e" "SOURCE_DIR=/opt/rustwide/workdir" "-e" "CARGO_TARGET_DIR=/opt/rustwide/target" "-e" "CARGO_HOME=/opt/rustwide/cargo-home" "-e" "RUSTUP_HOME=/opt/rustwide/rustup-home" "-w" "/opt/rustwide/workdir" "-m" "1610612736" "--user" "0:0" "--network" "none" "ghcr.io/rust-lang/crates-build-env/linux@sha256:5ff2268d62e97bff2cde7d5815dd6ed5b47097566f13b8d0ca110b04b60e07ed" "/opt/rustwide/cargo-home/bin/cargo" "+1.69.0" "metadata" "--no-deps" "--format-version=1", kill_on_drop: false }`
[INFO] [stdout] aa625a7993be0f1b17a26f273082d2dba169f03ca2e5bf7b6f05260f14de38f4
[INFO] running `Command { std: "docker" "start" "-a" "aa625a7993be0f1b17a26f273082d2dba169f03ca2e5bf7b6f05260f14de38f4", kill_on_drop: false }`
[INFO] running `Command { std: "docker" "inspect" "aa625a7993be0f1b17a26f273082d2dba169f03ca2e5bf7b6f05260f14de38f4", kill_on_drop: false }`
[INFO] running `Command { std: "docker" "rm" "-f" "aa625a7993be0f1b17a26f273082d2dba169f03ca2e5bf7b6f05260f14de38f4", kill_on_drop: false }`
[INFO] [stdout] aa625a7993be0f1b17a26f273082d2dba169f03ca2e5bf7b6f05260f14de38f4
[INFO] running `Command { std: "docker" "create" "-v" "/var/lib/crater-agent-workspace/builds/worker-6-tc1/target:/opt/rustwide/target:rw,Z" "-v" "/var/lib/crater-agent-workspace/builds/worker-6-tc1/source:/opt/rustwide/workdir:ro,Z" "-v" "/var/lib/crater-agent-workspace/cargo-home:/opt/rustwide/cargo-home:ro,Z" "-v" "/var/lib/crater-agent-workspace/rustup-home:/opt/rustwide/rustup-home:ro,Z" "-e" "SOURCE_DIR=/opt/rustwide/workdir" "-e" "CARGO_TARGET_DIR=/opt/rustwide/target" "-e" "CARGO_INCREMENTAL=0" "-e" "RUST_BACKTRACE=full" "-e" "RUSTFLAGS=--cap-lints=warn" "-e" "RUSTDOCFLAGS=--cap-lints=warn" "-e" "CARGO_HOME=/opt/rustwide/cargo-home" "-e" "RUSTUP_HOME=/opt/rustwide/rustup-home" "-w" "/opt/rustwide/workdir" "-m" "1610612736" "--user" "0:0" "--network" "none" "ghcr.io/rust-lang/crates-build-env/linux@sha256:5ff2268d62e97bff2cde7d5815dd6ed5b47097566f13b8d0ca110b04b60e07ed" "/opt/rustwide/cargo-home/bin/cargo" "+1.69.0" "build" "--frozen" "--message-format=json", kill_on_drop: false }`
[INFO] [stdout] eefbea635e8e199178d042a72dd092d1042c0f14ea6bdb1e6af5b5ebea336d20
[INFO] running `Command { std: "docker" "start" "-a" "eefbea635e8e199178d042a72dd092d1042c0f14ea6bdb1e6af5b5ebea336d20", kill_on_drop: false }`
[INFO] [stderr]    Compiling serde v1.0.160
[INFO] [stderr]    Compiling futures-core v0.3.28
[INFO] [stderr]    Compiling pin-project-lite v0.2.9
[INFO] [stderr]    Compiling indexmap v1.9.3
[INFO] [stderr]    Compiling tokio v1.28.0
[INFO] [stderr]    Compiling futures-sink v0.3.28
[INFO] [stderr]    Compiling futures-channel v0.3.28
[INFO] [stderr]    Compiling syn v2.0.15
[INFO] [stderr]    Compiling futures-task v0.3.28
[INFO] [stderr]    Compiling num-traits v0.2.15
[INFO] [stderr]    Compiling futures-util v0.3.28
[INFO] [stderr]    Compiling bytes v1.4.0
[INFO] [stderr]    Compiling num-integer v0.1.45
[INFO] [stderr]    Compiling rt_ref v0.2.0
[INFO] [stderr]    Compiling portable-atomic v0.3.19
[INFO] [stderr]    Compiling futures-io v0.3.28
[INFO] [stderr]    Compiling resman v0.16.1
[INFO] [stderr]    Compiling async-trait v0.1.68
[INFO] [stderr]    Compiling pin-utils v0.1.0
[INFO] [stderr]    Compiling rt_map v0.5.2
[INFO] [stderr]    Compiling erased-serde v0.3.25
[INFO] [stderr]    Compiling fixedbitset v0.4.2
[INFO] [stderr]    Compiling downcast-rs v1.2.0
[INFO] [stderr]    Compiling console v0.15.5
[INFO] [stderr]    Compiling number_prefix v0.4.0
[INFO] [stderr]    Compiling iana-time-zone v0.1.56
[INFO] [stderr]    Compiling smallvec v1.10.0
[INFO] [stderr]    Compiling dyn-clone v1.0.11
[INFO] [stderr]    Compiling unsafe-libyaml v0.2.8
[INFO] [stderr]    Compiling indicatif v0.17.3
[INFO] [stderr]    Compiling tokio-util v0.7.8
[INFO] [stderr]    Compiling serde_derive v1.0.160
[INFO] [stderr]    Compiling futures-macro v0.3.28
[INFO] [stderr]    Compiling peace_static_check_macros v0.0.9
[INFO] [stderr]    Compiling peace_data_derive v0.0.9
[INFO] [stderr]    Compiling thiserror-impl v1.0.40
[INFO] [stderr]    Compiling thiserror v1.0.40
[INFO] [stderr]    Compiling futures-executor v0.3.28
[INFO] [stderr]    Compiling futures v0.3.28
[INFO] [stderr]    Compiling peace_fmt v0.0.9
[INFO] [stderr]    Compiling chrono v0.4.24
[INFO] [stderr]    Compiling petgraph v0.6.3
[INFO] [stderr]    Compiling serde_yaml v0.9.21
[INFO] [stderr]    Compiling serde_tagged v0.2.0
[INFO] [stderr]    Compiling peace_core v0.0.9
[INFO] [stderr]    Compiling daggy v0.8.0
[INFO] [stderr]    Compiling fn_graph v0.8.2
[INFO] [stderr]    Compiling type_reg v0.5.0
[INFO] [stderr]    Compiling peace_data v0.0.9
[INFO] [stderr]    Compiling peace_resources v0.0.9
[INFO] [stderr]    Compiling peace_rt_model_core v0.0.9
[INFO] [stderr]    Compiling peace_rt_model_native v0.0.9 (/opt/rustwide/workdir)
[INFO] [stderr]     Finished dev [unoptimized + debuginfo] target(s) in 24.36s
[INFO] running `Command { std: "docker" "inspect" "eefbea635e8e199178d042a72dd092d1042c0f14ea6bdb1e6af5b5ebea336d20", kill_on_drop: false }`
[INFO] running `Command { std: "docker" "rm" "-f" "eefbea635e8e199178d042a72dd092d1042c0f14ea6bdb1e6af5b5ebea336d20", kill_on_drop: false }`
[INFO] [stdout] eefbea635e8e199178d042a72dd092d1042c0f14ea6bdb1e6af5b5ebea336d20
[INFO] running `Command { std: "docker" "create" "-v" "/var/lib/crater-agent-workspace/builds/worker-6-tc1/target:/opt/rustwide/target:rw,Z" "-v" "/var/lib/crater-agent-workspace/builds/worker-6-tc1/source:/opt/rustwide/workdir:ro,Z" "-v" "/var/lib/crater-agent-workspace/cargo-home:/opt/rustwide/cargo-home:ro,Z" "-v" "/var/lib/crater-agent-workspace/rustup-home:/opt/rustwide/rustup-home:ro,Z" "-e" "SOURCE_DIR=/opt/rustwide/workdir" "-e" "CARGO_TARGET_DIR=/opt/rustwide/target" "-e" "CARGO_INCREMENTAL=0" "-e" "RUST_BACKTRACE=full" "-e" "RUSTFLAGS=--cap-lints=warn" "-e" "RUSTDOCFLAGS=--cap-lints=warn" "-e" "CARGO_HOME=/opt/rustwide/cargo-home" "-e" "RUSTUP_HOME=/opt/rustwide/rustup-home" "-w" "/opt/rustwide/workdir" "-m" "1610612736" "--user" "0:0" "--network" "none" "ghcr.io/rust-lang/crates-build-env/linux@sha256:5ff2268d62e97bff2cde7d5815dd6ed5b47097566f13b8d0ca110b04b60e07ed" "/opt/rustwide/cargo-home/bin/cargo" "+1.69.0" "test" "--frozen" "--no-run" "--message-format=json", kill_on_drop: false }`
[INFO] [stdout] 6baab09927def09bc85475d161056813dab569022c7999ade3abde54e0bb1558
[INFO] running `Command { std: "docker" "start" "-a" "6baab09927def09bc85475d161056813dab569022c7999ade3abde54e0bb1558", kill_on_drop: false }`
[INFO] [stderr]     Finished test [unoptimized + debuginfo] target(s) in 0.07s
[INFO] running `Command { std: "docker" "inspect" "6baab09927def09bc85475d161056813dab569022c7999ade3abde54e0bb1558", kill_on_drop: false }`
[INFO] running `Command { std: "docker" "rm" "-f" "6baab09927def09bc85475d161056813dab569022c7999ade3abde54e0bb1558", kill_on_drop: false }`
[INFO] [stdout] 6baab09927def09bc85475d161056813dab569022c7999ade3abde54e0bb1558
[INFO] running `Command { std: "docker" "create" "-v" "/var/lib/crater-agent-workspace/builds/worker-6-tc1/target:/opt/rustwide/target:rw,Z" "-v" "/var/lib/crater-agent-workspace/builds/worker-6-tc1/source:/opt/rustwide/workdir:ro,Z" "-v" "/var/lib/crater-agent-workspace/cargo-home:/opt/rustwide/cargo-home:ro,Z" "-v" "/var/lib/crater-agent-workspace/rustup-home:/opt/rustwide/rustup-home:ro,Z" "-e" "SOURCE_DIR=/opt/rustwide/workdir" "-e" "CARGO_TARGET_DIR=/opt/rustwide/target" "-e" "CARGO_INCREMENTAL=0" "-e" "RUST_BACKTRACE=full" "-e" "RUSTFLAGS=--cap-lints=warn" "-e" "RUSTDOCFLAGS=--cap-lints=warn" "-e" "CARGO_HOME=/opt/rustwide/cargo-home" "-e" "RUSTUP_HOME=/opt/rustwide/rustup-home" "-w" "/opt/rustwide/workdir" "-m" "1610612736" "--user" "0:0" "--network" "none" "ghcr.io/rust-lang/crates-build-env/linux@sha256:5ff2268d62e97bff2cde7d5815dd6ed5b47097566f13b8d0ca110b04b60e07ed" "/opt/rustwide/cargo-home/bin/cargo" "+1.69.0" "test" "--frozen", kill_on_drop: false }`
[INFO] [stdout] db0c4c595d1e3cdcffe47c8dbc02ef5e09c94c012af537440a12ca0ee6d69584
[INFO] running `Command { std: "docker" "start" "-a" "db0c4c595d1e3cdcffe47c8dbc02ef5e09c94c012af537440a12ca0ee6d69584", kill_on_drop: false }`
[INFO] [stderr]     Finished test [unoptimized + debuginfo] target(s) in 0.06s
[INFO] [stderr]    Doc-tests peace_rt_model_native
[INFO] [stdout] 
[INFO] [stdout] running 3 tests
[INFO] [stdout] test src/output/cli_output_builder.rs - output::cli_output_builder::CliOutputBuilder<W>::new_with_writer (line 99) ... FAILED
[INFO] [stdout] test src/output/cli_output.rs - output::cli_output::CliOutput<W>::new_with_writer (line 134) ... FAILED
[INFO] [stdout] test src/output/cli_output_builder.rs - output::cli_output_builder::CliOutputBuilder<W>::with_outcome_format (line 152) ... ok
[INFO] [stdout] 
[INFO] [stdout] failures:
[INFO] [stdout] 
[INFO] [stdout] ---- src/output/cli_output_builder.rs - output::cli_output_builder::CliOutputBuilder<W>::new_with_writer (line 99) stdout ----
[INFO] [stdout] error[E0433]: failed to resolve: use of undeclared type `CliOutputBuilder`
[INFO] [stdout]  --> src/output/cli_output_builder.rs:104:18
[INFO] [stdout]   |
[INFO] [stdout] 8 | let cli_output = CliOutputBuilder::new_with_writer(&mut buffer).build();
[INFO] [stdout]   |                  ^^^^^^^^^^^^^^^^ use of undeclared type `CliOutputBuilder`
[INFO] [stdout]   |
[INFO] [stdout] help: consider importing this struct
[INFO] [stdout]   |
[INFO] [stdout] 2 | use peace_rt_model_native::output::CliOutputBuilder;
[INFO] [stdout]   |
[INFO] [stdout] 
[INFO] [stdout] error: aborting due to previous error
[INFO] [stdout] 
[INFO] [stdout] For more information about this error, try `rustc --explain E0433`.
[INFO] [stdout] Couldn't compile the test.
[INFO] [stdout] ---- src/output/cli_output.rs - output::cli_output::CliOutput<W>::new_with_writer (line 134) stdout ----
[INFO] [stdout] error[E0432]: unresolved import `peace_rt_model_native::CliOutput`
[INFO] [stdout]  --> src/output/cli_output.rs:135:5
[INFO] [stdout]   |
[INFO] [stdout] 4 | use peace_rt_model_native::CliOutput;
[INFO] [stdout]   |     ^^^^^^^^^^^^^^^^^^^^^^^^^^^^^^^^ no `CliOutput` in the root
[INFO] [stdout]   |
[INFO] [stdout] help: consider importing this struct instead
[INFO] [stdout]   |
[INFO] [stdout] 4 | use peace_rt_model_native::output::CliOutput;
[INFO] [stdout]   |     ~~~~~~~~~~~~~~~~~~~~~~~~~~~~~~~~~~~~~~~~
[INFO] [stdout] 
[INFO] [stdout] error: aborting due to previous error
[INFO] [stdout] 
[INFO] [stdout] For more information about this error, try `rustc --explain E0432`.
[INFO] [stdout] Couldn't compile the test.
[INFO] [stdout] 
[INFO] [stdout] failures:
[INFO] [stdout]     src/output/cli_output.rs - output::cli_output::CliOutput<W>::new_with_writer (line 134)
[INFO] [stdout]     src/output/cli_output_builder.rs - output::cli_output_builder::CliOutputBuilder<W>::new_with_writer (line 99)
[INFO] [stdout] 
[INFO] [stdout] test result: FAILED. 1 passed; 2 failed; 0 ignored; 0 measured; 0 filtered out; finished in 0.25s
[INFO] [stdout] 
[INFO] [stderr] error: doctest failed, to rerun pass `--doc`
[INFO] running `Command { std: "docker" "inspect" "db0c4c595d1e3cdcffe47c8dbc02ef5e09c94c012af537440a12ca0ee6d69584", kill_on_drop: false }`
[INFO] running `Command { std: "docker" "rm" "-f" "db0c4c595d1e3cdcffe47c8dbc02ef5e09c94c012af537440a12ca0ee6d69584", kill_on_drop: false }`
[INFO] [stdout] db0c4c595d1e3cdcffe47c8dbc02ef5e09c94c012af537440a12ca0ee6d69584
