[INFO] fetching crate peace_resources 0.0.9...
[INFO] testing peace_resources-0.0.9 against 1.69.0 for beta-1.70-1
[INFO] extracting crate peace_resources 0.0.9 into /workspace/builds/worker-3-tc1/source
[INFO] validating manifest of crates.io crate peace_resources 0.0.9 on toolchain 1.69.0
[INFO] running `Command { std: CARGO_HOME="/workspace/cargo-home" RUSTUP_HOME="/workspace/rustup-home" "/workspace/cargo-home/bin/cargo" "+1.69.0" "metadata" "--manifest-path" "Cargo.toml" "--no-deps", kill_on_drop: false }`
[INFO] started tweaking crates.io crate peace_resources 0.0.9
[INFO] finished tweaking crates.io crate peace_resources 0.0.9
[INFO] tweaked toml for crates.io crate peace_resources 0.0.9 written to /workspace/builds/worker-3-tc1/source/Cargo.toml
[INFO] running `Command { std: CARGO_HOME="/workspace/cargo-home" RUSTUP_HOME="/workspace/rustup-home" __CARGO_TEST_CHANNEL_OVERRIDE_DO_NOT_USE_THIS="nightly" "/workspace/cargo-home/bin/cargo" "+1.69.0" "generate-lockfile" "--manifest-path" "Cargo.toml" "-Zno-index-update", kill_on_drop: false }`
[INFO] [stderr]     Blocking waiting for file lock on package cache
[INFO] running `Command { std: CARGO_HOME="/workspace/cargo-home" RUSTUP_HOME="/workspace/rustup-home" "/workspace/cargo-home/bin/cargo" "+1.69.0" "fetch" "--manifest-path" "Cargo.toml", kill_on_drop: false }`
[INFO] [stderr]     Blocking waiting for file lock on package cache
[INFO] running `Command { std: "docker" "create" "-v" "/var/lib/crater-agent-workspace/builds/worker-3-tc1/target:/opt/rustwide/target:rw,Z" "-v" "/var/lib/crater-agent-workspace/builds/worker-3-tc1/source:/opt/rustwide/workdir:ro,Z" "-v" "/var/lib/crater-agent-workspace/cargo-home:/opt/rustwide/cargo-home:ro,Z" "-v" "/var/lib/crater-agent-workspace/rustup-home:/opt/rustwide/rustup-home:ro,Z" "-e" "SOURCE_DIR=/opt/rustwide/workdir" "-e" "CARGO_TARGET_DIR=/opt/rustwide/target" "-e" "CARGO_HOME=/opt/rustwide/cargo-home" "-e" "RUSTUP_HOME=/opt/rustwide/rustup-home" "-w" "/opt/rustwide/workdir" "-m" "1610612736" "--user" "0:0" "--network" "none" "ghcr.io/rust-lang/crates-build-env/linux@sha256:5ff2268d62e97bff2cde7d5815dd6ed5b47097566f13b8d0ca110b04b60e07ed" "/opt/rustwide/cargo-home/bin/cargo" "+1.69.0" "metadata" "--no-deps" "--format-version=1", kill_on_drop: false }`
[INFO] [stdout] e9cb3646ded3760a1db6508f24be0f58d385b2949e9696978d392367d0529f00
[INFO] running `Command { std: "docker" "start" "-a" "e9cb3646ded3760a1db6508f24be0f58d385b2949e9696978d392367d0529f00", kill_on_drop: false }`
[INFO] running `Command { std: "docker" "inspect" "e9cb3646ded3760a1db6508f24be0f58d385b2949e9696978d392367d0529f00", kill_on_drop: false }`
[INFO] running `Command { std: "docker" "rm" "-f" "e9cb3646ded3760a1db6508f24be0f58d385b2949e9696978d392367d0529f00", kill_on_drop: false }`
[INFO] [stdout] e9cb3646ded3760a1db6508f24be0f58d385b2949e9696978d392367d0529f00
[INFO] running `Command { std: "docker" "create" "-v" "/var/lib/crater-agent-workspace/builds/worker-3-tc1/target:/opt/rustwide/target:rw,Z" "-v" "/var/lib/crater-agent-workspace/builds/worker-3-tc1/source:/opt/rustwide/workdir:ro,Z" "-v" "/var/lib/crater-agent-workspace/cargo-home:/opt/rustwide/cargo-home:ro,Z" "-v" "/var/lib/crater-agent-workspace/rustup-home:/opt/rustwide/rustup-home:ro,Z" "-e" "SOURCE_DIR=/opt/rustwide/workdir" "-e" "CARGO_TARGET_DIR=/opt/rustwide/target" "-e" "CARGO_INCREMENTAL=0" "-e" "RUST_BACKTRACE=full" "-e" "RUSTFLAGS=--cap-lints=warn" "-e" "RUSTDOCFLAGS=--cap-lints=warn" "-e" "CARGO_HOME=/opt/rustwide/cargo-home" "-e" "RUSTUP_HOME=/opt/rustwide/rustup-home" "-w" "/opt/rustwide/workdir" "-m" "1610612736" "--user" "0:0" "--network" "none" "ghcr.io/rust-lang/crates-build-env/linux@sha256:5ff2268d62e97bff2cde7d5815dd6ed5b47097566f13b8d0ca110b04b60e07ed" "/opt/rustwide/cargo-home/bin/cargo" "+1.69.0" "build" "--frozen" "--message-format=json", kill_on_drop: false }`
[INFO] [stdout] adac7baa7432c5fc8978937978e0bfddf4a4e1c8a030144115d59c025465081c
[INFO] running `Command { std: "docker" "start" "-a" "adac7baa7432c5fc8978937978e0bfddf4a4e1c8a030144115d59c025465081c", kill_on_drop: false }`
[INFO] [stderr]    Compiling autocfg v1.1.0
[INFO] [stderr]    Compiling futures-core v0.3.28
[INFO] [stderr]    Compiling memchr v2.5.0
[INFO] [stderr]    Compiling futures-channel v0.3.28
[INFO] [stderr]    Compiling futures-task v0.3.28
[INFO] [stderr]    Compiling futures-util v0.3.28
[INFO] [stderr]    Compiling pin-project-lite v0.2.9
[INFO] [stderr]    Compiling hashbrown v0.12.3
[INFO] [stderr]    Compiling futures-sink v0.3.28
[INFO] [stderr]    Compiling libc v0.2.142
[INFO] [stderr]    Compiling futures-io v0.3.28
[INFO] [stderr]    Compiling async-trait v0.1.68
[INFO] [stderr]    Compiling portable-atomic v0.3.19
[INFO] [stderr]    Compiling pin-utils v0.1.0
[INFO] [stderr]    Compiling erased-serde v0.3.25
[INFO] [stderr]    Compiling syn v2.0.15
[INFO] [stderr]    Compiling unicode-width v0.1.10
[INFO] [stderr]    Compiling lazy_static v1.4.0
[INFO] [stderr]    Compiling resman v0.16.1
[INFO] [stderr]    Compiling fixedbitset v0.4.2
[INFO] [stderr]    Compiling rt_ref v0.2.0
[INFO] [stderr]    Compiling downcast-rs v1.2.0
[INFO] [stderr]    Compiling iana-time-zone v0.1.56
[INFO] [stderr]    Compiling rt_map v0.5.2
[INFO] [stderr]    Compiling number_prefix v0.4.0
[INFO] [stderr]    Compiling smallvec v1.10.0
[INFO] [stderr]    Compiling dyn-clone v1.0.11
[INFO] [stderr]    Compiling slab v0.4.8
[INFO] [stderr]    Compiling indexmap v1.9.3
[INFO] [stderr]    Compiling num-traits v0.2.15
[INFO] [stderr]    Compiling num-integer v0.1.45
[INFO] [stderr]    Compiling tokio v1.28.0
[INFO] [stderr]    Compiling console v0.15.5
[INFO] [stderr]    Compiling indicatif v0.17.3
[INFO] [stderr]    Compiling serde_derive v1.0.160
[INFO] [stderr]    Compiling futures-macro v0.3.28
[INFO] [stderr]    Compiling peace_static_check_macros v0.0.9
[INFO] [stderr]    Compiling peace_data_derive v0.0.9
[INFO] [stderr]    Compiling serde v1.0.160
[INFO] [stderr]    Compiling futures-executor v0.3.28
[INFO] [stderr]    Compiling futures v0.3.28
[INFO] [stderr]    Compiling chrono v0.4.24
[INFO] [stderr]    Compiling peace_fmt v0.0.9
[INFO] [stderr]    Compiling petgraph v0.6.3
[INFO] [stderr]    Compiling serde_tagged v0.2.0
[INFO] [stderr]    Compiling peace_core v0.0.9
[INFO] [stderr]    Compiling type_reg v0.5.0
[INFO] [stderr]    Compiling daggy v0.8.0
[INFO] [stderr]    Compiling fn_graph v0.8.2
[INFO] [stderr]    Compiling peace_data v0.0.9
[INFO] [stderr]    Compiling peace_resources v0.0.9 (/opt/rustwide/workdir)
[INFO] [stderr]     Finished dev [unoptimized + debuginfo] target(s) in 19.63s
[INFO] running `Command { std: "docker" "inspect" "adac7baa7432c5fc8978937978e0bfddf4a4e1c8a030144115d59c025465081c", kill_on_drop: false }`
[INFO] running `Command { std: "docker" "rm" "-f" "adac7baa7432c5fc8978937978e0bfddf4a4e1c8a030144115d59c025465081c", kill_on_drop: false }`
[INFO] [stdout] adac7baa7432c5fc8978937978e0bfddf4a4e1c8a030144115d59c025465081c
[INFO] running `Command { std: "docker" "create" "-v" "/var/lib/crater-agent-workspace/builds/worker-3-tc1/target:/opt/rustwide/target:rw,Z" "-v" "/var/lib/crater-agent-workspace/builds/worker-3-tc1/source:/opt/rustwide/workdir:ro,Z" "-v" "/var/lib/crater-agent-workspace/cargo-home:/opt/rustwide/cargo-home:ro,Z" "-v" "/var/lib/crater-agent-workspace/rustup-home:/opt/rustwide/rustup-home:ro,Z" "-e" "SOURCE_DIR=/opt/rustwide/workdir" "-e" "CARGO_TARGET_DIR=/opt/rustwide/target" "-e" "CARGO_INCREMENTAL=0" "-e" "RUST_BACKTRACE=full" "-e" "RUSTFLAGS=--cap-lints=warn" "-e" "RUSTDOCFLAGS=--cap-lints=warn" "-e" "CARGO_HOME=/opt/rustwide/cargo-home" "-e" "RUSTUP_HOME=/opt/rustwide/rustup-home" "-w" "/opt/rustwide/workdir" "-m" "1610612736" "--user" "0:0" "--network" "none" "ghcr.io/rust-lang/crates-build-env/linux@sha256:5ff2268d62e97bff2cde7d5815dd6ed5b47097566f13b8d0ca110b04b60e07ed" "/opt/rustwide/cargo-home/bin/cargo" "+1.69.0" "test" "--frozen" "--no-run" "--message-format=json", kill_on_drop: false }`
[INFO] [stdout] 260f8fc8c946c547e6de7487c36ec8ad202cf395c63bec695810e4684289d837
[INFO] running `Command { std: "docker" "start" "-a" "260f8fc8c946c547e6de7487c36ec8ad202cf395c63bec695810e4684289d837", kill_on_drop: false }`
[INFO] [stderr]     Finished test [unoptimized + debuginfo] target(s) in 0.05s
[INFO] running `Command { std: "docker" "inspect" "260f8fc8c946c547e6de7487c36ec8ad202cf395c63bec695810e4684289d837", kill_on_drop: false }`
[INFO] running `Command { std: "docker" "rm" "-f" "260f8fc8c946c547e6de7487c36ec8ad202cf395c63bec695810e4684289d837", kill_on_drop: false }`
[INFO] [stdout] 260f8fc8c946c547e6de7487c36ec8ad202cf395c63bec695810e4684289d837
[INFO] running `Command { std: "docker" "create" "-v" "/var/lib/crater-agent-workspace/builds/worker-3-tc1/target:/opt/rustwide/target:rw,Z" "-v" "/var/lib/crater-agent-workspace/builds/worker-3-tc1/source:/opt/rustwide/workdir:ro,Z" "-v" "/var/lib/crater-agent-workspace/cargo-home:/opt/rustwide/cargo-home:ro,Z" "-v" "/var/lib/crater-agent-workspace/rustup-home:/opt/rustwide/rustup-home:ro,Z" "-e" "SOURCE_DIR=/opt/rustwide/workdir" "-e" "CARGO_TARGET_DIR=/opt/rustwide/target" "-e" "CARGO_INCREMENTAL=0" "-e" "RUST_BACKTRACE=full" "-e" "RUSTFLAGS=--cap-lints=warn" "-e" "RUSTDOCFLAGS=--cap-lints=warn" "-e" "CARGO_HOME=/opt/rustwide/cargo-home" "-e" "RUSTUP_HOME=/opt/rustwide/rustup-home" "-w" "/opt/rustwide/workdir" "-m" "1610612736" "--user" "0:0" "--network" "none" "ghcr.io/rust-lang/crates-build-env/linux@sha256:5ff2268d62e97bff2cde7d5815dd6ed5b47097566f13b8d0ca110b04b60e07ed" "/opt/rustwide/cargo-home/bin/cargo" "+1.69.0" "test" "--frozen", kill_on_drop: false }`
[INFO] [stdout] edc74d9dda00749bd5cc9dbc1347f237958b2772c7a02c74d99ecf79feb85439
[INFO] running `Command { std: "docker" "start" "-a" "edc74d9dda00749bd5cc9dbc1347f237958b2772c7a02c74d99ecf79feb85439", kill_on_drop: false }`
[INFO] [stderr]     Finished test [unoptimized + debuginfo] target(s) in 0.07s
[INFO] [stderr]    Doc-tests peace_resources
[INFO] [stdout] 
[INFO] [stdout] running 3 tests
[INFO] [stdout] test src/states/states_saved.rs - states::states_saved::StatesSaved (line 26) ... FAILED
[INFO] [stdout] test src/states/states_current.rs - states::states_current::StatesCurrent (line 16) ... FAILED
[INFO] [stdout] test src/states/states_desired.rs - states::states_desired::StatesDesired (line 15) ... FAILED
[INFO] [stdout] 
[INFO] [stdout] failures:
[INFO] [stdout] 
[INFO] [stdout] ---- src/states/states_saved.rs - states::states_saved::StatesSaved (line 26) stdout ----
[INFO] [stdout] error[E0432]: unresolved import `peace_data::R`
[INFO] [stdout]  --> src/states/states_saved.rs:29:24
[INFO] [stdout]   |
[INFO] [stdout] 5 | use peace_data::{Data, R};
[INFO] [stdout]   |                        ^ no `R` in the root
[INFO] [stdout]   |
[INFO] [stdout]   = help: consider importing this type alias instead:
[INFO] [stdout]           peace_data::accessors::R
[INFO] [stdout] 
[INFO] [stdout] error[E0433]: failed to resolve: use of undeclared crate or module `peace`
[INFO] [stdout]  --> src/states/states_saved.rs:32:10
[INFO] [stdout]   |
[INFO] [stdout] 8 | #[derive(Data, Debug)]
[INFO] [stdout]   |          ^^^^ use of undeclared crate or module `peace`
[INFO] [stdout]   |
[INFO] [stdout]   = note: this error originates in the derive macro `Data` (in Nightly builds, run with -Z macro-backtrace for more info)
[INFO] [stdout] 
[INFO] [stdout] error[E0433]: failed to resolve: use of undeclared crate or module `peace`
[INFO] [stdout]   --> src/states/states_saved.rs:39:10
[INFO] [stdout]    |
[INFO] [stdout] 15 | #[derive(Data, Debug)]
[INFO] [stdout]    |          ^^^^ use of undeclared crate or module `peace`
[INFO] [stdout]    |
[INFO] [stdout]    = note: this error originates in the derive macro `Data` (in Nightly builds, run with -Z macro-backtrace for more info)
[INFO] [stdout] 
[INFO] [stdout] error[E0412]: cannot find type `W` in this scope
[INFO] [stdout]   --> src/states/states_saved.rs:35:14
[INFO] [stdout]    |
[INFO] [stdout] 11 |     app_dir: W<'op, PathBuf>,
[INFO] [stdout]    |              ^ not found in this scope
[INFO] [stdout]    |
[INFO] [stdout] help: consider importing this type alias
[INFO] [stdout]    |
[INFO] [stdout] 2  | use peace_data::accessors::W;
[INFO] [stdout]    |
[INFO] [stdout] 
[INFO] [stdout] error[E0433]: failed to resolve: use of undeclared crate or module `peace`
[INFO] [stdout]  --> src/states/states_saved.rs:32:10
[INFO] [stdout]   |
[INFO] [stdout] 8 | #[derive(Data, Debug)]
[INFO] [stdout]   |          ^^^^ use of undeclared crate or module `peace`
[INFO] [stdout]   |
[INFO] [stdout]   = note: this error originates in the derive macro `Data` (in Nightly builds, run with -Z macro-backtrace for more info)
[INFO] [stdout] help: consider importing this type alias
[INFO] [stdout]   |
[INFO] [stdout] 2 | use peace_data::TypeIds;
[INFO] [stdout]   |
[INFO] [stdout] help: if you import `TypeIds`, refer to it directly
[INFO] [stdout]   |
[INFO] [stdout] 8 | #[derive(Data, Debug)]
[INFO] [stdout]   |
[INFO] [stdout] 
[INFO] [stdout] error[E0412]: cannot find type `W` in this scope
[INFO] [stdout]   --> src/states/states_saved.rs:44:13
[INFO] [stdout]    |
[INFO] [stdout] 20 |     config: W<'op, String>,
[INFO] [stdout]    |             ^ not found in this scope
[INFO] [stdout]    |
[INFO] [stdout] help: consider importing this type alias
[INFO] [stdout]    |
[INFO] [stdout] 2  | use peace_data::accessors::W;
[INFO] [stdout]    |
[INFO] [stdout] 
[INFO] [stdout] error[E0433]: failed to resolve: use of undeclared crate or module `peace`
[INFO] [stdout]   --> src/states/states_saved.rs:39:10
[INFO] [stdout]    |
[INFO] [stdout] 15 | #[derive(Data, Debug)]
[INFO] [stdout]    |          ^^^^ use of undeclared crate or module `peace`
[INFO] [stdout]    |
[INFO] [stdout]    = note: this error originates in the derive macro `Data` (in Nightly builds, run with -Z macro-backtrace for more info)
[INFO] [stdout] help: consider importing this type alias
[INFO] [stdout]    |
[INFO] [stdout] 2  | use peace_data::TypeIds;
[INFO] [stdout]    |
[INFO] [stdout] help: if you import `TypeIds`, refer to it directly
[INFO] [stdout]    |
[INFO] [stdout] 15 | #[derive(Data, Debug)]
[INFO] [stdout]    |
[INFO] [stdout] 
[INFO] [stdout] error: aborting due to 7 previous errors
[INFO] [stdout] 
[INFO] [stdout] Some errors have detailed explanations: E0412, E0432, E0433.
[INFO] [stdout] For more information about an error, try `rustc --explain E0412`.
[INFO] [stdout] Couldn't compile the test.
[INFO] [stdout] ---- src/states/states_current.rs - states::states_current::StatesCurrent (line 16) stdout ----
[INFO] [stdout] error[E0432]: unresolved import `peace_data::R`
[INFO] [stdout]  --> src/states/states_current.rs:19:24
[INFO] [stdout]   |
[INFO] [stdout] 5 | use peace_data::{Data, R};
[INFO] [stdout]   |                        ^ no `R` in the root
[INFO] [stdout]   |
[INFO] [stdout]   = help: consider importing this type alias instead:
[INFO] [stdout]           peace_data::accessors::R
[INFO] [stdout] 
[INFO] [stdout] error[E0433]: failed to resolve: use of undeclared crate or module `peace`
[INFO] [stdout]  --> src/states/states_current.rs:22:10
[INFO] [stdout]   |
[INFO] [stdout] 8 | #[derive(Data, Debug)]
[INFO] [stdout]   |          ^^^^ use of undeclared crate or module `peace`
[INFO] [stdout]   |
[INFO] [stdout]   = note: this error originates in the derive macro `Data` (in Nightly builds, run with -Z macro-backtrace for more info)
[INFO] [stdout] 
[INFO] [stdout] error[E0433]: failed to resolve: use of undeclared crate or module `peace`
[INFO] [stdout]   --> src/states/states_current.rs:29:10
[INFO] [stdout]    |
[INFO] [stdout] 15 | #[derive(Data, Debug)]
[INFO] [stdout]    |          ^^^^ use of undeclared crate or module `peace`
[INFO] [stdout]    |
[INFO] [stdout]    = note: this error originates in the derive macro `Data` (in Nightly builds, run with -Z macro-backtrace for more info)
[INFO] [stdout] 
[INFO] [stdout] error[E0412]: cannot find type `W` in this scope
[INFO] [stdout]   --> src/states/states_current.rs:25:14
[INFO] [stdout]    |
[INFO] [stdout] 11 |     app_dir: W<'op, PathBuf>,
[INFO] [stdout]    |              ^ not found in this scope
[INFO] [stdout]    |
[INFO] [stdout] help: consider importing this type alias
[INFO] [stdout]    |
[INFO] [stdout] 2  | use peace_data::accessors::W;
[INFO] [stdout]    |
[INFO] [stdout] 
[INFO] [stderr] error: doctest failed, to rerun pass `--doc`
[INFO] [stdout] error[E0433]: failed to resolve: use of undeclared crate or module `peace`
[INFO] [stdout]  --> src/states/states_current.rs:22:10
[INFO] [stdout]   |
[INFO] [stdout] 8 | #[derive(Data, Debug)]
[INFO] [stdout]   |          ^^^^ use of undeclared crate or module `peace`
[INFO] [stdout]   |
[INFO] [stdout]   = note: this error originates in the derive macro `Data` (in Nightly builds, run with -Z macro-backtrace for more info)
[INFO] [stdout] help: consider importing this type alias
[INFO] [stdout]   |
[INFO] [stdout] 2 | use peace_data::TypeIds;
[INFO] [stdout]   |
[INFO] [stdout] help: if you import `TypeIds`, refer to it directly
[INFO] [stdout]   |
[INFO] [stdout] 8 | #[derive(Data, Debug)]
[INFO] [stdout]   |
[INFO] [stdout] 
[INFO] [stdout] error[E0412]: cannot find type `W` in this scope
[INFO] [stdout]   --> src/states/states_current.rs:34:13
[INFO] [stdout]    |
[INFO] [stdout] 20 |     config: W<'op, String>,
[INFO] [stdout]    |             ^ not found in this scope
[INFO] [stdout]    |
[INFO] [stdout] help: consider importing this type alias
[INFO] [stdout]    |
[INFO] [stdout] 2  | use peace_data::accessors::W;
[INFO] [stdout]    |
[INFO] [stdout] 
[INFO] [stdout] error[E0433]: failed to resolve: use of undeclared crate or module `peace`
[INFO] [stdout]   --> src/states/states_current.rs:29:10
[INFO] [stdout]    |
[INFO] [stdout] 15 | #[derive(Data, Debug)]
[INFO] [stdout]    |          ^^^^ use of undeclared crate or module `peace`
[INFO] [stdout]    |
[INFO] [stdout]    = note: this error originates in the derive macro `Data` (in Nightly builds, run with -Z macro-backtrace for more info)
[INFO] [stdout] help: consider importing this type alias
[INFO] [stdout]    |
[INFO] [stdout] 2  | use peace_data::TypeIds;
[INFO] [stdout]    |
[INFO] [stdout] help: if you import `TypeIds`, refer to it directly
[INFO] [stdout]    |
[INFO] [stdout] 15 | #[derive(Data, Debug)]
[INFO] [stdout]    |
[INFO] [stdout] 
[INFO] [stdout] error: aborting due to 7 previous errors
[INFO] [stdout] 
[INFO] [stdout] Some errors have detailed explanations: E0412, E0432, E0433.
[INFO] [stdout] For more information about an error, try `rustc --explain E0412`.
[INFO] [stdout] Couldn't compile the test.
[INFO] [stdout] ---- src/states/states_desired.rs - states::states_desired::StatesDesired (line 15) stdout ----
[INFO] [stdout] error[E0432]: unresolved import `peace_data::R`
[INFO] [stdout]  --> src/states/states_desired.rs:18:24
[INFO] [stdout]   |
[INFO] [stdout] 5 | use peace_data::{Data, R};
[INFO] [stdout]   |                        ^ no `R` in the root
[INFO] [stdout]   |
[INFO] [stdout]   = help: consider importing this type alias instead:
[INFO] [stdout]           peace_data::accessors::R
[INFO] [stdout] 
[INFO] [stdout] error[E0433]: failed to resolve: use of undeclared crate or module `peace`
[INFO] [stdout]  --> src/states/states_desired.rs:21:10
[INFO] [stdout]   |
[INFO] [stdout] 8 | #[derive(Data, Debug)]
[INFO] [stdout]   |          ^^^^ use of undeclared crate or module `peace`
[INFO] [stdout]   |
[INFO] [stdout]   = note: this error originates in the derive macro `Data` (in Nightly builds, run with -Z macro-backtrace for more info)
[INFO] [stdout] 
[INFO] [stdout] error[E0433]: failed to resolve: use of undeclared crate or module `peace`
[INFO] [stdout]   --> src/states/states_desired.rs:28:10
[INFO] [stdout]    |
[INFO] [stdout] 15 | #[derive(Data, Debug)]
[INFO] [stdout]    |          ^^^^ use of undeclared crate or module `peace`
[INFO] [stdout]    |
[INFO] [stdout]    = note: this error originates in the derive macro `Data` (in Nightly builds, run with -Z macro-backtrace for more info)
[INFO] [stdout] 
[INFO] [stdout] error[E0412]: cannot find type `W` in this scope
[INFO] [stdout]   --> src/states/states_desired.rs:24:14
[INFO] [stdout]    |
[INFO] [stdout] 11 |     app_dir: W<'op, PathBuf>,
[INFO] [stdout]    |              ^ not found in this scope
[INFO] [stdout]    |
[INFO] [stdout] help: consider importing this type alias
[INFO] [stdout]    |
[INFO] [stdout] 2  | use peace_data::accessors::W;
[INFO] [stdout]    |
[INFO] [stdout] 
[INFO] [stdout] error[E0433]: failed to resolve: use of undeclared crate or module `peace`
[INFO] [stdout]  --> src/states/states_desired.rs:21:10
[INFO] [stdout]   |
[INFO] [stdout] 8 | #[derive(Data, Debug)]
[INFO] [stdout]   |          ^^^^ use of undeclared crate or module `peace`
[INFO] [stdout]   |
[INFO] [stdout]   = note: this error originates in the derive macro `Data` (in Nightly builds, run with -Z macro-backtrace for more info)
[INFO] [stdout] help: consider importing this type alias
[INFO] [stdout]   |
[INFO] [stdout] 2 | use peace_data::TypeIds;
[INFO] [stdout]   |
[INFO] [stdout] help: if you import `TypeIds`, refer to it directly
[INFO] [stdout]   |
[INFO] [stdout] 8 | #[derive(Data, Debug)]
[INFO] [stdout]   |
[INFO] [stdout] 
[INFO] [stdout] error[E0412]: cannot find type `W` in this scope
[INFO] [stdout]   --> src/states/states_desired.rs:33:13
[INFO] [stdout]    |
[INFO] [stdout] 20 |     config: W<'op, String>,
[INFO] [stdout]    |             ^ not found in this scope
[INFO] [stdout]    |
[INFO] [stdout] help: consider importing this type alias
[INFO] [stdout]    |
[INFO] [stdout] 2  | use peace_data::accessors::W;
[INFO] [stdout]    |
[INFO] [stdout] 
[INFO] [stdout] error[E0433]: failed to resolve: use of undeclared crate or module `peace`
[INFO] [stdout]   --> src/states/states_desired.rs:28:10
[INFO] [stdout]    |
[INFO] [stdout] 15 | #[derive(Data, Debug)]
[INFO] [stdout]    |          ^^^^ use of undeclared crate or module `peace`
[INFO] [stdout]    |
[INFO] [stdout]    = note: this error originates in the derive macro `Data` (in Nightly builds, run with -Z macro-backtrace for more info)
[INFO] [stdout] help: consider importing this type alias
[INFO] [stdout]    |
[INFO] [stdout] 2  | use peace_data::TypeIds;
[INFO] [stdout]    |
[INFO] [stdout] help: if you import `TypeIds`, refer to it directly
[INFO] [stdout]    |
[INFO] [stdout] 15 | #[derive(Data, Debug)]
[INFO] [stdout]    |
[INFO] [stdout] 
[INFO] [stdout] error: aborting due to 7 previous errors
[INFO] [stdout] 
[INFO] [stdout] Some errors have detailed explanations: E0412, E0432, E0433.
[INFO] [stdout] For more information about an error, try `rustc --explain E0412`.
[INFO] [stdout] Couldn't compile the test.
[INFO] [stdout] 
[INFO] [stdout] failures:
[INFO] [stdout]     src/states/states_current.rs - states::states_current::StatesCurrent (line 16)
[INFO] [stdout]     src/states/states_desired.rs - states::states_desired::StatesDesired (line 15)
[INFO] [stdout]     src/states/states_saved.rs - states::states_saved::StatesSaved (line 26)
[INFO] [stdout] 
[INFO] [stdout] test result: FAILED. 0 passed; 3 failed; 0 ignored; 0 measured; 0 filtered out; finished in 0.10s
[INFO] [stdout] 
[INFO] running `Command { std: "docker" "inspect" "edc74d9dda00749bd5cc9dbc1347f237958b2772c7a02c74d99ecf79feb85439", kill_on_drop: false }`
[INFO] running `Command { std: "docker" "rm" "-f" "edc74d9dda00749bd5cc9dbc1347f237958b2772c7a02c74d99ecf79feb85439", kill_on_drop: false }`
[INFO] [stdout] edc74d9dda00749bd5cc9dbc1347f237958b2772c7a02c74d99ecf79feb85439
