[INFO] fetching crate pca9535 1.2.0...
[INFO] testing pca9535-1.2.0 against 1.69.0 for beta-1.70-1
[INFO] extracting crate pca9535 1.2.0 into /workspace/builds/worker-2-tc1/source
[INFO] validating manifest of crates.io crate pca9535 1.2.0 on toolchain 1.69.0
[INFO] running `Command { std: CARGO_HOME="/workspace/cargo-home" RUSTUP_HOME="/workspace/rustup-home" "/workspace/cargo-home/bin/cargo" "+1.69.0" "metadata" "--manifest-path" "Cargo.toml" "--no-deps", kill_on_drop: false }`
[INFO] removed /workspace/builds/worker-2-tc1/source/.cargo/config.toml
[INFO] started tweaking crates.io crate pca9535 1.2.0
[INFO] finished tweaking crates.io crate pca9535 1.2.0
[INFO] tweaked toml for crates.io crate pca9535 1.2.0 written to /workspace/builds/worker-2-tc1/source/Cargo.toml
[INFO] running `Command { std: CARGO_HOME="/workspace/cargo-home" RUSTUP_HOME="/workspace/rustup-home" __CARGO_TEST_CHANNEL_OVERRIDE_DO_NOT_USE_THIS="nightly" "/workspace/cargo-home/bin/cargo" "+1.69.0" "generate-lockfile" "--manifest-path" "Cargo.toml" "-Zno-index-update", kill_on_drop: false }`
[INFO] running `Command { std: CARGO_HOME="/workspace/cargo-home" RUSTUP_HOME="/workspace/rustup-home" "/workspace/cargo-home/bin/cargo" "+1.69.0" "fetch" "--manifest-path" "Cargo.toml", kill_on_drop: false }`
[INFO] [stderr]  Downloading crates ...
[INFO] [stderr]   Downloaded spin_sleep v1.1.1
[INFO] [stderr]   Downloaded embedded-hal-nb v1.0.0-alpha.1
[INFO] [stderr]   Downloaded rppal v0.14.1
[INFO] [stderr]   Downloaded embedded-hal v1.0.0-alpha.9
[INFO] [stderr]   Downloaded shared-bus v0.2.5
[INFO] running `Command { std: "docker" "create" "-v" "/var/lib/crater-agent-workspace/builds/worker-2-tc1/target:/opt/rustwide/target:rw,Z" "-v" "/var/lib/crater-agent-workspace/builds/worker-2-tc1/source:/opt/rustwide/workdir:ro,Z" "-v" "/var/lib/crater-agent-workspace/cargo-home:/opt/rustwide/cargo-home:ro,Z" "-v" "/var/lib/crater-agent-workspace/rustup-home:/opt/rustwide/rustup-home:ro,Z" "-e" "SOURCE_DIR=/opt/rustwide/workdir" "-e" "CARGO_TARGET_DIR=/opt/rustwide/target" "-e" "CARGO_HOME=/opt/rustwide/cargo-home" "-e" "RUSTUP_HOME=/opt/rustwide/rustup-home" "-w" "/opt/rustwide/workdir" "-m" "1610612736" "--user" "0:0" "--network" "none" "ghcr.io/rust-lang/crates-build-env/linux@sha256:5ff2268d62e97bff2cde7d5815dd6ed5b47097566f13b8d0ca110b04b60e07ed" "/opt/rustwide/cargo-home/bin/cargo" "+1.69.0" "metadata" "--no-deps" "--format-version=1", kill_on_drop: false }`
[INFO] [stdout] 863f379ab9f103bf978052137da4bed2e44f04a90e3bad175a20f763e153999c
[INFO] running `Command { std: "docker" "start" "-a" "863f379ab9f103bf978052137da4bed2e44f04a90e3bad175a20f763e153999c", kill_on_drop: false }`
[INFO] running `Command { std: "docker" "inspect" "863f379ab9f103bf978052137da4bed2e44f04a90e3bad175a20f763e153999c", kill_on_drop: false }`
[INFO] running `Command { std: "docker" "rm" "-f" "863f379ab9f103bf978052137da4bed2e44f04a90e3bad175a20f763e153999c", kill_on_drop: false }`
[INFO] [stdout] 863f379ab9f103bf978052137da4bed2e44f04a90e3bad175a20f763e153999c
[INFO] running `Command { std: "docker" "create" "-v" "/var/lib/crater-agent-workspace/builds/worker-2-tc1/target:/opt/rustwide/target:rw,Z" "-v" "/var/lib/crater-agent-workspace/builds/worker-2-tc1/source:/opt/rustwide/workdir:ro,Z" "-v" "/var/lib/crater-agent-workspace/cargo-home:/opt/rustwide/cargo-home:ro,Z" "-v" "/var/lib/crater-agent-workspace/rustup-home:/opt/rustwide/rustup-home:ro,Z" "-e" "SOURCE_DIR=/opt/rustwide/workdir" "-e" "CARGO_TARGET_DIR=/opt/rustwide/target" "-e" "CARGO_INCREMENTAL=0" "-e" "RUST_BACKTRACE=full" "-e" "RUSTFLAGS=--cap-lints=warn" "-e" "RUSTDOCFLAGS=--cap-lints=warn" "-e" "CARGO_HOME=/opt/rustwide/cargo-home" "-e" "RUSTUP_HOME=/opt/rustwide/rustup-home" "-w" "/opt/rustwide/workdir" "-m" "1610612736" "--user" "0:0" "--network" "none" "ghcr.io/rust-lang/crates-build-env/linux@sha256:5ff2268d62e97bff2cde7d5815dd6ed5b47097566f13b8d0ca110b04b60e07ed" "/opt/rustwide/cargo-home/bin/cargo" "+1.69.0" "build" "--frozen" "--message-format=json", kill_on_drop: false }`
[INFO] [stdout] 89f39a0c07aa1e6dc4697d66b563565d8387fc6ccd2751b2875c41f23548a8fa
[INFO] running `Command { std: "docker" "start" "-a" "89f39a0c07aa1e6dc4697d66b563565d8387fc6ccd2751b2875c41f23548a8fa", kill_on_drop: false }`
[INFO] [stderr]    Compiling embedded-hal v1.0.0-alpha.9
[INFO] [stderr]    Compiling pca9535 v1.2.0 (/opt/rustwide/workdir)
[INFO] [stderr]     Finished dev [unoptimized + debuginfo] target(s) in 0.27s
[INFO] running `Command { std: "docker" "inspect" "89f39a0c07aa1e6dc4697d66b563565d8387fc6ccd2751b2875c41f23548a8fa", kill_on_drop: false }`
[INFO] running `Command { std: "docker" "rm" "-f" "89f39a0c07aa1e6dc4697d66b563565d8387fc6ccd2751b2875c41f23548a8fa", kill_on_drop: false }`
[INFO] [stdout] 89f39a0c07aa1e6dc4697d66b563565d8387fc6ccd2751b2875c41f23548a8fa
[INFO] running `Command { std: "docker" "create" "-v" "/var/lib/crater-agent-workspace/builds/worker-2-tc1/target:/opt/rustwide/target:rw,Z" "-v" "/var/lib/crater-agent-workspace/builds/worker-2-tc1/source:/opt/rustwide/workdir:ro,Z" "-v" "/var/lib/crater-agent-workspace/cargo-home:/opt/rustwide/cargo-home:ro,Z" "-v" "/var/lib/crater-agent-workspace/rustup-home:/opt/rustwide/rustup-home:ro,Z" "-e" "SOURCE_DIR=/opt/rustwide/workdir" "-e" "CARGO_TARGET_DIR=/opt/rustwide/target" "-e" "CARGO_INCREMENTAL=0" "-e" "RUST_BACKTRACE=full" "-e" "RUSTFLAGS=--cap-lints=warn" "-e" "RUSTDOCFLAGS=--cap-lints=warn" "-e" "CARGO_HOME=/opt/rustwide/cargo-home" "-e" "RUSTUP_HOME=/opt/rustwide/rustup-home" "-w" "/opt/rustwide/workdir" "-m" "1610612736" "--user" "0:0" "--network" "none" "ghcr.io/rust-lang/crates-build-env/linux@sha256:5ff2268d62e97bff2cde7d5815dd6ed5b47097566f13b8d0ca110b04b60e07ed" "/opt/rustwide/cargo-home/bin/cargo" "+1.69.0" "test" "--frozen" "--no-run" "--message-format=json", kill_on_drop: false }`
[INFO] [stdout] 3084299ffe91cea90bd6e64e7dae8946a1529ab4a4b8f1894795331af4f01ec3
[INFO] running `Command { std: "docker" "start" "-a" "3084299ffe91cea90bd6e64e7dae8946a1529ab4a4b8f1894795331af4f01ec3", kill_on_drop: false }`
[INFO] [stderr]    Compiling proc-macro-error-attr v1.0.4
[INFO] [stderr]    Compiling syn v1.0.109
[INFO] [stderr]    Compiling nb v1.1.0
[INFO] [stderr]    Compiling proc-macro-error v1.0.4
[INFO] [stderr]    Compiling parking_lot_core v0.8.6
[INFO] [stderr]    Compiling void v1.0.2
[INFO] [stderr]    Compiling instant v0.1.12
[INFO] [stderr]    Compiling spin_sleep v1.1.1
[INFO] [stderr]    Compiling nb v0.1.3
[INFO] [stderr]    Compiling embedded-hal-nb v1.0.0-alpha.1
[INFO] [stderr]    Compiling embedded-hal v0.2.7
[INFO] [stderr]    Compiling rppal v0.14.1
[INFO] [stderr]    Compiling shared-bus v0.2.5
[INFO] [stderr]    Compiling parking_lot v0.11.2
[INFO] [stderr]    Compiling serial_test_derive v0.6.0
[INFO] [stderr]    Compiling serial_test v0.6.0
[INFO] [stderr]    Compiling pca9535 v1.2.0 (/opt/rustwide/workdir)
[INFO] [stdout] error[E0277]: the trait bound `Mutex<Pca9535Immediate<I2cProxy<'static, Mutex<rppal::i2c::I2c>>>>: ExpanderMutex<Pca9535Immediate<I2cProxy<'static, Mutex<rppal::i2c::I2c>>>>` is not satisfied
[INFO] [stdout]    --> tests/immediate.rs:215:33
[INFO] [stdout]     |
[INFO] [stdout] 215 |         static ref IO_EXPANDER: IoExpander<ShareableI2c, ImmediateExpander, Mutex<ImmediateExpander>> = {
[INFO] [stdout]     |                                 ^^^^^^^^^^^^^^^^^^^^^^^^^^^^^^^^^^^^^^^^^^^^^^^^^^^^^^^^^^^^^^^^^^^^^ the trait `ExpanderMutex<Pca9535Immediate<I2cProxy<'static, Mutex<rppal::i2c::I2c>>>>` is not implemented for `Mutex<Pca9535Immediate<I2cProxy<'static, Mutex<rppal::i2c::I2c>>>>`
[INFO] [stdout]     |
[INFO] [stdout] note: required by a bound in `IoExpander`
[INFO] [stdout]    --> /opt/rustwide/workdir/src/expander/io.rs:16:9
[INFO] [stdout]     |
[INFO] [stdout] 16  |     Em: ExpanderMutex<Ex>,
[INFO] [stdout]     |         ^^^^^^^^^^^^^^^^^ required by this bound in `IoExpander`
[INFO] [stdout] 
[INFO] [stdout] 
[INFO] [stdout] error[E0277]: the trait bound `Mutex<Pca9535Immediate<I2cProxy<'static, Mutex<rppal::i2c::I2c>>>>: ExpanderMutex<Pca9535Immediate<I2cProxy<'static, Mutex<rppal::i2c::I2c>>>>` is not satisfied
[INFO] [stdout]    --> tests/immediate.rs:214:5
[INFO] [stdout]     |
[INFO] [stdout] 214 | /     lazy_static! {
[INFO] [stdout] 215 | |         static ref IO_EXPANDER: IoExpander<ShareableI2c, ImmediateExpander, Mutex<ImmediateExpander>> = {
[INFO] [stdout] 216 | |             let i2c_bus = *I2C_BUS.lock().unwrap();
[INFO] [stdout] 217 | |             let expander = Pca9535Immediate::new(i2c_bus.acquire_i2c(), ADDR);
[INFO] [stdout] ...   |
[INFO] [stdout] 232 | |         };
[INFO] [stdout] 233 | |     }
[INFO] [stdout]     | |_____^ the trait `ExpanderMutex<Pca9535Immediate<I2cProxy<'static, Mutex<rppal::i2c::I2c>>>>` is not implemented for `Mutex<Pca9535Immediate<I2cProxy<'static, Mutex<rppal::i2c::I2c>>>>`
[INFO] [stdout]     |
[INFO] [stdout] note: required by a bound in `IoExpander`
[INFO] [stdout]    --> /opt/rustwide/workdir/src/expander/io.rs:16:9
[INFO] [stdout]     |
[INFO] [stdout] 16  |     Em: ExpanderMutex<Ex>,
[INFO] [stdout]     |         ^^^^^^^^^^^^^^^^^ required by this bound in `IoExpander`
[INFO] [stdout]     = note: this error originates in the macro `__lazy_static_internal` which comes from the expansion of the macro `lazy_static` (in Nightly builds, run with -Z macro-backtrace for more info)
[INFO] [stdout] 
[INFO] [stdout] 
[INFO] [stdout] error[E0277]: the trait bound `Mutex<Pca9535Immediate<I2cProxy<'static, Mutex<rppal::i2c::I2c>>>>: ExpanderMutex<Pca9535Immediate<I2cProxy<'static, Mutex<rppal::i2c::I2c>>>>` is not satisfied
[INFO] [stdout]    --> tests/immediate.rs:214:5
[INFO] [stdout]     |
[INFO] [stdout] 214 | /     lazy_static! {
[INFO] [stdout] 215 | |         static ref IO_EXPANDER: IoExpander<ShareableI2c, ImmediateExpander, Mutex<ImmediateExpander>> = {
[INFO] [stdout] 216 | |             let i2c_bus = *I2C_BUS.lock().unwrap();
[INFO] [stdout] 217 | |             let expander = Pca9535Immediate::new(i2c_bus.acquire_i2c(), ADDR);
[INFO] [stdout] ...   |
[INFO] [stdout] 232 | |         };
[INFO] [stdout] 233 | |     }
[INFO] [stdout]     | |_____^ the trait `ExpanderMutex<Pca9535Immediate<I2cProxy<'static, Mutex<rppal::i2c::I2c>>>>` is not implemented for `Mutex<Pca9535Immediate<I2cProxy<'static, Mutex<rppal::i2c::I2c>>>>`
[INFO] [stdout]     |
[INFO] [stdout] note: required by a bound in `IoExpander`
[INFO] [stdout]    --> /opt/rustwide/workdir/src/expander/io.rs:16:9
[INFO] [stdout]     |
[INFO] [stdout] 16  |     Em: ExpanderMutex<Ex>,
[INFO] [stdout]     |         ^^^^^^^^^^^^^^^^^ required by this bound in `IoExpander`
[INFO] [stdout]     = note: this error originates in the macro `__lazy_static_create` which comes from the expansion of the macro `lazy_static` (in Nightly builds, run with -Z macro-backtrace for more info)
[INFO] [stdout] 
[INFO] [stdout] 
[INFO] [stdout] error[E0277]: the trait bound `Mutex<Pca9535Immediate<I2cProxy<'static, Mutex<rppal::i2c::I2c>>>>: ExpanderMutex<Pca9535Immediate<I2cProxy<'static, Mutex<rppal::i2c::I2c>>>>` is not satisfied
[INFO] [stdout]    --> tests/immediate.rs:221:34
[INFO] [stdout]     |
[INFO] [stdout] 221 |         static ref PCA9535_GPIO: Pca9535Gpio = {
[INFO] [stdout]     |                                  ^^^^^^^^^^^ the trait `ExpanderMutex<Pca9535Immediate<I2cProxy<'static, Mutex<rppal::i2c::I2c>>>>` is not implemented for `Mutex<Pca9535Immediate<I2cProxy<'static, Mutex<rppal::i2c::I2c>>>>`
[INFO] [stdout]     |
[INFO] [stdout] note: required by a bound in `IoExpander`
[INFO] [stdout]    --> /opt/rustwide/workdir/src/expander/io.rs:16:9
[INFO] [stdout]     |
[INFO] [stdout] 16  |     Em: ExpanderMutex<Ex>,
[INFO] [stdout]     |         ^^^^^^^^^^^^^^^^^ required by this bound in `IoExpander`
[INFO] [stdout] 
[INFO] [stdout] 
[INFO] [stdout] error[E0277]: the trait bound `Mutex<Pca9535Immediate<I2cProxy<'static, Mutex<rppal::i2c::I2c>>>>: ExpanderMutex<Pca9535Immediate<I2cProxy<'static, Mutex<rppal::i2c::I2c>>>>` is not satisfied
[INFO] [stdout]    --> tests/immediate.rs:214:5
[INFO] [stdout]     |
[INFO] [stdout] 214 | /     lazy_static! {
[INFO] [stdout] 215 | |         static ref IO_EXPANDER: IoExpander<ShareableI2c, ImmediateExpander, Mutex<ImmediateExpander>> = {
[INFO] [stdout] 216 | |             let i2c_bus = *I2C_BUS.lock().unwrap();
[INFO] [stdout] 217 | |             let expander = Pca9535Immediate::new(i2c_bus.acquire_i2c(), ADDR);
[INFO] [stdout] ...   |
[INFO] [stdout] 232 | |         };
[INFO] [stdout] 233 | |     }
[INFO] [stdout]     | |_____^ the trait `ExpanderMutex<Pca9535Immediate<I2cProxy<'static, Mutex<rppal::i2c::I2c>>>>` is not implemented for `Mutex<Pca9535Immediate<I2cProxy<'static, Mutex<rppal::i2c::I2c>>>>`
[INFO] [stdout]     |
[INFO] [stdout] note: required by a bound in `IoExpander`
[INFO] [stdout]    --> /opt/rustwide/workdir/src/expander/io.rs:16:9
[INFO] [stdout]     |
[INFO] [stdout] 16  |     Em: ExpanderMutex<Ex>,
[INFO] [stdout]     |         ^^^^^^^^^^^^^^^^^ required by this bound in `IoExpander`
[INFO] [stdout]     = note: this error originates in the macro `__lazy_static_internal` which comes from the expansion of the macro `lazy_static` (in Nightly builds, run with -Z macro-backtrace for more info)
[INFO] [stdout] 
[INFO] [stdout] 
[INFO] [stdout] error[E0277]: the trait bound `Mutex<Pca9535Immediate<I2cProxy<'static, Mutex<rppal::i2c::I2c>>>>: ExpanderMutex<Pca9535Immediate<I2cProxy<'static, Mutex<rppal::i2c::I2c>>>>` is not satisfied
[INFO] [stdout]    --> tests/immediate.rs:214:5
[INFO] [stdout]     |
[INFO] [stdout] 214 | /     lazy_static! {
[INFO] [stdout] 215 | |         static ref IO_EXPANDER: IoExpander<ShareableI2c, ImmediateExpander, Mutex<ImmediateExpander>> = {
[INFO] [stdout] 216 | |             let i2c_bus = *I2C_BUS.lock().unwrap();
[INFO] [stdout] 217 | |             let expander = Pca9535Immediate::new(i2c_bus.acquire_i2c(), ADDR);
[INFO] [stdout] ...   |
[INFO] [stdout] 232 | |         };
[INFO] [stdout] 233 | |     }
[INFO] [stdout]     | |_____^ the trait `ExpanderMutex<Pca9535Immediate<I2cProxy<'static, Mutex<rppal::i2c::I2c>>>>` is not implemented for `Mutex<Pca9535Immediate<I2cProxy<'static, Mutex<rppal::i2c::I2c>>>>`
[INFO] [stdout]     |
[INFO] [stdout] note: required by a bound in `IoExpander`
[INFO] [stdout]    --> /opt/rustwide/workdir/src/expander/io.rs:16:9
[INFO] [stdout]     |
[INFO] [stdout] 16  |     Em: ExpanderMutex<Ex>,
[INFO] [stdout]     |         ^^^^^^^^^^^^^^^^^ required by this bound in `IoExpander`
[INFO] [stdout]     = note: this error originates in the macro `__lazy_static_create` which comes from the expansion of the macro `lazy_static` (in Nightly builds, run with -Z macro-backtrace for more info)
[INFO] [stdout] 
[INFO] [stdout] 
[INFO] [stdout] error[E0277]: the trait bound `Mutex<Pca9535Cached<I2cProxy<'static, Mutex<rppal::i2c::I2c>>, &'static rppal::gpio::InputPin>>: ExpanderMutex<Pca9535Cached<I2cProxy<'static, Mutex<rppal::i2c::I2c>>, &'static rppal::gpio::InputPin>>` is not satisfied
[INFO] [stdout]    --> tests/cached.rs:233:33
[INFO] [stdout]     |
[INFO] [stdout] 233 |         static ref IO_EXPANDER: IoExpander<ShareableI2c, CachedExpander, Mutex<CachedExpander>> = {
[INFO] [stdout]     |                                 ^^^^^^^^^^^^^^^^^^^^^^^^^^^^^^^^^^^^^^^^^^^^^^^^^^^^^^^^^^^^^^^ the trait `ExpanderMutex<Pca9535Cached<I2cProxy<'static, Mutex<rppal::i2c::I2c>>, &'static rppal::gpio::InputPin>>` is not implemented for `Mutex<Pca9535Cached<I2cProxy<'static, Mutex<rppal::i2c::I2c>>, &'static rppal::gpio::InputPin>>`
[INFO] [stdout]     |
[INFO] [stdout] note: required by a bound in `IoExpander`
[INFO] [stdout]    --> /opt/rustwide/workdir/src/expander/io.rs:16:9
[INFO] [stdout]     |
[INFO] [stdout] 16  |     Em: ExpanderMutex<Ex>,
[INFO] [stdout]     |         ^^^^^^^^^^^^^^^^^ required by this bound in `IoExpander`
[INFO] [stdout] 
[INFO] [stdout] 
[INFO] [stdout] error[E0277]: the trait bound `Mutex<Pca9535Immediate<I2cProxy<'static, Mutex<rppal::i2c::I2c>>>>: ExpanderMutex<Pca9535Immediate<I2cProxy<'static, Mutex<rppal::i2c::I2c>>>>` is not satisfied
[INFO] [stdout]    --> tests/immediate.rs:214:5
[INFO] [stdout]     |
[INFO] [stdout] 214 | /     lazy_static! {
[INFO] [stdout] 215 | |         static ref IO_EXPANDER: IoExpander<ShareableI2c, ImmediateExpander, Mutex<ImmediateExpander>> = {
[INFO] [stdout] 216 | |             let i2c_bus = *I2C_BUS.lock().unwrap();
[INFO] [stdout] 217 | |             let expander = Pca9535Immediate::new(i2c_bus.acquire_i2c(), ADDR);
[INFO] [stdout] ...   |
[INFO] [stdout] 232 | |         };
[INFO] [stdout] 233 | |     }
[INFO] [stdout]     | |_____^ the trait `ExpanderMutex<Pca9535Immediate<I2cProxy<'static, Mutex<rppal::i2c::I2c>>>>` is not implemented for `Mutex<Pca9535Immediate<I2cProxy<'static, Mutex<rppal::i2c::I2c>>>>`
[INFO] [stdout]     |
[INFO] [stdout] note: required by a bound in `IoExpander`
[INFO] [stdout]    --> /opt/rustwide/workdir/src/expander/io.rs:16:9
[INFO] [stdout]     |
[INFO] [stdout] 16  |     Em: ExpanderMutex<Ex>,
[INFO] [stdout]     |         ^^^^^^^^^^^^^^^^^ required by this bound in `IoExpander`
[INFO] [stdout]     = note: this error originates in the macro `__lazy_static_internal` which comes from the expansion of the macro `lazy_static` (in Nightly builds, run with -Z macro-backtrace for more info)
[INFO] [stdout] 
[INFO] [stdout] 
[INFO] [stdout] error[E0277]: the trait bound `Mutex<Pca9535Cached<I2cProxy<'static, Mutex<rppal::i2c::I2c>>, &'static rppal::gpio::InputPin>>: ExpanderMutex<Pca9535Cached<I2cProxy<'static, Mutex<rppal::i2c::I2c>>, &'static rppal::gpio::InputPin>>` is not satisfied
[INFO] [stdout]    --> tests/cached.rs:232:5
[INFO] [stdout]     |
[INFO] [stdout] 232 | /     lazy_static! {
[INFO] [stdout] 233 | |         static ref IO_EXPANDER: IoExpander<ShareableI2c, CachedExpander, Mutex<CachedExpander>> = {
[INFO] [stdout] 234 | |             let i2c_bus = *I2C_BUS.lock().unwrap();
[INFO] [stdout] 235 | |             let expander =
[INFO] [stdout] ...   |
[INFO] [stdout] 251 | |         };
[INFO] [stdout] 252 | |     }
[INFO] [stdout]     | |_____^ the trait `ExpanderMutex<Pca9535Cached<I2cProxy<'static, Mutex<rppal::i2c::I2c>>, &'static rppal::gpio::InputPin>>` is not implemented for `Mutex<Pca9535Cached<I2cProxy<'static, Mutex<rppal::i2c::I2c>>, &'static rppal::gpio::InputPin>>`
[INFO] [stdout]     |
[INFO] [stdout] note: required by a bound in `IoExpander`
[INFO] [stdout]    --> /opt/rustwide/workdir/src/expander/io.rs:16:9
[INFO] [stdout]     |
[INFO] [stdout] 16  |     Em: ExpanderMutex<Ex>,
[INFO] [stdout]     |         ^^^^^^^^^^^^^^^^^ required by this bound in `IoExpander`
[INFO] [stdout]     = note: this error originates in the macro `__lazy_static_internal` which comes from the expansion of the macro `lazy_static` (in Nightly builds, run with -Z macro-backtrace for more info)
[INFO] [stdout] 
[INFO] [stdout] 
[INFO] [stdout] error[E0277]: the trait bound `Mutex<Pca9535Cached<I2cProxy<'static, Mutex<rppal::i2c::I2c>>, &'static rppal::gpio::InputPin>>: ExpanderMutex<Pca9535Cached<I2cProxy<'static, Mutex<rppal::i2c::I2c>>, &'static rppal::gpio::InputPin>>` is not satisfied
[INFO] [stdout]    --> tests/cached.rs:232:5
[INFO] [stdout]     |
[INFO] [stdout] 232 | /     lazy_static! {
[INFO] [stdout] 233 | |         static ref IO_EXPANDER: IoExpander<ShareableI2c, CachedExpander, Mutex<CachedExpander>> = {
[INFO] [stdout] 234 | |             let i2c_bus = *I2C_BUS.lock().unwrap();
[INFO] [stdout] 235 | |             let expander =
[INFO] [stdout] ...   |
[INFO] [stdout] 251 | |         };
[INFO] [stdout] 252 | |     }
[INFO] [stdout]     | |_____^ the trait `ExpanderMutex<Pca9535Cached<I2cProxy<'static, Mutex<rppal::i2c::I2c>>, &'static rppal::gpio::InputPin>>` is not implemented for `Mutex<Pca9535Cached<I2cProxy<'static, Mutex<rppal::i2c::I2c>>, &'static rppal::gpio::InputPin>>`
[INFO] [stdout]     |
[INFO] [stdout] note: required by a bound in `IoExpander`
[INFO] [stdout]    --> /opt/rustwide/workdir/src/expander/io.rs:16:9
[INFO] [stdout]     |
[INFO] [stdout] 16  |     Em: ExpanderMutex<Ex>,
[INFO] [stdout]     |         ^^^^^^^^^^^^^^^^^ required by this bound in `IoExpander`
[INFO] [stdout]     = note: this error originates in the macro `__lazy_static_create` which comes from the expansion of the macro `lazy_static` (in Nightly builds, run with -Z macro-backtrace for more info)
[INFO] [stdout] 
[INFO] [stdout] 
[INFO] [stdout] error[E0277]: the trait bound `Mutex<Pca9535Immediate<I2cProxy<'static, Mutex<rppal::i2c::I2c>>>>: ExpanderMutex<Pca9535Immediate<I2cProxy<'static, Mutex<rppal::i2c::I2c>>>>` is not satisfied
[INFO] [stdout]    --> tests/immediate.rs:214:5
[INFO] [stdout]     |
[INFO] [stdout] 214 | /     lazy_static! {
[INFO] [stdout] 215 | |         static ref IO_EXPANDER: IoExpander<ShareableI2c, ImmediateExpander, Mutex<ImmediateExpander>> = {
[INFO] [stdout] 216 | |             let i2c_bus = *I2C_BUS.lock().unwrap();
[INFO] [stdout] 217 | |             let expander = Pca9535Immediate::new(i2c_bus.acquire_i2c(), ADDR);
[INFO] [stdout] ...   |
[INFO] [stdout] 232 | |         };
[INFO] [stdout] 233 | |     }
[INFO] [stdout]     | |_____^ the trait `ExpanderMutex<Pca9535Immediate<I2cProxy<'static, Mutex<rppal::i2c::I2c>>>>` is not implemented for `Mutex<Pca9535Immediate<I2cProxy<'static, Mutex<rppal::i2c::I2c>>>>`
[INFO] [stdout]     |
[INFO] [stdout] note: required by a bound in `IoExpander`
[INFO] [stdout]    --> /opt/rustwide/workdir/src/expander/io.rs:16:9
[INFO] [stdout]     |
[INFO] [stdout] 16  |     Em: ExpanderMutex<Ex>,
[INFO] [stdout]     |         ^^^^^^^^^^^^^^^^^ required by this bound in `IoExpander`
[INFO] [stdout]     = note: this error originates in the macro `__lazy_static_internal` which comes from the expansion of the macro `lazy_static` (in Nightly builds, run with -Z macro-backtrace for more info)
[INFO] [stdout] 
[INFO] [stdout] 
[INFO] [stdout] error[E0277]: the trait bound `Mutex<Pca9535Cached<I2cProxy<'static, Mutex<rppal::i2c::I2c>>, &'static rppal::gpio::InputPin>>: ExpanderMutex<Pca9535Cached<I2cProxy<'static, Mutex<rppal::i2c::I2c>>, &'static rppal::gpio::InputPin>>` is not satisfied
[INFO] [stdout]    --> tests/cached.rs:240:34
[INFO] [stdout]     |
[INFO] [stdout] 240 |         static ref PCA9535_GPIO: Pca9535Gpio = {
[INFO] [stdout]     |                                  ^^^^^^^^^^^ the trait `ExpanderMutex<Pca9535Cached<I2cProxy<'static, Mutex<rppal::i2c::I2c>>, &'static rppal::gpio::InputPin>>` is not implemented for `Mutex<Pca9535Cached<I2cProxy<'static, Mutex<rppal::i2c::I2c>>, &'static rppal::gpio::InputPin>>`
[INFO] [stdout]     |
[INFO] [stdout] note: required by a bound in `IoExpander`
[INFO] [stdout]    --> /opt/rustwide/workdir/src/expander/io.rs:16:9
[INFO] [stdout]     |
[INFO] [stdout] 16  |     Em: ExpanderMutex<Ex>,
[INFO] [stdout]     |         ^^^^^^^^^^^^^^^^^ required by this bound in `IoExpander`
[INFO] [stdout] 
[INFO] [stdout] 
[INFO] [stdout] error[E0277]: the trait bound `Mutex<Pca9535Cached<I2cProxy<'static, Mutex<rppal::i2c::I2c>>, &'static rppal::gpio::InputPin>>: ExpanderMutex<Pca9535Cached<I2cProxy<'static, Mutex<rppal::i2c::I2c>>, &'static rppal::gpio::InputPin>>` is not satisfied
[INFO] [stdout]    --> tests/cached.rs:232:5
[INFO] [stdout]     |
[INFO] [stdout] 232 | /     lazy_static! {
[INFO] [stdout] 233 | |         static ref IO_EXPANDER: IoExpander<ShareableI2c, CachedExpander, Mutex<CachedExpander>> = {
[INFO] [stdout] 234 | |             let i2c_bus = *I2C_BUS.lock().unwrap();
[INFO] [stdout] 235 | |             let expander =
[INFO] [stdout] ...   |
[INFO] [stdout] 251 | |         };
[INFO] [stdout] 252 | |     }
[INFO] [stdout]     | |_____^ the trait `ExpanderMutex<Pca9535Cached<I2cProxy<'static, Mutex<rppal::i2c::I2c>>, &'static rppal::gpio::InputPin>>` is not implemented for `Mutex<Pca9535Cached<I2cProxy<'static, Mutex<rppal::i2c::I2c>>, &'static rppal::gpio::InputPin>>`
[INFO] [stdout]     |
[INFO] [stdout] note: required by a bound in `IoExpander`
[INFO] [stdout]    --> /opt/rustwide/workdir/src/expander/io.rs:16:9
[INFO] [stdout]     |
[INFO] [stdout] 16  |     Em: ExpanderMutex<Ex>,
[INFO] [stdout]     |         ^^^^^^^^^^^^^^^^^ required by this bound in `IoExpander`
[INFO] [stdout]     = note: this error originates in the macro `__lazy_static_internal` which comes from the expansion of the macro `lazy_static` (in Nightly builds, run with -Z macro-backtrace for more info)
[INFO] [stdout] 
[INFO] [stdout] 
[INFO] [stdout] error[E0277]: the trait bound `Mutex<Pca9535Cached<I2cProxy<'static, Mutex<rppal::i2c::I2c>>, &'static rppal::gpio::InputPin>>: ExpanderMutex<Pca9535Cached<I2cProxy<'static, Mutex<rppal::i2c::I2c>>, &'static rppal::gpio::InputPin>>` is not satisfied
[INFO] [stdout]    --> tests/cached.rs:232:5
[INFO] [stdout]     |
[INFO] [stdout] 232 | /     lazy_static! {
[INFO] [stdout] 233 | |         static ref IO_EXPANDER: IoExpander<ShareableI2c, CachedExpander, Mutex<CachedExpander>> = {
[INFO] [stdout] 234 | |             let i2c_bus = *I2C_BUS.lock().unwrap();
[INFO] [stdout] 235 | |             let expander =
[INFO] [stdout] ...   |
[INFO] [stdout] 251 | |         };
[INFO] [stdout] 252 | |     }
[INFO] [stdout]     | |_____^ the trait `ExpanderMutex<Pca9535Cached<I2cProxy<'static, Mutex<rppal::i2c::I2c>>, &'static rppal::gpio::InputPin>>` is not implemented for `Mutex<Pca9535Cached<I2cProxy<'static, Mutex<rppal::i2c::I2c>>, &'static rppal::gpio::InputPin>>`
[INFO] [stdout]     |
[INFO] [stdout] note: required by a bound in `IoExpander`
[INFO] [stdout]    --> /opt/rustwide/workdir/src/expander/io.rs:16:9
[INFO] [stdout]     |
[INFO] [stdout] 16  |     Em: ExpanderMutex<Ex>,
[INFO] [stdout]     |         ^^^^^^^^^^^^^^^^^ required by this bound in `IoExpander`
[INFO] [stdout]     = note: this error originates in the macro `__lazy_static_create` which comes from the expansion of the macro `lazy_static` (in Nightly builds, run with -Z macro-backtrace for more info)
[INFO] [stdout] 
[INFO] [stdout] 
[INFO] [stdout] error[E0277]: the trait bound `Mutex<Pca9535Cached<I2cProxy<'static, Mutex<rppal::i2c::I2c>>, &'static rppal::gpio::InputPin>>: ExpanderMutex<Pca9535Cached<I2cProxy<'static, Mutex<rppal::i2c::I2c>>, &'static rppal::gpio::InputPin>>` is not satisfied
[INFO] [stdout]    --> tests/cached.rs:232:5
[INFO] [stdout]     |
[INFO] [stdout] 232 | /     lazy_static! {
[INFO] [stdout] 233 | |         static ref IO_EXPANDER: IoExpander<ShareableI2c, CachedExpander, Mutex<CachedExpander>> = {
[INFO] [stdout] 234 | |             let i2c_bus = *I2C_BUS.lock().unwrap();
[INFO] [stdout] 235 | |             let expander =
[INFO] [stdout] ...   |
[INFO] [stdout] 251 | |         };
[INFO] [stdout] 252 | |     }
[INFO] [stdout]     | |_____^ the trait `ExpanderMutex<Pca9535Cached<I2cProxy<'static, Mutex<rppal::i2c::I2c>>, &'static rppal::gpio::InputPin>>` is not implemented for `Mutex<Pca9535Cached<I2cProxy<'static, Mutex<rppal::i2c::I2c>>, &'static rppal::gpio::InputPin>>`
[INFO] [stdout]     |
[INFO] [stdout] note: required by a bound in `IoExpander`
[INFO] [stdout]    --> /opt/rustwide/workdir/src/expander/io.rs:16:9
[INFO] [stdout]     |
[INFO] [stdout] 16  |     Em: ExpanderMutex<Ex>,
[INFO] [stdout]     |         ^^^^^^^^^^^^^^^^^ required by this bound in `IoExpander`
[INFO] [stdout]     = note: this error originates in the macro `__lazy_static_internal` which comes from the expansion of the macro `lazy_static` (in Nightly builds, run with -Z macro-backtrace for more info)
[INFO] [stdout] 
[INFO] [stdout] 
[INFO] [stdout] error[E0277]: the trait bound `Mutex<Pca9535Cached<I2cProxy<'static, Mutex<rppal::i2c::I2c>>, &'static rppal::gpio::InputPin>>: ExpanderMutex<Pca9535Cached<I2cProxy<'static, Mutex<rppal::i2c::I2c>>, &'static rppal::gpio::InputPin>>` is not satisfied
[INFO] [stdout]    --> tests/cached.rs:232:5
[INFO] [stdout]     |
[INFO] [stdout] 232 | /     lazy_static! {
[INFO] [stdout] 233 | |         static ref IO_EXPANDER: IoExpander<ShareableI2c, CachedExpander, Mutex<CachedExpander>> = {
[INFO] [stdout] 234 | |             let i2c_bus = *I2C_BUS.lock().unwrap();
[INFO] [stdout] 235 | |             let expander =
[INFO] [stdout] ...   |
[INFO] [stdout] 251 | |         };
[INFO] [stdout] 252 | |     }
[INFO] [stdout]     | |_____^ the trait `ExpanderMutex<Pca9535Cached<I2cProxy<'static, Mutex<rppal::i2c::I2c>>, &'static rppal::gpio::InputPin>>` is not implemented for `Mutex<Pca9535Cached<I2cProxy<'static, Mutex<rppal::i2c::I2c>>, &'static rppal::gpio::InputPin>>`
[INFO] [stdout]     |
[INFO] [stdout] note: required by a bound in `IoExpander`
[INFO] [stdout]    --> /opt/rustwide/workdir/src/expander/io.rs:16:9
[INFO] [stdout]     |
[INFO] [stdout] 16  |     Em: ExpanderMutex<Ex>,
[INFO] [stdout]     |         ^^^^^^^^^^^^^^^^^ required by this bound in `IoExpander`
[INFO] [stdout]     = note: this error originates in the macro `__lazy_static_internal` which comes from the expansion of the macro `lazy_static` (in Nightly builds, run with -Z macro-backtrace for more info)
[INFO] [stdout] 
[INFO] [stdout] 
[INFO] [stderr] error: could not compile `pca9535` due to 9 previous errors
[INFO] [stdout] error: aborting due to 8 previous errors
[INFO] [stdout] 
[INFO] [stdout] 
[INFO] [stderr] warning: build failed, waiting for other jobs to finish...
[INFO] [stdout] For more information about this error, try `rustc --explain E0277`.
[INFO] [stdout] 
[INFO] [stdout] error: aborting due to 8 previous errors
[INFO] [stdout] 
[INFO] [stdout] 
[INFO] [stdout] For more information about this error, try `rustc --explain E0277`.
[INFO] [stdout] 
[INFO] [stderr] error: could not compile `pca9535` due to 9 previous errors
[INFO] running `Command { std: "docker" "inspect" "3084299ffe91cea90bd6e64e7dae8946a1529ab4a4b8f1894795331af4f01ec3", kill_on_drop: false }`
[INFO] running `Command { std: "docker" "rm" "-f" "3084299ffe91cea90bd6e64e7dae8946a1529ab4a4b8f1894795331af4f01ec3", kill_on_drop: false }`
[INFO] [stdout] 3084299ffe91cea90bd6e64e7dae8946a1529ab4a4b8f1894795331af4f01ec3
