[INFO] fetching crate pbjson-types-any 0.2.3...
[INFO] testing pbjson-types-any-0.2.3 against 1.69.0 for beta-1.70-1
[INFO] extracting crate pbjson-types-any 0.2.3 into /workspace/builds/worker-1-tc1/source
[INFO] validating manifest of crates.io crate pbjson-types-any 0.2.3 on toolchain 1.69.0
[INFO] running `Command { std: CARGO_HOME="/workspace/cargo-home" RUSTUP_HOME="/workspace/rustup-home" "/workspace/cargo-home/bin/cargo" "+1.69.0" "metadata" "--manifest-path" "Cargo.toml" "--no-deps", kill_on_drop: false }`
[INFO] started tweaking crates.io crate pbjson-types-any 0.2.3
[INFO] finished tweaking crates.io crate pbjson-types-any 0.2.3
[INFO] tweaked toml for crates.io crate pbjson-types-any 0.2.3 written to /workspace/builds/worker-1-tc1/source/Cargo.toml
[INFO] running `Command { std: CARGO_HOME="/workspace/cargo-home" RUSTUP_HOME="/workspace/rustup-home" __CARGO_TEST_CHANNEL_OVERRIDE_DO_NOT_USE_THIS="nightly" "/workspace/cargo-home/bin/cargo" "+1.69.0" "generate-lockfile" "--manifest-path" "Cargo.toml" "-Zno-index-update", kill_on_drop: false }`
[INFO] running `Command { std: CARGO_HOME="/workspace/cargo-home" RUSTUP_HOME="/workspace/rustup-home" "/workspace/cargo-home/bin/cargo" "+1.69.0" "fetch" "--manifest-path" "Cargo.toml", kill_on_drop: false }`
[INFO] [stderr]  Downloading crates ...
[INFO] [stderr]   Downloaded typetag-impl v0.2.8
[INFO] [stderr]   Downloaded ctor v0.2.0
[INFO] [stderr]   Downloaded inventory v0.3.5
[INFO] [stderr]   Downloaded typetag v0.2.8
[INFO] [stderr]   Downloaded pbjson-build-any v0.2.3
[INFO] [stderr]   Downloaded pbjson-any v0.2.3
[INFO] [stderr]   Downloaded prost-wkt v0.3.5
[INFO] running `Command { std: "docker" "create" "-v" "/var/lib/crater-agent-workspace/builds/worker-1-tc1/target:/opt/rustwide/target:rw,Z" "-v" "/var/lib/crater-agent-workspace/builds/worker-1-tc1/source:/opt/rustwide/workdir:ro,Z" "-v" "/var/lib/crater-agent-workspace/cargo-home:/opt/rustwide/cargo-home:ro,Z" "-v" "/var/lib/crater-agent-workspace/rustup-home:/opt/rustwide/rustup-home:ro,Z" "-e" "SOURCE_DIR=/opt/rustwide/workdir" "-e" "CARGO_TARGET_DIR=/opt/rustwide/target" "-e" "CARGO_HOME=/opt/rustwide/cargo-home" "-e" "RUSTUP_HOME=/opt/rustwide/rustup-home" "-w" "/opt/rustwide/workdir" "-m" "1610612736" "--user" "0:0" "--network" "none" "ghcr.io/rust-lang/crates-build-env/linux@sha256:5ff2268d62e97bff2cde7d5815dd6ed5b47097566f13b8d0ca110b04b60e07ed" "/opt/rustwide/cargo-home/bin/cargo" "+1.69.0" "metadata" "--no-deps" "--format-version=1", kill_on_drop: false }`
[INFO] [stdout] ac0d7299e8229e910f216000b36c35e53bb33d1a74c790cc6a7d8ef010078920
[INFO] running `Command { std: "docker" "start" "-a" "ac0d7299e8229e910f216000b36c35e53bb33d1a74c790cc6a7d8ef010078920", kill_on_drop: false }`
[INFO] running `Command { std: "docker" "inspect" "ac0d7299e8229e910f216000b36c35e53bb33d1a74c790cc6a7d8ef010078920", kill_on_drop: false }`
[INFO] running `Command { std: "docker" "rm" "-f" "ac0d7299e8229e910f216000b36c35e53bb33d1a74c790cc6a7d8ef010078920", kill_on_drop: false }`
[INFO] [stdout] ac0d7299e8229e910f216000b36c35e53bb33d1a74c790cc6a7d8ef010078920
[INFO] running `Command { std: "docker" "create" "-v" "/var/lib/crater-agent-workspace/builds/worker-1-tc1/target:/opt/rustwide/target:rw,Z" "-v" "/var/lib/crater-agent-workspace/builds/worker-1-tc1/source:/opt/rustwide/workdir:ro,Z" "-v" "/var/lib/crater-agent-workspace/cargo-home:/opt/rustwide/cargo-home:ro,Z" "-v" "/var/lib/crater-agent-workspace/rustup-home:/opt/rustwide/rustup-home:ro,Z" "-e" "SOURCE_DIR=/opt/rustwide/workdir" "-e" "CARGO_TARGET_DIR=/opt/rustwide/target" "-e" "CARGO_INCREMENTAL=0" "-e" "RUST_BACKTRACE=full" "-e" "RUSTFLAGS=--cap-lints=warn" "-e" "RUSTDOCFLAGS=--cap-lints=warn" "-e" "CARGO_HOME=/opt/rustwide/cargo-home" "-e" "RUSTUP_HOME=/opt/rustwide/rustup-home" "-w" "/opt/rustwide/workdir" "-m" "1610612736" "--user" "0:0" "--network" "none" "ghcr.io/rust-lang/crates-build-env/linux@sha256:5ff2268d62e97bff2cde7d5815dd6ed5b47097566f13b8d0ca110b04b60e07ed" "/opt/rustwide/cargo-home/bin/cargo" "+1.69.0" "build" "--frozen" "--message-format=json", kill_on_drop: false }`
[INFO] [stdout] fb5757ce53c41ca4308f8214543415d7956fc8fc6f634cfcc5c4a008bd7f251a
[INFO] running `Command { std: "docker" "start" "-a" "fb5757ce53c41ca4308f8214543415d7956fc8fc6f634cfcc5c4a008bd7f251a", kill_on_drop: false }`
[INFO] [stderr]    Compiling syn v1.0.109
[INFO] [stderr]    Compiling either v1.8.1
[INFO] [stderr]    Compiling libc v0.2.142
[INFO] [stderr]    Compiling serde v1.0.160
[INFO] [stderr]    Compiling io-lifetimes v1.0.10
[INFO] [stderr]    Compiling bytes v1.4.0
[INFO] [stderr]    Compiling erased-serde v0.3.25
[INFO] [stderr]    Compiling rustix v0.37.18
[INFO] [stderr]    Compiling bitflags v1.3.2
[INFO] [stderr]    Compiling anyhow v1.0.71
[INFO] [stderr]    Compiling memchr v2.5.0
[INFO] [stderr]    Compiling indexmap v1.9.3
[INFO] [stderr]    Compiling syn v2.0.15
[INFO] [stderr]    Compiling cfg-if v1.0.0
[INFO] [stderr]    Compiling hashbrown v0.12.3
[INFO] [stderr]    Compiling linux-raw-sys v0.3.6
[INFO] [stderr]    Compiling unicode-segmentation v1.10.1
[INFO] [stderr]    Compiling log v0.4.17
[INFO] [stderr]    Compiling regex-syntax v0.7.1
[INFO] [stderr]    Compiling fastrand v1.9.0
[INFO] [stderr]    Compiling itertools v0.10.5
[INFO] [stderr]    Compiling fixedbitset v0.4.2
[INFO] [stderr]    Compiling lazy_static v1.4.0
[INFO] [stderr]    Compiling multimap v0.8.3
[INFO] [stderr]    Compiling heck v0.3.3
[INFO] [stderr]    Compiling mopa v0.2.2
[INFO] [stderr]    Compiling aho-corasick v1.0.1
[INFO] [stderr]    Compiling petgraph v0.6.3
[INFO] [stderr]    Compiling which v4.4.0
[INFO] [stderr]    Compiling prost-build v0.9.0
[INFO] [stderr]    Compiling regex v1.8.1
[INFO] [stderr]    Compiling tempfile v3.5.0
[INFO] [stderr]    Compiling serde_derive v1.0.160
[INFO] [stderr]    Compiling ghost v0.1.9
[INFO] [stderr]    Compiling ctor v0.2.0
[INFO] [stderr]    Compiling typetag-impl v0.2.8
[INFO] [stderr]    Compiling prost-derive v0.9.0
[INFO] [stderr]    Compiling ctor v0.1.26
[INFO] [stderr]    Compiling prost-derive v0.11.9
[INFO] [stderr]    Compiling typetag-impl v0.1.8
[INFO] [stderr]    Compiling inventory v0.3.5
[INFO] [stderr]    Compiling inventory v0.2.3
[INFO] [stderr]    Compiling prost v0.11.9
[INFO] [stderr]    Compiling prost v0.9.0
[INFO] [stderr]    Compiling prost-types v0.9.0
[INFO] [stderr]    Compiling pbjson-build-any v0.2.3
[INFO] [stderr]    Compiling pbjson-types-any v0.2.3 (/opt/rustwide/workdir)
[INFO] [stderr]    Compiling chrono v0.4.24
[INFO] [stderr]    Compiling serde_json v1.0.96
[INFO] [stderr]    Compiling typetag v0.2.8
[INFO] [stderr]    Compiling typetag v0.1.8
[INFO] [stderr]    Compiling prost-wkt v0.3.5
[INFO] [stderr]    Compiling pbjson-any v0.2.3
[INFO] [stdout] error[E0277]: the trait bound `protobuf::Any: prost::message::Message` is not satisfied
[INFO] [stdout]    --> /opt/rustwide/target/debug/build/pbjson-types-any-4187aa81252d074c/out/google.protobuf.serde.rs:111:48
[INFO] [stdout]     |
[INFO] [stdout] 111 | impl ::pbjson_any::prost_wkt::MessageSerde for Any {
[INFO] [stdout]     |                                                ^^^ the trait `prost::message::Message` is not implemented for `protobuf::Any`
[INFO] [stdout]     |
[INFO] [stdout]     = help: the following other types implement trait `prost::message::Message`:
[INFO] [stdout]               ()
[INFO] [stdout]               Box<M>
[INFO] [stdout]               Vec<u8>
[INFO] [stdout]               bool
[INFO] [stdout]               f32
[INFO] [stdout]               f64
[INFO] [stdout]               i32
[INFO] [stdout]               i64
[INFO] [stdout]             and 4 others
[INFO] [stdout] note: required by a bound in `MessageSerde`
[INFO] [stdout]    --> /opt/rustwide/cargo-home/registry/src/github.com-1ecc6299db9ec823/prost-wkt-0.3.5/src/lib.rs:10:25
[INFO] [stdout]     |
[INFO] [stdout] 10  | pub trait MessageSerde: prost::Message + mopa::Any {
[INFO] [stdout]     |                         ^^^^^^^^^^^^^^ required by this bound in `MessageSerde`
[INFO] [stdout] 
[INFO] [stdout] 
[INFO] [stdout] error[E0277]: the trait bound `Api: prost::message::Message` is not satisfied
[INFO] [stdout]    --> /opt/rustwide/target/debug/build/pbjson-types-any-4187aa81252d074c/out/google.protobuf.serde.rs:335:48
[INFO] [stdout]     |
[INFO] [stdout] 335 | impl ::pbjson_any::prost_wkt::MessageSerde for Api {
[INFO] [stdout]     |                                                ^^^ the trait `prost::message::Message` is not implemented for `Api`
[INFO] [stdout]     |
[INFO] [stdout]     = help: the following other types implement trait `prost::message::Message`:
[INFO] [stdout]               ()
[INFO] [stdout]               Box<M>
[INFO] [stdout]               Vec<u8>
[INFO] [stdout]               bool
[INFO] [stdout]               f32
[INFO] [stdout]               f64
[INFO] [stdout]               i32
[INFO] [stdout]               i64
[INFO] [stdout]             and 4 others
[INFO] [stdout] note: required by a bound in `MessageSerde`
[INFO] [stdout]    --> /opt/rustwide/cargo-home/registry/src/github.com-1ecc6299db9ec823/prost-wkt-0.3.5/src/lib.rs:10:25
[INFO] [stdout]     |
[INFO] [stdout] 10  | pub trait MessageSerde: prost::Message + mopa::Any {
[INFO] [stdout]     |                         ^^^^^^^^^^^^^^ required by this bound in `MessageSerde`
[INFO] [stdout] 
[INFO] [stdout] 
[INFO] [stdout] error[E0277]: the trait bound `BoolValue: prost::message::Message` is not satisfied
[INFO] [stdout]    --> /opt/rustwide/target/debug/build/pbjson-types-any-4187aa81252d074c/out/google.protobuf.serde.rs:455:48
[INFO] [stdout]     |
[INFO] [stdout] 455 | impl ::pbjson_any::prost_wkt::MessageSerde for BoolValue {
[INFO] [stdout]     |                                                ^^^^^^^^^ the trait `prost::message::Message` is not implemented for `BoolValue`
[INFO] [stdout]     |
[INFO] [stdout]     = help: the following other types implement trait `prost::message::Message`:
[INFO] [stdout]               ()
[INFO] [stdout]               Box<M>
[INFO] [stdout]               Vec<u8>
[INFO] [stdout]               bool
[INFO] [stdout]               f32
[INFO] [stdout]               f64
[INFO] [stdout]               i32
[INFO] [stdout]               i64
[INFO] [stdout]             and 4 others
[INFO] [stdout] note: required by a bound in `MessageSerde`
[INFO] [stdout]    --> /opt/rustwide/cargo-home/registry/src/github.com-1ecc6299db9ec823/prost-wkt-0.3.5/src/lib.rs:10:25
[INFO] [stdout]     |
[INFO] [stdout] 10  | pub trait MessageSerde: prost::Message + mopa::Any {
[INFO] [stdout]     |                         ^^^^^^^^^^^^^^ required by this bound in `MessageSerde`
[INFO] [stdout] 
[INFO] [stdout] 
[INFO] [stdout] error[E0277]: the trait bound `BytesValue: prost::message::Message` is not satisfied
[INFO] [stdout]    --> /opt/rustwide/target/debug/build/pbjson-types-any-4187aa81252d074c/out/google.protobuf.serde.rs:577:48
[INFO] [stdout]     |
[INFO] [stdout] 577 | impl ::pbjson_any::prost_wkt::MessageSerde for BytesValue {
[INFO] [stdout]     |                                                ^^^^^^^^^^ the trait `prost::message::Message` is not implemented for `BytesValue`
[INFO] [stdout]     |
[INFO] [stdout]     = help: the following other types implement trait `prost::message::Message`:
[INFO] [stdout]               ()
[INFO] [stdout]               Box<M>
[INFO] [stdout]               Vec<u8>
[INFO] [stdout]               bool
[INFO] [stdout]               f32
[INFO] [stdout]               f64
[INFO] [stdout]               i32
[INFO] [stdout]               i64
[INFO] [stdout]             and 4 others
[INFO] [stdout] note: required by a bound in `MessageSerde`
[INFO] [stdout]    --> /opt/rustwide/cargo-home/registry/src/github.com-1ecc6299db9ec823/prost-wkt-0.3.5/src/lib.rs:10:25
[INFO] [stdout]     |
[INFO] [stdout] 10  | pub trait MessageSerde: prost::Message + mopa::Any {
[INFO] [stdout]     |                         ^^^^^^^^^^^^^^ required by this bound in `MessageSerde`
[INFO] [stdout] 
[INFO] [stdout] 
[INFO] [stdout] error[E0277]: the trait bound `DescriptorProto: prost::message::Message` is not satisfied
[INFO] [stdout]    --> /opt/rustwide/target/debug/build/pbjson-types-any-4187aa81252d074c/out/google.protobuf.serde.rs:850:48
[INFO] [stdout]     |
[INFO] [stdout] 850 | impl ::pbjson_any::prost_wkt::MessageSerde for DescriptorProto {
[INFO] [stdout]     |                                                ^^^^^^^^^^^^^^^ the trait `prost::message::Message` is not implemented for `DescriptorProto`
[INFO] [stdout]     |
[INFO] [stdout]     = help: the following other types implement trait `prost::message::Message`:
[INFO] [stdout]               ()
[INFO] [stdout]               Box<M>
[INFO] [stdout]               Vec<u8>
[INFO] [stdout]               bool
[INFO] [stdout]               f32
[INFO] [stdout]               f64
[INFO] [stdout]               i32
[INFO] [stdout]               i64
[INFO] [stdout]             and 4 others
[INFO] [stdout] note: required by a bound in `MessageSerde`
[INFO] [stdout]    --> /opt/rustwide/cargo-home/registry/src/github.com-1ecc6299db9ec823/prost-wkt-0.3.5/src/lib.rs:10:25
[INFO] [stdout]     |
[INFO] [stdout] 10  | pub trait MessageSerde: prost::Message + mopa::Any {
[INFO] [stdout]     |                         ^^^^^^^^^^^^^^ required by this bound in `MessageSerde`
[INFO] [stdout] 
[INFO] [stdout] 
[INFO] [stdout] error[E0277]: the trait bound `ExtensionRange: prost::message::Message` is not satisfied
[INFO] [stdout]     --> /opt/rustwide/target/debug/build/pbjson-types-any-4187aa81252d074c/out/google.protobuf.serde.rs:1008:48
[INFO] [stdout]      |
[INFO] [stdout] 1008 | impl ::pbjson_any::prost_wkt::MessageSerde for descriptor_proto::ExtensionRange {
[INFO] [stdout]      |                                                ^^^^^^^^^^^^^^^^^^^^^^^^^^^^^^^^ the trait `prost::message::Message` is not implemented for `ExtensionRange`
[INFO] [stdout]      |
[INFO] [stdout]      = help: the following other types implement trait `prost::message::Message`:
[INFO] [stdout]                ()
[INFO] [stdout]                Box<M>
[INFO] [stdout]                Vec<u8>
[INFO] [stdout]                bool
[INFO] [stdout]                f32
[INFO] [stdout]                f64
[INFO] [stdout]                i32
[INFO] [stdout]                i64
[INFO] [stdout]              and 4 others
[INFO] [stdout] note: required by a bound in `MessageSerde`
[INFO] [stdout]     --> /opt/rustwide/cargo-home/registry/src/github.com-1ecc6299db9ec823/prost-wkt-0.3.5/src/lib.rs:10:25
[INFO] [stdout]      |
[INFO] [stdout] 10   | pub trait MessageSerde: prost::Message + mopa::Any {
[INFO] [stdout]      |                         ^^^^^^^^^^^^^^ required by this bound in `MessageSerde`
[INFO] [stdout] 
[INFO] [stdout] 
[INFO] [stdout] error[E0277]: the trait bound `ReservedRange: prost::message::Message` is not satisfied
[INFO] [stdout]     --> /opt/rustwide/target/debug/build/pbjson-types-any-4187aa81252d074c/out/google.protobuf.serde.rs:1149:48
[INFO] [stdout]      |
[INFO] [stdout] 1149 | impl ::pbjson_any::prost_wkt::MessageSerde for descriptor_proto::ReservedRange {
[INFO] [stdout]      |                                                ^^^^^^^^^^^^^^^^^^^^^^^^^^^^^^^ the trait `prost::message::Message` is not implemented for `ReservedRange`
[INFO] [stdout]      |
[INFO] [stdout]      = help: the following other types implement trait `prost::message::Message`:
[INFO] [stdout]                ()
[INFO] [stdout]                Box<M>
[INFO] [stdout]                Vec<u8>
[INFO] [stdout]                bool
[INFO] [stdout]                f32
[INFO] [stdout]                f64
[INFO] [stdout]                i32
[INFO] [stdout]                i64
[INFO] [stdout]              and 4 others
[INFO] [stdout] note: required by a bound in `MessageSerde`
[INFO] [stdout]     --> /opt/rustwide/cargo-home/registry/src/github.com-1ecc6299db9ec823/prost-wkt-0.3.5/src/lib.rs:10:25
[INFO] [stdout]      |
[INFO] [stdout] 10   | pub trait MessageSerde: prost::Message + mopa::Any {
[INFO] [stdout]      |                         ^^^^^^^^^^^^^^ required by this bound in `MessageSerde`
[INFO] [stdout] 
[INFO] [stdout] 
[INFO] [stdout] error[E0277]: the trait bound `DoubleValue: prost::message::Message` is not satisfied
[INFO] [stdout]     --> /opt/rustwide/target/debug/build/pbjson-types-any-4187aa81252d074c/out/google.protobuf.serde.rs:1271:48
[INFO] [stdout]      |
[INFO] [stdout] 1271 | impl ::pbjson_any::prost_wkt::MessageSerde for DoubleValue {
[INFO] [stdout]      |                                                ^^^^^^^^^^^ the trait `prost::message::Message` is not implemented for `DoubleValue`
[INFO] [stdout]      |
[INFO] [stdout]      = help: the following other types implement trait `prost::message::Message`:
[INFO] [stdout]                ()
[INFO] [stdout]                Box<M>
[INFO] [stdout]                Vec<u8>
[INFO] [stdout]                bool
[INFO] [stdout]                f32
[INFO] [stdout]                f64
[INFO] [stdout]                i32
[INFO] [stdout]                i64
[INFO] [stdout]              and 4 others
[INFO] [stdout] note: required by a bound in `MessageSerde`
[INFO] [stdout]     --> /opt/rustwide/cargo-home/registry/src/github.com-1ecc6299db9ec823/prost-wkt-0.3.5/src/lib.rs:10:25
[INFO] [stdout]      |
[INFO] [stdout] 10   | pub trait MessageSerde: prost::Message + mopa::Any {
[INFO] [stdout]      |                         ^^^^^^^^^^^^^^ required by this bound in `MessageSerde`
[INFO] [stdout] 
[INFO] [stdout] 
[INFO] [stdout] error[E0277]: the trait bound `protobuf::Empty: prost::message::Message` is not satisfied
[INFO] [stdout]     --> /opt/rustwide/target/debug/build/pbjson-types-any-4187aa81252d074c/out/google.protobuf.serde.rs:1369:48
[INFO] [stdout]      |
[INFO] [stdout] 1369 | impl ::pbjson_any::prost_wkt::MessageSerde for Empty {
[INFO] [stdout]      |                                                ^^^^^ the trait `prost::message::Message` is not implemented for `protobuf::Empty`
[INFO] [stdout]      |
[INFO] [stdout]      = help: the following other types implement trait `prost::message::Message`:
[INFO] [stdout]                ()
[INFO] [stdout]                Box<M>
[INFO] [stdout]                Vec<u8>
[INFO] [stdout]                bool
[INFO] [stdout]                f32
[INFO] [stdout]                f64
[INFO] [stdout]                i32
[INFO] [stdout]                i64
[INFO] [stdout]              and 4 others
[INFO] [stdout] note: required by a bound in `MessageSerde`
[INFO] [stdout]     --> /opt/rustwide/cargo-home/registry/src/github.com-1ecc6299db9ec823/prost-wkt-0.3.5/src/lib.rs:10:25
[INFO] [stdout]      |
[INFO] [stdout] 10   | pub trait MessageSerde: prost::Message + mopa::Any {
[INFO] [stdout]      |                         ^^^^^^^^^^^^^^ required by this bound in `MessageSerde`
[INFO] [stdout] 
[INFO] [stdout] 
[INFO] [stdout] error[E0277]: the trait bound `protobuf::Enum: prost::message::Message` is not satisfied
[INFO] [stdout]     --> /opt/rustwide/target/debug/build/pbjson-types-any-4187aa81252d074c/out/google.protobuf.serde.rs:1559:48
[INFO] [stdout]      |
[INFO] [stdout] 1559 | impl ::pbjson_any::prost_wkt::MessageSerde for Enum {
[INFO] [stdout]      |                                                ^^^^ the trait `prost::message::Message` is not implemented for `protobuf::Enum`
[INFO] [stdout]      |
[INFO] [stdout]      = help: the following other types implement trait `prost::message::Message`:
[INFO] [stdout]                ()
[INFO] [stdout]                Box<M>
[INFO] [stdout]                Vec<u8>
[INFO] [stdout]                bool
[INFO] [stdout]                f32
[INFO] [stdout]                f64
[INFO] [stdout]                i32
[INFO] [stdout]                i64
[INFO] [stdout]              and 4 others
[INFO] [stdout] note: required by a bound in `MessageSerde`
[INFO] [stdout]     --> /opt/rustwide/cargo-home/registry/src/github.com-1ecc6299db9ec823/prost-wkt-0.3.5/src/lib.rs:10:25
[INFO] [stdout]      |
[INFO] [stdout] 10   | pub trait MessageSerde: prost::Message + mopa::Any {
[INFO] [stdout]      |                         ^^^^^^^^^^^^^^ required by this bound in `MessageSerde`
[INFO] [stdout] 
[INFO] [stdout] 
[INFO] [stdout] error[E0277]: the trait bound `EnumDescriptorProto: prost::message::Message` is not satisfied
[INFO] [stdout]     --> /opt/rustwide/target/debug/build/pbjson-types-any-4187aa81252d074c/out/google.protobuf.serde.rs:1747:48
[INFO] [stdout]      |
[INFO] [stdout] 1747 | impl ::pbjson_any::prost_wkt::MessageSerde for EnumDescriptorProto {
[INFO] [stdout]      |                                                ^^^^^^^^^^^^^^^^^^^ the trait `prost::message::Message` is not implemented for `EnumDescriptorProto`
[INFO] [stdout]      |
[INFO] [stdout]      = help: the following other types implement trait `prost::message::Message`:
[INFO] [stdout]                ()
[INFO] [stdout]                Box<M>
[INFO] [stdout]                Vec<u8>
[INFO] [stdout]                bool
[INFO] [stdout]                f32
[INFO] [stdout]                f64
[INFO] [stdout]                i32
[INFO] [stdout]                i64
[INFO] [stdout]              and 4 others
[INFO] [stdout] note: required by a bound in `MessageSerde`
[INFO] [stdout]     --> /opt/rustwide/cargo-home/registry/src/github.com-1ecc6299db9ec823/prost-wkt-0.3.5/src/lib.rs:10:25
[INFO] [stdout]      |
[INFO] [stdout] 10   | pub trait MessageSerde: prost::Message + mopa::Any {
[INFO] [stdout]      |                         ^^^^^^^^^^^^^^ required by this bound in `MessageSerde`
[INFO] [stdout] 
[INFO] [stdout] 
[INFO] [stdout] error[E0277]: the trait bound `EnumReservedRange: prost::message::Message` is not satisfied
[INFO] [stdout]     --> /opt/rustwide/target/debug/build/pbjson-types-any-4187aa81252d074c/out/google.protobuf.serde.rs:1888:48
[INFO] [stdout]      |
[INFO] [stdout] 1888 | impl ::pbjson_any::prost_wkt::MessageSerde for enum_descriptor_proto::EnumReservedRange {
[INFO] [stdout]      |                                                ^^^^^^^^^^^^^^^^^^^^^^^^^^^^^^^^^^^^^^^^ the trait `prost::message::Message` is not implemented for `EnumReservedRange`
[INFO] [stdout]      |
[INFO] [stdout]      = help: the following other types implement trait `prost::message::Message`:
[INFO] [stdout]                ()
[INFO] [stdout]                Box<M>
[INFO] [stdout]                Vec<u8>
[INFO] [stdout]                bool
[INFO] [stdout]                f32
[INFO] [stdout]                f64
[INFO] [stdout]                i32
[INFO] [stdout]                i64
[INFO] [stdout]              and 4 others
[INFO] [stdout] note: required by a bound in `MessageSerde`
[INFO] [stdout]     --> /opt/rustwide/cargo-home/registry/src/github.com-1ecc6299db9ec823/prost-wkt-0.3.5/src/lib.rs:10:25
[INFO] [stdout]      |
[INFO] [stdout] 10   | pub trait MessageSerde: prost::Message + mopa::Any {
[INFO] [stdout]      |                         ^^^^^^^^^^^^^^ required by this bound in `MessageSerde`
[INFO] [stdout] 
[INFO] [stdout] 
[INFO] [stdout] error[E0277]: the trait bound `EnumOptions: prost::message::Message` is not satisfied
[INFO] [stdout]     --> /opt/rustwide/target/debug/build/pbjson-types-any-4187aa81252d074c/out/google.protobuf.serde.rs:2042:48
[INFO] [stdout]      |
[INFO] [stdout] 2042 | impl ::pbjson_any::prost_wkt::MessageSerde for EnumOptions {
[INFO] [stdout]      |                                                ^^^^^^^^^^^ the trait `prost::message::Message` is not implemented for `EnumOptions`
[INFO] [stdout]      |
[INFO] [stdout]      = help: the following other types implement trait `prost::message::Message`:
[INFO] [stdout]                ()
[INFO] [stdout]                Box<M>
[INFO] [stdout]                Vec<u8>
[INFO] [stdout]                bool
[INFO] [stdout]                f32
[INFO] [stdout]                f64
[INFO] [stdout]                i32
[INFO] [stdout]                i64
[INFO] [stdout]              and 4 others
[INFO] [stdout] note: required by a bound in `MessageSerde`
[INFO] [stdout]     --> /opt/rustwide/cargo-home/registry/src/github.com-1ecc6299db9ec823/prost-wkt-0.3.5/src/lib.rs:10:25
[INFO] [stdout]      |
[INFO] [stdout] 10   | pub trait MessageSerde: prost::Message + mopa::Any {
[INFO] [stdout]      |                         ^^^^^^^^^^^^^^ required by this bound in `MessageSerde`
[INFO] [stdout] 
[INFO] [stdout] 
[INFO] [stdout] error[E0277]: the trait bound `EnumValue: prost::message::Message` is not satisfied
[INFO] [stdout]     --> /opt/rustwide/target/debug/build/pbjson-types-any-4187aa81252d074c/out/google.protobuf.serde.rs:2198:48
[INFO] [stdout]      |
[INFO] [stdout] 2198 | impl ::pbjson_any::prost_wkt::MessageSerde for EnumValue {
[INFO] [stdout]      |                                                ^^^^^^^^^ the trait `prost::message::Message` is not implemented for `EnumValue`
[INFO] [stdout]      |
[INFO] [stdout]      = help: the following other types implement trait `prost::message::Message`:
[INFO] [stdout]                ()
[INFO] [stdout]                Box<M>
[INFO] [stdout]                Vec<u8>
[INFO] [stdout]                bool
[INFO] [stdout]                f32
[INFO] [stdout]                f64
[INFO] [stdout]                i32
[INFO] [stdout]                i64
[INFO] [stdout]              and 4 others
[INFO] [stdout] note: required by a bound in `MessageSerde`
[INFO] [stdout]     --> /opt/rustwide/cargo-home/registry/src/github.com-1ecc6299db9ec823/prost-wkt-0.3.5/src/lib.rs:10:25
[INFO] [stdout]      |
[INFO] [stdout] 10   | pub trait MessageSerde: prost::Message + mopa::Any {
[INFO] [stdout]      |                         ^^^^^^^^^^^^^^ required by this bound in `MessageSerde`
[INFO] [stdout] 
[INFO] [stdout] 
[INFO] [stdout] error[E0277]: the trait bound `EnumValueDescriptorProto: prost::message::Message` is not satisfied
[INFO] [stdout]     --> /opt/rustwide/target/debug/build/pbjson-types-any-4187aa81252d074c/out/google.protobuf.serde.rs:2354:48
[INFO] [stdout]      |
[INFO] [stdout] 2354 | impl ::pbjson_any::prost_wkt::MessageSerde for EnumValueDescriptorProto {
[INFO] [stdout]      |                                                ^^^^^^^^^^^^^^^^^^^^^^^^ the trait `prost::message::Message` is not implemented for `EnumValueDescriptorProto`
[INFO] [stdout]      |
[INFO] [stdout]      = help: the following other types implement trait `prost::message::Message`:
[INFO] [stdout]                ()
[INFO] [stdout]                Box<M>
[INFO] [stdout]                Vec<u8>
[INFO] [stdout]                bool
[INFO] [stdout]                f32
[INFO] [stdout]                f64
[INFO] [stdout]                i32
[INFO] [stdout]                i64
[INFO] [stdout]              and 4 others
[INFO] [stdout] note: required by a bound in `MessageSerde`
[INFO] [stdout]     --> /opt/rustwide/cargo-home/registry/src/github.com-1ecc6299db9ec823/prost-wkt-0.3.5/src/lib.rs:10:25
[INFO] [stdout]      |
[INFO] [stdout] 10   | pub trait MessageSerde: prost::Message + mopa::Any {
[INFO] [stdout]      |                         ^^^^^^^^^^^^^^ required by this bound in `MessageSerde`
[INFO] [stdout] 
[INFO] [stdout] 
[INFO] [stdout] error[E0277]: the trait bound `EnumValueOptions: prost::message::Message` is not satisfied
[INFO] [stdout]     --> /opt/rustwide/target/debug/build/pbjson-types-any-4187aa81252d074c/out/google.protobuf.serde.rs:2491:48
[INFO] [stdout]      |
[INFO] [stdout] 2491 | impl ::pbjson_any::prost_wkt::MessageSerde for EnumValueOptions {
[INFO] [stdout]      |                                                ^^^^^^^^^^^^^^^^ the trait `prost::message::Message` is not implemented for `EnumValueOptions`
[INFO] [stdout]      |
[INFO] [stdout]      = help: the following other types implement trait `prost::message::Message`:
[INFO] [stdout]                ()
[INFO] [stdout]                Box<M>
[INFO] [stdout]                Vec<u8>
[INFO] [stdout]                bool
[INFO] [stdout]                f32
[INFO] [stdout]                f64
[INFO] [stdout]                i32
[INFO] [stdout]                i64
[INFO] [stdout]              and 4 others
[INFO] [stdout] note: required by a bound in `MessageSerde`
[INFO] [stdout]     --> /opt/rustwide/cargo-home/registry/src/github.com-1ecc6299db9ec823/prost-wkt-0.3.5/src/lib.rs:10:25
[INFO] [stdout]      |
[INFO] [stdout] 10   | pub trait MessageSerde: prost::Message + mopa::Any {
[INFO] [stdout]      |                         ^^^^^^^^^^^^^^ required by this bound in `MessageSerde`
[INFO] [stdout] 
[INFO] [stdout] 
[INFO] [stdout] error[E0277]: the trait bound `ExtensionRangeOptions: prost::message::Message` is not satisfied
[INFO] [stdout]     --> /opt/rustwide/target/debug/build/pbjson-types-any-4187aa81252d074c/out/google.protobuf.serde.rs:2611:48
[INFO] [stdout]      |
[INFO] [stdout] 2611 | impl ::pbjson_any::prost_wkt::MessageSerde for ExtensionRangeOptions {
[INFO] [stdout]      |                                                ^^^^^^^^^^^^^^^^^^^^^ the trait `prost::message::Message` is not implemented for `ExtensionRangeOptions`
[INFO] [stdout]      |
[INFO] [stdout]      = help: the following other types implement trait `prost::message::Message`:
[INFO] [stdout]                ()
[INFO] [stdout]                Box<M>
[INFO] [stdout]                Vec<u8>
[INFO] [stdout]                bool
[INFO] [stdout]                f32
[INFO] [stdout]                f64
[INFO] [stdout]                i32
[INFO] [stdout]                i64
[INFO] [stdout]              and 4 others
[INFO] [stdout] note: required by a bound in `MessageSerde`
[INFO] [stdout]     --> /opt/rustwide/cargo-home/registry/src/github.com-1ecc6299db9ec823/prost-wkt-0.3.5/src/lib.rs:10:25
[INFO] [stdout]      |
[INFO] [stdout] 10   | pub trait MessageSerde: prost::Message + mopa::Any {
[INFO] [stdout]      |                         ^^^^^^^^^^^^^^ required by this bound in `MessageSerde`
[INFO] [stdout] 
[INFO] [stdout] 
[INFO] [stdout] error[E0277]: the trait bound `Field: prost::message::Message` is not satisfied
[INFO] [stdout]     --> /opt/rustwide/target/debug/build/pbjson-types-any-4187aa81252d074c/out/google.protobuf.serde.rs:2892:48
[INFO] [stdout]      |
[INFO] [stdout] 2892 | impl ::pbjson_any::prost_wkt::MessageSerde for Field {
[INFO] [stdout]      |                                                ^^^^^ the trait `prost::message::Message` is not implemented for `Field`
[INFO] [stdout]      |
[INFO] [stdout]      = help: the following other types implement trait `prost::message::Message`:
[INFO] [stdout]                ()
[INFO] [stdout]                Box<M>
[INFO] [stdout]                Vec<u8>
[INFO] [stdout]                bool
[INFO] [stdout]                f32
[INFO] [stdout]                f64
[INFO] [stdout]                i32
[INFO] [stdout]                i64
[INFO] [stdout]              and 4 others
[INFO] [stdout] note: required by a bound in `MessageSerde`
[INFO] [stdout]     --> /opt/rustwide/cargo-home/registry/src/github.com-1ecc6299db9ec823/prost-wkt-0.3.5/src/lib.rs:10:25
[INFO] [stdout]      |
[INFO] [stdout] 10   | pub trait MessageSerde: prost::Message + mopa::Any {
[INFO] [stdout]      |                         ^^^^^^^^^^^^^^ required by this bound in `MessageSerde`
[INFO] [stdout] 
[INFO] [stdout] 
[INFO] [stdout] error[E0277]: the trait bound `FieldDescriptorProto: prost::message::Message` is not satisfied
[INFO] [stdout]     --> /opt/rustwide/target/debug/build/pbjson-types-any-4187aa81252d074c/out/google.protobuf.serde.rs:3393:48
[INFO] [stdout]      |
[INFO] [stdout] 3393 | impl ::pbjson_any::prost_wkt::MessageSerde for FieldDescriptorProto {
[INFO] [stdout]      |                                                ^^^^^^^^^^^^^^^^^^^^ the trait `prost::message::Message` is not implemented for `FieldDescriptorProto`
[INFO] [stdout]      |
[INFO] [stdout]      = help: the following other types implement trait `prost::message::Message`:
[INFO] [stdout]                ()
[INFO] [stdout]                Box<M>
[INFO] [stdout]                Vec<u8>
[INFO] [stdout]                bool
[INFO] [stdout]                f32
[INFO] [stdout]                f64
[INFO] [stdout]                i32
[INFO] [stdout]                i64
[INFO] [stdout]              and 4 others
[INFO] [stdout] note: required by a bound in `MessageSerde`
[INFO] [stdout]     --> /opt/rustwide/cargo-home/registry/src/github.com-1ecc6299db9ec823/prost-wkt-0.3.5/src/lib.rs:10:25
[INFO] [stdout]      |
[INFO] [stdout] 10   | pub trait MessageSerde: prost::Message + mopa::Any {
[INFO] [stdout]      |                         ^^^^^^^^^^^^^^ required by this bound in `MessageSerde`
[INFO] [stdout] 
[INFO] [stdout] 
[INFO] [stdout] error[E0277]: the trait bound `FieldMask: prost::message::Message` is not satisfied
[INFO] [stdout]     --> /opt/rustwide/target/debug/build/pbjson-types-any-4187aa81252d074c/out/google.protobuf.serde.rs:3710:48
[INFO] [stdout]      |
[INFO] [stdout] 3710 | impl ::pbjson_any::prost_wkt::MessageSerde for FieldMask {
[INFO] [stdout]      |                                                ^^^^^^^^^ the trait `prost::message::Message` is not implemented for `FieldMask`
[INFO] [stdout]      |
[INFO] [stdout]      = help: the following other types implement trait `prost::message::Message`:
[INFO] [stdout]                ()
[INFO] [stdout]                Box<M>
[INFO] [stdout]                Vec<u8>
[INFO] [stdout]                bool
[INFO] [stdout]                f32
[INFO] [stdout]                f64
[INFO] [stdout]                i32
[INFO] [stdout]                i64
[INFO] [stdout]              and 4 others
[INFO] [stdout] note: required by a bound in `MessageSerde`
[INFO] [stdout]     --> /opt/rustwide/cargo-home/registry/src/github.com-1ecc6299db9ec823/prost-wkt-0.3.5/src/lib.rs:10:25
[INFO] [stdout]      |
[INFO] [stdout] 10   | pub trait MessageSerde: prost::Message + mopa::Any {
[INFO] [stdout]      |                         ^^^^^^^^^^^^^^ required by this bound in `MessageSerde`
[INFO] [stdout] 
[INFO] [stdout] 
[INFO] [stdout] error[E0277]: the trait bound `FieldOptions: prost::message::Message` is not satisfied
[INFO] [stdout]     --> /opt/rustwide/target/debug/build/pbjson-types-any-4187aa81252d074c/out/google.protobuf.serde.rs:3936:48
[INFO] [stdout]      |
[INFO] [stdout] 3936 | impl ::pbjson_any::prost_wkt::MessageSerde for FieldOptions {
[INFO] [stdout]      |                                                ^^^^^^^^^^^^ the trait `prost::message::Message` is not implemented for `FieldOptions`
[INFO] [stdout]      |
[INFO] [stdout]      = help: the following other types implement trait `prost::message::Message`:
[INFO] [stdout]                ()
[INFO] [stdout]                Box<M>
[INFO] [stdout]                Vec<u8>
[INFO] [stdout]                bool
[INFO] [stdout]                f32
[INFO] [stdout]                f64
[INFO] [stdout]                i32
[INFO] [stdout]                i64
[INFO] [stdout]              and 4 others
[INFO] [stdout] note: required by a bound in `MessageSerde`
[INFO] [stdout]     --> /opt/rustwide/cargo-home/registry/src/github.com-1ecc6299db9ec823/prost-wkt-0.3.5/src/lib.rs:10:25
[INFO] [stdout]      |
[INFO] [stdout] 10   | pub trait MessageSerde: prost::Message + mopa::Any {
[INFO] [stdout]      |                         ^^^^^^^^^^^^^^ required by this bound in `MessageSerde`
[INFO] [stdout] 
[INFO] [stdout] 
[INFO] [stdout] error[E0277]: the trait bound `FileDescriptorProto: prost::message::Message` is not satisfied
[INFO] [stdout]     --> /opt/rustwide/target/debug/build/pbjson-types-any-4187aa81252d074c/out/google.protobuf.serde.rs:4401:48
[INFO] [stdout]      |
[INFO] [stdout] 4401 | impl ::pbjson_any::prost_wkt::MessageSerde for FileDescriptorProto {
[INFO] [stdout]      |                                                ^^^^^^^^^^^^^^^^^^^ the trait `prost::message::Message` is not implemented for `FileDescriptorProto`
[INFO] [stdout]      |
[INFO] [stdout]      = help: the following other types implement trait `prost::message::Message`:
[INFO] [stdout]                ()
[INFO] [stdout]                Box<M>
[INFO] [stdout]                Vec<u8>
[INFO] [stdout]                bool
[INFO] [stdout]                f32
[INFO] [stdout]                f64
[INFO] [stdout]                i32
[INFO] [stdout]                i64
[INFO] [stdout]              and 4 others
[INFO] [stdout] note: required by a bound in `MessageSerde`
[INFO] [stdout]     --> /opt/rustwide/cargo-home/registry/src/github.com-1ecc6299db9ec823/prost-wkt-0.3.5/src/lib.rs:10:25
[INFO] [stdout]      |
[INFO] [stdout] 10   | pub trait MessageSerde: prost::Message + mopa::Any {
[INFO] [stdout]      |                         ^^^^^^^^^^^^^^ required by this bound in `MessageSerde`
[INFO] [stdout] 
[INFO] [stdout] 
[INFO] [stdout] error[E0277]: the trait bound `FileDescriptorSet: prost::message::Message` is not satisfied
[INFO] [stdout]     --> /opt/rustwide/target/debug/build/pbjson-types-any-4187aa81252d074c/out/google.protobuf.serde.rs:4521:48
[INFO] [stdout]      |
[INFO] [stdout] 4521 | impl ::pbjson_any::prost_wkt::MessageSerde for FileDescriptorSet {
[INFO] [stdout]      |                                                ^^^^^^^^^^^^^^^^^ the trait `prost::message::Message` is not implemented for `FileDescriptorSet`
[INFO] [stdout]      |
[INFO] [stdout]      = help: the following other types implement trait `prost::message::Message`:
[INFO] [stdout]                ()
[INFO] [stdout]                Box<M>
[INFO] [stdout]                Vec<u8>
[INFO] [stdout]                bool
[INFO] [stdout]                f32
[INFO] [stdout]                f64
[INFO] [stdout]                i32
[INFO] [stdout]                i64
[INFO] [stdout]              and 4 others
[INFO] [stdout] note: required by a bound in `MessageSerde`
[INFO] [stdout]     --> /opt/rustwide/cargo-home/registry/src/github.com-1ecc6299db9ec823/prost-wkt-0.3.5/src/lib.rs:10:25
[INFO] [stdout]      |
[INFO] [stdout] 10   | pub trait MessageSerde: prost::Message + mopa::Any {
[INFO] [stdout]      |                         ^^^^^^^^^^^^^^ required by this bound in `MessageSerde`
[INFO] [stdout] 
[INFO] [stdout] 
[INFO] [stdout] error[E0277]: the trait bound `FileOptions: prost::message::Message` is not satisfied
[INFO] [stdout]     --> /opt/rustwide/target/debug/build/pbjson-types-any-4187aa81252d074c/out/google.protobuf.serde.rs:4983:48
[INFO] [stdout]      |
[INFO] [stdout] 4983 | impl ::pbjson_any::prost_wkt::MessageSerde for FileOptions {
[INFO] [stdout]      |                                                ^^^^^^^^^^^ the trait `prost::message::Message` is not implemented for `FileOptions`
[INFO] [stdout]      |
[INFO] [stdout]      = help: the following other types implement trait `prost::message::Message`:
[INFO] [stdout]                ()
[INFO] [stdout]                Box<M>
[INFO] [stdout]                Vec<u8>
[INFO] [stdout]                bool
[INFO] [stdout]                f32
[INFO] [stdout]                f64
[INFO] [stdout]                i32
[INFO] [stdout]                i64
[INFO] [stdout]              and 4 others
[INFO] [stdout] note: required by a bound in `MessageSerde`
[INFO] [stdout]     --> /opt/rustwide/cargo-home/registry/src/github.com-1ecc6299db9ec823/prost-wkt-0.3.5/src/lib.rs:10:25
[INFO] [stdout]      |
[INFO] [stdout] 10   | pub trait MessageSerde: prost::Message + mopa::Any {
[INFO] [stdout]      |                         ^^^^^^^^^^^^^^ required by this bound in `MessageSerde`
[INFO] [stdout] 
[INFO] [stdout] 
[INFO] [stdout] error[E0277]: the trait bound `FloatValue: prost::message::Message` is not satisfied
[INFO] [stdout]     --> /opt/rustwide/target/debug/build/pbjson-types-any-4187aa81252d074c/out/google.protobuf.serde.rs:5181:48
[INFO] [stdout]      |
[INFO] [stdout] 5181 | impl ::pbjson_any::prost_wkt::MessageSerde for FloatValue {
[INFO] [stdout]      |                                                ^^^^^^^^^^ the trait `prost::message::Message` is not implemented for `FloatValue`
[INFO] [stdout]      |
[INFO] [stdout]      = help: the following other types implement trait `prost::message::Message`:
[INFO] [stdout]                ()
[INFO] [stdout]                Box<M>
[INFO] [stdout]                Vec<u8>
[INFO] [stdout]                bool
[INFO] [stdout]                f32
[INFO] [stdout]                f64
[INFO] [stdout]                i32
[INFO] [stdout]                i64
[INFO] [stdout]              and 4 others
[INFO] [stdout] note: required by a bound in `MessageSerde`
[INFO] [stdout]     --> /opt/rustwide/cargo-home/registry/src/github.com-1ecc6299db9ec823/prost-wkt-0.3.5/src/lib.rs:10:25
[INFO] [stdout]      |
[INFO] [stdout] 10   | pub trait MessageSerde: prost::Message + mopa::Any {
[INFO] [stdout]      |                         ^^^^^^^^^^^^^^ required by this bound in `MessageSerde`
[INFO] [stdout] 
[INFO] [stdout] 
[INFO] [stdout] error[E0277]: the trait bound `GeneratedCodeInfo: prost::message::Message` is not satisfied
[INFO] [stdout]     --> /opt/rustwide/target/debug/build/pbjson-types-any-4187aa81252d074c/out/google.protobuf.serde.rs:5301:48
[INFO] [stdout]      |
[INFO] [stdout] 5301 | impl ::pbjson_any::prost_wkt::MessageSerde for GeneratedCodeInfo {
[INFO] [stdout]      |                                                ^^^^^^^^^^^^^^^^^ the trait `prost::message::Message` is not implemented for `GeneratedCodeInfo`
[INFO] [stdout]      |
[INFO] [stdout]      = help: the following other types implement trait `prost::message::Message`:
[INFO] [stdout]                ()
[INFO] [stdout]                Box<M>
[INFO] [stdout]                Vec<u8>
[INFO] [stdout]                bool
[INFO] [stdout]                f32
[INFO] [stdout]                f64
[INFO] [stdout]                i32
[INFO] [stdout]                i64
[INFO] [stdout]              and 4 others
[INFO] [stdout] note: required by a bound in `MessageSerde`
[INFO] [stdout]     --> /opt/rustwide/cargo-home/registry/src/github.com-1ecc6299db9ec823/prost-wkt-0.3.5/src/lib.rs:10:25
[INFO] [stdout]      |
[INFO] [stdout] 10   | pub trait MessageSerde: prost::Message + mopa::Any {
[INFO] [stdout]      |                         ^^^^^^^^^^^^^^ required by this bound in `MessageSerde`
[INFO] [stdout] 
[INFO] [stdout] 
[INFO] [stdout] error[E0277]: the trait bound `Annotation: prost::message::Message` is not satisfied
[INFO] [stdout]     --> /opt/rustwide/target/debug/build/pbjson-types-any-4187aa81252d074c/out/google.protobuf.serde.rs:5479:48
[INFO] [stdout]      |
[INFO] [stdout] 5479 | impl ::pbjson_any::prost_wkt::MessageSerde for generated_code_info::Annotation {
[INFO] [stdout]      |                                                ^^^^^^^^^^^^^^^^^^^^^^^^^^^^^^^ the trait `prost::message::Message` is not implemented for `Annotation`
[INFO] [stdout]      |
[INFO] [stdout]      = help: the following other types implement trait `prost::message::Message`:
[INFO] [stdout]                ()
[INFO] [stdout]                Box<M>
[INFO] [stdout]                Vec<u8>
[INFO] [stdout]                bool
[INFO] [stdout]                f32
[INFO] [stdout]                f64
[INFO] [stdout]                i32
[INFO] [stdout]                i64
[INFO] [stdout]              and 4 others
[INFO] [stdout] note: required by a bound in `MessageSerde`
[INFO] [stdout]     --> /opt/rustwide/cargo-home/registry/src/github.com-1ecc6299db9ec823/prost-wkt-0.3.5/src/lib.rs:10:25
[INFO] [stdout]      |
[INFO] [stdout] 10   | pub trait MessageSerde: prost::Message + mopa::Any {
[INFO] [stdout]      |                         ^^^^^^^^^^^^^^ required by this bound in `MessageSerde`
[INFO] [stdout] 
[INFO] [stdout] 
[INFO] [stdout] error[E0277]: the trait bound `Int32Value: prost::message::Message` is not satisfied
[INFO] [stdout]     --> /opt/rustwide/target/debug/build/pbjson-types-any-4187aa81252d074c/out/google.protobuf.serde.rs:5601:48
[INFO] [stdout]      |
[INFO] [stdout] 5601 | impl ::pbjson_any::prost_wkt::MessageSerde for Int32Value {
[INFO] [stdout]      |                                                ^^^^^^^^^^ the trait `prost::message::Message` is not implemented for `Int32Value`
[INFO] [stdout]      |
[INFO] [stdout]      = help: the following other types implement trait `prost::message::Message`:
[INFO] [stdout]                ()
[INFO] [stdout]                Box<M>
[INFO] [stdout]                Vec<u8>
[INFO] [stdout]                bool
[INFO] [stdout]                f32
[INFO] [stdout]                f64
[INFO] [stdout]                i32
[INFO] [stdout]                i64
[INFO] [stdout]              and 4 others
[INFO] [stdout] note: required by a bound in `MessageSerde`
[INFO] [stdout]     --> /opt/rustwide/cargo-home/registry/src/github.com-1ecc6299db9ec823/prost-wkt-0.3.5/src/lib.rs:10:25
[INFO] [stdout]      |
[INFO] [stdout] 10   | pub trait MessageSerde: prost::Message + mopa::Any {
[INFO] [stdout]      |                         ^^^^^^^^^^^^^^ required by this bound in `MessageSerde`
[INFO] [stdout] 
[INFO] [stdout] 
[INFO] [stdout] error[E0277]: the trait bound `Int64Value: prost::message::Message` is not satisfied
[INFO] [stdout]     --> /opt/rustwide/target/debug/build/pbjson-types-any-4187aa81252d074c/out/google.protobuf.serde.rs:5723:48
[INFO] [stdout]      |
[INFO] [stdout] 5723 | impl ::pbjson_any::prost_wkt::MessageSerde for Int64Value {
[INFO] [stdout]      |                                                ^^^^^^^^^^ the trait `prost::message::Message` is not implemented for `Int64Value`
[INFO] [stdout]      |
[INFO] [stdout]      = help: the following other types implement trait `prost::message::Message`:
[INFO] [stdout]                ()
[INFO] [stdout]                Box<M>
[INFO] [stdout]                Vec<u8>
[INFO] [stdout]                bool
[INFO] [stdout]                f32
[INFO] [stdout]                f64
[INFO] [stdout]                i32
[INFO] [stdout]                i64
[INFO] [stdout]              and 4 others
[INFO] [stdout] note: required by a bound in `MessageSerde`
[INFO] [stdout]     --> /opt/rustwide/cargo-home/registry/src/github.com-1ecc6299db9ec823/prost-wkt-0.3.5/src/lib.rs:10:25
[INFO] [stdout]      |
[INFO] [stdout] 10   | pub trait MessageSerde: prost::Message + mopa::Any {
[INFO] [stdout]      |                         ^^^^^^^^^^^^^^ required by this bound in `MessageSerde`
[INFO] [stdout] 
[INFO] [stdout] 
[INFO] [stdout] error[E0277]: the trait bound `MessageOptions: prost::message::Message` is not satisfied
[INFO] [stdout]     --> /opt/rustwide/target/debug/build/pbjson-types-any-4187aa81252d074c/out/google.protobuf.serde.rs:5911:48
[INFO] [stdout]      |
[INFO] [stdout] 5911 | impl ::pbjson_any::prost_wkt::MessageSerde for MessageOptions {
[INFO] [stdout]      |                                                ^^^^^^^^^^^^^^ the trait `prost::message::Message` is not implemented for `MessageOptions`
[INFO] [stdout]      |
[INFO] [stdout]      = help: the following other types implement trait `prost::message::Message`:
[INFO] [stdout]                ()
[INFO] [stdout]                Box<M>
[INFO] [stdout]                Vec<u8>
[INFO] [stdout]                bool
[INFO] [stdout]                f32
[INFO] [stdout]                f64
[INFO] [stdout]                i32
[INFO] [stdout]                i64
[INFO] [stdout]              and 4 others
[INFO] [stdout] note: required by a bound in `MessageSerde`
[INFO] [stdout]     --> /opt/rustwide/cargo-home/registry/src/github.com-1ecc6299db9ec823/prost-wkt-0.3.5/src/lib.rs:10:25
[INFO] [stdout]      |
[INFO] [stdout] 10   | pub trait MessageSerde: prost::Message + mopa::Any {
[INFO] [stdout]      |                         ^^^^^^^^^^^^^^ required by this bound in `MessageSerde`
[INFO] [stdout] 
[INFO] [stdout] 
[INFO] [stdout] error[E0277]: the trait bound `Method: prost::message::Message` is not satisfied
[INFO] [stdout]     --> /opt/rustwide/target/debug/build/pbjson-types-any-4187aa81252d074c/out/google.protobuf.serde.rs:6135:48
[INFO] [stdout]      |
[INFO] [stdout] 6135 | impl ::pbjson_any::prost_wkt::MessageSerde for Method {
[INFO] [stdout]      |                                                ^^^^^^ the trait `prost::message::Message` is not implemented for `Method`
[INFO] [stdout]      |
[INFO] [stdout]      = help: the following other types implement trait `prost::message::Message`:
[INFO] [stdout]                ()
[INFO] [stdout]                Box<M>
[INFO] [stdout]                Vec<u8>
[INFO] [stdout]                bool
[INFO] [stdout]                f32
[INFO] [stdout]                f64
[INFO] [stdout]                i32
[INFO] [stdout]                i64
[INFO] [stdout]              and 4 others
[INFO] [stdout] note: required by a bound in `MessageSerde`
[INFO] [stdout]     --> /opt/rustwide/cargo-home/registry/src/github.com-1ecc6299db9ec823/prost-wkt-0.3.5/src/lib.rs:10:25
[INFO] [stdout]      |
[INFO] [stdout] 10   | pub trait MessageSerde: prost::Message + mopa::Any {
[INFO] [stdout]      |                         ^^^^^^^^^^^^^^ required by this bound in `MessageSerde`
[INFO] [stdout] 
[INFO] [stdout] 
[INFO] [stdout] error[E0277]: the trait bound `MethodDescriptorProto: prost::message::Message` is not satisfied
[INFO] [stdout]     --> /opt/rustwide/target/debug/build/pbjson-types-any-4187aa81252d074c/out/google.protobuf.serde.rs:6340:48
[INFO] [stdout]      |
[INFO] [stdout] 6340 | impl ::pbjson_any::prost_wkt::MessageSerde for MethodDescriptorProto {
[INFO] [stdout]      |                                                ^^^^^^^^^^^^^^^^^^^^^ the trait `prost::message::Message` is not implemented for `MethodDescriptorProto`
[INFO] [stdout]      |
[INFO] [stdout]      = help: the following other types implement trait `prost::message::Message`:
[INFO] [stdout]                ()
[INFO] [stdout]                Box<M>
[INFO] [stdout]                Vec<u8>
[INFO] [stdout]                bool
[INFO] [stdout]                f32
[INFO] [stdout]                f64
[INFO] [stdout]                i32
[INFO] [stdout]                i64
[INFO] [stdout]              and 4 others
[INFO] [stdout] note: required by a bound in `MessageSerde`
[INFO] [stdout]     --> /opt/rustwide/cargo-home/registry/src/github.com-1ecc6299db9ec823/prost-wkt-0.3.5/src/lib.rs:10:25
[INFO] [stdout]      |
[INFO] [stdout] 10   | pub trait MessageSerde: prost::Message + mopa::Any {
[INFO] [stdout]      |                         ^^^^^^^^^^^^^^ required by this bound in `MessageSerde`
[INFO] [stdout] 
[INFO] [stdout] 
[INFO] [stdout] error[E0277]: the trait bound `MethodOptions: prost::message::Message` is not satisfied
[INFO] [stdout]     --> /opt/rustwide/target/debug/build/pbjson-types-any-4187aa81252d074c/out/google.protobuf.serde.rs:6496:48
[INFO] [stdout]      |
[INFO] [stdout] 6496 | impl ::pbjson_any::prost_wkt::MessageSerde for MethodOptions {
[INFO] [stdout]      |                                                ^^^^^^^^^^^^^ the trait `prost::message::Message` is not implemented for `MethodOptions`
[INFO] [stdout]      |
[INFO] [stdout]      = help: the following other types implement trait `prost::message::Message`:
[INFO] [stdout]                ()
[INFO] [stdout]                Box<M>
[INFO] [stdout]                Vec<u8>
[INFO] [stdout]                bool
[INFO] [stdout]                f32
[INFO] [stdout]                f64
[INFO] [stdout]                i32
[INFO] [stdout]                i64
[INFO] [stdout]              and 4 others
[INFO] [stdout] note: required by a bound in `MessageSerde`
[INFO] [stdout]     --> /opt/rustwide/cargo-home/registry/src/github.com-1ecc6299db9ec823/prost-wkt-0.3.5/src/lib.rs:10:25
[INFO] [stdout]      |
[INFO] [stdout] 10   | pub trait MessageSerde: prost::Message + mopa::Any {
[INFO] [stdout]      |                         ^^^^^^^^^^^^^^ required by this bound in `MessageSerde`
[INFO] [stdout] 
[INFO] [stdout] 
[INFO] [stdout] error[E0277]: the trait bound `Mixin: prost::message::Message` is not satisfied
[INFO] [stdout]     --> /opt/rustwide/target/debug/build/pbjson-types-any-4187aa81252d074c/out/google.protobuf.serde.rs:6709:48
[INFO] [stdout]      |
[INFO] [stdout] 6709 | impl ::pbjson_any::prost_wkt::MessageSerde for Mixin {
[INFO] [stdout]      |                                                ^^^^^ the trait `prost::message::Message` is not implemented for `Mixin`
[INFO] [stdout]      |
[INFO] [stdout]      = help: the following other types implement trait `prost::message::Message`:
[INFO] [stdout]                ()
[INFO] [stdout]                Box<M>
[INFO] [stdout]                Vec<u8>
[INFO] [stdout]                bool
[INFO] [stdout]                f32
[INFO] [stdout]                f64
[INFO] [stdout]                i32
[INFO] [stdout]                i64
[INFO] [stdout]              and 4 others
[INFO] [stdout] note: required by a bound in `MessageSerde`
[INFO] [stdout]     --> /opt/rustwide/cargo-home/registry/src/github.com-1ecc6299db9ec823/prost-wkt-0.3.5/src/lib.rs:10:25
[INFO] [stdout]      |
[INFO] [stdout] 10   | pub trait MessageSerde: prost::Message + mopa::Any {
[INFO] [stdout]      |                         ^^^^^^^^^^^^^^ required by this bound in `MessageSerde`
[INFO] [stdout] 
[INFO] [stdout] 
[INFO] [stdout] error[E0277]: the trait bound `OneofDescriptorProto: prost::message::Message` is not satisfied
[INFO] [stdout]     --> /opt/rustwide/target/debug/build/pbjson-types-any-4187aa81252d074c/out/google.protobuf.serde.rs:6846:48
[INFO] [stdout]      |
[INFO] [stdout] 6846 | impl ::pbjson_any::prost_wkt::MessageSerde for OneofDescriptorProto {
[INFO] [stdout]      |                                                ^^^^^^^^^^^^^^^^^^^^ the trait `prost::message::Message` is not implemented for `OneofDescriptorProto`
[INFO] [stdout]      |
[INFO] [stdout]      = help: the following other types implement trait `prost::message::Message`:
[INFO] [stdout]                ()
[INFO] [stdout]                Box<M>
[INFO] [stdout]                Vec<u8>
[INFO] [stdout]                bool
[INFO] [stdout]                f32
[INFO] [stdout]                f64
[INFO] [stdout]                i32
[INFO] [stdout]                i64
[INFO] [stdout]              and 4 others
[INFO] [stdout] note: required by a bound in `MessageSerde`
[INFO] [stdout]     --> /opt/rustwide/cargo-home/registry/src/github.com-1ecc6299db9ec823/prost-wkt-0.3.5/src/lib.rs:10:25
[INFO] [stdout]      |
[INFO] [stdout] 10   | pub trait MessageSerde: prost::Message + mopa::Any {
[INFO] [stdout]      |                         ^^^^^^^^^^^^^^ required by this bound in `MessageSerde`
[INFO] [stdout] 
[INFO] [stdout] 
[INFO] [stdout] error[E0277]: the trait bound `OneofOptions: prost::message::Message` is not satisfied
[INFO] [stdout]     --> /opt/rustwide/target/debug/build/pbjson-types-any-4187aa81252d074c/out/google.protobuf.serde.rs:6966:48
[INFO] [stdout]      |
[INFO] [stdout] 6966 | impl ::pbjson_any::prost_wkt::MessageSerde for OneofOptions {
[INFO] [stdout]      |                                                ^^^^^^^^^^^^ the trait `prost::message::Message` is not implemented for `OneofOptions`
[INFO] [stdout]      |
[INFO] [stdout]      = help: the following other types implement trait `prost::message::Message`:
[INFO] [stdout]                ()
[INFO] [stdout]                Box<M>
[INFO] [stdout]                Vec<u8>
[INFO] [stdout]                bool
[INFO] [stdout]                f32
[INFO] [stdout]                f64
[INFO] [stdout]                i32
[INFO] [stdout]                i64
[INFO] [stdout]              and 4 others
[INFO] [stdout] note: required by a bound in `MessageSerde`
[INFO] [stdout]     --> /opt/rustwide/cargo-home/registry/src/github.com-1ecc6299db9ec823/prost-wkt-0.3.5/src/lib.rs:10:25
[INFO] [stdout]      |
[INFO] [stdout] 10   | pub trait MessageSerde: prost::Message + mopa::Any {
[INFO] [stdout]      |                         ^^^^^^^^^^^^^^ required by this bound in `MessageSerde`
[INFO] [stdout] 
[INFO] [stdout] 
[INFO] [stdout] error[E0277]: the trait bound `protobuf::Option: prost::message::Message` is not satisfied
[INFO] [stdout]     --> /opt/rustwide/target/debug/build/pbjson-types-any-4187aa81252d074c/out/google.protobuf.serde.rs:7103:48
[INFO] [stdout]      |
[INFO] [stdout] 7103 | impl ::pbjson_any::prost_wkt::MessageSerde for Option {
[INFO] [stdout]      |                                                ^^^^^^ the trait `prost::message::Message` is not implemented for `protobuf::Option`
[INFO] [stdout]      |
[INFO] [stdout]      = help: the following other types implement trait `prost::message::Message`:
[INFO] [stdout]                ()
[INFO] [stdout]                Box<M>
[INFO] [stdout]                Vec<u8>
[INFO] [stdout]                bool
[INFO] [stdout]                f32
[INFO] [stdout]                f64
[INFO] [stdout]                i32
[INFO] [stdout]                i64
[INFO] [stdout]              and 4 others
[INFO] [stdout] note: required by a bound in `MessageSerde`
[INFO] [stdout]     --> /opt/rustwide/cargo-home/registry/src/github.com-1ecc6299db9ec823/prost-wkt-0.3.5/src/lib.rs:10:25
[INFO] [stdout]      |
[INFO] [stdout] 10   | pub trait MessageSerde: prost::Message + mopa::Any {
[INFO] [stdout]      |                         ^^^^^^^^^^^^^^ required by this bound in `MessageSerde`
[INFO] [stdout] 
[INFO] [stdout] 
[INFO] [stdout] error[E0277]: the trait bound `ServiceDescriptorProto: prost::message::Message` is not satisfied
[INFO] [stdout]     --> /opt/rustwide/target/debug/build/pbjson-types-any-4187aa81252d074c/out/google.protobuf.serde.rs:7257:48
[INFO] [stdout]      |
[INFO] [stdout] 7257 | impl ::pbjson_any::prost_wkt::MessageSerde for ServiceDescriptorProto {
[INFO] [stdout]      |                                                ^^^^^^^^^^^^^^^^^^^^^^ the trait `prost::message::Message` is not implemented for `ServiceDescriptorProto`
[INFO] [stdout]      |
[INFO] [stdout]      = help: the following other types implement trait `prost::message::Message`:
[INFO] [stdout]                ()
[INFO] [stdout]                Box<M>
[INFO] [stdout]                Vec<u8>
[INFO] [stdout]                bool
[INFO] [stdout]                f32
[INFO] [stdout]                f64
[INFO] [stdout]                i32
[INFO] [stdout]                i64
[INFO] [stdout]              and 4 others
[INFO] [stdout] note: required by a bound in `MessageSerde`
[INFO] [stdout]     --> /opt/rustwide/cargo-home/registry/src/github.com-1ecc6299db9ec823/prost-wkt-0.3.5/src/lib.rs:10:25
[INFO] [stdout]      |
[INFO] [stdout] 10   | pub trait MessageSerde: prost::Message + mopa::Any {
[INFO] [stdout]      |                         ^^^^^^^^^^^^^^ required by this bound in `MessageSerde`
[INFO] [stdout] 
[INFO] [stdout] 
[INFO] [stdout] error[E0277]: the trait bound `ServiceOptions: prost::message::Message` is not satisfied
[INFO] [stdout]     --> /opt/rustwide/target/debug/build/pbjson-types-any-4187aa81252d074c/out/google.protobuf.serde.rs:7394:48
[INFO] [stdout]      |
[INFO] [stdout] 7394 | impl ::pbjson_any::prost_wkt::MessageSerde for ServiceOptions {
[INFO] [stdout]      |                                                ^^^^^^^^^^^^^^ the trait `prost::message::Message` is not implemented for `ServiceOptions`
[INFO] [stdout]      |
[INFO] [stdout]      = help: the following other types implement trait `prost::message::Message`:
[INFO] [stdout]                ()
[INFO] [stdout]                Box<M>
[INFO] [stdout]                Vec<u8>
[INFO] [stdout]                bool
[INFO] [stdout]                f32
[INFO] [stdout]                f64
[INFO] [stdout]                i32
[INFO] [stdout]                i64
[INFO] [stdout]              and 4 others
[INFO] [stdout] note: required by a bound in `MessageSerde`
[INFO] [stdout]     --> /opt/rustwide/cargo-home/registry/src/github.com-1ecc6299db9ec823/prost-wkt-0.3.5/src/lib.rs:10:25
[INFO] [stdout]      |
[INFO] [stdout] 10   | pub trait MessageSerde: prost::Message + mopa::Any {
[INFO] [stdout]      |                         ^^^^^^^^^^^^^^ required by this bound in `MessageSerde`
[INFO] [stdout] 
[INFO] [stdout] 
[INFO] [stdout] error[E0277]: the trait bound `SourceCodeInfo: prost::message::Message` is not satisfied
[INFO] [stdout]     --> /opt/rustwide/target/debug/build/pbjson-types-any-4187aa81252d074c/out/google.protobuf.serde.rs:7514:48
[INFO] [stdout]      |
[INFO] [stdout] 7514 | impl ::pbjson_any::prost_wkt::MessageSerde for SourceCodeInfo {
[INFO] [stdout]      |                                                ^^^^^^^^^^^^^^ the trait `prost::message::Message` is not implemented for `SourceCodeInfo`
[INFO] [stdout]      |
[INFO] [stdout]      = help: the following other types implement trait `prost::message::Message`:
[INFO] [stdout]                ()
[INFO] [stdout]                Box<M>
[INFO] [stdout]                Vec<u8>
[INFO] [stdout]                bool
[INFO] [stdout]                f32
[INFO] [stdout]                f64
[INFO] [stdout]                i32
[INFO] [stdout]                i64
[INFO] [stdout]              and 4 others
[INFO] [stdout] note: required by a bound in `MessageSerde`
[INFO] [stdout]     --> /opt/rustwide/cargo-home/registry/src/github.com-1ecc6299db9ec823/prost-wkt-0.3.5/src/lib.rs:10:25
[INFO] [stdout]      |
[INFO] [stdout] 10   | pub trait MessageSerde: prost::Message + mopa::Any {
[INFO] [stdout]      |                         ^^^^^^^^^^^^^^ required by this bound in `MessageSerde`
[INFO] [stdout] 
[INFO] [stdout] 
[INFO] [stdout] error[E0277]: the trait bound `source_code_info::Location: prost::message::Message` is not satisfied
[INFO] [stdout]     --> /opt/rustwide/target/debug/build/pbjson-types-any-4187aa81252d074c/out/google.protobuf.serde.rs:7708:48
[INFO] [stdout]      |
[INFO] [stdout] 7708 | impl ::pbjson_any::prost_wkt::MessageSerde for source_code_info::Location {
[INFO] [stdout]      |                                                ^^^^^^^^^^^^^^^^^^^^^^^^^^ the trait `prost::message::Message` is not implemented for `source_code_info::Location`
[INFO] [stdout]      |
[INFO] [stdout]      = help: the following other types implement trait `prost::message::Message`:
[INFO] [stdout]                ()
[INFO] [stdout]                Box<M>
[INFO] [stdout]                Vec<u8>
[INFO] [stdout]                bool
[INFO] [stdout]                f32
[INFO] [stdout]                f64
[INFO] [stdout]                i32
[INFO] [stdout]                i64
[INFO] [stdout]              and 4 others
[INFO] [stdout] note: required by a bound in `MessageSerde`
[INFO] [stdout]     --> /opt/rustwide/cargo-home/registry/src/github.com-1ecc6299db9ec823/prost-wkt-0.3.5/src/lib.rs:10:25
[INFO] [stdout]      |
[INFO] [stdout] 10   | pub trait MessageSerde: prost::Message + mopa::Any {
[INFO] [stdout]      |                         ^^^^^^^^^^^^^^ required by this bound in `MessageSerde`
[INFO] [stdout] 
[INFO] [stdout] 
[INFO] [stdout] error[E0277]: the trait bound `SourceContext: prost::message::Message` is not satisfied
[INFO] [stdout]     --> /opt/rustwide/target/debug/build/pbjson-types-any-4187aa81252d074c/out/google.protobuf.serde.rs:7828:48
[INFO] [stdout]      |
[INFO] [stdout] 7828 | impl ::pbjson_any::prost_wkt::MessageSerde for SourceContext {
[INFO] [stdout]      |                                                ^^^^^^^^^^^^^ the trait `prost::message::Message` is not implemented for `SourceContext`
[INFO] [stdout]      |
[INFO] [stdout]      = help: the following other types implement trait `prost::message::Message`:
[INFO] [stdout]                ()
[INFO] [stdout]                Box<M>
[INFO] [stdout]                Vec<u8>
[INFO] [stdout]                bool
[INFO] [stdout]                f32
[INFO] [stdout]                f64
[INFO] [stdout]                i32
[INFO] [stdout]                i64
[INFO] [stdout]              and 4 others
[INFO] [stdout] note: required by a bound in `MessageSerde`
[INFO] [stdout]     --> /opt/rustwide/cargo-home/registry/src/github.com-1ecc6299db9ec823/prost-wkt-0.3.5/src/lib.rs:10:25
[INFO] [stdout]      |
[INFO] [stdout] 10   | pub trait MessageSerde: prost::Message + mopa::Any {
[INFO] [stdout]      |                         ^^^^^^^^^^^^^^ required by this bound in `MessageSerde`
[INFO] [stdout] 
[INFO] [stdout] 
[INFO] [stdout] error[E0277]: the trait bound `StringValue: prost::message::Message` is not satisfied
[INFO] [stdout]     --> /opt/rustwide/target/debug/build/pbjson-types-any-4187aa81252d074c/out/google.protobuf.serde.rs:7948:48
[INFO] [stdout]      |
[INFO] [stdout] 7948 | impl ::pbjson_any::prost_wkt::MessageSerde for StringValue {
[INFO] [stdout]      |                                                ^^^^^^^^^^^ the trait `prost::message::Message` is not implemented for `StringValue`
[INFO] [stdout]      |
[INFO] [stdout]      = help: the following other types implement trait `prost::message::Message`:
[INFO] [stdout]                ()
[INFO] [stdout]                Box<M>
[INFO] [stdout]                Vec<u8>
[INFO] [stdout]                bool
[INFO] [stdout]                f32
[INFO] [stdout]                f64
[INFO] [stdout]                i32
[INFO] [stdout]                i64
[INFO] [stdout]              and 4 others
[INFO] [stdout] note: required by a bound in `MessageSerde`
[INFO] [stdout]     --> /opt/rustwide/cargo-home/registry/src/github.com-1ecc6299db9ec823/prost-wkt-0.3.5/src/lib.rs:10:25
[INFO] [stdout]      |
[INFO] [stdout] 10   | pub trait MessageSerde: prost::Message + mopa::Any {
[INFO] [stdout]      |                         ^^^^^^^^^^^^^^ required by this bound in `MessageSerde`
[INFO] [stdout] 
[INFO] [stdout] 
[INFO] [stdout] error[E0277]: the trait bound `protobuf::Type: prost::message::Message` is not satisfied
[INFO] [stdout]     --> /opt/rustwide/target/debug/build/pbjson-types-any-4187aa81252d074c/out/google.protobuf.serde.rs:8228:48
[INFO] [stdout]      |
[INFO] [stdout] 8228 | impl ::pbjson_any::prost_wkt::MessageSerde for Type {
[INFO] [stdout]      |                                                ^^^^ the trait `prost::message::Message` is not implemented for `protobuf::Type`
[INFO] [stdout]      |
[INFO] [stdout]      = help: the following other types implement trait `prost::message::Message`:
[INFO] [stdout]                ()
[INFO] [stdout]                Box<M>
[INFO] [stdout]                Vec<u8>
[INFO] [stdout]                bool
[INFO] [stdout]                f32
[INFO] [stdout]                f64
[INFO] [stdout]                i32
[INFO] [stdout]                i64
[INFO] [stdout]              and 4 others
[INFO] [stdout] note: required by a bound in `MessageSerde`
[INFO] [stdout]     --> /opt/rustwide/cargo-home/registry/src/github.com-1ecc6299db9ec823/prost-wkt-0.3.5/src/lib.rs:10:25
[INFO] [stdout]      |
[INFO] [stdout] 10   | pub trait MessageSerde: prost::Message + mopa::Any {
[INFO] [stdout]      |                         ^^^^^^^^^^^^^^ required by this bound in `MessageSerde`
[INFO] [stdout] 
[INFO] [stdout] 
[INFO] [stdout] error[E0277]: the trait bound `UInt32Value: prost::message::Message` is not satisfied
[INFO] [stdout]     --> /opt/rustwide/target/debug/build/pbjson-types-any-4187aa81252d074c/out/google.protobuf.serde.rs:8350:48
[INFO] [stdout]      |
[INFO] [stdout] 8350 | impl ::pbjson_any::prost_wkt::MessageSerde for UInt32Value {
[INFO] [stdout]      |                                                ^^^^^^^^^^^ the trait `prost::message::Message` is not implemented for `UInt32Value`
[INFO] [stdout]      |
[INFO] [stdout]      = help: the following other types implement trait `prost::message::Message`:
[INFO] [stdout]                ()
[INFO] [stdout]                Box<M>
[INFO] [stdout]                Vec<u8>
[INFO] [stdout]                bool
[INFO] [stdout]                f32
[INFO] [stdout]                f64
[INFO] [stdout]                i32
[INFO] [stdout]                i64
[INFO] [stdout]              and 4 others
[INFO] [stdout] note: required by a bound in `MessageSerde`
[INFO] [stdout]     --> /opt/rustwide/cargo-home/registry/src/github.com-1ecc6299db9ec823/prost-wkt-0.3.5/src/lib.rs:10:25
[INFO] [stdout]      |
[INFO] [stdout] 10   | pub trait MessageSerde: prost::Message + mopa::Any {
[INFO] [stdout]      |                         ^^^^^^^^^^^^^^ required by this bound in `MessageSerde`
[INFO] [stdout] 
[INFO] [stdout] 
[INFO] [stdout] error[E0277]: the trait bound `UInt64Value: prost::message::Message` is not satisfied
[INFO] [stdout]     --> /opt/rustwide/target/debug/build/pbjson-types-any-4187aa81252d074c/out/google.protobuf.serde.rs:8472:48
[INFO] [stdout]      |
[INFO] [stdout] 8472 | impl ::pbjson_any::prost_wkt::MessageSerde for UInt64Value {
[INFO] [stdout]      |                                                ^^^^^^^^^^^ the trait `prost::message::Message` is not implemented for `UInt64Value`
[INFO] [stdout]      |
[INFO] [stdout]      = help: the following other types implement trait `prost::message::Message`:
[INFO] [stdout]                ()
[INFO] [stdout]                Box<M>
[INFO] [stdout]                Vec<u8>
[INFO] [stdout]                bool
[INFO] [stdout]                f32
[INFO] [stdout]                f64
[INFO] [stdout]                i32
[INFO] [stdout]                i64
[INFO] [stdout]              and 4 others
[INFO] [stdout] note: required by a bound in `MessageSerde`
[INFO] [stdout]     --> /opt/rustwide/cargo-home/registry/src/github.com-1ecc6299db9ec823/prost-wkt-0.3.5/src/lib.rs:10:25
[INFO] [stdout]      |
[INFO] [stdout] 10   | pub trait MessageSerde: prost::Message + mopa::Any {
[INFO] [stdout]      |                         ^^^^^^^^^^^^^^ required by this bound in `MessageSerde`
[INFO] [stdout] 
[INFO] [stdout] 
[INFO] [stdout] error[E0277]: the trait bound `UninterpretedOption: prost::message::Message` is not satisfied
[INFO] [stdout]     --> /opt/rustwide/target/debug/build/pbjson-types-any-4187aa81252d074c/out/google.protobuf.serde.rs:8702:48
[INFO] [stdout]      |
[INFO] [stdout] 8702 | impl ::pbjson_any::prost_wkt::MessageSerde for UninterpretedOption {
[INFO] [stdout]      |                                                ^^^^^^^^^^^^^^^^^^^ the trait `prost::message::Message` is not implemented for `UninterpretedOption`
[INFO] [stdout]      |
[INFO] [stdout]      = help: the following other types implement trait `prost::message::Message`:
[INFO] [stdout]                ()
[INFO] [stdout]                Box<M>
[INFO] [stdout]                Vec<u8>
[INFO] [stdout]                bool
[INFO] [stdout]                f32
[INFO] [stdout]                f64
[INFO] [stdout]                i32
[INFO] [stdout]                i64
[INFO] [stdout]              and 4 others
[INFO] [stdout] note: required by a bound in `MessageSerde`
[INFO] [stdout]     --> /opt/rustwide/cargo-home/registry/src/github.com-1ecc6299db9ec823/prost-wkt-0.3.5/src/lib.rs:10:25
[INFO] [stdout]      |
[INFO] [stdout] 10   | pub trait MessageSerde: prost::Message + mopa::Any {
[INFO] [stdout]      |                         ^^^^^^^^^^^^^^ required by this bound in `MessageSerde`
[INFO] [stdout] 
[INFO] [stdout] 
[INFO] [stdout] error[E0277]: the trait bound `NamePart: prost::message::Message` is not satisfied
[INFO] [stdout]     --> /opt/rustwide/target/debug/build/pbjson-types-any-4187aa81252d074c/out/google.protobuf.serde.rs:8829:48
[INFO] [stdout]      |
[INFO] [stdout] 8829 | impl ::pbjson_any::prost_wkt::MessageSerde for uninterpreted_option::NamePart {
[INFO] [stdout]      |                                                ^^^^^^^^^^^^^^^^^^^^^^^^^^^^^^ the trait `prost::message::Message` is not implemented for `NamePart`
[INFO] [stdout]      |
[INFO] [stdout]      = help: the following other types implement trait `prost::message::Message`:
[INFO] [stdout]                ()
[INFO] [stdout]                Box<M>
[INFO] [stdout]                Vec<u8>
[INFO] [stdout]                bool
[INFO] [stdout]                f32
[INFO] [stdout]                f64
[INFO] [stdout]                i32
[INFO] [stdout]                i64
[INFO] [stdout]              and 4 others
[INFO] [stdout] note: required by a bound in `MessageSerde`
[INFO] [stdout]     --> /opt/rustwide/cargo-home/registry/src/github.com-1ecc6299db9ec823/prost-wkt-0.3.5/src/lib.rs:10:25
[INFO] [stdout]      |
[INFO] [stdout] 10   | pub trait MessageSerde: prost::Message + mopa::Any {
[INFO] [stdout]      |                         ^^^^^^^^^^^^^^ required by this bound in `MessageSerde`
[INFO] [stdout] 
[INFO] [stdout] 
[INFO] [stdout] error: aborting due to 48 previous errors
[INFO] [stdout] 
[INFO] [stdout] 
[INFO] [stdout] For more information about this error, try `rustc --explain E0277`.
[INFO] [stdout] 
[INFO] [stderr] error: could not compile `pbjson-types-any` due to 49 previous errors
[INFO] running `Command { std: "docker" "inspect" "fb5757ce53c41ca4308f8214543415d7956fc8fc6f634cfcc5c4a008bd7f251a", kill_on_drop: false }`
[INFO] running `Command { std: "docker" "rm" "-f" "fb5757ce53c41ca4308f8214543415d7956fc8fc6f634cfcc5c4a008bd7f251a", kill_on_drop: false }`
[INFO] [stdout] fb5757ce53c41ca4308f8214543415d7956fc8fc6f634cfcc5c4a008bd7f251a
