[INFO] fetching crate paxakos 0.13.0...
[INFO] testing paxakos-0.13.0 against 1.69.0 for beta-1.70-1
[INFO] extracting crate paxakos 0.13.0 into /workspace/builds/worker-5-tc1/source
[INFO] validating manifest of crates.io crate paxakos 0.13.0 on toolchain 1.69.0
[INFO] running `Command { std: CARGO_HOME="/workspace/cargo-home" RUSTUP_HOME="/workspace/rustup-home" "/workspace/cargo-home/bin/cargo" "+1.69.0" "metadata" "--manifest-path" "Cargo.toml" "--no-deps", kill_on_drop: false }`
[INFO] started tweaking crates.io crate paxakos 0.13.0
[INFO] finished tweaking crates.io crate paxakos 0.13.0
[INFO] tweaked toml for crates.io crate paxakos 0.13.0 written to /workspace/builds/worker-5-tc1/source/Cargo.toml
[INFO] running `Command { std: CARGO_HOME="/workspace/cargo-home" RUSTUP_HOME="/workspace/rustup-home" __CARGO_TEST_CHANNEL_OVERRIDE_DO_NOT_USE_THIS="nightly" "/workspace/cargo-home/bin/cargo" "+1.69.0" "generate-lockfile" "--manifest-path" "Cargo.toml" "-Zno-index-update", kill_on_drop: false }`
[INFO] running `Command { std: CARGO_HOME="/workspace/cargo-home" RUSTUP_HOME="/workspace/rustup-home" "/workspace/cargo-home/bin/cargo" "+1.69.0" "fetch" "--manifest-path" "Cargo.toml", kill_on_drop: false }`
[INFO] [stderr]  Downloading crates ...
[INFO] [stderr]   Downloaded send_wrapper v0.4.0
[INFO] [stderr]   Downloaded snarc v0.1.0
[INFO] running `Command { std: "docker" "create" "-v" "/var/lib/crater-agent-workspace/builds/worker-5-tc1/target:/opt/rustwide/target:rw,Z" "-v" "/var/lib/crater-agent-workspace/builds/worker-5-tc1/source:/opt/rustwide/workdir:ro,Z" "-v" "/var/lib/crater-agent-workspace/cargo-home:/opt/rustwide/cargo-home:ro,Z" "-v" "/var/lib/crater-agent-workspace/rustup-home:/opt/rustwide/rustup-home:ro,Z" "-e" "SOURCE_DIR=/opt/rustwide/workdir" "-e" "CARGO_TARGET_DIR=/opt/rustwide/target" "-e" "CARGO_HOME=/opt/rustwide/cargo-home" "-e" "RUSTUP_HOME=/opt/rustwide/rustup-home" "-w" "/opt/rustwide/workdir" "-m" "1610612736" "--user" "0:0" "--network" "none" "ghcr.io/rust-lang/crates-build-env/linux@sha256:5ff2268d62e97bff2cde7d5815dd6ed5b47097566f13b8d0ca110b04b60e07ed" "/opt/rustwide/cargo-home/bin/cargo" "+1.69.0" "metadata" "--no-deps" "--format-version=1", kill_on_drop: false }`
[INFO] [stdout] 8c88ad561d70d761d97d818c159d1400d1991f7c68fae1ef9b2bd9439e7e68e2
[INFO] running `Command { std: "docker" "start" "-a" "8c88ad561d70d761d97d818c159d1400d1991f7c68fae1ef9b2bd9439e7e68e2", kill_on_drop: false }`
[INFO] running `Command { std: "docker" "inspect" "8c88ad561d70d761d97d818c159d1400d1991f7c68fae1ef9b2bd9439e7e68e2", kill_on_drop: false }`
[INFO] running `Command { std: "docker" "rm" "-f" "8c88ad561d70d761d97d818c159d1400d1991f7c68fae1ef9b2bd9439e7e68e2", kill_on_drop: false }`
[INFO] [stdout] 8c88ad561d70d761d97d818c159d1400d1991f7c68fae1ef9b2bd9439e7e68e2
[INFO] running `Command { std: "docker" "create" "-v" "/var/lib/crater-agent-workspace/builds/worker-5-tc1/target:/opt/rustwide/target:rw,Z" "-v" "/var/lib/crater-agent-workspace/builds/worker-5-tc1/source:/opt/rustwide/workdir:ro,Z" "-v" "/var/lib/crater-agent-workspace/cargo-home:/opt/rustwide/cargo-home:ro,Z" "-v" "/var/lib/crater-agent-workspace/rustup-home:/opt/rustwide/rustup-home:ro,Z" "-e" "SOURCE_DIR=/opt/rustwide/workdir" "-e" "CARGO_TARGET_DIR=/opt/rustwide/target" "-e" "CARGO_INCREMENTAL=0" "-e" "RUST_BACKTRACE=full" "-e" "RUSTFLAGS=--cap-lints=warn" "-e" "RUSTDOCFLAGS=--cap-lints=warn" "-e" "CARGO_HOME=/opt/rustwide/cargo-home" "-e" "RUSTUP_HOME=/opt/rustwide/rustup-home" "-w" "/opt/rustwide/workdir" "-m" "1610612736" "--user" "0:0" "--network" "none" "ghcr.io/rust-lang/crates-build-env/linux@sha256:5ff2268d62e97bff2cde7d5815dd6ed5b47097566f13b8d0ca110b04b60e07ed" "/opt/rustwide/cargo-home/bin/cargo" "+1.69.0" "build" "--frozen" "--message-format=json", kill_on_drop: false }`
[INFO] [stdout] 9f47b92ddfe72184c6c73de6a7209e60cd40d2bc109b85cd302a5a6004f5615d
[INFO] running `Command { std: "docker" "start" "-a" "9f47b92ddfe72184c6c73de6a7209e60cd40d2bc109b85cd302a5a6004f5615d", kill_on_drop: false }`
[INFO] [stderr]    Compiling futures-core v0.3.28
[INFO] [stderr]    Compiling futures-channel v0.3.28
[INFO] [stderr]    Compiling futures-task v0.3.28
[INFO] [stderr]    Compiling memchr v2.5.0
[INFO] [stderr]    Compiling pin-project-lite v0.2.9
[INFO] [stderr]    Compiling futures-sink v0.3.28
[INFO] [stderr]    Compiling syn v2.0.15
[INFO] [stderr]    Compiling futures-util v0.3.28
[INFO] [stderr]    Compiling syn v1.0.109
[INFO] [stderr]    Compiling pin-utils v0.1.0
[INFO] [stderr]    Compiling futures-io v0.3.28
[INFO] [stderr]    Compiling num-traits v0.2.15
[INFO] [stderr]    Compiling serde v1.0.160
[INFO] [stderr]    Compiling thiserror v1.0.40
[INFO] [stderr]    Compiling tracing-core v0.1.30
[INFO] [stderr]    Compiling scopeguard v1.1.0
[INFO] [stderr]    Compiling snarc v0.1.0
[INFO] [stderr]    Compiling instant v0.1.12
[INFO] [stderr]    Compiling futures-timer v3.0.2
[INFO] [stderr]    Compiling smallvec v1.10.0
[INFO] [stderr]    Compiling pin-project-internal v1.0.12
[INFO] [stderr]    Compiling futures-macro v0.3.28
[INFO] [stderr]    Compiling tracing-attributes v0.1.24
[INFO] [stderr]    Compiling thiserror-impl v1.0.40
[INFO] [stderr]    Compiling serde_derive v1.0.160
[INFO] [stderr]    Compiling pin-project v1.0.12
[INFO] [stderr]    Compiling tracing v0.1.37
[INFO] [stderr]    Compiling futures-executor v0.3.28
[INFO] [stderr]    Compiling futures v0.3.28
[INFO] [stderr]    Compiling paxakos v0.13.0 (/opt/rustwide/workdir)
[INFO] [stderr]     Finished dev [unoptimized + debuginfo] target(s) in 39.47s
[INFO] running `Command { std: "docker" "inspect" "9f47b92ddfe72184c6c73de6a7209e60cd40d2bc109b85cd302a5a6004f5615d", kill_on_drop: false }`
[INFO] running `Command { std: "docker" "rm" "-f" "9f47b92ddfe72184c6c73de6a7209e60cd40d2bc109b85cd302a5a6004f5615d", kill_on_drop: false }`
[INFO] [stdout] 9f47b92ddfe72184c6c73de6a7209e60cd40d2bc109b85cd302a5a6004f5615d
[INFO] running `Command { std: "docker" "create" "-v" "/var/lib/crater-agent-workspace/builds/worker-5-tc1/target:/opt/rustwide/target:rw,Z" "-v" "/var/lib/crater-agent-workspace/builds/worker-5-tc1/source:/opt/rustwide/workdir:ro,Z" "-v" "/var/lib/crater-agent-workspace/cargo-home:/opt/rustwide/cargo-home:ro,Z" "-v" "/var/lib/crater-agent-workspace/rustup-home:/opt/rustwide/rustup-home:ro,Z" "-e" "SOURCE_DIR=/opt/rustwide/workdir" "-e" "CARGO_TARGET_DIR=/opt/rustwide/target" "-e" "CARGO_INCREMENTAL=0" "-e" "RUST_BACKTRACE=full" "-e" "RUSTFLAGS=--cap-lints=warn" "-e" "RUSTDOCFLAGS=--cap-lints=warn" "-e" "CARGO_HOME=/opt/rustwide/cargo-home" "-e" "RUSTUP_HOME=/opt/rustwide/rustup-home" "-w" "/opt/rustwide/workdir" "-m" "1610612736" "--user" "0:0" "--network" "none" "ghcr.io/rust-lang/crates-build-env/linux@sha256:5ff2268d62e97bff2cde7d5815dd6ed5b47097566f13b8d0ca110b04b60e07ed" "/opt/rustwide/cargo-home/bin/cargo" "+1.69.0" "test" "--frozen" "--no-run" "--message-format=json", kill_on_drop: false }`
[INFO] [stdout] f8e50d315a54c02aaf44a3755d7388c21c642fd7b8a5daa678de6cf64ac2a569
[INFO] running `Command { std: "docker" "start" "-a" "f8e50d315a54c02aaf44a3755d7388c21c642fd7b8a5daa678de6cf64ac2a569", kill_on_drop: false }`
[INFO] [stderr]     Blocking waiting for file lock on package cache
[INFO] [stderr]    Compiling libc v0.2.142
[INFO] [stderr]    Compiling getrandom v0.2.9
[INFO] [stderr]    Compiling uuid v1.3.2
[INFO] [stderr]    Compiling paxakos v0.13.0 (/opt/rustwide/workdir)
[INFO] [stderr]     Finished test [unoptimized + debuginfo] target(s) in 6.46s
[INFO] running `Command { std: "docker" "inspect" "f8e50d315a54c02aaf44a3755d7388c21c642fd7b8a5daa678de6cf64ac2a569", kill_on_drop: false }`
[INFO] running `Command { std: "docker" "rm" "-f" "f8e50d315a54c02aaf44a3755d7388c21c642fd7b8a5daa678de6cf64ac2a569", kill_on_drop: false }`
[INFO] [stdout] f8e50d315a54c02aaf44a3755d7388c21c642fd7b8a5daa678de6cf64ac2a569
[INFO] running `Command { std: "docker" "create" "-v" "/var/lib/crater-agent-workspace/builds/worker-5-tc1/target:/opt/rustwide/target:rw,Z" "-v" "/var/lib/crater-agent-workspace/builds/worker-5-tc1/source:/opt/rustwide/workdir:ro,Z" "-v" "/var/lib/crater-agent-workspace/cargo-home:/opt/rustwide/cargo-home:ro,Z" "-v" "/var/lib/crater-agent-workspace/rustup-home:/opt/rustwide/rustup-home:ro,Z" "-e" "SOURCE_DIR=/opt/rustwide/workdir" "-e" "CARGO_TARGET_DIR=/opt/rustwide/target" "-e" "CARGO_INCREMENTAL=0" "-e" "RUST_BACKTRACE=full" "-e" "RUSTFLAGS=--cap-lints=warn" "-e" "RUSTDOCFLAGS=--cap-lints=warn" "-e" "CARGO_HOME=/opt/rustwide/cargo-home" "-e" "RUSTUP_HOME=/opt/rustwide/rustup-home" "-w" "/opt/rustwide/workdir" "-m" "1610612736" "--user" "0:0" "--network" "none" "ghcr.io/rust-lang/crates-build-env/linux@sha256:5ff2268d62e97bff2cde7d5815dd6ed5b47097566f13b8d0ca110b04b60e07ed" "/opt/rustwide/cargo-home/bin/cargo" "+1.69.0" "test" "--frozen", kill_on_drop: false }`
[INFO] [stdout] 67ab93c0a8f7db91fe9c742e68caa9b99e4226cb84e77ca6bf66a9736596576a
[INFO] running `Command { std: "docker" "start" "-a" "67ab93c0a8f7db91fe9c742e68caa9b99e4226cb84e77ca6bf66a9736596576a", kill_on_drop: false }`
[INFO] [stderr]     Finished test [unoptimized + debuginfo] target(s) in 0.08s
[INFO] [stderr]      Running unittests src/lib.rs (/opt/rustwide/target/debug/deps/paxakos-f4bcbae1c3f853f6)
[INFO] [stdout] 
[INFO] [stdout] running 10 tests
[INFO] [stdout] test cluster::tests::test_add_node_non_concurrently ... ok
[INFO] [stdout] test cluster::tests::test_add_node_concurrently ... ok
[INFO] [stdout] test cluster::tests::test_decrease_concurrency_then_increase_again ... ok
[INFO] [stdout] test cluster::tests::test_concurrency ... ok
[INFO] [stdout] test cluster::tests::test_decrease_concurrency_once ... ok
[INFO] [stdout] test cluster::tests::test_decrease_concurrency_twice ... ok
[INFO] [stdout] test cluster::tests::test_remove_node_concurrently ... ok
[INFO] [stdout] test cluster::tests::test_remove_node_non_concurrently ... ok
[INFO] [stdout] test cluster::tests::test_initial_cluster ... ok
[INFO] [stdout] test cluster::tests::test_increase_concurrency ... ok
[INFO] [stdout] 
[INFO] [stdout] test result: ok. 10 passed; 0 failed; 0 ignored; 0 measured; 0 filtered out; finished in 0.01s
[INFO] [stdout] 
[INFO] [stderr]    Doc-tests paxakos
[INFO] [stdout] 
[INFO] [stdout] running 2 tests
[INFO] [stdout] test src/applicable.rs - applicable::ApplicableTo (line 28) ... FAILED
[INFO] [stdout] test src/lib.rs - (line 36) ... FAILED
[INFO] [stdout] 
[INFO] [stdout] failures:
[INFO] [stdout] 
[INFO] [stdout] ---- src/applicable.rs - applicable::ApplicableTo (line 28) stdout ----
[INFO] [stdout] error[E0277]: the trait bound `(): NodeInfo` is not satisfied
[INFO] [stdout]   --> src/applicable.rs:67:17
[INFO] [stdout]    |
[INFO] [stdout] 42 |     type Node = ();
[INFO] [stdout]    |                 ^^ the trait `NodeInfo` is not implemented for `()`
[INFO] [stdout]    |
[INFO] [stdout] note: required by a bound in `paxakos::State::Node`
[INFO] [stdout]   --> /opt/rustwide/workdir/src/state.rs:67:16
[INFO] [stdout]    |
[INFO] [stdout] 67 |     type Node: NodeInfo;
[INFO] [stdout]    |                ^^^^^^^^ required by this bound in `State::Node`
[INFO] [stdout] 
[INFO] [stdout] error: aborting due to previous error
[INFO] [stdout] 
[INFO] [stdout] For more information about this error, try `rustc --explain E0277`.
[INFO] [stdout] Couldn't compile the test.
[INFO] [stdout] ---- src/lib.rs - (line 36) stdout ----
[INFO] [stdout] error[E0277]: the trait bound `(): NodeInfo` is not satisfied
[INFO] [stdout]   --> src/lib.rs:82:15
[INFO] [stdout]    |
[INFO] [stdout] 49 |   type Node = ();
[INFO] [stdout]    |               ^^ the trait `NodeInfo` is not implemented for `()`
[INFO] [stdout]    |
[INFO] [stdout] note: required by a bound in `paxakos::State::Node`
[INFO] [stdout]   --> /opt/rustwide/workdir/src/state.rs:67:16
[INFO] [stdout]    |
[INFO] [stdout] 67 |     type Node: NodeInfo;
[INFO] [stdout]    |                ^^^^^^^^ required by this bound in `State::Node`
[INFO] [stdout] 
[INFO] [stdout] error: aborting due to previous error
[INFO] [stdout] 
[INFO] [stdout] For more information about this error, try `rustc --explain E0277`.
[INFO] [stdout] Couldn't compile the test.
[INFO] [stdout] 
[INFO] [stdout] failures:
[INFO] [stdout]     src/applicable.rs - applicable::ApplicableTo (line 28)
[INFO] [stdout]     src/lib.rs - (line 36)
[INFO] [stdout] 
[INFO] [stdout] test result: FAILED. 0 passed; 2 failed; 0 ignored; 0 measured; 0 filtered out; finished in 0.20s
[INFO] [stdout] 
[INFO] [stderr] error: doctest failed, to rerun pass `--doc`
[INFO] running `Command { std: "docker" "inspect" "67ab93c0a8f7db91fe9c742e68caa9b99e4226cb84e77ca6bf66a9736596576a", kill_on_drop: false }`
[INFO] running `Command { std: "docker" "rm" "-f" "67ab93c0a8f7db91fe9c742e68caa9b99e4226cb84e77ca6bf66a9736596576a", kill_on_drop: false }`
[INFO] [stdout] 67ab93c0a8f7db91fe9c742e68caa9b99e4226cb84e77ca6bf66a9736596576a
