[INFO] fetching crate parity-scale-codec 3.4.0...
[INFO] testing parity-scale-codec-3.4.0 against 1.69.0 for beta-1.70-1
[INFO] extracting crate parity-scale-codec 3.4.0 into /workspace/builds/worker-6-tc1/source
[INFO] validating manifest of crates.io crate parity-scale-codec 3.4.0 on toolchain 1.69.0
[INFO] running `Command { std: CARGO_HOME="/workspace/cargo-home" RUSTUP_HOME="/workspace/rustup-home" "/workspace/cargo-home/bin/cargo" "+1.69.0" "metadata" "--manifest-path" "Cargo.toml" "--no-deps", kill_on_drop: false }`
[INFO] started tweaking crates.io crate parity-scale-codec 3.4.0
[INFO] finished tweaking crates.io crate parity-scale-codec 3.4.0
[INFO] tweaked toml for crates.io crate parity-scale-codec 3.4.0 written to /workspace/builds/worker-6-tc1/source/Cargo.toml
[INFO] running `Command { std: CARGO_HOME="/workspace/cargo-home" RUSTUP_HOME="/workspace/rustup-home" __CARGO_TEST_CHANNEL_OVERRIDE_DO_NOT_USE_THIS="nightly" "/workspace/cargo-home/bin/cargo" "+1.69.0" "generate-lockfile" "--manifest-path" "Cargo.toml" "-Zno-index-update", kill_on_drop: false }`
[INFO] running `Command { std: CARGO_HOME="/workspace/cargo-home" RUSTUP_HOME="/workspace/rustup-home" "/workspace/cargo-home/bin/cargo" "+1.69.0" "fetch" "--manifest-path" "Cargo.toml", kill_on_drop: false }`
[INFO] running `Command { std: "docker" "create" "-v" "/var/lib/crater-agent-workspace/builds/worker-6-tc1/target:/opt/rustwide/target:rw,Z" "-v" "/var/lib/crater-agent-workspace/builds/worker-6-tc1/source:/opt/rustwide/workdir:ro,Z" "-v" "/var/lib/crater-agent-workspace/cargo-home:/opt/rustwide/cargo-home:ro,Z" "-v" "/var/lib/crater-agent-workspace/rustup-home:/opt/rustwide/rustup-home:ro,Z" "-e" "SOURCE_DIR=/opt/rustwide/workdir" "-e" "CARGO_TARGET_DIR=/opt/rustwide/target" "-e" "CARGO_HOME=/opt/rustwide/cargo-home" "-e" "RUSTUP_HOME=/opt/rustwide/rustup-home" "-w" "/opt/rustwide/workdir" "-m" "1610612736" "--user" "0:0" "--network" "none" "ghcr.io/rust-lang/crates-build-env/linux@sha256:5ff2268d62e97bff2cde7d5815dd6ed5b47097566f13b8d0ca110b04b60e07ed" "/opt/rustwide/cargo-home/bin/cargo" "+1.69.0" "metadata" "--no-deps" "--format-version=1", kill_on_drop: false }`
[INFO] [stdout] d1001a0c07244c83cc5177fc1858f1f50e7f3dcebb37a30c36d15aa0ade1e2e7
[INFO] running `Command { std: "docker" "start" "-a" "d1001a0c07244c83cc5177fc1858f1f50e7f3dcebb37a30c36d15aa0ade1e2e7", kill_on_drop: false }`
[INFO] running `Command { std: "docker" "inspect" "d1001a0c07244c83cc5177fc1858f1f50e7f3dcebb37a30c36d15aa0ade1e2e7", kill_on_drop: false }`
[INFO] running `Command { std: "docker" "rm" "-f" "d1001a0c07244c83cc5177fc1858f1f50e7f3dcebb37a30c36d15aa0ade1e2e7", kill_on_drop: false }`
[INFO] [stdout] d1001a0c07244c83cc5177fc1858f1f50e7f3dcebb37a30c36d15aa0ade1e2e7
[INFO] running `Command { std: "docker" "create" "-v" "/var/lib/crater-agent-workspace/builds/worker-6-tc1/target:/opt/rustwide/target:rw,Z" "-v" "/var/lib/crater-agent-workspace/builds/worker-6-tc1/source:/opt/rustwide/workdir:ro,Z" "-v" "/var/lib/crater-agent-workspace/cargo-home:/opt/rustwide/cargo-home:ro,Z" "-v" "/var/lib/crater-agent-workspace/rustup-home:/opt/rustwide/rustup-home:ro,Z" "-e" "SOURCE_DIR=/opt/rustwide/workdir" "-e" "CARGO_TARGET_DIR=/opt/rustwide/target" "-e" "CARGO_INCREMENTAL=0" "-e" "RUST_BACKTRACE=full" "-e" "RUSTFLAGS=--cap-lints=warn" "-e" "RUSTDOCFLAGS=--cap-lints=warn" "-e" "CARGO_HOME=/opt/rustwide/cargo-home" "-e" "RUSTUP_HOME=/opt/rustwide/rustup-home" "-w" "/opt/rustwide/workdir" "-m" "1610612736" "--user" "0:0" "--network" "none" "ghcr.io/rust-lang/crates-build-env/linux@sha256:5ff2268d62e97bff2cde7d5815dd6ed5b47097566f13b8d0ca110b04b60e07ed" "/opt/rustwide/cargo-home/bin/cargo" "+1.69.0" "build" "--frozen" "--message-format=json", kill_on_drop: false }`
[INFO] [stdout] 607a16332e64300240423c606fc22d465216c3616fc07c8a33ad86433f6b1a83
[INFO] running `Command { std: "docker" "start" "-a" "607a16332e64300240423c606fc22d465216c3616fc07c8a33ad86433f6b1a83", kill_on_drop: false }`
[INFO] [stderr]    Compiling syn v1.0.109
[INFO] [stderr]    Compiling arrayvec v0.7.2
[INFO] [stderr]    Compiling byte-slice-cast v1.2.2
[INFO] [stderr]    Compiling impl-trait-for-tuples v0.2.2
[INFO] [stderr]    Compiling parity-scale-codec v3.4.0 (/opt/rustwide/workdir)
[INFO] [stderr]     Finished dev [unoptimized + debuginfo] target(s) in 10.38s
[INFO] running `Command { std: "docker" "inspect" "607a16332e64300240423c606fc22d465216c3616fc07c8a33ad86433f6b1a83", kill_on_drop: false }`
[INFO] running `Command { std: "docker" "rm" "-f" "607a16332e64300240423c606fc22d465216c3616fc07c8a33ad86433f6b1a83", kill_on_drop: false }`
[INFO] [stdout] 607a16332e64300240423c606fc22d465216c3616fc07c8a33ad86433f6b1a83
[INFO] running `Command { std: "docker" "create" "-v" "/var/lib/crater-agent-workspace/builds/worker-6-tc1/target:/opt/rustwide/target:rw,Z" "-v" "/var/lib/crater-agent-workspace/builds/worker-6-tc1/source:/opt/rustwide/workdir:ro,Z" "-v" "/var/lib/crater-agent-workspace/cargo-home:/opt/rustwide/cargo-home:ro,Z" "-v" "/var/lib/crater-agent-workspace/rustup-home:/opt/rustwide/rustup-home:ro,Z" "-e" "SOURCE_DIR=/opt/rustwide/workdir" "-e" "CARGO_TARGET_DIR=/opt/rustwide/target" "-e" "CARGO_INCREMENTAL=0" "-e" "RUST_BACKTRACE=full" "-e" "RUSTFLAGS=--cap-lints=warn" "-e" "RUSTDOCFLAGS=--cap-lints=warn" "-e" "CARGO_HOME=/opt/rustwide/cargo-home" "-e" "RUSTUP_HOME=/opt/rustwide/rustup-home" "-w" "/opt/rustwide/workdir" "-m" "1610612736" "--user" "0:0" "--network" "none" "ghcr.io/rust-lang/crates-build-env/linux@sha256:5ff2268d62e97bff2cde7d5815dd6ed5b47097566f13b8d0ca110b04b60e07ed" "/opt/rustwide/cargo-home/bin/cargo" "+1.69.0" "test" "--frozen" "--no-run" "--message-format=json", kill_on_drop: false }`
[INFO] [stdout] 43c8617be171b5c8dbf68d6ae26250a7634d5539345927a9d6e7b2ae64591b6d
[INFO] running `Command { std: "docker" "start" "-a" "43c8617be171b5c8dbf68d6ae26250a7634d5539345927a9d6e7b2ae64591b6d", kill_on_drop: false }`
[INFO] [stderr]    Compiling either v1.8.1
[INFO] [stderr]    Compiling regex-syntax v0.7.1
[INFO] [stderr]    Compiling unicode-width v0.1.10
[INFO] [stderr]    Compiling plotters-backend v0.3.4
[INFO] [stderr]    Compiling same-file v1.0.6
[INFO] [stderr]    Compiling trybuild v1.0.80
[INFO] [stderr]    Compiling aho-corasick v1.0.1
[INFO] [stderr]    Compiling crossbeam-channel v0.5.8
[INFO] [stderr]    Compiling num_cpus v1.15.0
[INFO] [stderr]    Compiling getrandom v0.2.9
[INFO] [stderr]    Compiling csv-core v0.1.10
[INFO] [stderr]    Compiling paste v1.0.12
[INFO] [stderr]    Compiling syn v2.0.15
[INFO] [stderr]    Compiling cast v0.3.0
[INFO] [stderr]    Compiling half v1.8.2
[INFO] [stderr]    Compiling tinytemplate v1.2.1
[INFO] [stderr]    Compiling textwrap v0.11.0
[INFO] [stderr]    Compiling rand_core v0.6.4
[INFO] [stderr]    Compiling plotters-svg v0.3.3
[INFO] [stderr]    Compiling itertools v0.10.5
[INFO] [stderr]    Compiling clap v2.34.0
[INFO] [stderr]    Compiling rand v0.8.5
[INFO] [stderr]    Compiling serde_cbor v0.11.2
[INFO] [stderr]    Compiling csv v1.2.1
[INFO] [stderr]    Compiling rayon-core v1.11.0
[INFO] [stderr]    Compiling plotters v0.3.4
[INFO] [stderr]    Compiling walkdir v2.3.3
[INFO] [stderr]    Compiling basic-toml v0.1.2
[INFO] [stderr]    Compiling atty v0.2.14
[INFO] [stderr]    Compiling glob v0.3.1
[INFO] [stderr]    Compiling once_cell v1.17.1
[INFO] [stderr]    Compiling termcolor v1.2.0
[INFO] [stderr]    Compiling oorandom v11.1.3
[INFO] [stderr]    Compiling rayon v1.7.0
[INFO] [stderr]    Compiling regex v1.8.1
[INFO] [stderr]    Compiling criterion-plot v0.4.5
[INFO] [stderr]    Compiling serde_derive v1.0.160
[INFO] [stderr]    Compiling env_logger v0.8.4
[INFO] [stderr]    Compiling quickcheck v1.0.3
[INFO] [stderr]    Compiling criterion v0.3.6
[INFO] [stderr]    Compiling parity-scale-codec v3.4.0 (/opt/rustwide/workdir)
[INFO] [stdout] error[E0432]: unresolved import `parity_scale_codec_derive`
[INFO] [stdout]   --> tests/mod.rs:19:5
[INFO] [stdout]    |
[INFO] [stdout] 19 | use parity_scale_codec_derive::{Decode, Encode};
[INFO] [stdout]    |     ^^^^^^^^^^^^^^^^^^^^^^^^^ use of undeclared crate or module `parity_scale_codec_derive`
[INFO] [stdout]    |
[INFO] [stdout] help: there is a crate or module with a similar name
[INFO] [stdout]    |
[INFO] [stdout] 19 | use parity_scale_codec::{Decode, Encode};
[INFO] [stdout]    |     ~~~~~~~~~~~~~~~~~~
[INFO] [stdout] 
[INFO] [stdout] 
[INFO] [stdout] error: cannot determine resolution for the derive macro `Encode`
[INFO] [stdout]   --> tests/mod.rs:22:28
[INFO] [stdout]    |
[INFO] [stdout] 22 | #[derive(Debug, PartialEq, Encode, Decode)]
[INFO] [stdout]    |                            ^^^^^^
[INFO] [stdout]    |
[INFO] [stdout]    = note: import resolution is stuck, try simplifying macro imports
[INFO] [stdout] 
[INFO] [stdout] 
[INFO] [stdout] error: cannot determine resolution for the derive macro `Decode`
[INFO] [stdout]   --> tests/mod.rs:22:36
[INFO] [stdout]    |
[INFO] [stdout] 22 | #[derive(Debug, PartialEq, Encode, Decode)]
[INFO] [stdout]    |                                    ^^^^^^
[INFO] [stdout]    |
[INFO] [stdout]    = note: import resolution is stuck, try simplifying macro imports
[INFO] [stdout] 
[INFO] [stdout] 
[INFO] [stdout] error: cannot determine resolution for the derive macro `Encode`
[INFO] [stdout]   --> tests/mod.rs:25:28
[INFO] [stdout]    |
[INFO] [stdout] 25 | #[derive(Debug, PartialEq, Encode, Decode)]
[INFO] [stdout]    |                            ^^^^^^
[INFO] [stdout]    |
[INFO] [stdout]    = note: import resolution is stuck, try simplifying macro imports
[INFO] [stdout] 
[INFO] [stdout] 
[INFO] [stdout] error: cannot determine resolution for the derive macro `Decode`
[INFO] [stdout]   --> tests/mod.rs:25:36
[INFO] [stdout]    |
[INFO] [stdout] 25 | #[derive(Debug, PartialEq, Encode, Decode)]
[INFO] [stdout]    |                                    ^^^^^^
[INFO] [stdout]    |
[INFO] [stdout]    = note: import resolution is stuck, try simplifying macro imports
[INFO] [stdout] 
[INFO] [stdout] 
[INFO] [stdout] error: cannot determine resolution for the derive macro `Encode`
[INFO] [stdout]   --> tests/mod.rs:28:28
[INFO] [stdout]    |
[INFO] [stdout] 28 | #[derive(Debug, PartialEq, Encode, Decode, Default)]
[INFO] [stdout]    |                            ^^^^^^
[INFO] [stdout]    |
[INFO] [stdout]    = note: import resolution is stuck, try simplifying macro imports
[INFO] [stdout] 
[INFO] [stdout] 
[INFO] [stdout] error: cannot determine resolution for the derive macro `Decode`
[INFO] [stdout]   --> tests/mod.rs:28:36
[INFO] [stdout]    |
[INFO] [stdout] 28 | #[derive(Debug, PartialEq, Encode, Decode, Default)]
[INFO] [stdout]    |                                    ^^^^^^
[INFO] [stdout]    |
[INFO] [stdout]    = note: import resolution is stuck, try simplifying macro imports
[INFO] [stdout] 
[INFO] [stdout] 
[INFO] [stdout] error: cannot determine resolution for the derive macro `Encode`
[INFO] [stdout]   --> tests/mod.rs:35:28
[INFO] [stdout]    |
[INFO] [stdout] 35 | #[derive(Debug, PartialEq, Encode, Decode)]
[INFO] [stdout]    |                            ^^^^^^
[INFO] [stdout]    |
[INFO] [stdout]    = note: import resolution is stuck, try simplifying macro imports
[INFO] [stdout] 
[INFO] [stdout] 
[INFO] [stdout] error: cannot determine resolution for the derive macro `Decode`
[INFO] [stdout]   --> tests/mod.rs:35:36
[INFO] [stdout]    |
[INFO] [stdout] 35 | #[derive(Debug, PartialEq, Encode, Decode)]
[INFO] [stdout]    |                                    ^^^^^^
[INFO] [stdout]    |
[INFO] [stdout]    = note: import resolution is stuck, try simplifying macro imports
[INFO] [stdout] 
[INFO] [stdout] 
[INFO] [stdout] error: cannot determine resolution for the derive macro `Encode`
[INFO] [stdout]   --> tests/mod.rs:50:28
[INFO] [stdout]    |
[INFO] [stdout] 50 | #[derive(Debug, PartialEq, Encode, Decode)]
[INFO] [stdout]    |                            ^^^^^^
[INFO] [stdout]    |
[INFO] [stdout]    = note: import resolution is stuck, try simplifying macro imports
[INFO] [stdout] 
[INFO] [stdout] 
[INFO] [stdout] error: cannot determine resolution for the derive macro `Decode`
[INFO] [stdout]   --> tests/mod.rs:50:36
[INFO] [stdout]    |
[INFO] [stdout] 50 | #[derive(Debug, PartialEq, Encode, Decode)]
[INFO] [stdout]    |                                    ^^^^^^
[INFO] [stdout]    |
[INFO] [stdout]    = note: import resolution is stuck, try simplifying macro imports
[INFO] [stdout] 
[INFO] [stdout] 
[INFO] [stdout] error: cannot find attribute `codec` in this scope
[INFO] [stdout]   --> tests/mod.rs:52:4
[INFO] [stdout]    |
[INFO] [stdout] 52 |     #[codec(index = 15)]
[INFO] [stdout]    |       ^^^^^
[INFO] [stdout] 
[INFO] [stdout] 
[INFO] [stdout] error: cannot determine resolution for the derive macro `Encode`
[INFO] [stdout]   --> tests/mod.rs:61:28
[INFO] [stdout]    |
[INFO] [stdout] 61 | #[derive(Debug, PartialEq, Encode, Decode)]
[INFO] [stdout]    |                            ^^^^^^
[INFO] [stdout]    |
[INFO] [stdout]    = note: import resolution is stuck, try simplifying macro imports
[INFO] [stdout] 
[INFO] [stdout] 
[INFO] [stdout] error: cannot determine resolution for the derive macro `Decode`
[INFO] [stdout]   --> tests/mod.rs:61:36
[INFO] [stdout]    |
[INFO] [stdout] 61 | #[derive(Debug, PartialEq, Encode, Decode)]
[INFO] [stdout]    |                                    ^^^^^^
[INFO] [stdout]    |
[INFO] [stdout]    = note: import resolution is stuck, try simplifying macro imports
[INFO] [stdout] 
[INFO] [stdout] 
[INFO] [stdout] error: cannot determine resolution for the derive macro `Encode`
[INFO] [stdout]   --> tests/mod.rs:68:28
[INFO] [stdout]    |
[INFO] [stdout] 68 | #[derive(Debug, PartialEq, Encode, Decode)]
[INFO] [stdout]    |                            ^^^^^^
[INFO] [stdout]    |
[INFO] [stdout]    = note: import resolution is stuck, try simplifying macro imports
[INFO] [stdout] 
[INFO] [stdout] 
[INFO] [stdout] error: cannot determine resolution for the derive macro `Decode`
[INFO] [stdout]   --> tests/mod.rs:68:36
[INFO] [stdout]    |
[INFO] [stdout] 68 | #[derive(Debug, PartialEq, Encode, Decode)]
[INFO] [stdout]    |                                    ^^^^^^
[INFO] [stdout]    |
[INFO] [stdout]    = note: import resolution is stuck, try simplifying macro imports
[INFO] [stdout] 
[INFO] [stdout] 
[INFO] [stdout] error: cannot find attribute `codec` in this scope
[INFO] [stdout]   --> tests/mod.rs:70:4
[INFO] [stdout]    |
[INFO] [stdout] 70 |     #[codec(encoded_as = "<T as HasCompact>::Type")]
[INFO] [stdout]    |       ^^^^^
[INFO] [stdout] 
[INFO] [stdout] 
[INFO] [stdout] error: cannot determine resolution for the derive macro `Encode`
[INFO] [stdout]   --> tests/mod.rs:74:28
[INFO] [stdout]    |
[INFO] [stdout] 74 | #[derive(Debug, PartialEq, Encode, Decode)]
[INFO] [stdout]    |                            ^^^^^^
[INFO] [stdout]    |
[INFO] [stdout]    = note: import resolution is stuck, try simplifying macro imports
[INFO] [stdout] 
[INFO] [stdout] 
[INFO] [stdout] error: cannot determine resolution for the derive macro `Decode`
[INFO] [stdout]   --> tests/mod.rs:74:36
[INFO] [stdout]    |
[INFO] [stdout] 74 | #[derive(Debug, PartialEq, Encode, Decode)]
[INFO] [stdout]    |                                    ^^^^^^
[INFO] [stdout]    |
[INFO] [stdout]    = note: import resolution is stuck, try simplifying macro imports
[INFO] [stdout] 
[INFO] [stdout] 
[INFO] [stdout] error[E0432]: unresolved import `parity_scale_codec_derive`
[INFO] [stdout]   --> tests/type_inference.rs:18:5
[INFO] [stdout]    |
[INFO] [stdout] 18 | use parity_scale_codec_derive::Decode;
[INFO] [stdout]    |     ^^^^^^^^^^^^^^^^^^^^^^^^^ use of undeclared crate or module `parity_scale_codec_derive`
[INFO] [stdout]    |
[INFO] [stdout] help: there is a crate or module with a similar name
[INFO] [stdout]    |
[INFO] [stdout] 18 | use parity_scale_codec::Decode;
[INFO] [stdout]    |     ~~~~~~~~~~~~~~~~~~
[INFO] [stdout] 
[INFO] [stdout] 
[INFO] [stdout] error: cannot find attribute `codec` in this scope
[INFO] [stdout]   --> tests/mod.rs:76:4
[INFO] [stdout]    |
[INFO] [stdout] 76 |     #[codec(compact)]
[INFO] [stdout]    |       ^^^^^
[INFO] [stdout] 
[INFO] [stdout] 
[INFO] [stdout] error: cannot determine resolution for the derive macro `Encode`
[INFO] [stdout]   --> tests/mod.rs:80:28
[INFO] [stdout]    |
[INFO] [stdout] 80 | #[derive(Debug, PartialEq, Encode, Decode)]
[INFO] [stdout]    |                            ^^^^^^
[INFO] [stdout]    |
[INFO] [stdout]    = note: import resolution is stuck, try simplifying macro imports
[INFO] [stdout] 
[INFO] [stdout] 
[INFO] [stdout] error: cannot determine resolution for the derive macro `Decode`
[INFO] [stdout]   --> tests/mod.rs:80:36
[INFO] [stdout]    |
[INFO] [stdout] 80 | #[derive(Debug, PartialEq, Encode, Decode)]
[INFO] [stdout]    |                                    ^^^^^^
[INFO] [stdout]    |
[INFO] [stdout]    = note: import resolution is stuck, try simplifying macro imports
[INFO] [stdout] 
[INFO] [stdout] 
[INFO] [stdout] error: cannot find attribute `codec` in this scope
[INFO] [stdout]   --> tests/mod.rs:82:12
[INFO] [stdout]    |
[INFO] [stdout] 82 |     Unnamed(#[codec(encoded_as = "<T as HasCompact>::Type")] T),
[INFO] [stdout]    |               ^^^^^
[INFO] [stdout] 
[INFO] [stdout] 
[INFO] [stdout] error: cannot find attribute `codec` in this scope
[INFO] [stdout]   --> tests/mod.rs:84:5
[INFO] [stdout]    |
[INFO] [stdout] 84 |         #[codec(encoded_as = "<T as HasCompact>::Type")]
[INFO] [stdout]    |           ^^^^^
[INFO] [stdout] 
[INFO] [stdout] 
[INFO] [stdout] error: cannot find attribute `codec` in this scope
[INFO] [stdout]   --> tests/mod.rs:87:19
[INFO] [stdout]    |
[INFO] [stdout] 87 |     UnnamedCompact(#[codec(compact)] T),
[INFO] [stdout]    |                      ^^^^^
[INFO] [stdout] 
[INFO] [stdout] 
[INFO] [stdout] error: cannot find attribute `codec` in this scope
[INFO] [stdout]   --> tests/mod.rs:89:5
[INFO] [stdout]    |
[INFO] [stdout] 89 |         #[codec(compact)]
[INFO] [stdout]    |           ^^^^^
[INFO] [stdout] 
[INFO] [stdout] 
[INFO] [stdout] error: cannot determine resolution for the derive macro `Encode`
[INFO] [stdout]   --> tests/mod.rs:94:28
[INFO] [stdout]    |
[INFO] [stdout] 94 | #[derive(Debug, PartialEq, Encode, Decode)]
[INFO] [stdout]    |                            ^^^^^^
[INFO] [stdout]    |
[INFO] [stdout]    = note: import resolution is stuck, try simplifying macro imports
[INFO] [stdout] 
[INFO] [stdout] 
[INFO] [stdout] error: cannot determine resolution for the derive macro `Decode`
[INFO] [stdout]   --> tests/mod.rs:94:36
[INFO] [stdout]    |
[INFO] [stdout] 94 | #[derive(Debug, PartialEq, Encode, Decode)]
[INFO] [stdout]    |                                    ^^^^^^
[INFO] [stdout]    |
[INFO] [stdout]    = note: import resolution is stuck, try simplifying macro imports
[INFO] [stdout] 
[INFO] [stdout] 
[INFO] [stdout] error: cannot find attribute `codec` in this scope
[INFO] [stdout]   --> tests/mod.rs:96:4
[INFO] [stdout]    |
[INFO] [stdout] 96 |     #[codec(compact)]
[INFO] [stdout]    |       ^^^^^
[INFO] [stdout] 
[INFO] [stdout] 
[INFO] [stdout] error: cannot determine resolution for the derive macro `Decode`
[INFO] [stdout]   --> tests/type_inference.rs:34:10
[INFO] [stdout]    |
[INFO] [stdout] 34 | #[derive(Decode)]
[INFO] [stdout]    |          ^^^^^^
[INFO] [stdout]    |
[INFO] [stdout]    = note: import resolution is stuck, try simplifying macro imports
[INFO] [stdout] 
[INFO] [stdout] 
[INFO] [stdout] error: cannot determine resolution for the derive macro `Encode`
[INFO] [stdout]    --> tests/mod.rs:100:28
[INFO] [stdout]     |
[INFO] [stdout] 100 | #[derive(Debug, PartialEq, Encode, Decode)]
[INFO] [stdout]     |                            ^^^^^^
[INFO] [stdout]     |
[INFO] [stdout]     = note: import resolution is stuck, try simplifying macro imports
[INFO] [stdout] 
[INFO] [stdout] 
[INFO] [stdout] error: cannot determine resolution for the derive macro `Decode`
[INFO] [stdout]    --> tests/mod.rs:100:36
[INFO] [stdout]     |
[INFO] [stdout] 100 | #[derive(Debug, PartialEq, Encode, Decode)]
[INFO] [stdout]     |                                    ^^^^^^
[INFO] [stdout]     |
[INFO] [stdout]     = note: import resolution is stuck, try simplifying macro imports
[INFO] [stdout] 
[INFO] [stdout] 
[INFO] [stdout] error: cannot determine resolution for the derive macro `Decode`
[INFO] [stdout]   --> tests/type_inference.rs:26:10
[INFO] [stdout]    |
[INFO] [stdout] 26 | #[derive(Decode)]
[INFO] [stdout]    |          ^^^^^^
[INFO] [stdout]    |
[INFO] [stdout]    = note: import resolution is stuck, try simplifying macro imports
[INFO] [stdout] 
[INFO] [stdout] 
[INFO] [stdout] error: cannot find attribute `codec` in this scope
[INFO] [stdout]    --> tests/mod.rs:102:12
[INFO] [stdout]     |
[INFO] [stdout] 102 |     Unnamed(#[codec(compact)] u64),
[INFO] [stdout]     |               ^^^^^
[INFO] [stdout] 
[INFO] [stdout] 
[INFO] [stdout] error: aborting due to 3 previous errors
[INFO] [stdout] 
[INFO] [stdout] 
[INFO] [stdout] For more information about this error, try `rustc --explain E0432`.
[INFO] [stdout] 
[INFO] [stdout] error[E0432]: unresolved import `parity_scale_codec_derive`
[INFO] [stdout]  --> tests/single_field_struct_encoding.rs:2:5
[INFO] [stdout]   |
[INFO] [stdout] 2 | use parity_scale_codec_derive::{Encode, Decode, CompactAs};
[INFO] [stdout]   |     ^^^^^^^^^^^^^^^^^^^^^^^^^ use of undeclared crate or module `parity_scale_codec_derive`
[INFO] [stdout]   |
[INFO] [stdout] help: there is a crate or module with a similar name
[INFO] [stdout]   |
[INFO] [stdout] 2 | use parity_scale_codec::{Encode, Decode, CompactAs};
[INFO] [stdout]   |     ~~~~~~~~~~~~~~~~~~
[INFO] [stdout] 
[INFO] [stdout] 
[INFO] [stderr] error: could not compile `parity-scale-codec` due to 4 previous errors
[INFO] [stdout] error: cannot determine resolution for the derive macro `Encode`
[INFO] [stdout]  --> tests/single_field_struct_encoding.rs:8:28
[INFO] [stdout]   |
[INFO] [stdout] 8 | #[derive(Debug, PartialEq, Encode, Decode)]
[INFO] [stdout]   |                            ^^^^^^
[INFO] [stdout]   |
[INFO] [stdout]   = note: import resolution is stuck, try simplifying macro imports
[INFO] [stdout] 
[INFO] [stdout] 
[INFO] [stderr] warning: build failed, waiting for other jobs to finish...
[INFO] [stdout] error: cannot determine resolution for the derive macro `Decode`
[INFO] [stdout]  --> tests/single_field_struct_encoding.rs:8:36
[INFO] [stdout]   |
[INFO] [stdout] 8 | #[derive(Debug, PartialEq, Encode, Decode)]
[INFO] [stdout]   |                                    ^^^^^^
[INFO] [stdout]   |
[INFO] [stdout]   = note: import resolution is stuck, try simplifying macro imports
[INFO] [stdout] 
[INFO] [stdout] 
[INFO] [stdout] error: cannot determine resolution for the derive macro `Encode`
[INFO] [stdout]   --> tests/single_field_struct_encoding.rs:14:45
[INFO] [stdout]    |
[INFO] [stdout] 14 | #[derive(Debug, PartialEq, Eq, Clone, Copy, Encode, Decode, CompactAs)]
[INFO] [stdout]    |                                             ^^^^^^
[INFO] [stdout]    |
[INFO] [stdout]    = note: import resolution is stuck, try simplifying macro imports
[INFO] [stdout] 
[INFO] [stdout] 
[INFO] [stdout] error: cannot determine resolution for the derive macro `Decode`
[INFO] [stdout]   --> tests/single_field_struct_encoding.rs:14:53
[INFO] [stdout]    |
[INFO] [stdout] 14 | #[derive(Debug, PartialEq, Eq, Clone, Copy, Encode, Decode, CompactAs)]
[INFO] [stdout]    |                                                     ^^^^^^
[INFO] [stdout]    |
[INFO] [stdout]    = note: import resolution is stuck, try simplifying macro imports
[INFO] [stdout] 
[INFO] [stdout] 
[INFO] [stdout] error: cannot find attribute `codec` in this scope
[INFO] [stdout]    --> tests/mod.rs:104:5
[INFO] [stdout]     |
[INFO] [stdout] 104 |         #[codec(compact)]
[INFO] [stdout]     |           ^^^^^
[INFO] [stdout] 
[INFO] [stdout] 
[INFO] [stdout] error: cannot determine resolution for the derive macro `Encode`
[INFO] [stdout]    --> tests/mod.rs:333:11
[INFO] [stdout]     |
[INFO] [stdout] 333 |     #[derive(Encode, Decode, Debug, PartialEq)]
[INFO] [stdout]     |              ^^^^^^
[INFO] [stdout]     |
[INFO] [stdout]     = note: import resolution is stuck, try simplifying macro imports
[INFO] [stdout] 
[INFO] [stdout] 
[INFO] [stdout] error: cannot determine resolution for the derive macro `Decode`
[INFO] [stdout]    --> tests/mod.rs:333:19
[INFO] [stdout]     |
[INFO] [stdout] 333 |     #[derive(Encode, Decode, Debug, PartialEq)]
[INFO] [stdout]     |                      ^^^^^^
[INFO] [stdout]     |
[INFO] [stdout]     = note: import resolution is stuck, try simplifying macro imports
[INFO] [stdout] 
[INFO] [stdout] 
[INFO] [stdout] error: cannot determine resolution for the derive macro `Encode`
[INFO] [stdout]    --> tests/mod.rs:375:29
[INFO] [stdout]     |
[INFO] [stdout] 375 |     #[derive(Debug, PartialEq, Encode, Decode)]
[INFO] [stdout]     |                                ^^^^^^
[INFO] [stdout]     |
[INFO] [stdout]     = note: import resolution is stuck, try simplifying macro imports
[INFO] [stdout] 
[INFO] [stdout] 
[INFO] [stdout] error: cannot determine resolution for the derive macro `Decode`
[INFO] [stdout]    --> tests/mod.rs:375:37
[INFO] [stdout]     |
[INFO] [stdout] 375 |     #[derive(Debug, PartialEq, Encode, Decode)]
[INFO] [stdout]     |                                        ^^^^^^
[INFO] [stdout]     |
[INFO] [stdout]     = note: import resolution is stuck, try simplifying macro imports
[INFO] [stdout] 
[INFO] [stdout] 
[INFO] [stdout] error: cannot find attribute `codec` in this scope
[INFO] [stdout]    --> tests/mod.rs:380:5
[INFO] [stdout]     |
[INFO] [stdout] 380 |         #[codec(encoded_as = "u32")]
[INFO] [stdout]     |           ^^^^^
[INFO] [stdout] 
[INFO] [stdout] 
[INFO] [stdout] error: cannot determine resolution for the derive macro `Encode`
[INFO] [stdout]    --> tests/mod.rs:411:29
[INFO] [stdout]     |
[INFO] [stdout] 411 |     #[derive(Debug, PartialEq, Encode, Decode)]
[INFO] [stdout]     |                                ^^^^^^
[INFO] [stdout]     |
[INFO] [stdout]     = note: import resolution is stuck, try simplifying macro imports
[INFO] [stdout] 
[INFO] [stdout] 
[INFO] [stdout] error: cannot determine resolution for the derive macro `Decode`
[INFO] [stdout]    --> tests/mod.rs:411:37
[INFO] [stdout]     |
[INFO] [stdout] 411 |     #[derive(Debug, PartialEq, Encode, Decode)]
[INFO] [stdout]     |                                        ^^^^^^
[INFO] [stdout]     |
[INFO] [stdout]     = note: import resolution is stuck, try simplifying macro imports
[INFO] [stdout] 
[INFO] [stdout] 
[INFO] [stdout] error: cannot find attribute `codec` in this scope
[INFO] [stdout]    --> tests/mod.rs:414:6
[INFO] [stdout]     |
[INFO] [stdout] 414 |             #[codec(compact)]
[INFO] [stdout]     |               ^^^^^
[INFO] [stdout] 
[INFO] [stdout] 
[INFO] [stdout] error: cannot determine resolution for the derive macro `Encode`
[INFO] [stdout]    --> tests/mod.rs:432:29
[INFO] [stdout]     |
[INFO] [stdout] 432 |     #[derive(Debug, PartialEq, Encode, Decode)]
[INFO] [stdout]     |                                ^^^^^^
[INFO] [stdout]     |
[INFO] [stdout]     = note: import resolution is stuck, try simplifying macro imports
[INFO] [stdout] 
[INFO] [stdout] 
[INFO] [stdout] error: cannot determine resolution for the derive macro `Decode`
[INFO] [stdout]    --> tests/mod.rs:432:37
[INFO] [stdout]     |
[INFO] [stdout] 432 |     #[derive(Debug, PartialEq, Encode, Decode)]
[INFO] [stdout]     |                                        ^^^^^^
[INFO] [stdout]     |
[INFO] [stdout]     = note: import resolution is stuck, try simplifying macro imports
[INFO] [stdout] 
[INFO] [stdout] 
[INFO] [stdout] error: cannot determine resolution for the derive macro `CompactAs`
[INFO] [stdout]   --> tests/single_field_struct_encoding.rs:14:61
[INFO] [stdout]    |
[INFO] [stdout] 14 | #[derive(Debug, PartialEq, Eq, Clone, Copy, Encode, Decode, CompactAs)]
[INFO] [stdout]    |                                                             ^^^^^^^^^
[INFO] [stdout]    |
[INFO] [stdout]    = note: import resolution is stuck, try simplifying macro imports
[INFO] [stdout] 
[INFO] [stdout] 
[INFO] [stdout] error: cannot determine resolution for the derive macro `Encode`
[INFO] [stdout]    --> tests/mod.rs:439:29
[INFO] [stdout]     |
[INFO] [stdout] 439 |     #[derive(Debug, PartialEq, Encode, Decode)]
[INFO] [stdout]     |                                ^^^^^^
[INFO] [stdout]     |
[INFO] [stdout]     = note: import resolution is stuck, try simplifying macro imports
[INFO] [stdout] 
[INFO] [stdout] 
[INFO] [stdout] error: cannot determine resolution for the derive macro `Decode`
[INFO] [stdout]    --> tests/mod.rs:439:37
[INFO] [stdout]     |
[INFO] [stdout] 439 |     #[derive(Debug, PartialEq, Encode, Decode)]
[INFO] [stdout]     |                                        ^^^^^^
[INFO] [stdout]     |
[INFO] [stdout]     = note: import resolution is stuck, try simplifying macro imports
[INFO] [stdout] 
[INFO] [stdout] 
[INFO] [stdout] error: cannot determine resolution for the derive macro `Encode`
[INFO] [stdout]    --> tests/mod.rs:451:29
[INFO] [stdout]     |
[INFO] [stdout] 451 |     #[derive(Debug, PartialEq, Encode, Decode, Default)]
[INFO] [stdout]     |                                ^^^^^^
[INFO] [stdout]     |
[INFO] [stdout]     = note: import resolution is stuck, try simplifying macro imports
[INFO] [stdout] 
[INFO] [stdout] 
[INFO] [stdout] error: cannot determine resolution for the derive macro `Decode`
[INFO] [stdout]    --> tests/mod.rs:451:37
[INFO] [stdout]     |
[INFO] [stdout] 451 |     #[derive(Debug, PartialEq, Encode, Decode, Default)]
[INFO] [stdout]     |                                        ^^^^^^
[INFO] [stdout]     |
[INFO] [stdout]     = note: import resolution is stuck, try simplifying macro imports
[INFO] [stdout] 
[INFO] [stdout] 
[INFO] [stdout] error: cannot determine resolution for the derive macro `Encode`
[INFO] [stdout]    --> tests/mod.rs:463:29
[INFO] [stdout]     |
[INFO] [stdout] 463 |     #[derive(Debug, PartialEq, Encode, Decode, Default)]
[INFO] [stdout]     |                                ^^^^^^
[INFO] [stdout]     |
[INFO] [stdout]     = note: import resolution is stuck, try simplifying macro imports
[INFO] [stdout] 
[INFO] [stdout] 
[INFO] [stdout] error: cannot determine resolution for the derive macro `Decode`
[INFO] [stdout]    --> tests/mod.rs:463:37
[INFO] [stdout]     |
[INFO] [stdout] 463 |     #[derive(Debug, PartialEq, Encode, Decode, Default)]
[INFO] [stdout]     |                                        ^^^^^^
[INFO] [stdout]     |
[INFO] [stdout]     = note: import resolution is stuck, try simplifying macro imports
[INFO] [stdout] 
[INFO] [stdout] 
[INFO] [stdout] error: cannot determine resolution for the derive macro `Encode`
[INFO] [stdout]    --> tests/mod.rs:479:29
[INFO] [stdout]     |
[INFO] [stdout] 479 |     #[derive(Debug, PartialEq, Encode, Decode, Default)]
[INFO] [stdout]     |                                ^^^^^^
[INFO] [stdout]     |
[INFO] [stdout]     = note: import resolution is stuck, try simplifying macro imports
[INFO] [stdout] 
[INFO] [stdout] 
[INFO] [stdout] error: cannot determine resolution for the derive macro `Decode`
[INFO] [stdout]    --> tests/mod.rs:479:37
[INFO] [stdout]     |
[INFO] [stdout] 479 |     #[derive(Debug, PartialEq, Encode, Decode, Default)]
[INFO] [stdout]     |                                        ^^^^^^
[INFO] [stdout]     |
[INFO] [stdout]     = note: import resolution is stuck, try simplifying macro imports
[INFO] [stdout] 
[INFO] [stdout] 
[INFO] [stdout] error: cannot determine resolution for the derive macro `Encode`
[INFO] [stdout]    --> tests/mod.rs:482:29
[INFO] [stdout]     |
[INFO] [stdout] 482 |     #[derive(Debug, PartialEq, Encode, Decode, Default)]
[INFO] [stdout]     |                                ^^^^^^
[INFO] [stdout]     |
[INFO] [stdout]     = note: import resolution is stuck, try simplifying macro imports
[INFO] [stdout] 
[INFO] [stdout] 
[INFO] [stdout] error: cannot determine resolution for the derive macro `Decode`
[INFO] [stdout]    --> tests/mod.rs:482:37
[INFO] [stdout]     |
[INFO] [stdout] 482 |     #[derive(Debug, PartialEq, Encode, Decode, Default)]
[INFO] [stdout]     |                                        ^^^^^^
[INFO] [stdout]     |
[INFO] [stdout]     = note: import resolution is stuck, try simplifying macro imports
[INFO] [stdout] 
[INFO] [stdout] 
[INFO] [stdout] error: cannot find attribute `codec` in this scope
[INFO] [stdout]    --> tests/mod.rs:483:4
[INFO] [stdout]     |
[INFO] [stdout] 483 |     #[codec(dumb_trait_bound)]
[INFO] [stdout]     |       ^^^^^
[INFO] [stdout] 
[INFO] [stdout] 
[INFO] [stdout] error: cannot determine resolution for the derive macro `Encode`
[INFO] [stdout]    --> tests/mod.rs:494:11
[INFO] [stdout]     |
[INFO] [stdout] 494 |     #[derive(Encode, Decode, PartialEq, Debug)]
[INFO] [stdout]     |              ^^^^^^
[INFO] [stdout]     |
[INFO] [stdout]     = note: import resolution is stuck, try simplifying macro imports
[INFO] [stdout] 
[INFO] [stdout] 
[INFO] [stdout] error: cannot determine resolution for the derive macro `Decode`
[INFO] [stdout]    --> tests/mod.rs:494:19
[INFO] [stdout]     |
[INFO] [stdout] 494 |     #[derive(Encode, Decode, PartialEq, Debug)]
[INFO] [stdout]     |                      ^^^^^^
[INFO] [stdout]     |
[INFO] [stdout]     = note: import resolution is stuck, try simplifying macro imports
[INFO] [stdout] 
[INFO] [stdout] 
[INFO] [stdout] error: cannot determine resolution for the derive macro `Encode`
[INFO] [stdout]    --> tests/mod.rs:516:11
[INFO] [stdout]     |
[INFO] [stdout] 516 |     #[derive(Encode, Decode)]
[INFO] [stdout]     |              ^^^^^^
[INFO] [stdout]     |
[INFO] [stdout]     = note: import resolution is stuck, try simplifying macro imports
[INFO] [stdout] 
[INFO] [stdout] 
[INFO] [stdout] error: cannot determine resolution for the derive macro `Decode`
[INFO] [stdout]    --> tests/mod.rs:516:19
[INFO] [stdout]     |
[INFO] [stdout] 516 |     #[derive(Encode, Decode)]
[INFO] [stdout]     |                      ^^^^^^
[INFO] [stdout]     |
[INFO] [stdout]     = note: import resolution is stuck, try simplifying macro imports
[INFO] [stdout] 
[INFO] [stdout] 
[INFO] [stdout] error: cannot determine resolution for the derive macro `Encode`
[INFO] [stdout]    --> tests/mod.rs:522:11
[INFO] [stdout]     |
[INFO] [stdout] 522 |     #[derive(Encode, Decode)]
[INFO] [stdout]     |              ^^^^^^
[INFO] [stdout]     |
[INFO] [stdout]     = note: import resolution is stuck, try simplifying macro imports
[INFO] [stdout] 
[INFO] [stdout] 
[INFO] [stdout] error: cannot determine resolution for the derive macro `Decode`
[INFO] [stdout]    --> tests/mod.rs:522:19
[INFO] [stdout]     |
[INFO] [stdout] 522 |     #[derive(Encode, Decode)]
[INFO] [stdout]     |                      ^^^^^^
[INFO] [stdout]     |
[INFO] [stdout]     = note: import resolution is stuck, try simplifying macro imports
[INFO] [stdout] 
[INFO] [stdout] 
[INFO] [stdout] error: cannot determine resolution for the derive macro `Encode`
[INFO] [stdout]    --> tests/mod.rs:570:24
[INFO] [stdout]     |
[INFO] [stdout] 570 |     make_struct!(#[derive(Encode, Decode)]);
[INFO] [stdout]     |                           ^^^^^^
[INFO] [stdout]     |
[INFO] [stdout]     = note: import resolution is stuck, try simplifying macro imports
[INFO] [stdout] 
[INFO] [stdout] 
[INFO] [stdout] error: cannot determine resolution for the derive macro `Decode`
[INFO] [stdout]    --> tests/mod.rs:570:32
[INFO] [stdout]     |
[INFO] [stdout] 570 |     make_struct!(#[derive(Encode, Decode)]);
[INFO] [stdout]     |                                   ^^^^^^
[INFO] [stdout]     |
[INFO] [stdout]     = note: import resolution is stuck, try simplifying macro imports
[INFO] [stdout] 
[INFO] [stdout] 
[INFO] [stdout] error: cannot determine resolution for the derive macro `Encode`
[INFO] [stdout]    --> tests/mod.rs:580:11
[INFO] [stdout]     |
[INFO] [stdout] 580 |     #[derive(Encode, Decode)]
[INFO] [stdout]     |              ^^^^^^
[INFO] [stdout]     |
[INFO] [stdout]     = note: import resolution is stuck, try simplifying macro imports
[INFO] [stdout] 
[INFO] [stdout] 
[INFO] [stdout] error: cannot determine resolution for the derive macro `Decode`
[INFO] [stdout]    --> tests/mod.rs:580:19
[INFO] [stdout]     |
[INFO] [stdout] 580 |     #[derive(Encode, Decode)]
[INFO] [stdout]     |                      ^^^^^^
[INFO] [stdout]     |
[INFO] [stdout]     = note: import resolution is stuck, try simplifying macro imports
[INFO] [stdout] 
[INFO] [stdout] 
[INFO] [stdout] error: cannot find attribute `codec` in this scope
[INFO] [stdout]    --> tests/mod.rs:581:4
[INFO] [stdout]     |
[INFO] [stdout] 581 |     #[codec(encode_bound(N: Encode, T: Default))]
[INFO] [stdout]     |       ^^^^^
[INFO] [stdout] 
[INFO] [stdout] 
[INFO] [stdout] error: cannot find attribute `codec` in this scope
[INFO] [stdout]    --> tests/mod.rs:582:4
[INFO] [stdout]     |
[INFO] [stdout] 582 |     #[codec(decode_bound(N: Decode, T: Default))]
[INFO] [stdout]     |       ^^^^^
[INFO] [stdout] 
[INFO] [stdout] 
[INFO] [stdout] error: cannot determine resolution for the derive macro `Encode`
[INFO] [stdout]    --> tests/mod.rs:588:11
[INFO] [stdout]     |
[INFO] [stdout] 588 |     #[derive(Encode, Decode)]
[INFO] [stdout]     |              ^^^^^^
[INFO] [stdout]     |
[INFO] [stdout]     = note: import resolution is stuck, try simplifying macro imports
[INFO] [stdout] 
[INFO] [stdout] 
[INFO] [stdout] error: cannot determine resolution for the derive macro `Decode`
[INFO] [stdout]    --> tests/mod.rs:588:19
[INFO] [stdout]     |
[INFO] [stdout] 588 |     #[derive(Encode, Decode)]
[INFO] [stdout]     |                      ^^^^^^
[INFO] [stdout]     |
[INFO] [stdout]     = note: import resolution is stuck, try simplifying macro imports
[INFO] [stdout] 
[INFO] [stdout] 
[INFO] [stdout] error: cannot find attribute `codec` in this scope
[INFO] [stdout]    --> tests/mod.rs:589:4
[INFO] [stdout]     |
[INFO] [stdout] 589 |     #[codec(encode_bound())]
[INFO] [stdout]     |       ^^^^^
[INFO] [stdout] 
[INFO] [stdout] 
[INFO] [stdout] error: cannot find attribute `codec` in this scope
[INFO] [stdout]    --> tests/mod.rs:590:4
[INFO] [stdout]     |
[INFO] [stdout] 590 |     #[codec(decode_bound())]
[INFO] [stdout]     |       ^^^^^
[INFO] [stdout] 
[INFO] [stdout] 
[INFO] [stdout] error: cannot determine resolution for the derive macro `Encode`
[INFO] [stdout]    --> tests/mod.rs:640:11
[INFO] [stdout]     |
[INFO] [stdout] 640 |     #[derive(Encode, Decode)]
[INFO] [stdout]     |              ^^^^^^
[INFO] [stdout]     |
[INFO] [stdout]     = note: import resolution is stuck, try simplifying macro imports
[INFO] [stdout] 
[INFO] [stdout] 
[INFO] [stdout] error[E0432]: unresolved import `parity_scale_codec_derive`
[INFO] [stdout]  --> tests/skip.rs:2:5
[INFO] [stdout]   |
[INFO] [stdout] 2 | use parity_scale_codec_derive::{Encode, Decode};
[INFO] [stdout]   |     ^^^^^^^^^^^^^^^^^^^^^^^^^ use of undeclared crate or module `parity_scale_codec_derive`
[INFO] [stdout]   |
[INFO] [stdout] help: there is a crate or module with a similar name
[INFO] [stdout]   |
[INFO] [stdout] 2 | use parity_scale_codec::{Encode, Decode};
[INFO] [stdout]   |     ~~~~~~~~~~~~~~~~~~
[INFO] [stdout] 
[INFO] [stdout] 
[INFO] [stdout] error: cannot determine resolution for the derive macro `Encode`
[INFO] [stdout]   --> tests/skip.rs:13:29
[INFO] [stdout]    |
[INFO] [stdout] 13 |     #[derive(PartialEq, Debug, Encode, Decode)]
[INFO] [stdout]    |                                ^^^^^^
[INFO] [stdout]    |
[INFO] [stdout]    = note: import resolution is stuck, try simplifying macro imports
[INFO] [stdout] 
[INFO] [stdout] 
[INFO] [stdout] error: cannot determine resolution for the derive macro `Decode`
[INFO] [stdout]   --> tests/skip.rs:13:37
[INFO] [stdout]    |
[INFO] [stdout] 13 |     #[derive(PartialEq, Debug, Encode, Decode)]
[INFO] [stdout]    |                                        ^^^^^^
[INFO] [stdout]    |
[INFO] [stdout]    = note: import resolution is stuck, try simplifying macro imports
[INFO] [stdout] 
[INFO] [stdout] 
[INFO] [stdout] error: cannot determine resolution for the derive macro `Decode`
[INFO] [stdout]    --> tests/mod.rs:640:19
[INFO] [stdout]     |
[INFO] [stdout] 640 |     #[derive(Encode, Decode)]
[INFO] [stdout]     |                      ^^^^^^
[INFO] [stdout]     |
[INFO] [stdout]     = note: import resolution is stuck, try simplifying macro imports
[INFO] [stdout] 
[INFO] [stdout] 
[INFO] [stdout] error: cannot find attribute `codec` in this scope
[INFO] [stdout]   --> tests/skip.rs:15:5
[INFO] [stdout]    |
[INFO] [stdout] 15 |         #[codec(skip)]
[INFO] [stdout]    |           ^^^^^
[INFO] [stdout] 
[INFO] [stdout] 
[INFO] [stdout] error: cannot find attribute `codec` in this scope
[INFO] [stdout]   --> tests/skip.rs:18:6
[INFO] [stdout]    |
[INFO] [stdout] 18 |             #[codec(skip)]
[INFO] [stdout]    |               ^^^^^
[INFO] [stdout] 
[INFO] [stdout] 
[INFO] [stdout] error: cannot find attribute `codec` in this scope
[INFO] [stdout]   --> tests/skip.rs:23:6
[INFO] [stdout]    |
[INFO] [stdout] 23 |             #[codec(skip)]
[INFO] [stdout]    |               ^^^^^
[INFO] [stdout] 
[INFO] [stdout] 
[INFO] [stdout] error: cannot determine resolution for the derive macro `Encode`
[INFO] [stdout]   --> tests/skip.rs:29:29
[INFO] [stdout]    |
[INFO] [stdout] 29 |     #[derive(PartialEq, Debug, Encode, Decode)]
[INFO] [stdout]    |                                ^^^^^^
[INFO] [stdout]    |
[INFO] [stdout]    = note: import resolution is stuck, try simplifying macro imports
[INFO] [stdout] 
[INFO] [stdout] 
[INFO] [stdout] error: cannot determine resolution for the derive macro `Decode`
[INFO] [stdout]   --> tests/skip.rs:29:37
[INFO] [stdout]    |
[INFO] [stdout] 29 |     #[derive(PartialEq, Debug, Encode, Decode)]
[INFO] [stdout]    |                                        ^^^^^^
[INFO] [stdout]    |
[INFO] [stdout]    = note: import resolution is stuck, try simplifying macro imports
[INFO] [stdout] 
[INFO] [stdout] 
[INFO] [stdout] error: cannot find attribute `codec` in this scope
[INFO] [stdout]   --> tests/skip.rs:31:5
[INFO] [stdout]    |
[INFO] [stdout] 31 |         #[codec(skip)]
[INFO] [stdout]    |           ^^^^^
[INFO] [stdout] 
[INFO] [stdout] 
[INFO] [stdout] error: cannot determine resolution for the derive macro `Encode`
[INFO] [stdout]   --> tests/skip.rs:36:29
[INFO] [stdout]    |
[INFO] [stdout] 36 |     #[derive(PartialEq, Debug, Encode, Decode)]
[INFO] [stdout]    |                                ^^^^^^
[INFO] [stdout]    |
[INFO] [stdout]    = note: import resolution is stuck, try simplifying macro imports
[INFO] [stdout] 
[INFO] [stdout] 
[INFO] [stdout] error: cannot determine resolution for the derive macro `Decode`
[INFO] [stdout]   --> tests/skip.rs:36:37
[INFO] [stdout]    |
[INFO] [stdout] 36 |     #[derive(PartialEq, Debug, Encode, Decode)]
[INFO] [stdout]    |                                        ^^^^^^
[INFO] [stdout]    |
[INFO] [stdout]    = note: import resolution is stuck, try simplifying macro imports
[INFO] [stdout] 
[INFO] [stdout] 
[INFO] [stdout] error: cannot find attribute `codec` in this scope
[INFO] [stdout]   --> tests/skip.rs:38:5
[INFO] [stdout]    |
[INFO] [stdout] 38 |         #[codec(skip)]
[INFO] [stdout]    |           ^^^^^
[INFO] [stdout] 
[INFO] [stdout] 
[INFO] [stdout] error: cannot determine resolution for the derive macro `Encode`
[INFO] [stdout]   --> tests/skip.rs:67:11
[INFO] [stdout]    |
[INFO] [stdout] 67 |     #[derive(Encode, Decode)]
[INFO] [stdout]    |              ^^^^^^
[INFO] [stdout]    |
[INFO] [stdout]    = note: import resolution is stuck, try simplifying macro imports
[INFO] [stdout] 
[INFO] [stdout] 
[INFO] [stdout] error: cannot determine resolution for the derive macro `Decode`
[INFO] [stdout]   --> tests/skip.rs:67:19
[INFO] [stdout]    |
[INFO] [stdout] 67 |     #[derive(Encode, Decode)]
[INFO] [stdout]    |                      ^^^^^^
[INFO] [stdout]    |
[INFO] [stdout]    = note: import resolution is stuck, try simplifying macro imports
[INFO] [stdout] 
[INFO] [stdout] 
[INFO] [stdout] error: cannot find attribute `codec` in this scope
[INFO] [stdout]   --> tests/skip.rs:71:6
[INFO] [stdout]    |
[INFO] [stdout] 71 |             #[codec(skip)]
[INFO] [stdout]    |               ^^^^^
[INFO] [stdout] 
[INFO] [stdout] 
[INFO] [stdout] error[E0432]: unresolved import `parity_scale_codec_derive`
[INFO] [stdout]   --> tests/chain-error.rs:16:5
[INFO] [stdout]    |
[INFO] [stdout] 16 | use parity_scale_codec_derive::Decode;
[INFO] [stdout]    |     ^^^^^^^^^^^^^^^^^^^^^^^^^ use of undeclared crate or module `parity_scale_codec_derive`
[INFO] [stdout]    |
[INFO] [stdout] help: there is a crate or module with a similar name
[INFO] [stdout]    |
[INFO] [stdout] 16 | use parity_scale_codec::Decode;
[INFO] [stdout]    |     ~~~~~~~~~~~~~~~~~~
[INFO] [stdout] 
[INFO] [stdout] 
[INFO] [stdout] error: cannot determine resolution for the derive macro `Decode`
[INFO] [stdout]   --> tests/chain-error.rs:19:10
[INFO] [stdout]    |
[INFO] [stdout] 19 | #[derive(Decode, Debug)]
[INFO] [stdout]    |          ^^^^^^
[INFO] [stdout]    |
[INFO] [stdout]    = note: import resolution is stuck, try simplifying macro imports
[INFO] [stdout] 
[INFO] [stdout] 
[INFO] [stdout] error: cannot determine resolution for the derive macro `Decode`
[INFO] [stdout]   --> tests/chain-error.rs:22:10
[INFO] [stdout]    |
[INFO] [stdout] 22 | #[derive(Decode, Debug)]
[INFO] [stdout]    |          ^^^^^^
[INFO] [stdout]    |
[INFO] [stdout]    = note: import resolution is stuck, try simplifying macro imports
[INFO] [stdout] 
[INFO] [stdout] 
[INFO] [stdout] error: cannot determine resolution for the derive macro `Decode`
[INFO] [stdout]   --> tests/chain-error.rs:27:10
[INFO] [stdout]    |
[INFO] [stdout] 27 | #[derive(Decode, Debug)]
[INFO] [stdout]    |          ^^^^^^
[INFO] [stdout]    |
[INFO] [stdout]    = note: import resolution is stuck, try simplifying macro imports
[INFO] [stdout] 
[INFO] [stdout] 
[INFO] [stdout] error: cannot determine resolution for the derive macro `Decode`
[INFO] [stdout]   --> tests/chain-error.rs:30:10
[INFO] [stdout]    |
[INFO] [stdout] 30 | #[derive(Decode, Debug)]
[INFO] [stdout]    |          ^^^^^^
[INFO] [stdout]    |
[INFO] [stdout]    = note: import resolution is stuck, try simplifying macro imports
[INFO] [stdout] 
[INFO] [stdout] 
[INFO] [stdout] error: cannot find attribute `codec` in this scope
[INFO] [stdout]   --> tests/single_field_struct_encoding.rs:16:4
[INFO] [stdout]    |
[INFO] [stdout] 16 |     #[codec(skip)]
[INFO] [stdout]    |       ^^^^^
[INFO] [stdout] 
[INFO] [stdout] 
[INFO] [stdout] error: cannot find attribute `codec` in this scope
[INFO] [stdout]   --> tests/single_field_struct_encoding.rs:19:4
[INFO] [stdout]    |
[INFO] [stdout] 19 |     #[codec(skip)]
[INFO] [stdout]    |       ^^^^^
[INFO] [stdout] 
[INFO] [stdout] 
[INFO] [stdout] error: cannot determine resolution for the derive macro `Encode`
[INFO] [stdout]   --> tests/single_field_struct_encoding.rs:23:28
[INFO] [stdout]    |
[INFO] [stdout] 23 | #[derive(Debug, PartialEq, Encode, Decode)]
[INFO] [stdout]    |                            ^^^^^^
[INFO] [stdout]    |
[INFO] [stdout]    = note: import resolution is stuck, try simplifying macro imports
[INFO] [stdout] 
[INFO] [stdout] 
[INFO] [stdout] error: cannot determine resolution for the derive macro `Decode`
[INFO] [stdout]   --> tests/single_field_struct_encoding.rs:23:36
[INFO] [stdout]    |
[INFO] [stdout] 23 | #[derive(Debug, PartialEq, Encode, Decode)]
[INFO] [stdout]    |                                    ^^^^^^
[INFO] [stdout]    |
[INFO] [stdout]    = note: import resolution is stuck, try simplifying macro imports
[INFO] [stdout] 
[INFO] [stdout] 
[INFO] [stdout] error: cannot find attribute `codec` in this scope
[INFO] [stdout]   --> tests/single_field_struct_encoding.rs:25:4
[INFO] [stdout]    |
[INFO] [stdout] 25 |     #[codec(compact)]
[INFO] [stdout]    |       ^^^^^
[INFO] [stdout] 
[INFO] [stdout] 
[INFO] [stdout] error: cannot determine resolution for the derive macro `Encode`
[INFO] [stdout]   --> tests/single_field_struct_encoding.rs:29:28
[INFO] [stdout]    |
[INFO] [stdout] 29 | #[derive(Debug, PartialEq, Encode, Decode)]
[INFO] [stdout]    |                            ^^^^^^
[INFO] [stdout]    |
[INFO] [stdout]    = note: import resolution is stuck, try simplifying macro imports
[INFO] [stdout] 
[INFO] [stdout] 
[INFO] [stdout] error: cannot determine resolution for the derive macro `Decode`
[INFO] [stdout]   --> tests/single_field_struct_encoding.rs:29:36
[INFO] [stdout]    |
[INFO] [stdout] 29 | #[derive(Debug, PartialEq, Encode, Decode)]
[INFO] [stdout]    |                                    ^^^^^^
[INFO] [stdout]    |
[INFO] [stdout]    = note: import resolution is stuck, try simplifying macro imports
[INFO] [stdout] 
[INFO] [stdout] 
[INFO] [stdout] error: cannot find attribute `codec` in this scope
[INFO] [stdout]   --> tests/single_field_struct_encoding.rs:31:4
[INFO] [stdout]    |
[INFO] [stdout] 31 |     #[codec(encoded_as = "<T as HasCompact>::Type")]
[INFO] [stdout]    |       ^^^^^
[INFO] [stdout] 
[INFO] [stdout] 
[INFO] [stdout] error: cannot determine resolution for the derive macro `Encode`
[INFO] [stdout]   --> tests/single_field_struct_encoding.rs:36:45
[INFO] [stdout]    |
[INFO] [stdout] 36 | #[derive(Debug, PartialEq, Eq, Clone, Copy, Encode, Decode, CompactAs)]
[INFO] [stdout]    |                                             ^^^^^^
[INFO] [stdout]    |
[INFO] [stdout]    = note: import resolution is stuck, try simplifying macro imports
[INFO] [stdout] 
[INFO] [stdout] 
[INFO] [stdout] error: cannot determine resolution for the derive macro `Decode`
[INFO] [stdout]   --> tests/single_field_struct_encoding.rs:36:53
[INFO] [stdout]    |
[INFO] [stdout] 36 | #[derive(Debug, PartialEq, Eq, Clone, Copy, Encode, Decode, CompactAs)]
[INFO] [stdout]    |                                                     ^^^^^^
[INFO] [stdout]    |
[INFO] [stdout]    = note: import resolution is stuck, try simplifying macro imports
[INFO] [stdout] 
[INFO] [stdout] 
[INFO] [stdout] error[E0432]: unresolved import `parity_scale_codec_derive`
[INFO] [stdout]  --> tests/variant_number.rs:2:5
[INFO] [stdout]   |
[INFO] [stdout] 2 | use parity_scale_codec_derive::Encode;
[INFO] [stdout]   |     ^^^^^^^^^^^^^^^^^^^^^^^^^ use of undeclared crate or module `parity_scale_codec_derive`
[INFO] [stdout]   |
[INFO] [stdout] help: there is a crate or module with a similar name
[INFO] [stdout]   |
[INFO] [stdout] 2 | use parity_scale_codec::Encode;
[INFO] [stdout]   |     ~~~~~~~~~~~~~~~~~~
[INFO] [stdout] 
[INFO] [stdout] 
[INFO] [stdout] error: cannot determine resolution for the derive macro `Encode`
[INFO] [stdout]  --> tests/variant_number.rs:7:11
[INFO] [stdout]   |
[INFO] [stdout] 7 |     #[derive(Encode)]
[INFO] [stdout]   |              ^^^^^^
[INFO] [stdout]   |
[INFO] [stdout]   = note: import resolution is stuck, try simplifying macro imports
[INFO] [stdout] 
[INFO] [stdout] 
[INFO] [stdout] error: cannot determine resolution for the derive macro `CompactAs`
[INFO] [stdout]   --> tests/single_field_struct_encoding.rs:36:61
[INFO] [stdout]    |
[INFO] [stdout] 36 | #[derive(Debug, PartialEq, Eq, Clone, Copy, Encode, Decode, CompactAs)]
[INFO] [stdout]    |                                                             ^^^^^^^^^
[INFO] [stdout]    |
[INFO] [stdout]    = note: import resolution is stuck, try simplifying macro imports
[INFO] [stdout] 
[INFO] [stdout] 
[INFO] [stdout] error: cannot determine resolution for the derive macro `Encode`
[INFO] [stdout]   --> tests/single_field_struct_encoding.rs:40:45
[INFO] [stdout]    |
[INFO] [stdout] 40 | #[derive(Debug, PartialEq, Eq, Clone, Copy, Encode, Decode, CompactAs)]
[INFO] [stdout]    |                                             ^^^^^^
[INFO] [stdout]    |
[INFO] [stdout]    = note: import resolution is stuck, try simplifying macro imports
[INFO] [stdout] 
[INFO] [stdout] 
[INFO] [stdout] error: cannot determine resolution for the derive macro `Encode`
[INFO] [stdout]   --> tests/variant_number.rs:19:11
[INFO] [stdout]    |
[INFO] [stdout] 19 |     #[derive(Encode)]
[INFO] [stdout]    |              ^^^^^^
[INFO] [stdout]    |
[INFO] [stdout]    = note: import resolution is stuck, try simplifying macro imports
[INFO] [stdout] 
[INFO] [stdout] 
[INFO] [stdout] error: cannot determine resolution for the derive macro `Decode`
[INFO] [stdout]   --> tests/single_field_struct_encoding.rs:40:53
[INFO] [stdout]    |
[INFO] [stdout] 40 | #[derive(Debug, PartialEq, Eq, Clone, Copy, Encode, Decode, CompactAs)]
[INFO] [stdout]    |                                                     ^^^^^^
[INFO] [stdout]    |
[INFO] [stdout]    = note: import resolution is stuck, try simplifying macro imports
[INFO] [stdout] 
[INFO] [stdout] 
[INFO] [stdout] error: cannot determine resolution for the derive macro `CompactAs`
[INFO] [stdout]   --> tests/single_field_struct_encoding.rs:40:61
[INFO] [stdout]    |
[INFO] [stdout] 40 | #[derive(Debug, PartialEq, Eq, Clone, Copy, Encode, Decode, CompactAs)]
[INFO] [stdout]    |                                                             ^^^^^^^^^
[INFO] [stdout]    |
[INFO] [stdout]    = note: import resolution is stuck, try simplifying macro imports
[INFO] [stdout] 
[INFO] [stdout] 
[INFO] [stdout] error: cannot determine resolution for the derive macro `Encode`
[INFO] [stdout]   --> tests/single_field_struct_encoding.rs:44:45
[INFO] [stdout]    |
[INFO] [stdout] 44 | #[derive(Debug, PartialEq, Eq, Clone, Copy, Encode, Decode, CompactAs)]
[INFO] [stdout]    |                                             ^^^^^^
[INFO] [stdout]    |
[INFO] [stdout]    = note: import resolution is stuck, try simplifying macro imports
[INFO] [stdout] 
[INFO] [stdout] 
[INFO] [stdout] error: cannot determine resolution for the derive macro `Decode`
[INFO] [stdout]   --> tests/single_field_struct_encoding.rs:44:53
[INFO] [stdout]    |
[INFO] [stdout] 44 | #[derive(Debug, PartialEq, Eq, Clone, Copy, Encode, Decode, CompactAs)]
[INFO] [stdout]    |                                                     ^^^^^^
[INFO] [stdout]    |
[INFO] [stdout]    = note: import resolution is stuck, try simplifying macro imports
[INFO] [stdout] 
[INFO] [stdout] 
[INFO] [stdout] error: cannot determine resolution for the derive macro `CompactAs`
[INFO] [stdout]   --> tests/single_field_struct_encoding.rs:44:61
[INFO] [stdout]    |
[INFO] [stdout] 44 | #[derive(Debug, PartialEq, Eq, Clone, Copy, Encode, Decode, CompactAs)]
[INFO] [stdout]    |                                                             ^^^^^^^^^
[INFO] [stdout]    |
[INFO] [stdout]    = note: import resolution is stuck, try simplifying macro imports
[INFO] [stdout] 
[INFO] [stdout] 
[INFO] [stdout] error: cannot find attribute `codec` in this scope
[INFO] [stdout]   --> tests/single_field_struct_encoding.rs:45:16
[INFO] [stdout]    |
[INFO] [stdout] 45 | struct USkip(#[codec(skip)] u32, u32, #[codec(skip)] u32);
[INFO] [stdout]    |                ^^^^^
[INFO] [stdout] 
[INFO] [stdout] 
[INFO] [stdout] error: cannot find attribute `codec` in this scope
[INFO] [stdout]   --> tests/single_field_struct_encoding.rs:45:41
[INFO] [stdout]    |
[INFO] [stdout] 45 | struct USkip(#[codec(skip)] u32, u32, #[codec(skip)] u32);
[INFO] [stdout]    |                                         ^^^^^
[INFO] [stdout] 
[INFO] [stdout] 
[INFO] [stdout] error: cannot determine resolution for the derive macro `Encode`
[INFO] [stdout]   --> tests/single_field_struct_encoding.rs:47:28
[INFO] [stdout]    |
[INFO] [stdout] 47 | #[derive(Debug, PartialEq, Encode, Decode)]
[INFO] [stdout]    |                            ^^^^^^
[INFO] [stdout]    |
[INFO] [stdout]    = note: import resolution is stuck, try simplifying macro imports
[INFO] [stdout] 
[INFO] [stdout] 
[INFO] [stdout] error: cannot determine resolution for the derive macro `Decode`
[INFO] [stdout]   --> tests/single_field_struct_encoding.rs:47:36
[INFO] [stdout]    |
[INFO] [stdout] 47 | #[derive(Debug, PartialEq, Encode, Decode)]
[INFO] [stdout]    |                                    ^^^^^^
[INFO] [stdout]    |
[INFO] [stdout]    = note: import resolution is stuck, try simplifying macro imports
[INFO] [stdout] 
[INFO] [stdout] 
[INFO] [stdout] error: cannot find attribute `codec` in this scope
[INFO] [stdout]   --> tests/single_field_struct_encoding.rs:48:13
[INFO] [stdout]    |
[INFO] [stdout] 48 | struct Uc(#[codec(compact)] u32);
[INFO] [stdout]    |             ^^^^^
[INFO] [stdout] 
[INFO] [stdout] 
[INFO] [stdout] error: cannot determine resolution for the derive macro `Encode`
[INFO] [stdout]   --> tests/single_field_struct_encoding.rs:50:35
[INFO] [stdout]    |
[INFO] [stdout] 50 | #[derive(Debug, PartialEq, Clone, Encode, Decode)]
[INFO] [stdout]    |                                   ^^^^^^
[INFO] [stdout]    |
[INFO] [stdout]    = note: import resolution is stuck, try simplifying macro imports
[INFO] [stdout] 
[INFO] [stdout] 
[INFO] [stdout] error: cannot determine resolution for the derive macro `Decode`
[INFO] [stdout]   --> tests/single_field_struct_encoding.rs:50:43
[INFO] [stdout]    |
[INFO] [stdout] 50 | #[derive(Debug, PartialEq, Clone, Encode, Decode)]
[INFO] [stdout]    |                                           ^^^^^^
[INFO] [stdout]    |
[INFO] [stdout]    = note: import resolution is stuck, try simplifying macro imports
[INFO] [stdout] 
[INFO] [stdout] 
[INFO] [stdout] error: cannot find attribute `codec` in this scope
[INFO] [stdout]   --> tests/single_field_struct_encoding.rs:51:15
[INFO] [stdout]    |
[INFO] [stdout] 51 | struct Ucas(#[codec(compact)] U);
[INFO] [stdout]    |               ^^^^^
[INFO] [stdout] 
[INFO] [stdout] 
[INFO] [stdout] error: cannot determine resolution for the derive macro `Encode`
[INFO] [stdout]   --> tests/single_field_struct_encoding.rs:53:35
[INFO] [stdout]    |
[INFO] [stdout] 53 | #[derive(Debug, PartialEq, Clone, Encode, Decode)]
[INFO] [stdout]    |                                   ^^^^^^
[INFO] [stdout]    |
[INFO] [stdout]    = note: import resolution is stuck, try simplifying macro imports
[INFO] [stdout] 
[INFO] [stdout] 
[INFO] [stdout] error: cannot determine resolution for the derive macro `Decode`
[INFO] [stdout]   --> tests/single_field_struct_encoding.rs:53:43
[INFO] [stdout]    |
[INFO] [stdout] 53 | #[derive(Debug, PartialEq, Clone, Encode, Decode)]
[INFO] [stdout]    |                                           ^^^^^^
[INFO] [stdout]    |
[INFO] [stdout]    = note: import resolution is stuck, try simplifying macro imports
[INFO] [stdout] 
[INFO] [stdout] 
[INFO] [stdout] error: cannot find attribute `codec` in this scope
[INFO] [stdout]   --> tests/single_field_struct_encoding.rs:54:19
[INFO] [stdout]    |
[INFO] [stdout] 54 | struct USkipcas(#[codec(compact)] USkip);
[INFO] [stdout]    |                   ^^^^^
[INFO] [stdout] 
[INFO] [stdout] 
[INFO] [stdout] error: cannot determine resolution for the derive macro `Encode`
[INFO] [stdout]   --> tests/single_field_struct_encoding.rs:56:35
[INFO] [stdout]    |
[INFO] [stdout] 56 | #[derive(Debug, PartialEq, Clone, Encode, Decode)]
[INFO] [stdout]    |                                   ^^^^^^
[INFO] [stdout]    |
[INFO] [stdout]    = note: import resolution is stuck, try simplifying macro imports
[INFO] [stdout] 
[INFO] [stdout] 
[INFO] [stdout] error: cannot determine resolution for the derive macro `Decode`
[INFO] [stdout]   --> tests/single_field_struct_encoding.rs:56:43
[INFO] [stdout]    |
[INFO] [stdout] 56 | #[derive(Debug, PartialEq, Clone, Encode, Decode)]
[INFO] [stdout]    |                                           ^^^^^^
[INFO] [stdout]    |
[INFO] [stdout]    = note: import resolution is stuck, try simplifying macro imports
[INFO] [stdout] 
[INFO] [stdout] 
[INFO] [stdout] error: cannot find attribute `codec` in this scope
[INFO] [stdout]   --> tests/single_field_struct_encoding.rs:57:19
[INFO] [stdout]    |
[INFO] [stdout] 57 | struct SSkipcas(#[codec(compact)] SSkip);
[INFO] [stdout]    |                   ^^^^^
[INFO] [stdout] 
[INFO] [stdout] 
[INFO] [stdout] error: cannot determine resolution for the derive macro `Encode`
[INFO] [stdout]   --> tests/single_field_struct_encoding.rs:59:28
[INFO] [stdout]    |
[INFO] [stdout] 59 | #[derive(Debug, PartialEq, Encode, Decode)]
[INFO] [stdout]    |                            ^^^^^^
[INFO] [stdout]    |
[INFO] [stdout]    = note: import resolution is stuck, try simplifying macro imports
[INFO] [stdout] 
[INFO] [stdout] 
[INFO] [stdout] error: cannot determine resolution for the derive macro `Decode`
[INFO] [stdout]   --> tests/single_field_struct_encoding.rs:59:36
[INFO] [stdout]    |
[INFO] [stdout] 59 | #[derive(Debug, PartialEq, Encode, Decode)]
[INFO] [stdout]    |                                    ^^^^^^
[INFO] [stdout]    |
[INFO] [stdout]    = note: import resolution is stuck, try simplifying macro imports
[INFO] [stdout] 
[INFO] [stdout] 
[INFO] [stdout] error: cannot find attribute `codec` in this scope
[INFO] [stdout]   --> tests/single_field_struct_encoding.rs:60:28
[INFO] [stdout]    |
[INFO] [stdout] 60 | struct Uh<T: HasCompact>(#[codec(encoded_as = "<T as HasCompact>::Type")] T);
[INFO] [stdout]    |                            ^^^^^
[INFO] [stdout] 
[INFO] [stdout] 
[INFO] [stdout] error[E0599]: the function or associated item `decode` exists for struct `Wrapper<StructNamed>`, but its trait bounds were not satisfied
[INFO] [stdout]    --> tests/chain-error.rs:45:27
[INFO] [stdout]     |
[INFO] [stdout] 20  | struct Wrapper<T>(T);
[INFO] [stdout]     | -----------------
[INFO] [stdout]     | |
[INFO] [stdout]     | function or associated item `decode` not found for this struct
[INFO] [stdout]     | doesn't satisfy `<_ as WrapperTypeDecode>::Wrapped = _`
[INFO] [stdout]     | doesn't satisfy `Wrapper<StructNamed>: Decode`
[INFO] [stdout]     | doesn't satisfy `Wrapper<StructNamed>: WrapperTypeDecode`
[INFO] [stdout] ...
[INFO] [stdout] 45  |         Wrapper::<StructNamed>::decode(&mut &encoded[..]).unwrap_err().to_string(),
[INFO] [stdout]     |                                 ^^^^^^ function or associated item cannot be called on `Wrapper<StructNamed>` due to unsatisfied trait bounds
[INFO] [stdout]     |
[INFO] [stdout]     = note: the following trait bounds were not satisfied:
[INFO] [stdout]             `<Wrapper<StructNamed> as WrapperTypeDecode>::Wrapped = _`
[INFO] [stdout]             which is required by `Wrapper<StructNamed>: Decode`
[INFO] [stdout]             `Wrapper<StructNamed>: WrapperTypeDecode`
[INFO] [stdout]             which is required by `Wrapper<StructNamed>: Decode`
[INFO] [stdout]             `<&Wrapper<StructNamed> as WrapperTypeDecode>::Wrapped = _`
[INFO] [stdout]             which is required by `&Wrapper<StructNamed>: Decode`
[INFO] [stdout]             `&Wrapper<StructNamed>: WrapperTypeDecode`
[INFO] [stdout]             which is required by `&Wrapper<StructNamed>: Decode`
[INFO] [stdout]             `<&mut Wrapper<StructNamed> as WrapperTypeDecode>::Wrapped = _`
[INFO] [stdout]             which is required by `&mut Wrapper<StructNamed>: Decode`
[INFO] [stdout]             `&mut Wrapper<StructNamed>: WrapperTypeDecode`
[INFO] [stdout]             which is required by `&mut Wrapper<StructNamed>: Decode`
[INFO] [stdout] note: the trait `WrapperTypeDecode` must be implemented
[INFO] [stdout]    --> /opt/rustwide/workdir/src/codec.rs:488:1
[INFO] [stdout]     |
[INFO] [stdout] 488 | pub trait WrapperTypeDecode: Sized {
[INFO] [stdout]     | ^^^^^^^^^^^^^^^^^^^^^^^^^^^^^^^^^^
[INFO] [stdout] 
[INFO] [stdout] 
[INFO] [stdout] error[E0599]: the function or associated item `decode` exists for struct `Wrapper<StructUnnamed>`, but its trait bounds were not satisfied
[INFO] [stdout]    --> tests/chain-error.rs:59:29
[INFO] [stdout]     |
[INFO] [stdout] 20  | struct Wrapper<T>(T);
[INFO] [stdout]     | -----------------
[INFO] [stdout]     | |
[INFO] [stdout]     | function or associated item `decode` not found for this struct
[INFO] [stdout]     | doesn't satisfy `<_ as WrapperTypeDecode>::Wrapped = _`
[INFO] [stdout]     | doesn't satisfy `Wrapper<StructUnnamed>: Decode`
[INFO] [stdout]     | doesn't satisfy `Wrapper<StructUnnamed>: WrapperTypeDecode`
[INFO] [stdout] ...
[INFO] [stdout] 59  |         Wrapper::<StructUnnamed>::decode(&mut &encoded[..]).unwrap_err().to_string(),
[INFO] [stdout]     |                                   ^^^^^^ function or associated item cannot be called on `Wrapper<StructUnnamed>` due to unsatisfied trait bounds
[INFO] [stdout]     |
[INFO] [stdout]     = note: the following trait bounds were not satisfied:
[INFO] [stdout]             `<Wrapper<StructUnnamed> as WrapperTypeDecode>::Wrapped = _`
[INFO] [stdout]             which is required by `Wrapper<StructUnnamed>: Decode`
[INFO] [stdout]             `Wrapper<StructUnnamed>: WrapperTypeDecode`
[INFO] [stdout]             which is required by `Wrapper<StructUnnamed>: Decode`
[INFO] [stdout]             `<&Wrapper<StructUnnamed> as WrapperTypeDecode>::Wrapped = _`
[INFO] [stdout]             which is required by `&Wrapper<StructUnnamed>: Decode`
[INFO] [stdout]             `&Wrapper<StructUnnamed>: WrapperTypeDecode`
[INFO] [stdout]             which is required by `&Wrapper<StructUnnamed>: Decode`
[INFO] [stdout]             `<&mut Wrapper<StructUnnamed> as WrapperTypeDecode>::Wrapped = _`
[INFO] [stdout]             which is required by `&mut Wrapper<StructUnnamed>: Decode`
[INFO] [stdout]             `&mut Wrapper<StructUnnamed>: WrapperTypeDecode`
[INFO] [stdout]             which is required by `&mut Wrapper<StructUnnamed>: Decode`
[INFO] [stdout] note: the trait `WrapperTypeDecode` must be implemented
[INFO] [stdout]    --> /opt/rustwide/workdir/src/codec.rs:488:1
[INFO] [stdout]     |
[INFO] [stdout] 488 | pub trait WrapperTypeDecode: Sized {
[INFO] [stdout]     | ^^^^^^^^^^^^^^^^^^^^^^^^^^^^^^^^^^
[INFO] [stdout] 
[INFO] [stdout] 
[INFO] [stdout] error: cannot find attribute `codec` in this scope
[INFO] [stdout]   --> tests/variant_number.rs:21:5
[INFO] [stdout]    |
[INFO] [stdout] 21 |         #[codec(skip)]
[INFO] [stdout]    |           ^^^^^
[INFO] [stdout] 
[INFO] [stdout] 
[INFO] [stdout] error: cannot determine resolution for the derive macro `Encode`
[INFO] [stdout]   --> tests/variant_number.rs:32:11
[INFO] [stdout]    |
[INFO] [stdout] 32 |     #[derive(Encode)]
[INFO] [stdout]    |              ^^^^^^
[INFO] [stdout]    |
[INFO] [stdout]    = note: import resolution is stuck, try simplifying macro imports
[INFO] [stdout] 
[INFO] [stdout] 
[INFO] [stdout] error: cannot find attribute `codec` in this scope
[INFO] [stdout]   --> tests/variant_number.rs:34:5
[INFO] [stdout]    |
[INFO] [stdout] 34 |         #[codec(index = 1)]
[INFO] [stdout]    |           ^^^^^
[INFO] [stdout] 
[INFO] [stdout] 
[INFO] [stdout] error[E0599]: the variant or associated item `decode` exists for enum `E`, but its trait bounds were not satisfied
[INFO] [stdout]    --> tests/chain-error.rs:70:6
[INFO] [stdout]     |
[INFO] [stdout] 31  | enum E {
[INFO] [stdout]     | ------
[INFO] [stdout]     | |
[INFO] [stdout]     | variant or associated item `decode` not found for this enum
[INFO] [stdout]     | doesn't satisfy `<E as WrapperTypeDecode>::Wrapped = _`
[INFO] [stdout]     | doesn't satisfy `E: Decode`
[INFO] [stdout]     | doesn't satisfy `E: WrapperTypeDecode`
[INFO] [stdout] ...
[INFO] [stdout] 70  |         E::decode(&mut &encoded[..]).unwrap_err().to_string(),
[INFO] [stdout]     |            ^^^^^^ variant or associated item cannot be called on `E` due to unsatisfied trait bounds
[INFO] [stdout]     |
[INFO] [stdout]     = note: the following trait bounds were not satisfied:
[INFO] [stdout]             `<E as WrapperTypeDecode>::Wrapped = _`
[INFO] [stdout]             which is required by `E: Decode`
[INFO] [stdout]             `E: WrapperTypeDecode`
[INFO] [stdout]             which is required by `E: Decode`
[INFO] [stdout]             `<&E as WrapperTypeDecode>::Wrapped = _`
[INFO] [stdout]             which is required by `&E: Decode`
[INFO] [stdout]             `&E: WrapperTypeDecode`
[INFO] [stdout]             which is required by `&E: Decode`
[INFO] [stdout]             `<&mut E as WrapperTypeDecode>::Wrapped = _`
[INFO] [stdout]             which is required by `&mut E: Decode`
[INFO] [stdout]             `&mut E: WrapperTypeDecode`
[INFO] [stdout]             which is required by `&mut E: Decode`
[INFO] [stdout] note: the trait `WrapperTypeDecode` must be implemented
[INFO] [stdout]    --> /opt/rustwide/workdir/src/codec.rs:488:1
[INFO] [stdout]     |
[INFO] [stdout] 488 | pub trait WrapperTypeDecode: Sized {
[INFO] [stdout]     | ^^^^^^^^^^^^^^^^^^^^^^^^^^^^^^^^^^
[INFO] [stdout] 
[INFO] [stdout] 
[INFO] [stdout] error[E0599]: the variant or associated item `decode` exists for enum `E`, but its trait bounds were not satisfied
[INFO] [stdout]    --> tests/chain-error.rs:83:6
[INFO] [stdout]     |
[INFO] [stdout] 31  | enum E {
[INFO] [stdout]     | ------
[INFO] [stdout]     | |
[INFO] [stdout]     | variant or associated item `decode` not found for this enum
[INFO] [stdout]     | doesn't satisfy `<E as WrapperTypeDecode>::Wrapped = _`
[INFO] [stdout]     | doesn't satisfy `E: Decode`
[INFO] [stdout]     | doesn't satisfy `E: WrapperTypeDecode`
[INFO] [stdout] ...
[INFO] [stdout] 83  |         E::decode(&mut &encoded[..]).unwrap_err().to_string(),
[INFO] [stdout]     |            ^^^^^^ variant or associated item cannot be called on `E` due to unsatisfied trait bounds
[INFO] [stdout]     |
[INFO] [stdout]     = note: the following trait bounds were not satisfied:
[INFO] [stdout]             `<E as WrapperTypeDecode>::Wrapped = _`
[INFO] [stdout]             which is required by `E: Decode`
[INFO] [stdout]             `E: WrapperTypeDecode`
[INFO] [stdout]             which is required by `E: Decode`
[INFO] [stdout]             `<&E as WrapperTypeDecode>::Wrapped = _`
[INFO] [stdout]             which is required by `&E: Decode`
[INFO] [stdout]             `&E: WrapperTypeDecode`
[INFO] [stdout]             which is required by `&E: Decode`
[INFO] [stdout]             `<&mut E as WrapperTypeDecode>::Wrapped = _`
[INFO] [stdout]             which is required by `&mut E: Decode`
[INFO] [stdout]             `&mut E: WrapperTypeDecode`
[INFO] [stdout]             which is required by `&mut E: Decode`
[INFO] [stdout] note: the trait `WrapperTypeDecode` must be implemented
[INFO] [stdout]    --> /opt/rustwide/workdir/src/codec.rs:488:1
[INFO] [stdout]     |
[INFO] [stdout] 488 | pub trait WrapperTypeDecode: Sized {
[INFO] [stdout]     | ^^^^^^^^^^^^^^^^^^^^^^^^^^^^^^^^^^
[INFO] [stdout] 
[INFO] [stdout] 
[INFO] [stdout] error[E0599]: the variant or associated item `decode` exists for enum `E`, but its trait bounds were not satisfied
[INFO] [stdout]    --> tests/chain-error.rs:96:6
[INFO] [stdout]     |
[INFO] [stdout] 31  | enum E {
[INFO] [stdout]     | ------
[INFO] [stdout]     | |
[INFO] [stdout]     | variant or associated item `decode` not found for this enum
[INFO] [stdout]     | doesn't satisfy `<E as WrapperTypeDecode>::Wrapped = _`
[INFO] [stdout]     | doesn't satisfy `E: Decode`
[INFO] [stdout]     | doesn't satisfy `E: WrapperTypeDecode`
[INFO] [stdout] ...
[INFO] [stdout] 96  |         E::decode(&mut &encoded[..]).unwrap_err().to_string(),
[INFO] [stdout]     |            ^^^^^^ variant or associated item cannot be called on `E` due to unsatisfied trait bounds
[INFO] [stdout]     |
[INFO] [stdout]     = note: the following trait bounds were not satisfied:
[INFO] [stdout]             `<E as WrapperTypeDecode>::Wrapped = _`
[INFO] [stdout]             which is required by `E: Decode`
[INFO] [stdout]             `E: WrapperTypeDecode`
[INFO] [stdout]             which is required by `E: Decode`
[INFO] [stdout]             `<&E as WrapperTypeDecode>::Wrapped = _`
[INFO] [stdout]             which is required by `&E: Decode`
[INFO] [stdout]             `&E: WrapperTypeDecode`
[INFO] [stdout]             which is required by `&E: Decode`
[INFO] [stdout]             `<&mut E as WrapperTypeDecode>::Wrapped = _`
[INFO] [stdout]             which is required by `&mut E: Decode`
[INFO] [stdout]             `&mut E: WrapperTypeDecode`
[INFO] [stdout]             which is required by `&mut E: Decode`
[INFO] [stdout] note: the trait `WrapperTypeDecode` must be implemented
[INFO] [stdout]    --> /opt/rustwide/workdir/src/codec.rs:488:1
[INFO] [stdout]     |
[INFO] [stdout] 488 | pub trait WrapperTypeDecode: Sized {
[INFO] [stdout]     | ^^^^^^^^^^^^^^^^^^^^^^^^^^^^^^^^^^
[INFO] [stdout] 
[INFO] [stdout] 
[INFO] [stdout] warning: unused import: `parity_scale_codec::Decode`
[INFO] [stdout]   --> tests/chain-error.rs:17:5
[INFO] [stdout]    |
[INFO] [stdout] 17 | use parity_scale_codec::Decode;
[INFO] [stdout]    |     ^^^^^^^^^^^^^^^^^^^^^^^^^^
[INFO] [stdout]    |
[INFO] [stdout]    = note: `#[warn(unused_imports)]` on by default
[INFO] [stdout] 
[INFO] [stdout] 
[INFO] [stdout] error: aborting due to 10 previous errors; 1 warning emitted
[INFO] [stdout] 
[INFO] [stdout] 
[INFO] [stdout] Some errors have detailed explanations: E0432, E0599.
[INFO] [stdout] 
[INFO] [stdout] For more information about an error, try `rustc --explain E0432`.
[INFO] [stdout] 
[INFO] [stdout] error[E0599]: the method `encode` exists for enum `Enum`, but its trait bounds were not satisfied
[INFO] [stdout]    --> tests/skip.rs:49:16
[INFO] [stdout]     |
[INFO] [stdout] 14  |     enum Enum<T=UncodecType, S=UncodecUndefaultType> {
[INFO] [stdout]     |     ------------------------------------------------
[INFO] [stdout]     |     |
[INFO] [stdout]     |     method `encode` not found for this enum
[INFO] [stdout]     |     doesn't satisfy `<enum_struct_test::Enum as Deref>::Target = _`
[INFO] [stdout]     |     doesn't satisfy `enum_struct_test::Enum: Encode`
[INFO] [stdout]     |     doesn't satisfy `enum_struct_test::Enum: WrapperTypeEncode`
[INFO] [stdout] ...
[INFO] [stdout] 49  |     assert_eq!(ea.encode(), Vec::new());
[INFO] [stdout]     |                   ^^^^^^ method cannot be called on `Enum` due to unsatisfied trait bounds
[INFO] [stdout]     |
[INFO] [stdout]     = note: the following trait bounds were not satisfied:
[INFO] [stdout]             `<enum_struct_test::Enum as Deref>::Target = _`
[INFO] [stdout]             which is required by `enum_struct_test::Enum: Encode`
[INFO] [stdout]             `enum_struct_test::Enum: WrapperTypeEncode`
[INFO] [stdout]             which is required by `enum_struct_test::Enum: Encode`
[INFO] [stdout] note: the trait `WrapperTypeEncode` must be implemented
[INFO] [stdout]    --> /opt/rustwide/workdir/src/codec.rs:339:1
[INFO] [stdout]     |
[INFO] [stdout] 339 | pub trait WrapperTypeEncode: Deref {}
[INFO] [stdout]     | ^^^^^^^^^^^^^^^^^^^^^^^^^^^^^^^^^^
[INFO] [stdout] 
[INFO] [stdout] 
[INFO] [stderr] error: could not compile `parity-scale-codec` due to 11 previous errors; 1 warning emitted
[INFO] [stdout] error[E0599]: the method `encode` exists for enum `Enum`, but its trait bounds were not satisfied
[INFO] [stdout]    --> tests/skip.rs:51:34
[INFO] [stdout]     |
[INFO] [stdout] 14  |     enum Enum<T=UncodecType, S=UncodecUndefaultType> {
[INFO] [stdout]     |     ------------------------------------------------
[INFO] [stdout]     |     |
[INFO] [stdout]     |     method `encode` not found for this enum
[INFO] [stdout]     |     doesn't satisfy `<enum_struct_test::Enum as Deref>::Target = _`
[INFO] [stdout]     |     doesn't satisfy `enum_struct_test::Enum: Encode`
[INFO] [stdout]     |     doesn't satisfy `enum_struct_test::Enum: WrapperTypeEncode`
[INFO] [stdout] ...
[INFO] [stdout] 51  |     let mut eb_encoded: &[u8] = &eb.encode();
[INFO] [stdout]     |                                     ^^^^^^ method cannot be called on `Enum` due to unsatisfied trait bounds
[INFO] [stdout]     |
[INFO] [stdout]     = note: the following trait bounds were not satisfied:
[INFO] [stdout]             `<enum_struct_test::Enum as Deref>::Target = _`
[INFO] [stdout]             which is required by `enum_struct_test::Enum: Encode`
[INFO] [stdout]             `enum_struct_test::Enum: WrapperTypeEncode`
[INFO] [stdout]             which is required by `enum_struct_test::Enum: Encode`
[INFO] [stdout] note: the trait `WrapperTypeEncode` must be implemented
[INFO] [stdout]    --> /opt/rustwide/workdir/src/codec.rs:339:1
[INFO] [stdout]     |
[INFO] [stdout] 339 | pub trait WrapperTypeEncode: Deref {}
[INFO] [stdout]     | ^^^^^^^^^^^^^^^^^^^^^^^^^^^^^^^^^^
[INFO] [stdout] 
[INFO] [stdout] 
[INFO] [stdout] error[E0599]: the method `encode` exists for enum `Enum`, but its trait bounds were not satisfied
[INFO] [stdout]    --> tests/skip.rs:52:34
[INFO] [stdout]     |
[INFO] [stdout] 14  |     enum Enum<T=UncodecType, S=UncodecUndefaultType> {
[INFO] [stdout]     |     ------------------------------------------------
[INFO] [stdout]     |     |
[INFO] [stdout]     |     method `encode` not found for this enum
[INFO] [stdout]     |     doesn't satisfy `<enum_struct_test::Enum as Deref>::Target = _`
[INFO] [stdout]     |     doesn't satisfy `enum_struct_test::Enum: Encode`
[INFO] [stdout]     |     doesn't satisfy `enum_struct_test::Enum: WrapperTypeEncode`
[INFO] [stdout] ...
[INFO] [stdout] 52  |     let mut ec_encoded: &[u8] = &ec.encode();
[INFO] [stdout]     |                                     ^^^^^^ method cannot be called on `Enum` due to unsatisfied trait bounds
[INFO] [stdout]     |
[INFO] [stdout]     = note: the following trait bounds were not satisfied:
[INFO] [stdout]             `<enum_struct_test::Enum as Deref>::Target = _`
[INFO] [stdout]             which is required by `enum_struct_test::Enum: Encode`
[INFO] [stdout]             `enum_struct_test::Enum: WrapperTypeEncode`
[INFO] [stdout]             which is required by `enum_struct_test::Enum: Encode`
[INFO] [stdout] note: the trait `WrapperTypeEncode` must be implemented
[INFO] [stdout]    --> /opt/rustwide/workdir/src/codec.rs:339:1
[INFO] [stdout]     |
[INFO] [stdout] 339 | pub trait WrapperTypeEncode: Deref {}
[INFO] [stdout]     | ^^^^^^^^^^^^^^^^^^^^^^^^^^^^^^^^^^
[INFO] [stdout] 
[INFO] [stdout] 
[INFO] [stdout] error[E0599]: the method `encode` exists for struct `StructNamed`, but its trait bounds were not satisfied
[INFO] [stdout]    --> tests/skip.rs:53:34
[INFO] [stdout]     |
[INFO] [stdout] 30  |     struct StructNamed<T=UncodecType> {
[INFO] [stdout]     |     ---------------------------------
[INFO] [stdout]     |     |
[INFO] [stdout]     |     method `encode` not found for this struct
[INFO] [stdout]     |     doesn't satisfy `<StructNamed as Deref>::Target = _`
[INFO] [stdout]     |     doesn't satisfy `StructNamed: Encode`
[INFO] [stdout]     |     doesn't satisfy `StructNamed: WrapperTypeEncode`
[INFO] [stdout] ...
[INFO] [stdout] 53  |     let mut sn_encoded: &[u8] = &sn.encode();
[INFO] [stdout]     |                                     ^^^^^^ method cannot be called on `StructNamed` due to unsatisfied trait bounds
[INFO] [stdout]     |
[INFO] [stdout]     = note: the following trait bounds were not satisfied:
[INFO] [stdout]             `<StructNamed as Deref>::Target = _`
[INFO] [stdout]             which is required by `StructNamed: Encode`
[INFO] [stdout]             `StructNamed: WrapperTypeEncode`
[INFO] [stdout]             which is required by `StructNamed: Encode`
[INFO] [stdout] note: the trait `WrapperTypeEncode` must be implemented
[INFO] [stdout]    --> /opt/rustwide/workdir/src/codec.rs:339:1
[INFO] [stdout]     |
[INFO] [stdout] 339 | pub trait WrapperTypeEncode: Deref {}
[INFO] [stdout]     | ^^^^^^^^^^^^^^^^^^^^^^^^^^^^^^^^^^
[INFO] [stdout] 
[INFO] [stdout] 
[INFO] [stdout] error[E0599]: the method `encode` exists for struct `StructUnnamed`, but its trait bounds were not satisfied
[INFO] [stdout]    --> tests/skip.rs:54:34
[INFO] [stdout]     |
[INFO] [stdout] 37  |     struct StructUnnamed<T=UncodecType>(
[INFO] [stdout]     |     -----------------------------------
[INFO] [stdout]     |     |
[INFO] [stdout]     |     method `encode` not found for this struct
[INFO] [stdout]     |     doesn't satisfy `<StructUnnamed as Deref>::Target = _`
[INFO] [stdout]     |     doesn't satisfy `StructUnnamed: Encode`
[INFO] [stdout]     |     doesn't satisfy `StructUnnamed: WrapperTypeEncode`
[INFO] [stdout] ...
[INFO] [stdout] 54  |     let mut su_encoded: &[u8] = &su.encode();
[INFO] [stdout]     |                                     ^^^^^^ method cannot be called on `StructUnnamed` due to unsatisfied trait bounds
[INFO] [stdout]     |
[INFO] [stdout]     = note: the following trait bounds were not satisfied:
[INFO] [stdout]             `<StructUnnamed as Deref>::Target = _`
[INFO] [stdout]             which is required by `StructUnnamed: Encode`
[INFO] [stdout]             `StructUnnamed: WrapperTypeEncode`
[INFO] [stdout]             which is required by `StructUnnamed: Encode`
[INFO] [stdout] note: the trait `WrapperTypeEncode` must be implemented
[INFO] [stdout]    --> /opt/rustwide/workdir/src/codec.rs:339:1
[INFO] [stdout]     |
[INFO] [stdout] 339 | pub trait WrapperTypeEncode: Deref {}
[INFO] [stdout]     | ^^^^^^^^^^^^^^^^^^^^^^^^^^^^^^^^^^
[INFO] [stdout] 
[INFO] [stdout] 
[INFO] [stdout] error[E0599]: the variant or associated item `decode` exists for enum `Enum<_, _>`, but its trait bounds were not satisfied
[INFO] [stdout]    --> tests/skip.rs:56:19
[INFO] [stdout]     |
[INFO] [stdout] 14  |     enum Enum<T=UncodecType, S=UncodecUndefaultType> {
[INFO] [stdout]     |     ------------------------------------------------
[INFO] [stdout]     |     |
[INFO] [stdout]     |     variant or associated item `decode` not found for this enum
[INFO] [stdout]     |     doesn't satisfy `<_ as WrapperTypeDecode>::Wrapped = _`
[INFO] [stdout]     |     doesn't satisfy `enum_struct_test::Enum<_, _>: Decode`
[INFO] [stdout]     |     doesn't satisfy `enum_struct_test::Enum<_, _>: WrapperTypeDecode`
[INFO] [stdout] ...
[INFO] [stdout] 56  |     assert_eq!(Enum::decode(&mut eb_encoded).unwrap(), eb);
[INFO] [stdout]     |                      ^^^^^^ variant or associated item cannot be called on `Enum<_, _>` due to unsatisfied trait bounds
[INFO] [stdout]     |
[INFO] [stdout]     = note: the following trait bounds were not satisfied:
[INFO] [stdout]             `<enum_struct_test::Enum<_, _> as WrapperTypeDecode>::Wrapped = _`
[INFO] [stdout]             which is required by `enum_struct_test::Enum<_, _>: Decode`
[INFO] [stdout]             `enum_struct_test::Enum<_, _>: WrapperTypeDecode`
[INFO] [stdout]             which is required by `enum_struct_test::Enum<_, _>: Decode`
[INFO] [stdout]             `<&enum_struct_test::Enum<_, _> as WrapperTypeDecode>::Wrapped = _`
[INFO] [stdout]             which is required by `&enum_struct_test::Enum<_, _>: Decode`
[INFO] [stdout]             `&enum_struct_test::Enum<_, _>: WrapperTypeDecode`
[INFO] [stdout]             which is required by `&enum_struct_test::Enum<_, _>: Decode`
[INFO] [stdout]             `<&mut enum_struct_test::Enum<_, _> as WrapperTypeDecode>::Wrapped = _`
[INFO] [stdout]             which is required by `&mut enum_struct_test::Enum<_, _>: Decode`
[INFO] [stdout]             `&mut enum_struct_test::Enum<_, _>: WrapperTypeDecode`
[INFO] [stdout]             which is required by `&mut enum_struct_test::Enum<_, _>: Decode`
[INFO] [stdout] note: the trait `WrapperTypeDecode` must be implemented
[INFO] [stdout]    --> /opt/rustwide/workdir/src/codec.rs:488:1
[INFO] [stdout]     |
[INFO] [stdout] 488 | pub trait WrapperTypeDecode: Sized {
[INFO] [stdout]     | ^^^^^^^^^^^^^^^^^^^^^^^^^^^^^^^^^^
[INFO] [stdout] 
[INFO] [stdout] 
[INFO] [stdout] error[E0599]: the variant or associated item `decode` exists for enum `Enum<_, _>`, but its trait bounds were not satisfied
[INFO] [stdout]    --> tests/skip.rs:57:19
[INFO] [stdout]     |
[INFO] [stdout] 14  |     enum Enum<T=UncodecType, S=UncodecUndefaultType> {
[INFO] [stdout]     |     ------------------------------------------------
[INFO] [stdout]     |     |
[INFO] [stdout]     |     variant or associated item `decode` not found for this enum
[INFO] [stdout]     |     doesn't satisfy `<_ as WrapperTypeDecode>::Wrapped = _`
[INFO] [stdout]     |     doesn't satisfy `enum_struct_test::Enum<_, _>: Decode`
[INFO] [stdout]     |     doesn't satisfy `enum_struct_test::Enum<_, _>: WrapperTypeDecode`
[INFO] [stdout] ...
[INFO] [stdout] 57  |     assert_eq!(Enum::decode(&mut ec_encoded).unwrap(), ec);
[INFO] [stdout]     |                      ^^^^^^ variant or associated item cannot be called on `Enum<_, _>` due to unsatisfied trait bounds
[INFO] [stdout]     |
[INFO] [stdout]     = note: the following trait bounds were not satisfied:
[INFO] [stdout]             `<enum_struct_test::Enum<_, _> as WrapperTypeDecode>::Wrapped = _`
[INFO] [stdout]             which is required by `enum_struct_test::Enum<_, _>: Decode`
[INFO] [stdout]             `enum_struct_test::Enum<_, _>: WrapperTypeDecode`
[INFO] [stdout]             which is required by `enum_struct_test::Enum<_, _>: Decode`
[INFO] [stdout]             `<&enum_struct_test::Enum<_, _> as WrapperTypeDecode>::Wrapped = _`
[INFO] [stdout]             which is required by `&enum_struct_test::Enum<_, _>: Decode`
[INFO] [stdout]             `&enum_struct_test::Enum<_, _>: WrapperTypeDecode`
[INFO] [stdout]             which is required by `&enum_struct_test::Enum<_, _>: Decode`
[INFO] [stdout]             `<&mut enum_struct_test::Enum<_, _> as WrapperTypeDecode>::Wrapped = _`
[INFO] [stdout]             which is required by `&mut enum_struct_test::Enum<_, _>: Decode`
[INFO] [stdout]             `&mut enum_struct_test::Enum<_, _>: WrapperTypeDecode`
[INFO] [stdout]             which is required by `&mut enum_struct_test::Enum<_, _>: Decode`
[INFO] [stdout] note: the trait `WrapperTypeDecode` must be implemented
[INFO] [stdout]    --> /opt/rustwide/workdir/src/codec.rs:488:1
[INFO] [stdout]     |
[INFO] [stdout] 488 | pub trait WrapperTypeDecode: Sized {
[INFO] [stdout]     | ^^^^^^^^^^^^^^^^^^^^^^^^^^^^^^^^^^
[INFO] [stdout] 
[INFO] [stdout] 
[INFO] [stdout] error[E0599]: the function or associated item `decode` exists for struct `StructNamed<_>`, but its trait bounds were not satisfied
[INFO] [stdout]    --> tests/skip.rs:58:26
[INFO] [stdout]     |
[INFO] [stdout] 30  |     struct StructNamed<T=UncodecType> {
[INFO] [stdout]     |     ---------------------------------
[INFO] [stdout]     |     |
[INFO] [stdout]     |     function or associated item `decode` not found for this struct
[INFO] [stdout]     |     doesn't satisfy `<StructNamed<_> as WrapperTypeDecode>::Wrapped = _`
[INFO] [stdout]     |     doesn't satisfy `StructNamed<_>: Decode`
[INFO] [stdout]     |     doesn't satisfy `StructNamed<_>: WrapperTypeDecode`
[INFO] [stdout] ...
[INFO] [stdout] 58  |     assert_eq!(StructNamed::decode(&mut sn_encoded).unwrap(), sn);
[INFO] [stdout]     |                             ^^^^^^ function or associated item cannot be called on `StructNamed<_>` due to unsatisfied trait bounds
[INFO] [stdout]     |
[INFO] [stdout]     = note: the following trait bounds were not satisfied:
[INFO] [stdout]             `<StructNamed<_> as WrapperTypeDecode>::Wrapped = _`
[INFO] [stdout]             which is required by `StructNamed<_>: Decode`
[INFO] [stdout]             `StructNamed<_>: WrapperTypeDecode`
[INFO] [stdout]             which is required by `StructNamed<_>: Decode`
[INFO] [stdout]             `<&StructNamed<_> as WrapperTypeDecode>::Wrapped = _`
[INFO] [stdout]             which is required by `&StructNamed<_>: Decode`
[INFO] [stdout]             `&StructNamed<_>: WrapperTypeDecode`
[INFO] [stdout]             which is required by `&StructNamed<_>: Decode`
[INFO] [stdout]             `<&mut StructNamed<_> as WrapperTypeDecode>::Wrapped = _`
[INFO] [stdout]             which is required by `&mut StructNamed<_>: Decode`
[INFO] [stdout]             `&mut StructNamed<_>: WrapperTypeDecode`
[INFO] [stdout]             which is required by `&mut StructNamed<_>: Decode`
[INFO] [stdout] note: the trait `WrapperTypeDecode` must be implemented
[INFO] [stdout]    --> /opt/rustwide/workdir/src/codec.rs:488:1
[INFO] [stdout]     |
[INFO] [stdout] 488 | pub trait WrapperTypeDecode: Sized {
[INFO] [stdout]     | ^^^^^^^^^^^^^^^^^^^^^^^^^^^^^^^^^^
[INFO] [stdout] 
[INFO] [stdout] 
[INFO] [stdout] error[E0599]: the function or associated item `decode` exists for struct `StructUnnamed<_>`, but its trait bounds were not satisfied
[INFO] [stdout]    --> tests/skip.rs:59:28
[INFO] [stdout]     |
[INFO] [stdout] 37  |     struct StructUnnamed<T=UncodecType>(
[INFO] [stdout]     |     -----------------------------------
[INFO] [stdout]     |     |
[INFO] [stdout]     |     function or associated item `decode` not found for this struct
[INFO] [stdout]     |     doesn't satisfy `<_ as WrapperTypeDecode>::Wrapped = _`
[INFO] [stdout]     |     doesn't satisfy `StructUnnamed<_>: Decode`
[INFO] [stdout]     |     doesn't satisfy `StructUnnamed<_>: WrapperTypeDecode`
[INFO] [stdout] ...
[INFO] [stdout] 59  |     assert_eq!(StructUnnamed::decode(&mut su_encoded).unwrap(), su);
[INFO] [stdout]     |                               ^^^^^^ function or associated item cannot be called on `StructUnnamed<_>` due to unsatisfied trait bounds
[INFO] [stdout]     |
[INFO] [stdout]     = note: the following trait bounds were not satisfied:
[INFO] [stdout]             `<StructUnnamed<_> as WrapperTypeDecode>::Wrapped = _`
[INFO] [stdout]             which is required by `StructUnnamed<_>: Decode`
[INFO] [stdout]             `StructUnnamed<_>: WrapperTypeDecode`
[INFO] [stdout]             which is required by `StructUnnamed<_>: Decode`
[INFO] [stdout]             `<&StructUnnamed<_> as WrapperTypeDecode>::Wrapped = _`
[INFO] [stdout]             which is required by `&StructUnnamed<_>: Decode`
[INFO] [stdout]             `&StructUnnamed<_>: WrapperTypeDecode`
[INFO] [stdout]             which is required by `&StructUnnamed<_>: Decode`
[INFO] [stdout]             `<&mut StructUnnamed<_> as WrapperTypeDecode>::Wrapped = _`
[INFO] [stdout]             which is required by `&mut StructUnnamed<_>: Decode`
[INFO] [stdout]             `&mut StructUnnamed<_>: WrapperTypeDecode`
[INFO] [stdout]             which is required by `&mut StructUnnamed<_>: Decode`
[INFO] [stdout] note: the trait `WrapperTypeDecode` must be implemented
[INFO] [stdout]    --> /opt/rustwide/workdir/src/codec.rs:488:1
[INFO] [stdout]     |
[INFO] [stdout] 488 | pub trait WrapperTypeDecode: Sized {
[INFO] [stdout]     | ^^^^^^^^^^^^^^^^^^^^^^^^^^^^^^^^^^
[INFO] [stdout] 
[INFO] [stdout] 
[INFO] [stdout] error[E0599]: the method `encode` exists for enum `T`, but its trait bounds were not satisfied
[INFO] [stdout]    --> tests/variant_number.rs:13:18
[INFO] [stdout]     |
[INFO] [stdout] 8   |     enum T {
[INFO] [stdout]     |     ------
[INFO] [stdout]     |     |
[INFO] [stdout]     |     method `encode` not found for this enum
[INFO] [stdout]     |     doesn't satisfy `<_ as __Deref>::Target = _`
[INFO] [stdout]     |     doesn't satisfy `_: Encode`
[INFO] [stdout]     |     doesn't satisfy `_: WrapperTypeEncode`
[INFO] [stdout] ...
[INFO] [stdout] 13  |     assert_eq!(T::A.encode(), vec![1]);
[INFO] [stdout]     |                     ^^^^^^ method cannot be called on `T` due to unsatisfied trait bounds
[INFO] [stdout]     |
[INFO] [stdout]     = note: the following trait bounds were not satisfied:
[INFO] [stdout]             `<discriminant_variant_counted_in_default_index::T as Deref>::Target = _`
[INFO] [stdout]             which is required by `discriminant_variant_counted_in_default_index::T: Encode`
[INFO] [stdout]             `discriminant_variant_counted_in_default_index::T: WrapperTypeEncode`
[INFO] [stdout]             which is required by `discriminant_variant_counted_in_default_index::T: Encode`
[INFO] [stdout] note: the trait `WrapperTypeEncode` must be implemented
[INFO] [stdout]    --> /opt/rustwide/workdir/src/codec.rs:339:1
[INFO] [stdout]     |
[INFO] [stdout] 339 | pub trait WrapperTypeEncode: Deref {}
[INFO] [stdout]     | ^^^^^^^^^^^^^^^^^^^^^^^^^^^^^^^^^^
[INFO] [stdout] 
[INFO] [stdout] 
[INFO] [stdout] error[E0599]: the method `encode` exists for enum `T`, but its trait bounds were not satisfied
[INFO] [stdout]    --> tests/variant_number.rs:14:18
[INFO] [stdout]     |
[INFO] [stdout] 8   |     enum T {
[INFO] [stdout]     |     ------
[INFO] [stdout]     |     |
[INFO] [stdout]     |     method `encode` not found for this enum
[INFO] [stdout]     |     doesn't satisfy `<_ as __Deref>::Target = _`
[INFO] [stdout]     |     doesn't satisfy `_: Encode`
[INFO] [stdout]     |     doesn't satisfy `_: WrapperTypeEncode`
[INFO] [stdout] ...
[INFO] [stdout] 14  |     assert_eq!(T::B.encode(), vec![1]);
[INFO] [stdout]     |                     ^^^^^^ method cannot be called on `T` due to unsatisfied trait bounds
[INFO] [stdout]     |
[INFO] [stdout]     = note: the following trait bounds were not satisfied:
[INFO] [stdout]             `<discriminant_variant_counted_in_default_index::T as Deref>::Target = _`
[INFO] [stdout]             which is required by `discriminant_variant_counted_in_default_index::T: Encode`
[INFO] [stdout]             `discriminant_variant_counted_in_default_index::T: WrapperTypeEncode`
[INFO] [stdout]             which is required by `discriminant_variant_counted_in_default_index::T: Encode`
[INFO] [stdout] note: the trait `WrapperTypeEncode` must be implemented
[INFO] [stdout]    --> /opt/rustwide/workdir/src/codec.rs:339:1
[INFO] [stdout]     |
[INFO] [stdout] 339 | pub trait WrapperTypeEncode: Deref {}
[INFO] [stdout]     | ^^^^^^^^^^^^^^^^^^^^^^^^^^^^^^^^^^
[INFO] [stdout] 
[INFO] [stdout] 
[INFO] [stdout] error[E0599]: the method `encode` exists for enum `Enum`, but its trait bounds were not satisfied
[INFO] [stdout]    --> tests/skip.rs:76:62
[INFO] [stdout]     |
[INFO] [stdout] 68  |     enum Enum {
[INFO] [stdout]     |     ---------
[INFO] [stdout]     |     |
[INFO] [stdout]     |     method `encode` not found for this enum
[INFO] [stdout]     |     doesn't satisfy `<_ as __Deref>::Target = _`
[INFO] [stdout]     |     doesn't satisfy `_: WrapperTypeEncode`
[INFO] [stdout]     |     doesn't satisfy `skip_enum_struct_inner_variant::Enum: Encode`
[INFO] [stdout] ...
[INFO] [stdout] 76  |     let encoded = Enum::Data { some_named: 1, ignore: Some(1) }.encode();
[INFO] [stdout]     |                                                                 ^^^^^^ method cannot be called on `Enum` due to unsatisfied trait bounds
[INFO] [stdout]     |
[INFO] [stdout]     = note: the following trait bounds were not satisfied:
[INFO] [stdout]             `<skip_enum_struct_inner_variant::Enum as Deref>::Target = _`
[INFO] [stdout]             which is required by `skip_enum_struct_inner_variant::Enum: Encode`
[INFO] [stdout]             `skip_enum_struct_inner_variant::Enum: WrapperTypeEncode`
[INFO] [stdout]             which is required by `skip_enum_struct_inner_variant::Enum: Encode`
[INFO] [stdout] note: the trait `WrapperTypeEncode` must be implemented
[INFO] [stdout]    --> /opt/rustwide/workdir/src/codec.rs:339:1
[INFO] [stdout]     |
[INFO] [stdout] 339 | pub trait WrapperTypeEncode: Deref {}
[INFO] [stdout]     | ^^^^^^^^^^^^^^^^^^^^^^^^^^^^^^^^^^
[INFO] [stdout] 
[INFO] [stdout] 
[INFO] [stdout] error[E0599]: the method `encode` exists for enum `T`, but its trait bounds were not satisfied
[INFO] [stdout]    --> tests/variant_number.rs:26:18
[INFO] [stdout]     |
[INFO] [stdout] 20  |     enum T {
[INFO] [stdout]     |     ------
[INFO] [stdout]     |     |
[INFO] [stdout]     |     method `encode` not found for this enum
[INFO] [stdout]     |     doesn't satisfy `<_ as __Deref>::Target = _`
[INFO] [stdout]     |     doesn't satisfy `_: Encode`
[INFO] [stdout]     |     doesn't satisfy `_: WrapperTypeEncode`
[INFO] [stdout] ...
[INFO] [stdout] 26  |     assert_eq!(T::A.encode(), vec![]);
[INFO] [stdout]     |                     ^^^^^^ method cannot be called on `T` due to unsatisfied trait bounds
[INFO] [stdout]     |
[INFO] [stdout]     = note: the following trait bounds were not satisfied:
[INFO] [stdout]             `<skipped_variant_not_counted_in_default_index::T as Deref>::Target = _`
[INFO] [stdout]             which is required by `skipped_variant_not_counted_in_default_index::T: Encode`
[INFO] [stdout]             `skipped_variant_not_counted_in_default_index::T: WrapperTypeEncode`
[INFO] [stdout]             which is required by `skipped_variant_not_counted_in_default_index::T: Encode`
[INFO] [stdout] note: the trait `WrapperTypeEncode` must be implemented
[INFO] [stdout]    --> /opt/rustwide/workdir/src/codec.rs:339:1
[INFO] [stdout]     |
[INFO] [stdout] 339 | pub trait WrapperTypeEncode: Deref {}
[INFO] [stdout]     | ^^^^^^^^^^^^^^^^^^^^^^^^^^^^^^^^^^
[INFO] [stdout] 
[INFO] [stdout] 
[INFO] [stdout] warning: unused import: `Encode`
[INFO] [stdout]  --> tests/skip.rs:3:26
[INFO] [stdout]   |
[INFO] [stdout] 3 | use parity_scale_codec::{Encode, Decode};
[INFO] [stdout]   |                          ^^^^^^
[INFO] [stdout]   |
[INFO] [stdout]   = note: `#[warn(unused_imports)]` on by default
[INFO] [stdout] 
[INFO] [stdout] 
[INFO] [stdout] warning: unused import: `Decode`
[INFO] [stdout]  --> tests/skip.rs:3:34
[INFO] [stdout]   |
[INFO] [stdout] 3 | use parity_scale_codec::{Encode, Decode};
[INFO] [stdout]   |                                  ^^^^^^
[INFO] [stdout] 
[INFO] [stdout] 
[INFO] [stdout] error[E0599]: the method `encode` exists for enum `T`, but its trait bounds were not satisfied
[INFO] [stdout]    --> tests/variant_number.rs:27:18
[INFO] [stdout]     |
[INFO] [stdout] 20  |     enum T {
[INFO] [stdout]     |     ------
[INFO] [stdout]     |     |
[INFO] [stdout]     |     method `encode` not found for this enum
[INFO] [stdout]     |     doesn't satisfy `<_ as __Deref>::Target = _`
[INFO] [stdout]     |     doesn't satisfy `_: Encode`
[INFO] [stdout]     |     doesn't satisfy `_: WrapperTypeEncode`
[INFO] [stdout] ...
[INFO] [stdout] 27  |     assert_eq!(T::B.encode(), vec![0]);
[INFO] [stdout]     |                     ^^^^^^ method cannot be called on `T` due to unsatisfied trait bounds
[INFO] [stdout]     |
[INFO] [stdout]     = note: the following trait bounds were not satisfied:
[INFO] [stdout]             `<skipped_variant_not_counted_in_default_index::T as Deref>::Target = _`
[INFO] [stdout]             which is required by `skipped_variant_not_counted_in_default_index::T: Encode`
[INFO] [stdout]             `skipped_variant_not_counted_in_default_index::T: WrapperTypeEncode`
[INFO] [stdout]             which is required by `skipped_variant_not_counted_in_default_index::T: Encode`
[INFO] [stdout] note: the trait `WrapperTypeEncode` must be implemented
[INFO] [stdout]    --> /opt/rustwide/workdir/src/codec.rs:339:1
[INFO] [stdout]     |
[INFO] [stdout] 339 | pub trait WrapperTypeEncode: Deref {}
[INFO] [stdout]     | ^^^^^^^^^^^^^^^^^^^^^^^^^^^^^^^^^^
[INFO] [stdout] 
[INFO] [stdout] 
[INFO] [stdout] error: aborting due to 25 previous errors; 2 warnings emitted
[INFO] [stdout] 
[INFO] [stdout] 
[INFO] [stdout] Some errors have detailed explanations: E0432, E0599.
[INFO] [stdout] 
[INFO] [stdout] For more information about an error, try `rustc --explain E0432`.
[INFO] [stdout] 
[INFO] [stdout] error[E0599]: the method `using_encoded` exists for enum `EnumType`, but its trait bounds were not satisfied
[INFO] [stdout]    --> tests/mod.rs:115:4
[INFO] [stdout]     |
[INFO] [stdout] 51  | enum EnumType {
[INFO] [stdout]     | -------------
[INFO] [stdout]     | |
[INFO] [stdout]     | method `using_encoded` not found for this enum
[INFO] [stdout]     | doesn't satisfy `<EnumType as Deref>::Target = _`
[INFO] [stdout]     | doesn't satisfy `EnumType: Encode`
[INFO] [stdout]     | doesn't satisfy `EnumType: WrapperTypeEncode`
[INFO] [stdout] ...
[INFO] [stdout] 115 |     a.using_encoded(|ref slice| {
[INFO] [stdout]     |     --^^^^^^^^^^^^^ method cannot be called on `EnumType` due to unsatisfied trait bounds
[INFO] [stdout]     |
[INFO] [stdout]     = note: the following trait bounds were not satisfied:
[INFO] [stdout]             `<EnumType as Deref>::Target = _`
[INFO] [stdout]             which is required by `EnumType: Encode`
[INFO] [stdout]             `EnumType: WrapperTypeEncode`
[INFO] [stdout]             which is required by `EnumType: Encode`
[INFO] [stdout] note: the trait `WrapperTypeEncode` must be implemented
[INFO] [stdout]    --> /opt/rustwide/workdir/src/codec.rs:339:1
[INFO] [stdout]     |
[INFO] [stdout] 339 | pub trait WrapperTypeEncode: Deref {}
[INFO] [stdout]     | ^^^^^^^^^^^^^^^^^^^^^^^^^^^^^^^^^^
[INFO] [stdout] 
[INFO] [stdout] 
[INFO] [stdout] error[E0599]: the method `using_encoded` exists for enum `EnumType`, but its trait bounds were not satisfied
[INFO] [stdout]    --> tests/mod.rs:118:4
[INFO] [stdout]     |
[INFO] [stdout] 51  | enum EnumType {
[INFO] [stdout]     | -------------
[INFO] [stdout]     | |
[INFO] [stdout]     | method `using_encoded` not found for this enum
[INFO] [stdout]     | doesn't satisfy `<EnumType as Deref>::Target = _`
[INFO] [stdout]     | doesn't satisfy `EnumType: Encode`
[INFO] [stdout]     | doesn't satisfy `EnumType: WrapperTypeEncode`
[INFO] [stdout] ...
[INFO] [stdout] 118 |     b.using_encoded(|ref slice| {
[INFO] [stdout]     |     --^^^^^^^^^^^^^ method cannot be called on `EnumType` due to unsatisfied trait bounds
[INFO] [stdout]     |
[INFO] [stdout]     = note: the following trait bounds were not satisfied:
[INFO] [stdout]             `<EnumType as Deref>::Target = _`
[INFO] [stdout]             which is required by `EnumType: Encode`
[INFO] [stdout]             `EnumType: WrapperTypeEncode`
[INFO] [stdout]             which is required by `EnumType: Encode`
[INFO] [stdout] note: the trait `WrapperTypeEncode` must be implemented
[INFO] [stdout]    --> /opt/rustwide/workdir/src/codec.rs:339:1
[INFO] [stdout]     |
[INFO] [stdout] 339 | pub trait WrapperTypeEncode: Deref {}
[INFO] [stdout]     | ^^^^^^^^^^^^^^^^^^^^^^^^^^^^^^^^^^
[INFO] [stdout] 
[INFO] [stdout] 
[INFO] [stderr] error: could not compile `parity-scale-codec` due to 26 previous errors; 2 warnings emitted
[INFO] [stdout] error[E0599]: the method `encode` exists for enum `T`, but its trait bounds were not satisfied
[INFO] [stdout]    --> tests/variant_number.rs:39:18
[INFO] [stdout]     |
[INFO] [stdout] 33  |     enum T {
[INFO] [stdout]     |     ------
[INFO] [stdout]     |     |
[INFO] [stdout]     |     method `encode` not found for this enum
[INFO] [stdout]     |     doesn't satisfy `<_ as __Deref>::Target = _`
[INFO] [stdout]     |     doesn't satisfy `_: Encode`
[INFO] [stdout]     |     doesn't satisfy `_: WrapperTypeEncode`
[INFO] [stdout] ...
[INFO] [stdout] 39  |     assert_eq!(T::A.encode(), vec![1]);
[INFO] [stdout]     |                     ^^^^^^ method cannot be called on `T` due to unsatisfied trait bounds
[INFO] [stdout]     |
[INFO] [stdout]     = note: the following trait bounds were not satisfied:
[INFO] [stdout]             `<index_attr_variant_counted_and_reused_in_default_index::T as Deref>::Target = _`
[INFO] [stdout]             which is required by `index_attr_variant_counted_and_reused_in_default_index::T: Encode`
[INFO] [stdout]             `index_attr_variant_counted_and_reused_in_default_index::T: WrapperTypeEncode`
[INFO] [stdout]             which is required by `index_attr_variant_counted_and_reused_in_default_index::T: Encode`
[INFO] [stdout] note: the trait `WrapperTypeEncode` must be implemented
[INFO] [stdout]    --> /opt/rustwide/workdir/src/codec.rs:339:1
[INFO] [stdout]     |
[INFO] [stdout] 339 | pub trait WrapperTypeEncode: Deref {}
[INFO] [stdout]     | ^^^^^^^^^^^^^^^^^^^^^^^^^^^^^^^^^^
[INFO] [stdout] 
[INFO] [stdout] 
[INFO] [stdout] error[E0599]: the method `encode` exists for enum `T`, but its trait bounds were not satisfied
[INFO] [stdout]    --> tests/variant_number.rs:40:18
[INFO] [stdout]     |
[INFO] [stdout] 33  |     enum T {
[INFO] [stdout]     |     ------
[INFO] [stdout]     |     |
[INFO] [stdout]     |     method `encode` not found for this enum
[INFO] [stdout]     |     doesn't satisfy `<_ as __Deref>::Target = _`
[INFO] [stdout]     |     doesn't satisfy `_: Encode`
[INFO] [stdout]     |     doesn't satisfy `_: WrapperTypeEncode`
[INFO] [stdout] ...
[INFO] [stdout] 40  |     assert_eq!(T::B.encode(), vec![1]);
[INFO] [stdout]     |                     ^^^^^^ method cannot be called on `T` due to unsatisfied trait bounds
[INFO] [stdout]     |
[INFO] [stdout]     = note: the following trait bounds were not satisfied:
[INFO] [stdout]             `<index_attr_variant_counted_and_reused_in_default_index::T as Deref>::Target = _`
[INFO] [stdout]             which is required by `index_attr_variant_counted_and_reused_in_default_index::T: Encode`
[INFO] [stdout]             `index_attr_variant_counted_and_reused_in_default_index::T: WrapperTypeEncode`
[INFO] [stdout]             which is required by `index_attr_variant_counted_and_reused_in_default_index::T: Encode`
[INFO] [stdout] note: the trait `WrapperTypeEncode` must be implemented
[INFO] [stdout]    --> /opt/rustwide/workdir/src/codec.rs:339:1
[INFO] [stdout]     |
[INFO] [stdout] 339 | pub trait WrapperTypeEncode: Deref {}
[INFO] [stdout]     | ^^^^^^^^^^^^^^^^^^^^^^^^^^^^^^^^^^
[INFO] [stdout] 
[INFO] [stdout] 
[INFO] [stdout] error[E0599]: the method `using_encoded` exists for enum `EnumType`, but its trait bounds were not satisfied
[INFO] [stdout]    --> tests/mod.rs:121:4
[INFO] [stdout]     |
[INFO] [stdout] 51  | enum EnumType {
[INFO] [stdout]     | -------------
[INFO] [stdout]     | |
[INFO] [stdout]     | method `using_encoded` not found for this enum
[INFO] [stdout]     | doesn't satisfy `<EnumType as Deref>::Target = _`
[INFO] [stdout]     | doesn't satisfy `EnumType: Encode`
[INFO] [stdout]     | doesn't satisfy `EnumType: WrapperTypeEncode`
[INFO] [stdout] ...
[INFO] [stdout] 121 |     c.using_encoded(|ref slice| {
[INFO] [stdout]     |     --^^^^^^^^^^^^^ method cannot be called on `EnumType` due to unsatisfied trait bounds
[INFO] [stdout]     |
[INFO] [stdout]     = note: the following trait bounds were not satisfied:
[INFO] [stdout]             `<EnumType as Deref>::Target = _`
[INFO] [stdout]             which is required by `EnumType: Encode`
[INFO] [stdout]             `EnumType: WrapperTypeEncode`
[INFO] [stdout]             which is required by `EnumType: Encode`
[INFO] [stdout] note: the trait `WrapperTypeEncode` must be implemented
[INFO] [stdout]    --> /opt/rustwide/workdir/src/codec.rs:339:1
[INFO] [stdout]     |
[INFO] [stdout] 339 | pub trait WrapperTypeEncode: Deref {}
[INFO] [stdout]     | ^^^^^^^^^^^^^^^^^^^^^^^^^^^^^^^^^^
[INFO] [stdout] 
[INFO] [stdout] 
[INFO] [stdout] warning: unused import: `parity_scale_codec::Encode`
[INFO] [stdout]  --> tests/variant_number.rs:3:5
[INFO] [stdout]   |
[INFO] [stdout] 3 | use parity_scale_codec::Encode;
[INFO] [stdout]   |     ^^^^^^^^^^^^^^^^^^^^^^^^^^
[INFO] [stdout]   |
[INFO] [stdout]   = note: `#[warn(unused_imports)]` on by default
[INFO] [stdout] 
[INFO] [stdout] 
[INFO] [stdout] error[E0599]: the variant or associated item `decode` exists for enum `EnumType`, but its trait bounds were not satisfied
[INFO] [stdout]    --> tests/mod.rs:126:23
[INFO] [stdout]     |
[INFO] [stdout] 51  | enum EnumType {
[INFO] [stdout]     | -------------
[INFO] [stdout]     | |
[INFO] [stdout]     | variant or associated item `decode` not found for this enum
[INFO] [stdout]     | doesn't satisfy `<EnumType as WrapperTypeDecode>::Wrapped = _`
[INFO] [stdout]     | doesn't satisfy `EnumType: Decode`
[INFO] [stdout]     | doesn't satisfy `EnumType: WrapperTypeDecode`
[INFO] [stdout] ...
[INFO] [stdout] 126 |     assert_eq!(EnumType::decode(&mut da).ok(), Some(a));
[INFO] [stdout]     |                          ^^^^^^ variant or associated item cannot be called on `EnumType` due to unsatisfied trait bounds
[INFO] [stdout]     |
[INFO] [stdout]     = note: the following trait bounds were not satisfied:
[INFO] [stdout]             `<EnumType as WrapperTypeDecode>::Wrapped = _`
[INFO] [stdout]             which is required by `EnumType: Decode`
[INFO] [stdout]             `EnumType: WrapperTypeDecode`
[INFO] [stdout]             which is required by `EnumType: Decode`
[INFO] [stdout]             `<&EnumType as WrapperTypeDecode>::Wrapped = _`
[INFO] [stdout]             which is required by `&EnumType: Decode`
[INFO] [stdout]             `&EnumType: WrapperTypeDecode`
[INFO] [stdout]             which is required by `&EnumType: Decode`
[INFO] [stdout]             `<&mut EnumType as WrapperTypeDecode>::Wrapped = _`
[INFO] [stdout]             which is required by `&mut EnumType: Decode`
[INFO] [stdout]             `&mut EnumType: WrapperTypeDecode`
[INFO] [stdout]             which is required by `&mut EnumType: Decode`
[INFO] [stdout] note: the trait `WrapperTypeDecode` must be implemented
[INFO] [stdout]    --> /opt/rustwide/workdir/src/codec.rs:488:1
[INFO] [stdout]     |
[INFO] [stdout] 488 | pub trait WrapperTypeDecode: Sized {
[INFO] [stdout]     | ^^^^^^^^^^^^^^^^^^^^^^^^^^^^^^^^^^
[INFO] [stdout] 
[INFO] [stdout] 
[INFO] [stdout] error: aborting due to 12 previous errors; 1 warning emitted
[INFO] [stdout] 
[INFO] [stdout] 
[INFO] [stdout] Some errors have detailed explanations: E0432, E0599.
[INFO] [stdout] 
[INFO] [stdout] error[E0599]: the variant or associated item `decode` exists for enum `EnumType`, but its trait bounds were not satisfied
[INFO] [stdout]    --> tests/mod.rs:128:23
[INFO] [stdout]     |
[INFO] [stdout] 51  | enum EnumType {
[INFO] [stdout]     | -------------
[INFO] [stdout]     | |
[INFO] [stdout]     | variant or associated item `decode` not found for this enum
[INFO] [stdout]     | doesn't satisfy `<EnumType as WrapperTypeDecode>::Wrapped = _`
[INFO] [stdout]     | doesn't satisfy `EnumType: Decode`
[INFO] [stdout]     | doesn't satisfy `EnumType: WrapperTypeDecode`
[INFO] [stdout] ...
[INFO] [stdout] 128 |     assert_eq!(EnumType::decode(&mut db).ok(), Some(b));
[INFO] [stdout]     |                          ^^^^^^ variant or associated item cannot be called on `EnumType` due to unsatisfied trait bounds
[INFO] [stdout]     |
[INFO] [stdout]     = note: the following trait bounds were not satisfied:
[INFO] [stdout]             `<EnumType as WrapperTypeDecode>::Wrapped = _`
[INFO] [stdout]             which is required by `EnumType: Decode`
[INFO] [stdout]             `EnumType: WrapperTypeDecode`
[INFO] [stdout]             which is required by `EnumType: Decode`
[INFO] [stdout]             `<&EnumType as WrapperTypeDecode>::Wrapped = _`
[INFO] [stdout]             which is required by `&EnumType: Decode`
[INFO] [stdout]             `&EnumType: WrapperTypeDecode`
[INFO] [stdout]             which is required by `&EnumType: Decode`
[INFO] [stdout]             `<&mut EnumType as WrapperTypeDecode>::Wrapped = _`
[INFO] [stdout]             which is required by `&mut EnumType: Decode`
[INFO] [stdout]             `&mut EnumType: WrapperTypeDecode`
[INFO] [stdout]             which is required by `&mut EnumType: Decode`
[INFO] [stdout] note: the trait `WrapperTypeDecode` must be implemented
[INFO] [stdout]    --> /opt/rustwide/workdir/src/codec.rs:488:1
[INFO] [stdout]     |
[INFO] [stdout] 488 | pub trait WrapperTypeDecode: Sized {
[INFO] [stdout]     | ^^^^^^^^^^^^^^^^^^^^^^^^^^^^^^^^^^
[INFO] [stdout] 
[INFO] [stdout] 
[INFO] [stdout] error[E0599]: the variant or associated item `decode` exists for enum `EnumType`, but its trait bounds were not satisfied
[INFO] [stdout]    --> tests/mod.rs:130:23
[INFO] [stdout]     |
[INFO] [stdout] 51  | enum EnumType {
[INFO] [stdout]     | -------------
[INFO] [stdout]     | |
[INFO] [stdout]     | variant or associated item `decode` not found for this enum
[INFO] [stdout]     | doesn't satisfy `<EnumType as WrapperTypeDecode>::Wrapped = _`
[INFO] [stdout]     | doesn't satisfy `EnumType: Decode`
[INFO] [stdout]     | doesn't satisfy `EnumType: WrapperTypeDecode`
[INFO] [stdout] ...
[INFO] [stdout] 130 |     assert_eq!(EnumType::decode(&mut dc).ok(), Some(c));
[INFO] [stdout]     |                          ^^^^^^ variant or associated item cannot be called on `EnumType` due to unsatisfied trait bounds
[INFO] [stdout]     |
[INFO] [stdout]     = note: the following trait bounds were not satisfied:
[INFO] [stdout]             `<EnumType as WrapperTypeDecode>::Wrapped = _`
[INFO] [stdout]             which is required by `EnumType: Decode`
[INFO] [stdout]             `EnumType: WrapperTypeDecode`
[INFO] [stdout]             which is required by `EnumType: Decode`
[INFO] [stdout]             `<&EnumType as WrapperTypeDecode>::Wrapped = _`
[INFO] [stdout]             which is required by `&EnumType: Decode`
[INFO] [stdout]             `&EnumType: WrapperTypeDecode`
[INFO] [stdout]             which is required by `&EnumType: Decode`
[INFO] [stdout]             `<&mut EnumType as WrapperTypeDecode>::Wrapped = _`
[INFO] [stdout]             which is required by `&mut EnumType: Decode`
[INFO] [stdout]             `&mut EnumType: WrapperTypeDecode`
[INFO] [stdout]             which is required by `&mut EnumType: Decode`
[INFO] [stdout] note: the trait `WrapperTypeDecode` must be implemented
[INFO] [stdout]    --> /opt/rustwide/workdir/src/codec.rs:488:1
[INFO] [stdout]     |
[INFO] [stdout] 488 | pub trait WrapperTypeDecode: Sized {
[INFO] [stdout]     | ^^^^^^^^^^^^^^^^^^^^^^^^^^^^^^^^^^
[INFO] [stdout] 
[INFO] [stdout] 
[INFO] [stdout] For more information about an error, try `rustc --explain E0432`.
[INFO] [stdout] 
[INFO] [stdout] error[E0599]: the variant or associated item `decode` exists for enum `EnumType`, but its trait bounds were not satisfied
[INFO] [stdout]    --> tests/mod.rs:132:23
[INFO] [stdout]     |
[INFO] [stdout] 51  | enum EnumType {
[INFO] [stdout]     | -------------
[INFO] [stdout]     | |
[INFO] [stdout]     | variant or associated item `decode` not found for this enum
[INFO] [stdout]     | doesn't satisfy `<EnumType as WrapperTypeDecode>::Wrapped = _`
[INFO] [stdout]     | doesn't satisfy `EnumType: Decode`
[INFO] [stdout]     | doesn't satisfy `EnumType: WrapperTypeDecode`
[INFO] [stdout] ...
[INFO] [stdout] 132 |     assert_eq!(EnumType::decode(&mut dz).ok(), None);
[INFO] [stdout]     |                          ^^^^^^ variant or associated item cannot be called on `EnumType` due to unsatisfied trait bounds
[INFO] [stdout]     |
[INFO] [stdout]     = note: the following trait bounds were not satisfied:
[INFO] [stdout]             `<EnumType as WrapperTypeDecode>::Wrapped = _`
[INFO] [stdout]             which is required by `EnumType: Decode`
[INFO] [stdout]             `EnumType: WrapperTypeDecode`
[INFO] [stdout]             which is required by `EnumType: Decode`
[INFO] [stdout]             `<&EnumType as WrapperTypeDecode>::Wrapped = _`
[INFO] [stdout]             which is required by `&EnumType: Decode`
[INFO] [stdout]             `&EnumType: WrapperTypeDecode`
[INFO] [stdout]             which is required by `&EnumType: Decode`
[INFO] [stdout]             `<&mut EnumType as WrapperTypeDecode>::Wrapped = _`
[INFO] [stdout]             which is required by `&mut EnumType: Decode`
[INFO] [stdout]             `&mut EnumType: WrapperTypeDecode`
[INFO] [stdout]             which is required by `&mut EnumType: Decode`
[INFO] [stdout] note: the trait `WrapperTypeDecode` must be implemented
[INFO] [stdout]    --> /opt/rustwide/workdir/src/codec.rs:488:1
[INFO] [stdout]     |
[INFO] [stdout] 488 | pub trait WrapperTypeDecode: Sized {
[INFO] [stdout]     | ^^^^^^^^^^^^^^^^^^^^^^^^^^^^^^^^^^
[INFO] [stdout] 
[INFO] [stdout] 
[INFO] [stdout] error[E0599]: the method `using_encoded` exists for enum `EnumWithDiscriminant`, but its trait bounds were not satisfied
[INFO] [stdout]    --> tests/mod.rs:137:26
[INFO] [stdout]     |
[INFO] [stdout] 62  | enum EnumWithDiscriminant {
[INFO] [stdout]     | -------------------------
[INFO] [stdout]     | |
[INFO] [stdout]     | method `using_encoded` not found for this enum
[INFO] [stdout]     | doesn't satisfy `<EnumWithDiscriminant as Deref>::Target = _`
[INFO] [stdout]     | doesn't satisfy `EnumWithDiscriminant: Encode`
[INFO] [stdout]     | doesn't satisfy `EnumWithDiscriminant: WrapperTypeEncode`
[INFO] [stdout] ...
[INFO] [stdout] 137 |     EnumWithDiscriminant::A.using_encoded(|ref slice| {
[INFO] [stdout]     |     ------------------------^^^^^^^^^^^^^ method cannot be called on `EnumWithDiscriminant` due to unsatisfied trait bounds
[INFO] [stdout]     |
[INFO] [stdout]     = note: the following trait bounds were not satisfied:
[INFO] [stdout]             `<EnumWithDiscriminant as Deref>::Target = _`
[INFO] [stdout]             which is required by `EnumWithDiscriminant: Encode`
[INFO] [stdout]             `EnumWithDiscriminant: WrapperTypeEncode`
[INFO] [stdout]             which is required by `EnumWithDiscriminant: Encode`
[INFO] [stdout] note: the trait `WrapperTypeEncode` must be implemented
[INFO] [stdout]    --> /opt/rustwide/workdir/src/codec.rs:339:1
[INFO] [stdout]     |
[INFO] [stdout] 339 | pub trait WrapperTypeEncode: Deref {}
[INFO] [stdout]     | ^^^^^^^^^^^^^^^^^^^^^^^^^^^^^^^^^^
[INFO] [stdout] 
[INFO] [stdout] 
[INFO] [stderr] error: could not compile `parity-scale-codec` due to 13 previous errors; 1 warning emitted
[INFO] [stdout] error[E0599]: the method `using_encoded` exists for enum `EnumWithDiscriminant`, but its trait bounds were not satisfied
[INFO] [stdout]    --> tests/mod.rs:140:26
[INFO] [stdout]     |
[INFO] [stdout] 62  | enum EnumWithDiscriminant {
[INFO] [stdout]     | -------------------------
[INFO] [stdout]     | |
[INFO] [stdout]     | method `using_encoded` not found for this enum
[INFO] [stdout]     | doesn't satisfy `<EnumWithDiscriminant as Deref>::Target = _`
[INFO] [stdout]     | doesn't satisfy `EnumWithDiscriminant: Encode`
[INFO] [stdout]     | doesn't satisfy `EnumWithDiscriminant: WrapperTypeEncode`
[INFO] [stdout] ...
[INFO] [stdout] 140 |     EnumWithDiscriminant::B.using_encoded(|ref slice| {
[INFO] [stdout]     |     ------------------------^^^^^^^^^^^^^ method cannot be called on `EnumWithDiscriminant` due to unsatisfied trait bounds
[INFO] [stdout]     |
[INFO] [stdout]     = note: the following trait bounds were not satisfied:
[INFO] [stdout]             `<EnumWithDiscriminant as Deref>::Target = _`
[INFO] [stdout]             which is required by `EnumWithDiscriminant: Encode`
[INFO] [stdout]             `EnumWithDiscriminant: WrapperTypeEncode`
[INFO] [stdout]             which is required by `EnumWithDiscriminant: Encode`
[INFO] [stdout] note: the trait `WrapperTypeEncode` must be implemented
[INFO] [stdout]    --> /opt/rustwide/workdir/src/codec.rs:339:1
[INFO] [stdout]     |
[INFO] [stdout] 339 | pub trait WrapperTypeEncode: Deref {}
[INFO] [stdout]     | ^^^^^^^^^^^^^^^^^^^^^^^^^^^^^^^^^^
[INFO] [stdout] 
[INFO] [stdout] 
[INFO] [stdout] error[E0599]: the method `using_encoded` exists for enum `EnumWithDiscriminant`, but its trait bounds were not satisfied
[INFO] [stdout]    --> tests/mod.rs:143:26
[INFO] [stdout]     |
[INFO] [stdout] 62  | enum EnumWithDiscriminant {
[INFO] [stdout]     | -------------------------
[INFO] [stdout]     | |
[INFO] [stdout]     | method `using_encoded` not found for this enum
[INFO] [stdout]     | doesn't satisfy `<EnumWithDiscriminant as Deref>::Target = _`
[INFO] [stdout]     | doesn't satisfy `EnumWithDiscriminant: Encode`
[INFO] [stdout]     | doesn't satisfy `EnumWithDiscriminant: WrapperTypeEncode`
[INFO] [stdout] ...
[INFO] [stdout] 143 |     EnumWithDiscriminant::C.using_encoded(|ref slice| {
[INFO] [stdout]     |     ------------------------^^^^^^^^^^^^^ method cannot be called on `EnumWithDiscriminant` due to unsatisfied trait bounds
[INFO] [stdout]     |
[INFO] [stdout]     = note: the following trait bounds were not satisfied:
[INFO] [stdout]             `<EnumWithDiscriminant as Deref>::Target = _`
[INFO] [stdout]             which is required by `EnumWithDiscriminant: Encode`
[INFO] [stdout]             `EnumWithDiscriminant: WrapperTypeEncode`
[INFO] [stdout]             which is required by `EnumWithDiscriminant: Encode`
[INFO] [stdout] note: the trait `WrapperTypeEncode` must be implemented
[INFO] [stdout]    --> /opt/rustwide/workdir/src/codec.rs:339:1
[INFO] [stdout]     |
[INFO] [stdout] 339 | pub trait WrapperTypeEncode: Deref {}
[INFO] [stdout]     | ^^^^^^^^^^^^^^^^^^^^^^^^^^^^^^^^^^
[INFO] [stdout] 
[INFO] [stdout] 
[INFO] [stdout] error[E0599]: the variant or associated item `decode` exists for enum `EnumWithDiscriminant`, but its trait bounds were not satisfied
[INFO] [stdout]    --> tests/mod.rs:148:35
[INFO] [stdout]     |
[INFO] [stdout] 62  | enum EnumWithDiscriminant {
[INFO] [stdout]     | -------------------------
[INFO] [stdout]     | |
[INFO] [stdout]     | variant or associated item `decode` not found for this enum
[INFO] [stdout]     | doesn't satisfy `<_ as WrapperTypeDecode>::Wrapped = _`
[INFO] [stdout]     | doesn't satisfy `EnumWithDiscriminant: Decode`
[INFO] [stdout]     | doesn't satisfy `EnumWithDiscriminant: WrapperTypeDecode`
[INFO] [stdout] ...
[INFO] [stdout] 148 |     assert_eq!(EnumWithDiscriminant::decode(&mut da), Ok(EnumWithDiscriminant::A));
[INFO] [stdout]     |                                      ^^^^^^ variant or associated item cannot be called on `EnumWithDiscriminant` due to unsatisfied trait bounds
[INFO] [stdout]     |
[INFO] [stdout]     = note: the following trait bounds were not satisfied:
[INFO] [stdout]             `<EnumWithDiscriminant as WrapperTypeDecode>::Wrapped = _`
[INFO] [stdout]             which is required by `EnumWithDiscriminant: Decode`
[INFO] [stdout]             `EnumWithDiscriminant: WrapperTypeDecode`
[INFO] [stdout]             which is required by `EnumWithDiscriminant: Decode`
[INFO] [stdout]             `<&EnumWithDiscriminant as WrapperTypeDecode>::Wrapped = _`
[INFO] [stdout]             which is required by `&EnumWithDiscriminant: Decode`
[INFO] [stdout]             `&EnumWithDiscriminant: WrapperTypeDecode`
[INFO] [stdout]             which is required by `&EnumWithDiscriminant: Decode`
[INFO] [stdout]             `<&mut EnumWithDiscriminant as WrapperTypeDecode>::Wrapped = _`
[INFO] [stdout]             which is required by `&mut EnumWithDiscriminant: Decode`
[INFO] [stdout]             `&mut EnumWithDiscriminant: WrapperTypeDecode`
[INFO] [stdout]             which is required by `&mut EnumWithDiscriminant: Decode`
[INFO] [stdout] note: the trait `WrapperTypeDecode` must be implemented
[INFO] [stdout]    --> /opt/rustwide/workdir/src/codec.rs:488:1
[INFO] [stdout]     |
[INFO] [stdout] 488 | pub trait WrapperTypeDecode: Sized {
[INFO] [stdout]     | ^^^^^^^^^^^^^^^^^^^^^^^^^^^^^^^^^^
[INFO] [stdout] 
[INFO] [stdout] 
[INFO] [stdout] error[E0599]: the variant or associated item `decode` exists for enum `EnumWithDiscriminant`, but its trait bounds were not satisfied
[INFO] [stdout]    --> tests/mod.rs:150:35
[INFO] [stdout]     |
[INFO] [stdout] 62  | enum EnumWithDiscriminant {
[INFO] [stdout]     | -------------------------
[INFO] [stdout]     | |
[INFO] [stdout]     | variant or associated item `decode` not found for this enum
[INFO] [stdout]     | doesn't satisfy `<_ as WrapperTypeDecode>::Wrapped = _`
[INFO] [stdout]     | doesn't satisfy `EnumWithDiscriminant: Decode`
[INFO] [stdout]     | doesn't satisfy `EnumWithDiscriminant: WrapperTypeDecode`
[INFO] [stdout] ...
[INFO] [stdout] 150 |     assert_eq!(EnumWithDiscriminant::decode(&mut db), Ok(EnumWithDiscriminant::B));
[INFO] [stdout]     |                                      ^^^^^^ variant or associated item cannot be called on `EnumWithDiscriminant` due to unsatisfied trait bounds
[INFO] [stdout]     |
[INFO] [stdout]     = note: the following trait bounds were not satisfied:
[INFO] [stdout]             `<EnumWithDiscriminant as WrapperTypeDecode>::Wrapped = _`
[INFO] [stdout]             which is required by `EnumWithDiscriminant: Decode`
[INFO] [stdout]             `EnumWithDiscriminant: WrapperTypeDecode`
[INFO] [stdout]             which is required by `EnumWithDiscriminant: Decode`
[INFO] [stdout]             `<&EnumWithDiscriminant as WrapperTypeDecode>::Wrapped = _`
[INFO] [stdout]             which is required by `&EnumWithDiscriminant: Decode`
[INFO] [stdout]             `&EnumWithDiscriminant: WrapperTypeDecode`
[INFO] [stdout]             which is required by `&EnumWithDiscriminant: Decode`
[INFO] [stdout]             `<&mut EnumWithDiscriminant as WrapperTypeDecode>::Wrapped = _`
[INFO] [stdout]             which is required by `&mut EnumWithDiscriminant: Decode`
[INFO] [stdout]             `&mut EnumWithDiscriminant: WrapperTypeDecode`
[INFO] [stdout]             which is required by `&mut EnumWithDiscriminant: Decode`
[INFO] [stdout] note: the trait `WrapperTypeDecode` must be implemented
[INFO] [stdout]    --> /opt/rustwide/workdir/src/codec.rs:488:1
[INFO] [stdout]     |
[INFO] [stdout] 488 | pub trait WrapperTypeDecode: Sized {
[INFO] [stdout]     | ^^^^^^^^^^^^^^^^^^^^^^^^^^^^^^^^^^
[INFO] [stdout] 
[INFO] [stdout] 
[INFO] [stdout] error[E0599]: the variant or associated item `decode` exists for enum `EnumWithDiscriminant`, but its trait bounds were not satisfied
[INFO] [stdout]    --> tests/mod.rs:152:35
[INFO] [stdout]     |
[INFO] [stdout] 62  | enum EnumWithDiscriminant {
[INFO] [stdout]     | -------------------------
[INFO] [stdout]     | |
[INFO] [stdout]     | variant or associated item `decode` not found for this enum
[INFO] [stdout]     | doesn't satisfy `<_ as WrapperTypeDecode>::Wrapped = _`
[INFO] [stdout]     | doesn't satisfy `EnumWithDiscriminant: Decode`
[INFO] [stdout]     | doesn't satisfy `EnumWithDiscriminant: WrapperTypeDecode`
[INFO] [stdout] ...
[INFO] [stdout] 152 |     assert_eq!(EnumWithDiscriminant::decode(&mut dc), Ok(EnumWithDiscriminant::C));
[INFO] [stdout]     |                                      ^^^^^^ variant or associated item cannot be called on `EnumWithDiscriminant` due to unsatisfied trait bounds
[INFO] [stdout]     |
[INFO] [stdout]     = note: the following trait bounds were not satisfied:
[INFO] [stdout]             `<EnumWithDiscriminant as WrapperTypeDecode>::Wrapped = _`
[INFO] [stdout]             which is required by `EnumWithDiscriminant: Decode`
[INFO] [stdout]             `EnumWithDiscriminant: WrapperTypeDecode`
[INFO] [stdout]             which is required by `EnumWithDiscriminant: Decode`
[INFO] [stdout]             `<&EnumWithDiscriminant as WrapperTypeDecode>::Wrapped = _`
[INFO] [stdout]             which is required by `&EnumWithDiscriminant: Decode`
[INFO] [stdout]             `&EnumWithDiscriminant: WrapperTypeDecode`
[INFO] [stdout]             which is required by `&EnumWithDiscriminant: Decode`
[INFO] [stdout]             `<&mut EnumWithDiscriminant as WrapperTypeDecode>::Wrapped = _`
[INFO] [stdout]             which is required by `&mut EnumWithDiscriminant: Decode`
[INFO] [stdout]             `&mut EnumWithDiscriminant: WrapperTypeDecode`
[INFO] [stdout]             which is required by `&mut EnumWithDiscriminant: Decode`
[INFO] [stdout] note: the trait `WrapperTypeDecode` must be implemented
[INFO] [stdout]    --> /opt/rustwide/workdir/src/codec.rs:488:1
[INFO] [stdout]     |
[INFO] [stdout] 488 | pub trait WrapperTypeDecode: Sized {
[INFO] [stdout]     | ^^^^^^^^^^^^^^^^^^^^^^^^^^^^^^^^^^
[INFO] [stdout] 
[INFO] [stdout] 
[INFO] [stdout] error[E0599]: the variant or associated item `decode` exists for enum `EnumWithDiscriminant`, but its trait bounds were not satisfied
[INFO] [stdout]    --> tests/mod.rs:154:35
[INFO] [stdout]     |
[INFO] [stdout] 62  | enum EnumWithDiscriminant {
[INFO] [stdout]     | -------------------------
[INFO] [stdout]     | |
[INFO] [stdout]     | variant or associated item `decode` not found for this enum
[INFO] [stdout]     | doesn't satisfy `<_ as WrapperTypeDecode>::Wrapped = _`
[INFO] [stdout]     | doesn't satisfy `EnumWithDiscriminant: Decode`
[INFO] [stdout]     | doesn't satisfy `EnumWithDiscriminant: WrapperTypeDecode`
[INFO] [stdout] ...
[INFO] [stdout] 154 |     assert_eq!(EnumWithDiscriminant::decode(&mut dz).ok(), None);
[INFO] [stdout]     |                                      ^^^^^^ variant or associated item cannot be called on `EnumWithDiscriminant` due to unsatisfied trait bounds
[INFO] [stdout]     |
[INFO] [stdout]     = note: the following trait bounds were not satisfied:
[INFO] [stdout]             `<EnumWithDiscriminant as WrapperTypeDecode>::Wrapped = _`
[INFO] [stdout]             which is required by `EnumWithDiscriminant: Decode`
[INFO] [stdout]             `EnumWithDiscriminant: WrapperTypeDecode`
[INFO] [stdout]             which is required by `EnumWithDiscriminant: Decode`
[INFO] [stdout]             `<&EnumWithDiscriminant as WrapperTypeDecode>::Wrapped = _`
[INFO] [stdout]             which is required by `&EnumWithDiscriminant: Decode`
[INFO] [stdout]             `&EnumWithDiscriminant: WrapperTypeDecode`
[INFO] [stdout]             which is required by `&EnumWithDiscriminant: Decode`
[INFO] [stdout]             `<&mut EnumWithDiscriminant as WrapperTypeDecode>::Wrapped = _`
[INFO] [stdout]             which is required by `&mut EnumWithDiscriminant: Decode`
[INFO] [stdout]             `&mut EnumWithDiscriminant: WrapperTypeDecode`
[INFO] [stdout]             which is required by `&mut EnumWithDiscriminant: Decode`
[INFO] [stdout] note: the trait `WrapperTypeDecode` must be implemented
[INFO] [stdout]    --> /opt/rustwide/workdir/src/codec.rs:488:1
[INFO] [stdout]     |
[INFO] [stdout] 488 | pub trait WrapperTypeDecode: Sized {
[INFO] [stdout]     | ^^^^^^^^^^^^^^^^^^^^^^^^^^^^^^^^^^
[INFO] [stdout] 
[INFO] [stdout] 
[INFO] [stdout] error[E0599]: the method `using_encoded` exists for struct `Struct<u32, u64, Vec<u8>>`, but its trait bounds were not satisfied
[INFO] [stdout]    --> tests/mod.rs:161:4
[INFO] [stdout]     |
[INFO] [stdout] 29  | struct Struct<A, B, C> {
[INFO] [stdout]     | ----------------------
[INFO] [stdout]     | |
[INFO] [stdout]     | method `using_encoded` not found for this struct
[INFO] [stdout]     | doesn't satisfy `<Struct<u32, u64, Vec<u8>> as Deref>::Target = _`
[INFO] [stdout]     | doesn't satisfy `Struct<u32, u64, Vec<u8>>: Encode`
[INFO] [stdout]     | doesn't satisfy `Struct<u32, u64, Vec<u8>>: WrapperTypeEncode`
[INFO] [stdout] ...
[INFO] [stdout] 161 |     v.using_encoded(|ref slice| assert_eq!(slice, &b"\x0f\0\0\0\x09\0\0\0\0\0\0\0\x2cHello world"));
[INFO] [stdout]     |       ^^^^^^^^^^^^^ method cannot be called on `Struct<u32, u64, Vec<u8>>` due to unsatisfied trait bounds
[INFO] [stdout]     |
[INFO] [stdout]     = note: the following trait bounds were not satisfied:
[INFO] [stdout]             `<Struct<u32, u64, Vec<u8>> as Deref>::Target = _`
[INFO] [stdout]             which is required by `Struct<u32, u64, Vec<u8>>: Encode`
[INFO] [stdout]             `Struct<u32, u64, Vec<u8>>: WrapperTypeEncode`
[INFO] [stdout]             which is required by `Struct<u32, u64, Vec<u8>>: Encode`
[INFO] [stdout] note: the trait `WrapperTypeEncode` must be implemented
[INFO] [stdout]    --> /opt/rustwide/workdir/src/codec.rs:339:1
[INFO] [stdout]     |
[INFO] [stdout] 339 | pub trait WrapperTypeEncode: Deref {}
[INFO] [stdout]     | ^^^^^^^^^^^^^^^^^^^^^^^^^^^^^^^^^^
[INFO] [stdout] 
[INFO] [stdout] 
[INFO] [stdout] error[E0599]: the function or associated item `decode` exists for struct `Struct<u32, u64, Vec<u8>>`, but its trait bounds were not satisfied
[INFO] [stdout]    --> tests/mod.rs:168:20
[INFO] [stdout]     |
[INFO] [stdout] 29  | struct Struct<A, B, C> {
[INFO] [stdout]     | ----------------------
[INFO] [stdout]     | |
[INFO] [stdout]     | function or associated item `decode` not found for this struct
[INFO] [stdout]     | doesn't satisfy `<_ as WrapperTypeDecode>::Wrapped = _`
[INFO] [stdout]     | doesn't satisfy `Struct<u32, u64, Vec<u8>>: Decode`
[INFO] [stdout]     | doesn't satisfy `Struct<u32, u64, Vec<u8>>: WrapperTypeDecode`
[INFO] [stdout] ...
[INFO] [stdout] 168 |     let v = TestType::decode(&mut &*slice);
[INFO] [stdout]     |                       ^^^^^^ function or associated item cannot be called on `Struct<u32, u64, Vec<u8>>` due to unsatisfied trait bounds
[INFO] [stdout]     |
[INFO] [stdout]     = note: the following trait bounds were not satisfied:
[INFO] [stdout]             `<Struct<u32, u64, Vec<u8>> as WrapperTypeDecode>::Wrapped = _`
[INFO] [stdout]             which is required by `Struct<u32, u64, Vec<u8>>: Decode`
[INFO] [stdout]             `Struct<u32, u64, Vec<u8>>: WrapperTypeDecode`
[INFO] [stdout]             which is required by `Struct<u32, u64, Vec<u8>>: Decode`
[INFO] [stdout]             `<&Struct<u32, u64, Vec<u8>> as WrapperTypeDecode>::Wrapped = _`
[INFO] [stdout]             which is required by `&Struct<u32, u64, Vec<u8>>: Decode`
[INFO] [stdout]             `&Struct<u32, u64, Vec<u8>>: WrapperTypeDecode`
[INFO] [stdout]             which is required by `&Struct<u32, u64, Vec<u8>>: Decode`
[INFO] [stdout]             `<&mut Struct<u32, u64, Vec<u8>> as WrapperTypeDecode>::Wrapped = _`
[INFO] [stdout]             which is required by `&mut Struct<u32, u64, Vec<u8>>: Decode`
[INFO] [stdout]             `&mut Struct<u32, u64, Vec<u8>>: WrapperTypeDecode`
[INFO] [stdout]             which is required by `&mut Struct<u32, u64, Vec<u8>>: Decode`
[INFO] [stdout] note: the trait `WrapperTypeDecode` must be implemented
[INFO] [stdout]    --> /opt/rustwide/workdir/src/codec.rs:488:1
[INFO] [stdout]     |
[INFO] [stdout] 488 | pub trait WrapperTypeDecode: Sized {
[INFO] [stdout]     | ^^^^^^^^^^^^^^^^^^^^^^^^^^^^^^^^^^
[INFO] [stdout] 
[INFO] [stdout] 
[INFO] [stdout] error[E0599]: the method `using_encoded` exists for struct `Unit`, but its trait bounds were not satisfied
[INFO] [stdout]    --> tests/mod.rs:177:4
[INFO] [stdout]     |
[INFO] [stdout] 23  | struct Unit;
[INFO] [stdout]     | -----------
[INFO] [stdout]     | |
[INFO] [stdout]     | method `using_encoded` not found for this struct
[INFO] [stdout]     | doesn't satisfy `<Unit as Deref>::Target = _`
[INFO] [stdout]     | doesn't satisfy `Unit: Encode`
[INFO] [stdout]     | doesn't satisfy `Unit: WrapperTypeEncode`
[INFO] [stdout] ...
[INFO] [stdout] 177 |     v.using_encoded(|ref slice| {
[INFO] [stdout]     |     --^^^^^^^^^^^^^ method cannot be called on `Unit` due to unsatisfied trait bounds
[INFO] [stdout]     |
[INFO] [stdout]     = note: the following trait bounds were not satisfied:
[INFO] [stdout]             `<Unit as Deref>::Target = _`
[INFO] [stdout]             which is required by `Unit: Encode`
[INFO] [stdout]             `Unit: WrapperTypeEncode`
[INFO] [stdout]             which is required by `Unit: Encode`
[INFO] [stdout] note: the trait `WrapperTypeEncode` must be implemented
[INFO] [stdout]    --> /opt/rustwide/workdir/src/codec.rs:339:1
[INFO] [stdout]     |
[INFO] [stdout] 339 | pub trait WrapperTypeEncode: Deref {}
[INFO] [stdout]     | ^^^^^^^^^^^^^^^^^^^^^^^^^^^^^^^^^^
[INFO] [stdout] 
[INFO] [stdout] 
[INFO] [stdout] error[E0599]: the function or associated item `decode` exists for struct `Unit`, but its trait bounds were not satisfied
[INFO] [stdout]    --> tests/mod.rs:182:19
[INFO] [stdout]     |
[INFO] [stdout] 23  | struct Unit;
[INFO] [stdout]     | -----------
[INFO] [stdout]     | |
[INFO] [stdout]     | function or associated item `decode` not found for this struct
[INFO] [stdout]     | doesn't satisfy `<Unit as WrapperTypeDecode>::Wrapped = _`
[INFO] [stdout]     | doesn't satisfy `Unit: Decode`
[INFO] [stdout]     | doesn't satisfy `Unit: WrapperTypeDecode`
[INFO] [stdout] ...
[INFO] [stdout] 182 |     assert_eq!(Unit::decode(&mut a), Ok(Unit));
[INFO] [stdout]     |                      ^^^^^^ function or associated item cannot be called on `Unit` due to unsatisfied trait bounds
[INFO] [stdout]     |
[INFO] [stdout]     = note: the following trait bounds were not satisfied:
[INFO] [stdout]             `<Unit as WrapperTypeDecode>::Wrapped = _`
[INFO] [stdout]             which is required by `Unit: Decode`
[INFO] [stdout]             `Unit: WrapperTypeDecode`
[INFO] [stdout]             which is required by `Unit: Decode`
[INFO] [stdout]             `<&Unit as WrapperTypeDecode>::Wrapped = _`
[INFO] [stdout]             which is required by `&Unit: Decode`
[INFO] [stdout]             `&Unit: WrapperTypeDecode`
[INFO] [stdout]             which is required by `&Unit: Decode`
[INFO] [stdout]             `<&mut Unit as WrapperTypeDecode>::Wrapped = _`
[INFO] [stdout]             which is required by `&mut Unit: Decode`
[INFO] [stdout]             `&mut Unit: WrapperTypeDecode`
[INFO] [stdout]             which is required by `&mut Unit: Decode`
[INFO] [stdout] note: the trait `WrapperTypeDecode` must be implemented
[INFO] [stdout]    --> /opt/rustwide/workdir/src/codec.rs:488:1
[INFO] [stdout]     |
[INFO] [stdout] 488 | pub trait WrapperTypeDecode: Sized {
[INFO] [stdout]     | ^^^^^^^^^^^^^^^^^^^^^^^^^^^^^^^^^^
[INFO] [stdout] 
[INFO] [stdout] 
[INFO] [stdout] error[E0599]: the method `using_encoded` exists for struct `Indexed`, but its trait bounds were not satisfied
[INFO] [stdout]    --> tests/mod.rs:189:4
[INFO] [stdout]     |
[INFO] [stdout] 26  | struct Indexed(u32, u64);
[INFO] [stdout]     | --------------
[INFO] [stdout]     | |
[INFO] [stdout]     | method `using_encoded` not found for this struct
[INFO] [stdout]     | doesn't satisfy `<Indexed as Deref>::Target = _`
[INFO] [stdout]     | doesn't satisfy `Indexed: Encode`
[INFO] [stdout]     | doesn't satisfy `Indexed: WrapperTypeEncode`
[INFO] [stdout] ...
[INFO] [stdout] 189 |     v.using_encoded(|ref slice| assert_eq!(slice, &b"\x01\0\0\0\x02\0\0\0\0\0\0\0"));
[INFO] [stdout]     |       ^^^^^^^^^^^^^ method cannot be called on `Indexed` due to unsatisfied trait bounds
[INFO] [stdout]     |
[INFO] [stdout]     = note: the following trait bounds were not satisfied:
[INFO] [stdout]             `<Indexed as Deref>::Target = _`
[INFO] [stdout]             which is required by `Indexed: Encode`
[INFO] [stdout]             `Indexed: WrapperTypeEncode`
[INFO] [stdout]             which is required by `Indexed: Encode`
[INFO] [stdout] note: the trait `WrapperTypeEncode` must be implemented
[INFO] [stdout]    --> /opt/rustwide/workdir/src/codec.rs:339:1
[INFO] [stdout]     |
[INFO] [stdout] 339 | pub trait WrapperTypeEncode: Deref {}
[INFO] [stdout]     | ^^^^^^^^^^^^^^^^^^^^^^^^^^^^^^^^^^
[INFO] [stdout] 
[INFO] [stdout] 
[INFO] [stdout] error[E0599]: the function or associated item `decode` exists for struct `Indexed`, but its trait bounds were not satisfied
[INFO] [stdout]    --> tests/mod.rs:192:22
[INFO] [stdout]     |
[INFO] [stdout] 26  | struct Indexed(u32, u64);
[INFO] [stdout]     | --------------
[INFO] [stdout]     | |
[INFO] [stdout]     | function or associated item `decode` not found for this struct
[INFO] [stdout]     | doesn't satisfy `<Indexed as WrapperTypeDecode>::Wrapped = _`
[INFO] [stdout]     | doesn't satisfy `Indexed: Decode`
[INFO] [stdout]     | doesn't satisfy `Indexed: WrapperTypeDecode`
[INFO] [stdout] ...
[INFO] [stdout] 192 |     assert_eq!(Indexed::decode(&mut v), Ok(Indexed(1, 2)));
[INFO] [stdout]     |                         ^^^^^^ function or associated item cannot be called on `Indexed` due to unsatisfied trait bounds
[INFO] [stdout]     |
[INFO] [stdout]     = note: the following trait bounds were not satisfied:
[INFO] [stdout]             `<Indexed as WrapperTypeDecode>::Wrapped = _`
[INFO] [stdout]             which is required by `Indexed: Decode`
[INFO] [stdout]             `Indexed: WrapperTypeDecode`
[INFO] [stdout]             which is required by `Indexed: Decode`
[INFO] [stdout]             `<&Indexed as WrapperTypeDecode>::Wrapped = _`
[INFO] [stdout]             which is required by `&Indexed: Decode`
[INFO] [stdout]             `&Indexed: WrapperTypeDecode`
[INFO] [stdout]             which is required by `&Indexed: Decode`
[INFO] [stdout]             `<&mut Indexed as WrapperTypeDecode>::Wrapped = _`
[INFO] [stdout]             which is required by `&mut Indexed: Decode`
[INFO] [stdout]             `&mut Indexed: WrapperTypeDecode`
[INFO] [stdout]             which is required by `&mut Indexed: Decode`
[INFO] [stdout] note: the trait `WrapperTypeDecode` must be implemented
[INFO] [stdout]    --> /opt/rustwide/workdir/src/codec.rs:488:1
[INFO] [stdout]     |
[INFO] [stdout] 488 | pub trait WrapperTypeDecode: Sized {
[INFO] [stdout]     | ^^^^^^^^^^^^^^^^^^^^^^^^^^^^^^^^^^
[INFO] [stdout] 
[INFO] [stdout] 
[INFO] [stdout] error[E0599]: the function or associated item `decode` exists for struct `Indexed`, but its trait bounds were not satisfied
[INFO] [stdout]    --> tests/mod.rs:199:11
[INFO] [stdout]     |
[INFO] [stdout] 26  | struct Indexed(u32, u64);
[INFO] [stdout]     | --------------
[INFO] [stdout]     | |
[INFO] [stdout]     | function or associated item `decode` not found for this struct
[INFO] [stdout]     | doesn't satisfy `<Indexed as WrapperTypeDecode>::Wrapped = _`
[INFO] [stdout]     | doesn't satisfy `Indexed: Decode`
[INFO] [stdout]     | doesn't satisfy `Indexed: WrapperTypeDecode`
[INFO] [stdout] ...
[INFO] [stdout] 199 |     Indexed::decode(&mut wrong).unwrap();
[INFO] [stdout]     |              ^^^^^^ function or associated item cannot be called on `Indexed` due to unsatisfied trait bounds
[INFO] [stdout]     |
[INFO] [stdout]     = note: the following trait bounds were not satisfied:
[INFO] [stdout]             `<Indexed as WrapperTypeDecode>::Wrapped = _`
[INFO] [stdout]             which is required by `Indexed: Decode`
[INFO] [stdout]             `Indexed: WrapperTypeDecode`
[INFO] [stdout]             which is required by `Indexed: Decode`
[INFO] [stdout]             `<&Indexed as WrapperTypeDecode>::Wrapped = _`
[INFO] [stdout]             which is required by `&Indexed: Decode`
[INFO] [stdout]             `&Indexed: WrapperTypeDecode`
[INFO] [stdout]             which is required by `&Indexed: Decode`
[INFO] [stdout]             `<&mut Indexed as WrapperTypeDecode>::Wrapped = _`
[INFO] [stdout]             which is required by `&mut Indexed: Decode`
[INFO] [stdout]             `&mut Indexed: WrapperTypeDecode`
[INFO] [stdout]             which is required by `&mut Indexed: Decode`
[INFO] [stdout] note: the trait `WrapperTypeDecode` must be implemented
[INFO] [stdout]    --> /opt/rustwide/workdir/src/codec.rs:488:1
[INFO] [stdout]     |
[INFO] [stdout] 488 | pub trait WrapperTypeDecode: Sized {
[INFO] [stdout]     | ^^^^^^^^^^^^^^^^^^^^^^^^^^^^^^^^^^
[INFO] [stdout] 
[INFO] [stdout] 
[INFO] [stdout] error[E0599]: the function or associated item `decode` exists for struct `Indexed`, but its trait bounds were not satisfied
[INFO] [stdout]    --> tests/mod.rs:206:11
[INFO] [stdout]     |
[INFO] [stdout] 26  | struct Indexed(u32, u64);
[INFO] [stdout]     | --------------
[INFO] [stdout]     | |
[INFO] [stdout]     | function or associated item `decode` not found for this struct
[INFO] [stdout]     | doesn't satisfy `<Indexed as WrapperTypeDecode>::Wrapped = _`
[INFO] [stdout]     | doesn't satisfy `Indexed: Decode`
[INFO] [stdout]     | doesn't satisfy `Indexed: WrapperTypeDecode`
[INFO] [stdout] ...
[INFO] [stdout] 206 |     Indexed::decode(&mut wrong).unwrap();
[INFO] [stdout]     |              ^^^^^^ function or associated item cannot be called on `Indexed` due to unsatisfied trait bounds
[INFO] [stdout]     |
[INFO] [stdout]     = note: the following trait bounds were not satisfied:
[INFO] [stdout]             `<Indexed as WrapperTypeDecode>::Wrapped = _`
[INFO] [stdout]             which is required by `Indexed: Decode`
[INFO] [stdout]             `Indexed: WrapperTypeDecode`
[INFO] [stdout]             which is required by `Indexed: Decode`
[INFO] [stdout]             `<&Indexed as WrapperTypeDecode>::Wrapped = _`
[INFO] [stdout]             which is required by `&Indexed: Decode`
[INFO] [stdout]             `&Indexed: WrapperTypeDecode`
[INFO] [stdout]             which is required by `&Indexed: Decode`
[INFO] [stdout]             `<&mut Indexed as WrapperTypeDecode>::Wrapped = _`
[INFO] [stdout]             which is required by `&mut Indexed: Decode`
[INFO] [stdout]             `&mut Indexed: WrapperTypeDecode`
[INFO] [stdout]             which is required by `&mut Indexed: Decode`
[INFO] [stdout] note: the trait `WrapperTypeDecode` must be implemented
[INFO] [stdout]    --> /opt/rustwide/workdir/src/codec.rs:488:1
[INFO] [stdout]     |
[INFO] [stdout] 488 | pub trait WrapperTypeDecode: Sized {
[INFO] [stdout]     | ^^^^^^^^^^^^^^^^^^^^^^^^^^^^^^^^^^
[INFO] [stdout] 
[INFO] [stdout] 
[INFO] [stdout] error[E0599]: the variant or associated item `decode` exists for enum `EnumType`, but its trait bounds were not satisfied
[INFO] [stdout]    --> tests/mod.rs:213:12
[INFO] [stdout]     |
[INFO] [stdout] 51  | enum EnumType {
[INFO] [stdout]     | -------------
[INFO] [stdout]     | |
[INFO] [stdout]     | variant or associated item `decode` not found for this enum
[INFO] [stdout]     | doesn't satisfy `<EnumType as WrapperTypeDecode>::Wrapped = _`
[INFO] [stdout]     | doesn't satisfy `EnumType: Decode`
[INFO] [stdout]     | doesn't satisfy `EnumType: WrapperTypeDecode`
[INFO] [stdout] ...
[INFO] [stdout] 213 |     EnumType::decode(&mut wrong).unwrap();
[INFO] [stdout]     |               ^^^^^^ variant or associated item cannot be called on `EnumType` due to unsatisfied trait bounds
[INFO] [stdout]     |
[INFO] [stdout]     = note: the following trait bounds were not satisfied:
[INFO] [stdout]             `<EnumType as WrapperTypeDecode>::Wrapped = _`
[INFO] [stdout]             which is required by `EnumType: Decode`
[INFO] [stdout]             `EnumType: WrapperTypeDecode`
[INFO] [stdout]             which is required by `EnumType: Decode`
[INFO] [stdout]             `<&EnumType as WrapperTypeDecode>::Wrapped = _`
[INFO] [stdout]             which is required by `&EnumType: Decode`
[INFO] [stdout]             `&EnumType: WrapperTypeDecode`
[INFO] [stdout]             which is required by `&EnumType: Decode`
[INFO] [stdout]             `<&mut EnumType as WrapperTypeDecode>::Wrapped = _`
[INFO] [stdout]             which is required by `&mut EnumType: Decode`
[INFO] [stdout]             `&mut EnumType: WrapperTypeDecode`
[INFO] [stdout]             which is required by `&mut EnumType: Decode`
[INFO] [stdout] note: the trait `WrapperTypeDecode` must be implemented
[INFO] [stdout]    --> /opt/rustwide/workdir/src/codec.rs:488:1
[INFO] [stdout]     |
[INFO] [stdout] 488 | pub trait WrapperTypeDecode: Sized {
[INFO] [stdout]     | ^^^^^^^^^^^^^^^^^^^^^^^^^^^^^^^^^^
[INFO] [stdout] 
[INFO] [stdout] 
[INFO] [stdout] error[E0599]: the function or associated item `decode` exists for struct `Struct<u32, u32, u32>`, but its trait bounds were not satisfied
[INFO] [stdout]    --> tests/mod.rs:220:27
[INFO] [stdout]     |
[INFO] [stdout] 29  | struct Struct<A, B, C> {
[INFO] [stdout]     | ----------------------
[INFO] [stdout]     | |
[INFO] [stdout]     | function or associated item `decode` not found for this struct
[INFO] [stdout]     | doesn't satisfy `<_ as WrapperTypeDecode>::Wrapped = _`
[INFO] [stdout]     | doesn't satisfy `Struct<u32, u32, u32>: Decode`
[INFO] [stdout]     | doesn't satisfy `Struct<u32, u32, u32>: WrapperTypeDecode`
[INFO] [stdout] ...
[INFO] [stdout] 220 |     Struct::<u32, u32, u32>::decode(&mut wrong).unwrap();
[INFO] [stdout]     |                              ^^^^^^ function or associated item cannot be called on `Struct<u32, u32, u32>` due to unsatisfied trait bounds
[INFO] [stdout]     |
[INFO] [stdout]     = note: the following trait bounds were not satisfied:
[INFO] [stdout]             `<Struct<u32, u32, u32> as WrapperTypeDecode>::Wrapped = _`
[INFO] [stdout]             which is required by `Struct<u32, u32, u32>: Decode`
[INFO] [stdout]             `Struct<u32, u32, u32>: WrapperTypeDecode`
[INFO] [stdout]             which is required by `Struct<u32, u32, u32>: Decode`
[INFO] [stdout]             `<&Struct<u32, u32, u32> as WrapperTypeDecode>::Wrapped = _`
[INFO] [stdout]             which is required by `&Struct<u32, u32, u32>: Decode`
[INFO] [stdout]             `&Struct<u32, u32, u32>: WrapperTypeDecode`
[INFO] [stdout]             which is required by `&Struct<u32, u32, u32>: Decode`
[INFO] [stdout]             `<&mut Struct<u32, u32, u32> as WrapperTypeDecode>::Wrapped = _`
[INFO] [stdout]             which is required by `&mut Struct<u32, u32, u32>: Decode`
[INFO] [stdout]             `&mut Struct<u32, u32, u32>: WrapperTypeDecode`
[INFO] [stdout]             which is required by `&mut Struct<u32, u32, u32>: Decode`
[INFO] [stdout] note: the trait `WrapperTypeDecode` must be implemented
[INFO] [stdout]    --> /opt/rustwide/workdir/src/codec.rs:488:1
[INFO] [stdout]     |
[INFO] [stdout] 488 | pub trait WrapperTypeDecode: Sized {
[INFO] [stdout]     | ^^^^^^^^^^^^^^^^^^^^^^^^^^^^^^^^^^
[INFO] [stdout] 
[INFO] [stdout] 
[INFO] [stdout] error[E0599]: the function or associated item `decode` exists for struct `Struct<u32, u32, u32>`, but its trait bounds were not satisfied
[INFO] [stdout]    --> tests/mod.rs:227:27
[INFO] [stdout]     |
[INFO] [stdout] 29  | struct Struct<A, B, C> {
[INFO] [stdout]     | ----------------------
[INFO] [stdout]     | |
[INFO] [stdout]     | function or associated item `decode` not found for this struct
[INFO] [stdout]     | doesn't satisfy `<_ as WrapperTypeDecode>::Wrapped = _`
[INFO] [stdout]     | doesn't satisfy `Struct<u32, u32, u32>: Decode`
[INFO] [stdout]     | doesn't satisfy `Struct<u32, u32, u32>: WrapperTypeDecode`
[INFO] [stdout] ...
[INFO] [stdout] 227 |     Struct::<u32, u32, u32>::decode(&mut wrong).unwrap();
[INFO] [stdout]     |                              ^^^^^^ function or associated item cannot be called on `Struct<u32, u32, u32>` due to unsatisfied trait bounds
[INFO] [stdout]     |
[INFO] [stdout]     = note: the following trait bounds were not satisfied:
[INFO] [stdout]             `<Struct<u32, u32, u32> as WrapperTypeDecode>::Wrapped = _`
[INFO] [stdout]             which is required by `Struct<u32, u32, u32>: Decode`
[INFO] [stdout]             `Struct<u32, u32, u32>: WrapperTypeDecode`
[INFO] [stdout]             which is required by `Struct<u32, u32, u32>: Decode`
[INFO] [stdout]             `<&Struct<u32, u32, u32> as WrapperTypeDecode>::Wrapped = _`
[INFO] [stdout]             which is required by `&Struct<u32, u32, u32>: Decode`
[INFO] [stdout]             `&Struct<u32, u32, u32>: WrapperTypeDecode`
[INFO] [stdout]             which is required by `&Struct<u32, u32, u32>: Decode`
[INFO] [stdout]             `<&mut Struct<u32, u32, u32> as WrapperTypeDecode>::Wrapped = _`
[INFO] [stdout]             which is required by `&mut Struct<u32, u32, u32>: Decode`
[INFO] [stdout]             `&mut Struct<u32, u32, u32>: WrapperTypeDecode`
[INFO] [stdout]             which is required by `&mut Struct<u32, u32, u32>: Decode`
[INFO] [stdout] note: the trait `WrapperTypeDecode` must be implemented
[INFO] [stdout]    --> /opt/rustwide/workdir/src/codec.rs:488:1
[INFO] [stdout]     |
[INFO] [stdout] 488 | pub trait WrapperTypeDecode: Sized {
[INFO] [stdout]     | ^^^^^^^^^^^^^^^^^^^^^^^^^^^^^^^^^^
[INFO] [stdout] 
[INFO] [stdout] 
[INFO] [stdout] error[E0599]: the method `encode` exists for struct `TestHasCompact<u64>`, but its trait bounds were not satisfied
[INFO] [stdout]    --> tests/mod.rs:267:43
[INFO] [stdout]     |
[INFO] [stdout] 69  | struct TestHasCompact<T: HasCompact> {
[INFO] [stdout]     | ------------------------------------
[INFO] [stdout]     | |
[INFO] [stdout]     | method `encode` not found for this struct
[INFO] [stdout]     | doesn't satisfy `<TestHasCompact<u64> as Deref>::Target = _`
[INFO] [stdout]     | doesn't satisfy `TestHasCompact<u64>: Encode`
[INFO] [stdout]     | doesn't satisfy `TestHasCompact<u64>: WrapperTypeEncode`
[INFO] [stdout] ...
[INFO] [stdout] 267 |         let encoded = TestHasCompact { bar: n }.encode();
[INFO] [stdout]     |                                                 ^^^^^^ method cannot be called on `TestHasCompact<u64>` due to unsatisfied trait bounds
[INFO] [stdout]     |
[INFO] [stdout]     = note: the following trait bounds were not satisfied:
[INFO] [stdout]             `<TestHasCompact<u64> as Deref>::Target = _`
[INFO] [stdout]             which is required by `TestHasCompact<u64>: Encode`
[INFO] [stdout]             `TestHasCompact<u64>: WrapperTypeEncode`
[INFO] [stdout]             which is required by `TestHasCompact<u64>: Encode`
[INFO] [stdout] note: the trait `WrapperTypeEncode` must be implemented
[INFO] [stdout]    --> /opt/rustwide/workdir/src/codec.rs:339:1
[INFO] [stdout]     |
[INFO] [stdout] 339 | pub trait WrapperTypeEncode: Deref {}
[INFO] [stdout]     | ^^^^^^^^^^^^^^^^^^^^^^^^^^^^^^^^^^
[INFO] [stdout] 
[INFO] [stdout] 
[INFO] [stdout] error[E0599]: the function or associated item `decode` exists for struct `TestHasCompact<u64>`, but its trait bounds were not satisfied
[INFO] [stdout]    --> tests/mod.rs:270:37
[INFO] [stdout]     |
[INFO] [stdout] 69  | struct TestHasCompact<T: HasCompact> {
[INFO] [stdout]     | ------------------------------------
[INFO] [stdout]     | |
[INFO] [stdout]     | function or associated item `decode` not found for this struct
[INFO] [stdout]     | doesn't satisfy `<_ as WrapperTypeDecode>::Wrapped = _`
[INFO] [stdout]     | doesn't satisfy `TestHasCompact<u64>: Decode`
[INFO] [stdout]     | doesn't satisfy `TestHasCompact<u64>: WrapperTypeDecode`
[INFO] [stdout] ...
[INFO] [stdout] 270 |         assert_eq!(<TestHasCompact<u64>>::decode(&mut &encoded[..]).unwrap().bar, n);
[INFO] [stdout]     |                                           ^^^^^^ function or associated item cannot be called on `TestHasCompact<u64>` due to unsatisfied trait bounds
[INFO] [stdout]     |
[INFO] [stdout]     = note: the following trait bounds were not satisfied:
[INFO] [stdout]             `<TestHasCompact<u64> as WrapperTypeDecode>::Wrapped = _`
[INFO] [stdout]             which is required by `TestHasCompact<u64>: Decode`
[INFO] [stdout]             `TestHasCompact<u64>: WrapperTypeDecode`
[INFO] [stdout]             which is required by `TestHasCompact<u64>: Decode`
[INFO] [stdout]             `<&TestHasCompact<u64> as WrapperTypeDecode>::Wrapped = _`
[INFO] [stdout]             which is required by `&TestHasCompact<u64>: Decode`
[INFO] [stdout]             `&TestHasCompact<u64>: WrapperTypeDecode`
[INFO] [stdout]             which is required by `&TestHasCompact<u64>: Decode`
[INFO] [stdout]             `<&mut TestHasCompact<u64> as WrapperTypeDecode>::Wrapped = _`
[INFO] [stdout]             which is required by `&mut TestHasCompact<u64>: Decode`
[INFO] [stdout]             `&mut TestHasCompact<u64>: WrapperTypeDecode`
[INFO] [stdout]             which is required by `&mut TestHasCompact<u64>: Decode`
[INFO] [stdout] note: the trait `WrapperTypeDecode` must be implemented
[INFO] [stdout]    --> /opt/rustwide/workdir/src/codec.rs:488:1
[INFO] [stdout]     |
[INFO] [stdout] 488 | pub trait WrapperTypeDecode: Sized {
[INFO] [stdout]     | ^^^^^^^^^^^^^^^^^^^^^^^^^^^^^^^^^^
[INFO] [stdout] 
[INFO] [stdout] 
[INFO] [stdout] error[E0599]: the method `encode` exists for struct `TestHasCompact<u64>`, but its trait bounds were not satisfied
[INFO] [stdout]    --> tests/mod.rs:277:43
[INFO] [stdout]     |
[INFO] [stdout] 69  | struct TestHasCompact<T: HasCompact> {
[INFO] [stdout]     | ------------------------------------
[INFO] [stdout]     | |
[INFO] [stdout]     | method `encode` not found for this struct
[INFO] [stdout]     | doesn't satisfy `<TestHasCompact<u64> as Deref>::Target = _`
[INFO] [stdout]     | doesn't satisfy `TestHasCompact<u64>: Encode`
[INFO] [stdout]     | doesn't satisfy `TestHasCompact<u64>: WrapperTypeEncode`
[INFO] [stdout] ...
[INFO] [stdout] 277 |         let encoded = TestHasCompact { bar: n }.encode();
[INFO] [stdout]     |                                                 ^^^^^^ method cannot be called on `TestHasCompact<u64>` due to unsatisfied trait bounds
[INFO] [stdout]     |
[INFO] [stdout]     = note: the following trait bounds were not satisfied:
[INFO] [stdout]             `<TestHasCompact<u64> as Deref>::Target = _`
[INFO] [stdout]             which is required by `TestHasCompact<u64>: Encode`
[INFO] [stdout]             `TestHasCompact<u64>: WrapperTypeEncode`
[INFO] [stdout]             which is required by `TestHasCompact<u64>: Encode`
[INFO] [stdout] note: the trait `WrapperTypeEncode` must be implemented
[INFO] [stdout]    --> /opt/rustwide/workdir/src/codec.rs:339:1
[INFO] [stdout]     |
[INFO] [stdout] 339 | pub trait WrapperTypeEncode: Deref {}
[INFO] [stdout]     | ^^^^^^^^^^^^^^^^^^^^^^^^^^^^^^^^^^
[INFO] [stdout] 
[INFO] [stdout] 
[INFO] [stdout] error[E0599]: the function or associated item `decode` exists for struct `TestCompactHasCompact<u64>`, but its trait bounds were not satisfied
[INFO] [stdout]    --> tests/mod.rs:280:44
[INFO] [stdout]     |
[INFO] [stdout] 75  | struct TestCompactHasCompact<T: HasCompact> {
[INFO] [stdout]     | -------------------------------------------
[INFO] [stdout]     | |
[INFO] [stdout]     | function or associated item `decode` not found for this struct
[INFO] [stdout]     | doesn't satisfy `<_ as WrapperTypeDecode>::Wrapped = _`
[INFO] [stdout]     | doesn't satisfy `TestCompactHasCompact<u64>: Decode`
[INFO] [stdout]     | doesn't satisfy `TestCompactHasCompact<u64>: WrapperTypeDecode`
[INFO] [stdout] ...
[INFO] [stdout] 280 |         assert_eq!(<TestCompactHasCompact<u64>>::decode(&mut &encoded[..]).unwrap().bar, n);
[INFO] [stdout]     |                                                  ^^^^^^ function or associated item cannot be called on `TestCompactHasCompact<u64>` due to unsatisfied trait bounds
[INFO] [stdout]     |
[INFO] [stdout]     = note: the following trait bounds were not satisfied:
[INFO] [stdout]             `<TestCompactHasCompact<u64> as WrapperTypeDecode>::Wrapped = _`
[INFO] [stdout]             which is required by `TestCompactHasCompact<u64>: Decode`
[INFO] [stdout]             `TestCompactHasCompact<u64>: WrapperTypeDecode`
[INFO] [stdout]             which is required by `TestCompactHasCompact<u64>: Decode`
[INFO] [stdout]             `<&TestCompactHasCompact<u64> as WrapperTypeDecode>::Wrapped = _`
[INFO] [stdout]             which is required by `&TestCompactHasCompact<u64>: Decode`
[INFO] [stdout]             `&TestCompactHasCompact<u64>: WrapperTypeDecode`
[INFO] [stdout]             which is required by `&TestCompactHasCompact<u64>: Decode`
[INFO] [stdout]             `<&mut TestCompactHasCompact<u64> as WrapperTypeDecode>::Wrapped = _`
[INFO] [stdout]             which is required by `&mut TestCompactHasCompact<u64>: Decode`
[INFO] [stdout]             `&mut TestCompactHasCompact<u64>: WrapperTypeDecode`
[INFO] [stdout]             which is required by `&mut TestCompactHasCompact<u64>: Decode`
[INFO] [stdout] note: the trait `WrapperTypeDecode` must be implemented
[INFO] [stdout]    --> /opt/rustwide/workdir/src/codec.rs:488:1
[INFO] [stdout]     |
[INFO] [stdout] 488 | pub trait WrapperTypeDecode: Sized {
[INFO] [stdout]     | ^^^^^^^^^^^^^^^^^^^^^^^^^^^^^^^^^^
[INFO] [stdout] 
[INFO] [stdout] 
[INFO] [stdout] error[E0599]: the method `encode` exists for reference `&TestHasCompactEnum<u64>`, but its trait bounds were not satisfied
[INFO] [stdout]    --> tests/mod.rs:295:24
[INFO] [stdout]     |
[INFO] [stdout] 81  | enum TestHasCompactEnum<T: HasCompact> {
[INFO] [stdout]     | --------------------------------------
[INFO] [stdout]     | |
[INFO] [stdout]     | doesn't satisfy `<TestHasCompactEnum<u64> as Deref>::Target = _`
[INFO] [stdout]     | doesn't satisfy `TestHasCompactEnum<u64>: Encode`
[INFO] [stdout]     | doesn't satisfy `TestHasCompactEnum<u64>: WrapperTypeEncode`
[INFO] [stdout] ...
[INFO] [stdout] 295 |             let encoded = value.encode();
[INFO] [stdout]     |                                 ^^^^^^ method cannot be called on `&TestHasCompactEnum<u64>` due to unsatisfied trait bounds
[INFO] [stdout]     |
[INFO] [stdout]     = note: the following trait bounds were not satisfied:
[INFO] [stdout]             `<TestHasCompactEnum<u64> as Deref>::Target = _`
[INFO] [stdout]             which is required by `TestHasCompactEnum<u64>: Encode`
[INFO] [stdout]             `TestHasCompactEnum<u64>: WrapperTypeEncode`
[INFO] [stdout]             which is required by `TestHasCompactEnum<u64>: Encode`
[INFO] [stdout] note: the trait `WrapperTypeEncode` must be implemented
[INFO] [stdout]    --> /opt/rustwide/workdir/src/codec.rs:339:1
[INFO] [stdout]     |
[INFO] [stdout] 339 | pub trait WrapperTypeEncode: Deref {}
[INFO] [stdout]     | ^^^^^^^^^^^^^^^^^^^^^^^^^^^^^^^^^^
[INFO] [stdout] 
[INFO] [stdout] 
[INFO] [stdout] error[E0599]: the variant or associated item `decode` exists for enum `TestHasCompactEnum<u64>`, but its trait bounds were not satisfied
[INFO] [stdout]    --> tests/mod.rs:298:43
[INFO] [stdout]     |
[INFO] [stdout] 81  | enum TestHasCompactEnum<T: HasCompact> {
[INFO] [stdout]     | --------------------------------------
[INFO] [stdout]     | |
[INFO] [stdout]     | variant or associated item `decode` not found for this enum
[INFO] [stdout]     | doesn't satisfy `<_ as WrapperTypeDecode>::Wrapped = _`
[INFO] [stdout]     | doesn't satisfy `TestHasCompactEnum<u64>: Decode`
[INFO] [stdout]     | doesn't satisfy `TestHasCompactEnum<u64>: WrapperTypeDecode`
[INFO] [stdout] ...
[INFO] [stdout] 298 |             assert_eq!(&<TestHasCompactEnum<u64>>::decode(&mut &encoded[..]).unwrap(), value);
[INFO] [stdout]     |                                                    ^^^^^^ variant or associated item cannot be called on `TestHasCompactEnum<u64>` due to unsatisfied trait bounds
[INFO] [stdout]     |
[INFO] [stdout]     = note: the following trait bounds were not satisfied:
[INFO] [stdout]             `<TestHasCompactEnum<u64> as WrapperTypeDecode>::Wrapped = _`
[INFO] [stdout]             which is required by `TestHasCompactEnum<u64>: Decode`
[INFO] [stdout]             `TestHasCompactEnum<u64>: WrapperTypeDecode`
[INFO] [stdout]             which is required by `TestHasCompactEnum<u64>: Decode`
[INFO] [stdout]             `<&TestHasCompactEnum<u64> as WrapperTypeDecode>::Wrapped = _`
[INFO] [stdout]             which is required by `&TestHasCompactEnum<u64>: Decode`
[INFO] [stdout]             `&TestHasCompactEnum<u64>: WrapperTypeDecode`
[INFO] [stdout]             which is required by `&TestHasCompactEnum<u64>: Decode`
[INFO] [stdout]             `<&mut TestHasCompactEnum<u64> as WrapperTypeDecode>::Wrapped = _`
[INFO] [stdout]             which is required by `&mut TestHasCompactEnum<u64>: Decode`
[INFO] [stdout]             `&mut TestHasCompactEnum<u64>: WrapperTypeDecode`
[INFO] [stdout]             which is required by `&mut TestHasCompactEnum<u64>: Decode`
[INFO] [stdout] note: the trait `WrapperTypeDecode` must be implemented
[INFO] [stdout]    --> /opt/rustwide/workdir/src/codec.rs:488:1
[INFO] [stdout]     |
[INFO] [stdout] 488 | pub trait WrapperTypeDecode: Sized {
[INFO] [stdout]     | ^^^^^^^^^^^^^^^^^^^^^^^^^^^^^^^^^^
[INFO] [stdout] 
[INFO] [stdout] 
[INFO] [stdout] error[E0599]: the method `encode` exists for struct `TestCompactAttribute`, but its trait bounds were not satisfied
[INFO] [stdout]    --> tests/mod.rs:306:49
[INFO] [stdout]     |
[INFO] [stdout] 95  | struct TestCompactAttribute {
[INFO] [stdout]     | ---------------------------
[INFO] [stdout]     | |
[INFO] [stdout]     | method `encode` not found for this struct
[INFO] [stdout]     | doesn't satisfy `<TestCompactAttribute as Deref>::Target = _`
[INFO] [stdout]     | doesn't satisfy `TestCompactAttribute: Encode`
[INFO] [stdout]     | doesn't satisfy `TestCompactAttribute: WrapperTypeEncode`
[INFO] [stdout] ...
[INFO] [stdout] 306 |         let encoded = TestCompactAttribute { bar: n }.encode();
[INFO] [stdout]     |                                                       ^^^^^^ method cannot be called on `TestCompactAttribute` due to unsatisfied trait bounds
[INFO] [stdout]     |
[INFO] [stdout]     = note: the following trait bounds were not satisfied:
[INFO] [stdout]             `<TestCompactAttribute as Deref>::Target = _`
[INFO] [stdout]             which is required by `TestCompactAttribute: Encode`
[INFO] [stdout]             `TestCompactAttribute: WrapperTypeEncode`
[INFO] [stdout]             which is required by `TestCompactAttribute: Encode`
[INFO] [stdout] note: the trait `WrapperTypeEncode` must be implemented
[INFO] [stdout]    --> /opt/rustwide/workdir/src/codec.rs:339:1
[INFO] [stdout]     |
[INFO] [stdout] 339 | pub trait WrapperTypeEncode: Deref {}
[INFO] [stdout]     | ^^^^^^^^^^^^^^^^^^^^^^^^^^^^^^^^^^
[INFO] [stdout] 
[INFO] [stdout] 
[INFO] [stdout] error[E0599]: the function or associated item `decode` exists for struct `TestCompactAttribute`, but its trait bounds were not satisfied
[INFO] [stdout]    --> tests/mod.rs:308:36
[INFO] [stdout]     |
[INFO] [stdout] 95  | struct TestCompactAttribute {
[INFO] [stdout]     | ---------------------------
[INFO] [stdout]     | |
[INFO] [stdout]     | function or associated item `decode` not found for this struct
[INFO] [stdout]     | doesn't satisfy `<_ as WrapperTypeDecode>::Wrapped = _`
[INFO] [stdout]     | doesn't satisfy `TestCompactAttribute: Decode`
[INFO] [stdout]     | doesn't satisfy `TestCompactAttribute: WrapperTypeDecode`
[INFO] [stdout] ...
[INFO] [stdout] 308 |         assert_eq!(TestCompactAttribute::decode(&mut &encoded[..]).unwrap().bar, n);
[INFO] [stdout]     |                                          ^^^^^^ function or associated item cannot be called on `TestCompactAttribute` due to unsatisfied trait bounds
[INFO] [stdout]     |
[INFO] [stdout]     = note: the following trait bounds were not satisfied:
[INFO] [stdout]             `<TestCompactAttribute as WrapperTypeDecode>::Wrapped = _`
[INFO] [stdout]             which is required by `TestCompactAttribute: Decode`
[INFO] [stdout]             `TestCompactAttribute: WrapperTypeDecode`
[INFO] [stdout]             which is required by `TestCompactAttribute: Decode`
[INFO] [stdout]             `<&TestCompactAttribute as WrapperTypeDecode>::Wrapped = _`
[INFO] [stdout]             which is required by `&TestCompactAttribute: Decode`
[INFO] [stdout]             `&TestCompactAttribute: WrapperTypeDecode`
[INFO] [stdout]             which is required by `&TestCompactAttribute: Decode`
[INFO] [stdout]             `<&mut TestCompactAttribute as WrapperTypeDecode>::Wrapped = _`
[INFO] [stdout]             which is required by `&mut TestCompactAttribute: Decode`
[INFO] [stdout]             `&mut TestCompactAttribute: WrapperTypeDecode`
[INFO] [stdout]             which is required by `&mut TestCompactAttribute: Decode`
[INFO] [stdout] note: the trait `WrapperTypeDecode` must be implemented
[INFO] [stdout]    --> /opt/rustwide/workdir/src/codec.rs:488:1
[INFO] [stdout]     |
[INFO] [stdout] 488 | pub trait WrapperTypeDecode: Sized {
[INFO] [stdout]     | ^^^^^^^^^^^^^^^^^^^^^^^^^^^^^^^^^^
[INFO] [stdout] 
[INFO] [stdout] 
[INFO] [stdout] error[E0599]: the method `encode` exists for struct `S`, but its trait bounds were not satisfied
[INFO] [stdout]    --> tests/single_field_struct_encoding.rs:91:15
[INFO] [stdout]     |
[INFO] [stdout] 9   | struct S {
[INFO] [stdout]     | --------
[INFO] [stdout]     | |
[INFO] [stdout]     | method `encode` not found for this struct
[INFO] [stdout]     | doesn't satisfy `<S as Deref>::Target = _`
[INFO] [stdout]     | doesn't satisfy `S: Encode`
[INFO] [stdout]     | doesn't satisfy `S: WrapperTypeEncode`
[INFO] [stdout] ...
[INFO] [stdout] 91  |     assert_eq!(s.encode(), s_encoded);
[INFO] [stdout]     |                  ^^^^^^ method cannot be called on `S` due to unsatisfied trait bounds
[INFO] [stdout]     |
[INFO] [stdout]     = note: the following trait bounds were not satisfied:
[INFO] [stdout]             `<S as Deref>::Target = _`
[INFO] [stdout]             which is required by `S: Encode`
[INFO] [stdout]             `S: WrapperTypeEncode`
[INFO] [stdout]             which is required by `S: Encode`
[INFO] [stdout] note: the trait `WrapperTypeEncode` must be implemented
[INFO] [stdout]    --> /opt/rustwide/workdir/src/codec.rs:339:1
[INFO] [stdout]     |
[INFO] [stdout] 339 | pub trait WrapperTypeEncode: Deref {}
[INFO] [stdout]     | ^^^^^^^^^^^^^^^^^^^^^^^^^^^^^^^^^^
[INFO] [stdout] 
[INFO] [stdout] 
[INFO] [stdout] error[E0599]: the method `encode` exists for struct `SSkip`, but its trait bounds were not satisfied
[INFO] [stdout]    --> tests/single_field_struct_encoding.rs:92:20
[INFO] [stdout]     |
[INFO] [stdout] 15  | struct SSkip {
[INFO] [stdout]     | ------------
[INFO] [stdout]     | |
[INFO] [stdout]     | method `encode` not found for this struct
[INFO] [stdout]     | doesn't satisfy `<SSkip as Deref>::Target = _`
[INFO] [stdout]     | doesn't satisfy `SSkip: Encode`
[INFO] [stdout]     | doesn't satisfy `SSkip: WrapperTypeEncode`
[INFO] [stdout] ...
[INFO] [stdout] 92  |     assert_eq!(s_skip.encode(), s_skip_encoded);
[INFO] [stdout]     |                       ^^^^^^ method cannot be called on `SSkip` due to unsatisfied trait bounds
[INFO] [stdout]     |
[INFO] [stdout]     = note: the following trait bounds were not satisfied:
[INFO] [stdout]             `<SSkip as Deref>::Target = _`
[INFO] [stdout]             which is required by `SSkip: Encode`
[INFO] [stdout]             `SSkip: WrapperTypeEncode`
[INFO] [stdout]             which is required by `SSkip: Encode`
[INFO] [stdout] note: the trait `WrapperTypeEncode` must be implemented
[INFO] [stdout]    --> /opt/rustwide/workdir/src/codec.rs:339:1
[INFO] [stdout]     |
[INFO] [stdout] 339 | pub trait WrapperTypeEncode: Deref {}
[INFO] [stdout]     | ^^^^^^^^^^^^^^^^^^^^^^^^^^^^^^^^^^
[INFO] [stdout] 
[INFO] [stdout] 
[INFO] [stdout] error[E0599]: the method `encode` exists for reference `&TestCompactAttributeEnum`, but its trait bounds were not satisfied
[INFO] [stdout]    --> tests/mod.rs:319:24
[INFO] [stdout]     |
[INFO] [stdout] 101 | enum TestCompactAttributeEnum {
[INFO] [stdout]     | -----------------------------
[INFO] [stdout]     | |
[INFO] [stdout]     | doesn't satisfy `<TestCompactAttributeEnum as Deref>::Target = _`
[INFO] [stdout]     | doesn't satisfy `TestCompactAttributeEnum: Encode`
[INFO] [stdout]     | doesn't satisfy `TestCompactAttributeEnum: WrapperTypeEncode`
[INFO] [stdout] ...
[INFO] [stdout] 319 |             let encoded = value.encode();
[INFO] [stdout]     |                                 ^^^^^^ method cannot be called on `&TestCompactAttributeEnum` due to unsatisfied trait bounds
[INFO] [stdout]     |
[INFO] [stdout]     = note: the following trait bounds were not satisfied:
[INFO] [stdout]             `<TestCompactAttributeEnum as Deref>::Target = _`
[INFO] [stdout]             which is required by `TestCompactAttributeEnum: Encode`
[INFO] [stdout]             `TestCompactAttributeEnum: WrapperTypeEncode`
[INFO] [stdout]             which is required by `TestCompactAttributeEnum: Encode`
[INFO] [stdout] note: the trait `WrapperTypeEncode` must be implemented
[INFO] [stdout]    --> /opt/rustwide/workdir/src/codec.rs:339:1
[INFO] [stdout]     |
[INFO] [stdout] 339 | pub trait WrapperTypeEncode: Deref {}
[INFO] [stdout]     | ^^^^^^^^^^^^^^^^^^^^^^^^^^^^^^^^^^
[INFO] [stdout] 
[INFO] [stdout] 
[INFO] [stdout] error[E0599]: the method `encode` exists for struct `Sc`, but its trait bounds were not satisfied
[INFO] [stdout]    --> tests/single_field_struct_encoding.rs:93:16
[INFO] [stdout]     |
[INFO] [stdout] 24  | struct Sc {
[INFO] [stdout]     | ---------
[INFO] [stdout]     | |
[INFO] [stdout]     | method `encode` not found for this struct
[INFO] [stdout]     | doesn't satisfy `<Sc as Deref>::Target = _`
[INFO] [stdout]     | doesn't satisfy `Sc: Encode`
[INFO] [stdout]     | doesn't satisfy `Sc: WrapperTypeEncode`
[INFO] [stdout] ...
[INFO] [stdout] 93  |     assert_eq!(sc.encode(), sc_encoded);
[INFO] [stdout]     |                   ^^^^^^ method cannot be called on `Sc` due to unsatisfied trait bounds
[INFO] [stdout]     |
[INFO] [stdout]     = note: the following trait bounds were not satisfied:
[INFO] [stdout]             `<Sc as Deref>::Target = _`
[INFO] [stdout]             which is required by `Sc: Encode`
[INFO] [stdout]             `Sc: WrapperTypeEncode`
[INFO] [stdout]             which is required by `Sc: Encode`
[INFO] [stdout] note: the trait `WrapperTypeEncode` must be implemented
[INFO] [stdout]    --> /opt/rustwide/workdir/src/codec.rs:339:1
[INFO] [stdout]     |
[INFO] [stdout] 339 | pub trait WrapperTypeEncode: Deref {}
[INFO] [stdout]     | ^^^^^^^^^^^^^^^^^^^^^^^^^^^^^^^^^^
[INFO] [stdout] 
[INFO] [stdout] 
[INFO] [stdout] error[E0599]: the variant or associated item `decode` exists for enum `TestCompactAttributeEnum`, but its trait bounds were not satisfied
[INFO] [stdout]    --> tests/mod.rs:321:42
[INFO] [stdout]     |
[INFO] [stdout] 101 | enum TestCompactAttributeEnum {
[INFO] [stdout]     | -----------------------------
[INFO] [stdout]     | |
[INFO] [stdout]     | variant or associated item `decode` not found for this enum
[INFO] [stdout]     | doesn't satisfy `<_ as WrapperTypeDecode>::Wrapped = _`
[INFO] [stdout]     | doesn't satisfy `TestCompactAttributeEnum: Decode`
[INFO] [stdout]     | doesn't satisfy `TestCompactAttributeEnum: WrapperTypeDecode`
[INFO] [stdout] ...
[INFO] [stdout] 321 |             assert_eq!(&TestCompactAttributeEnum::decode(&mut &encoded[..]).unwrap(), value);
[INFO] [stdout]     |                                                   ^^^^^^ variant or associated item cannot be called on `TestCompactAttributeEnum` due to unsatisfied trait bounds
[INFO] [stdout]     |
[INFO] [stdout]     = note: the following trait bounds were not satisfied:
[INFO] [stdout]             `<TestCompactAttributeEnum as WrapperTypeDecode>::Wrapped = _`
[INFO] [stdout]             which is required by `TestCompactAttributeEnum: Decode`
[INFO] [stdout]             `TestCompactAttributeEnum: WrapperTypeDecode`
[INFO] [stdout]             which is required by `TestCompactAttributeEnum: Decode`
[INFO] [stdout]             `<&TestCompactAttributeEnum as WrapperTypeDecode>::Wrapped = _`
[INFO] [stdout]             which is required by `&TestCompactAttributeEnum: Decode`
[INFO] [stdout]             `&TestCompactAttributeEnum: WrapperTypeDecode`
[INFO] [stdout]             which is required by `&TestCompactAttributeEnum: Decode`
[INFO] [stdout]             `<&mut TestCompactAttributeEnum as WrapperTypeDecode>::Wrapped = _`
[INFO] [stdout]             which is required by `&mut TestCompactAttributeEnum: Decode`
[INFO] [stdout]             `&mut TestCompactAttributeEnum: WrapperTypeDecode`
[INFO] [stdout]             which is required by `&mut TestCompactAttributeEnum: Decode`
[INFO] [stdout] note: the trait `WrapperTypeDecode` must be implemented
[INFO] [stdout]    --> /opt/rustwide/workdir/src/codec.rs:488:1
[INFO] [stdout]     |
[INFO] [stdout] 488 | pub trait WrapperTypeDecode: Sized {
[INFO] [stdout]     | ^^^^^^^^^^^^^^^^^^^^^^^^^^^^^^^^^^
[INFO] [stdout] 
[INFO] [stdout] 
[INFO] [stdout] error[E0599]: the method `encode` exists for struct `Sh<u32>`, but its trait bounds were not satisfied
[INFO] [stdout]    --> tests/single_field_struct_encoding.rs:94:16
[INFO] [stdout]     |
[INFO] [stdout] 30  | struct Sh<T: HasCompact> {
[INFO] [stdout]     | ------------------------
[INFO] [stdout]     | |
[INFO] [stdout]     | method `encode` not found for this struct
[INFO] [stdout]     | doesn't satisfy `<Sh<u32> as Deref>::Target = _`
[INFO] [stdout]     | doesn't satisfy `Sh<u32>: Encode`
[INFO] [stdout]     | doesn't satisfy `Sh<u32>: WrapperTypeEncode`
[INFO] [stdout] ...
[INFO] [stdout] 94  |     assert_eq!(sh.encode(), sh_encoded);
[INFO] [stdout]     |                   ^^^^^^ method cannot be called on `Sh<u32>` due to unsatisfied trait bounds
[INFO] [stdout]     |
[INFO] [stdout]     = note: the following trait bounds were not satisfied:
[INFO] [stdout]             `<Sh<u32> as Deref>::Target = _`
[INFO] [stdout]             which is required by `Sh<u32>: Encode`
[INFO] [stdout]             `Sh<u32>: WrapperTypeEncode`
[INFO] [stdout]             which is required by `Sh<u32>: Encode`
[INFO] [stdout] note: the trait `WrapperTypeEncode` must be implemented
[INFO] [stdout]    --> /opt/rustwide/workdir/src/codec.rs:339:1
[INFO] [stdout]     |
[INFO] [stdout] 339 | pub trait WrapperTypeEncode: Deref {}
[INFO] [stdout]     | ^^^^^^^^^^^^^^^^^^^^^^^^^^^^^^^^^^
[INFO] [stdout] 
[INFO] [stdout] 
[INFO] [stdout] error[E0599]: the method `encode` exists for struct `U`, but its trait bounds were not satisfied
[INFO] [stdout]    --> tests/single_field_struct_encoding.rs:95:15
[INFO] [stdout]     |
[INFO] [stdout] 37  | struct U(u32);
[INFO] [stdout]     | --------
[INFO] [stdout]     | |
[INFO] [stdout]     | method `encode` not found for this struct
[INFO] [stdout]     | doesn't satisfy `<U as Deref>::Target = _`
[INFO] [stdout]     | doesn't satisfy `U: Encode`
[INFO] [stdout]     | doesn't satisfy `U: WrapperTypeEncode`
[INFO] [stdout] ...
[INFO] [stdout] 95  |     assert_eq!(u.encode(), u_encoded);
[INFO] [stdout]     |                  ^^^^^^ method cannot be called on `U` due to unsatisfied trait bounds
[INFO] [stdout]     |
[INFO] [stdout]     = note: the following trait bounds were not satisfied:
[INFO] [stdout]             `<U as Deref>::Target = _`
[INFO] [stdout]             which is required by `U: Encode`
[INFO] [stdout]             `U: WrapperTypeEncode`
[INFO] [stdout]             which is required by `U: Encode`
[INFO] [stdout] note: the trait `WrapperTypeEncode` must be implemented
[INFO] [stdout]    --> /opt/rustwide/workdir/src/codec.rs:339:1
[INFO] [stdout]     |
[INFO] [stdout] 339 | pub trait WrapperTypeEncode: Deref {}
[INFO] [stdout]     | ^^^^^^^^^^^^^^^^^^^^^^^^^^^^^^^^^^
[INFO] [stdout] 
[INFO] [stdout] 
[INFO] [stdout] error[E0599]: the method `encode` exists for struct `Struct<TraitImplementor, u64>`, but its trait bounds were not satisfied
[INFO] [stdout]    --> tests/mod.rs:349:22
[INFO] [stdout]     |
[INFO] [stdout] 334 |     struct Struct<T: Trait, Type> {
[INFO] [stdout]     |     -----------------------------
[INFO] [stdout]     |     |
[INFO] [stdout]     |     method `encode` not found for this struct
[INFO] [stdout]     |     doesn't satisfy `<_ as __Deref>::Target = _`
[INFO] [stdout]     |     doesn't satisfy `_: Encode`
[INFO] [stdout]     |     doesn't satisfy `_: WrapperTypeEncode`
[INFO] [stdout] ...
[INFO] [stdout] 349 |     let encoded = value.encode();
[INFO] [stdout]     |                         ^^^^^^ method cannot be called on `Struct<TraitImplementor, u64>` due to unsatisfied trait bounds
[INFO] [stdout]     |
[INFO] [stdout]     = note: the following trait bounds were not satisfied:
[INFO] [stdout]             `<associated_type_bounds::Struct<TraitImplementor, u64> as Deref>::Target = _`
[INFO] [stdout]             which is required by `associated_type_bounds::Struct<TraitImplementor, u64>: Encode`
[INFO] [stdout]             `associated_type_bounds::Struct<TraitImplementor, u64>: WrapperTypeEncode`
[INFO] [stdout]             which is required by `associated_type_bounds::Struct<TraitImplementor, u64>: Encode`
[INFO] [stdout] note: the trait `WrapperTypeEncode` must be implemented
[INFO] [stdout]    --> /opt/rustwide/workdir/src/codec.rs:339:1
[INFO] [stdout]     |
[INFO] [stdout] 339 | pub trait WrapperTypeEncode: Deref {}
[INFO] [stdout]     | ^^^^^^^^^^^^^^^^^^^^^^^^^^^^^^^^^^
[INFO] [stdout] 
[INFO] [stdout] 
[INFO] [stdout] error[E0599]: the method `encode` exists for struct `USkip`, but its trait bounds were not satisfied
[INFO] [stdout]    --> tests/single_field_struct_encoding.rs:96:20
[INFO] [stdout]     |
[INFO] [stdout] 45  | struct USkip(#[codec(skip)] u32, u32, #[codec(skip)] u32);
[INFO] [stdout]     | ------------
[INFO] [stdout]     | |
[INFO] [stdout]     | method `encode` not found for this struct
[INFO] [stdout]     | doesn't satisfy `<USkip as Deref>::Target = _`
[INFO] [stdout]     | doesn't satisfy `USkip: Encode`
[INFO] [stdout]     | doesn't satisfy `USkip: WrapperTypeEncode`
[INFO] [stdout] ...
[INFO] [stdout] 96  |     assert_eq!(u_skip.encode(), u_skip_encoded);
[INFO] [stdout]     |                       ^^^^^^ method cannot be called on `USkip` due to unsatisfied trait bounds
[INFO] [stdout]     |
[INFO] [stdout]     = note: the following trait bounds were not satisfied:
[INFO] [stdout]             `<USkip as Deref>::Target = _`
[INFO] [stdout]             which is required by `USkip: Encode`
[INFO] [stdout]             `USkip: WrapperTypeEncode`
[INFO] [stdout]             which is required by `USkip: Encode`
[INFO] [stdout] note: the trait `WrapperTypeEncode` must be implemented
[INFO] [stdout]    --> /opt/rustwide/workdir/src/codec.rs:339:1
[INFO] [stdout]     |
[INFO] [stdout] 339 | pub trait WrapperTypeEncode: Deref {}
[INFO] [stdout]     | ^^^^^^^^^^^^^^^^^^^^^^^^^^^^^^^^^^
[INFO] [stdout] 
[INFO] [stdout] 
[INFO] [stdout] error[E0599]: the function or associated item `decode` exists for struct `Struct<_, _>`, but its trait bounds were not satisfied
[INFO] [stdout]    --> tests/mod.rs:350:55
[INFO] [stdout]     |
[INFO] [stdout] 334 |     struct Struct<T: Trait, Type> {
[INFO] [stdout]     |     -----------------------------
[INFO] [stdout]     |     |
[INFO] [stdout]     |     function or associated item `decode` not found for this struct
[INFO] [stdout]     |     doesn't satisfy `<_ as WrapperTypeDecode>::Wrapped = _`
[INFO] [stdout]     |     doesn't satisfy `_: WrapperTypeDecode`
[INFO] [stdout]     |     doesn't satisfy `associated_type_bounds::Struct<_, _>: Decode`
[INFO] [stdout] ...
[INFO] [stdout] 350 |     let decoded: Struct<TraitImplementor, u64> = Struct::decode(&mut &encoded[..]).unwrap();
[INFO] [stdout]     |                                                          ^^^^^^ function or associated item cannot be called on `Struct<_, _>` due to unsatisfied trait bounds
[INFO] [stdout]     |
[INFO] [stdout]     = note: the following trait bounds were not satisfied:
[INFO] [stdout]             `<associated_type_bounds::Struct<_, _> as WrapperTypeDecode>::Wrapped = _`
[INFO] [stdout]             which is required by `associated_type_bounds::Struct<_, _>: Decode`
[INFO] [stdout]             `associated_type_bounds::Struct<_, _>: WrapperTypeDecode`
[INFO] [stdout]             which is required by `associated_type_bounds::Struct<_, _>: Decode`
[INFO] [stdout]             `<&associated_type_bounds::Struct<_, _> as WrapperTypeDecode>::Wrapped = _`
[INFO] [stdout]             which is required by `&associated_type_bounds::Struct<_, _>: Decode`
[INFO] [stdout]             `&associated_type_bounds::Struct<_, _>: WrapperTypeDecode`
[INFO] [stdout]             which is required by `&associated_type_bounds::Struct<_, _>: Decode`
[INFO] [stdout]             `<&mut associated_type_bounds::Struct<_, _> as WrapperTypeDecode>::Wrapped = _`
[INFO] [stdout]             which is required by `&mut associated_type_bounds::Struct<_, _>: Decode`
[INFO] [stdout]             `&mut associated_type_bounds::Struct<_, _>: WrapperTypeDecode`
[INFO] [stdout]             which is required by `&mut associated_type_bounds::Struct<_, _>: Decode`
[INFO] [stdout] note: the trait `WrapperTypeDecode` must be implemented
[INFO] [stdout]    --> /opt/rustwide/workdir/src/codec.rs:488:1
[INFO] [stdout]     |
[INFO] [stdout] 488 | pub trait WrapperTypeDecode: Sized {
[INFO] [stdout]     | ^^^^^^^^^^^^^^^^^^^^^^^^^^^^^^^^^^
[INFO] [stdout] 
[INFO] [stdout] 
[INFO] [stdout] error[E0599]: the method `encode` exists for struct `Uc`, but its trait bounds were not satisfied
[INFO] [stdout]    --> tests/single_field_struct_encoding.rs:97:16
[INFO] [stdout]     |
[INFO] [stdout] 48  | struct Uc(#[codec(compact)] u32);
[INFO] [stdout]     | ---------
[INFO] [stdout]     | |
[INFO] [stdout]     | method `encode` not found for this struct
[INFO] [stdout]     | doesn't satisfy `<Uc as Deref>::Target = _`
[INFO] [stdout]     | doesn't satisfy `Uc: Encode`
[INFO] [stdout]     | doesn't satisfy `Uc: WrapperTypeEncode`
[INFO] [stdout] ...
[INFO] [stdout] 97  |     assert_eq!(uc.encode(), uc_encoded);
[INFO] [stdout]     |                   ^^^^^^ method cannot be called on `Uc` due to unsatisfied trait bounds
[INFO] [stdout]     |
[INFO] [stdout]     = note: the following trait bounds were not satisfied:
[INFO] [stdout]             `<Uc as Deref>::Target = _`
[INFO] [stdout]             which is required by `Uc: Encode`
[INFO] [stdout]             `Uc: WrapperTypeEncode`
[INFO] [stdout]             which is required by `Uc: Encode`
[INFO] [stdout] note: the trait `WrapperTypeEncode` must be implemented
[INFO] [stdout]    --> /opt/rustwide/workdir/src/codec.rs:339:1
[INFO] [stdout]     |
[INFO] [stdout] 339 | pub trait WrapperTypeEncode: Deref {}
[INFO] [stdout]     | ^^^^^^^^^^^^^^^^^^^^^^^^^^^^^^^^^^
[INFO] [stdout] 
[INFO] [stdout] 
[INFO] [stdout] error[E0599]: the method `encode` exists for struct `TestGeneric<StructEncodeAsRef>`, but its trait bounds were not satisfied
[INFO] [stdout]    --> tests/mod.rs:385:4
[INFO] [stdout]     |
[INFO] [stdout] 376 |     struct TestGeneric<A: From<u32>>
[INFO] [stdout]     |     --------------------------------
[INFO] [stdout]     |     |
[INFO] [stdout]     |     method `encode` not found for this struct
[INFO] [stdout]     |     doesn't satisfy `<_ as __Deref>::Target = _`
[INFO] [stdout]     |     doesn't satisfy `TestGeneric<StructEncodeAsRef>: Encode`
[INFO] [stdout]     |     doesn't satisfy `TestGeneric<StructEncodeAsRef>: WrapperTypeEncode`
[INFO] [stdout] ...
[INFO] [stdout] 385 |     a.encode();
[INFO] [stdout]     |       ^^^^^^ method cannot be called on `TestGeneric<StructEncodeAsRef>` due to unsatisfied trait bounds
[INFO] [stdout]     |
[INFO] [stdout]     = note: the following trait bounds were not satisfied:
[INFO] [stdout]             `<TestGeneric<StructEncodeAsRef> as Deref>::Target = _`
[INFO] [stdout]             which is required by `TestGeneric<StructEncodeAsRef>: Encode`
[INFO] [stdout]             `TestGeneric<StructEncodeAsRef>: WrapperTypeEncode`
[INFO] [stdout]             which is required by `TestGeneric<StructEncodeAsRef>: Encode`
[INFO] [stdout] note: the trait `WrapperTypeEncode` must be implemented
[INFO] [stdout]    --> /opt/rustwide/workdir/src/codec.rs:339:1
[INFO] [stdout]     |
[INFO] [stdout] 339 | pub trait WrapperTypeEncode: Deref {}
[INFO] [stdout]     | ^^^^^^^^^^^^^^^^^^^^^^^^^^^^^^^^^^
[INFO] [stdout] 
[INFO] [stdout] 
[INFO] [stdout] error[E0599]: the method `encode` exists for enum `TestGenericHasCompact<StructHasCompact>`, but its trait bounds were not satisfied
[INFO] [stdout]    --> tests/mod.rs:421:4
[INFO] [stdout]     |
[INFO] [stdout] 412 |     enum TestGenericHasCompact<T> {
[INFO] [stdout]     |     -----------------------------
[INFO] [stdout]     |     |
[INFO] [stdout]     |     method `encode` not found for this enum
[INFO] [stdout]     |     doesn't satisfy `<_ as __Deref>::Target = _`
[INFO] [stdout]     |     doesn't satisfy `TestGenericHasCompact<StructHasCompact>: Encode`
[INFO] [stdout]     |     doesn't satisfy `_: WrapperTypeEncode`
[INFO] [stdout] ...
[INFO] [stdout] 421 |     a.encode();
[INFO] [stdout]     |       ^^^^^^ method cannot be called on `TestGenericHasCompact<StructHasCompact>` due to unsatisfied trait bounds
[INFO] [stdout]     |
[INFO] [stdout]     = note: the following trait bounds were not satisfied:
[INFO] [stdout]             `<TestGenericHasCompact<StructHasCompact> as Deref>::Target = _`
[INFO] [stdout]             which is required by `TestGenericHasCompact<StructHasCompact>: Encode`
[INFO] [stdout]             `TestGenericHasCompact<StructHasCompact>: WrapperTypeEncode`
[INFO] [stdout]             which is required by `TestGenericHasCompact<StructHasCompact>: Encode`
[INFO] [stdout] note: the trait `WrapperTypeEncode` must be implemented
[INFO] [stdout]    --> /opt/rustwide/workdir/src/codec.rs:339:1
[INFO] [stdout]     |
[INFO] [stdout] 339 | pub trait WrapperTypeEncode: Deref {}
[INFO] [stdout]     | ^^^^^^^^^^^^^^^^^^^^^^^^^^^^^^^^^^
[INFO] [stdout] 
[INFO] [stdout] 
[INFO] [stdout] error[E0599]: the method `encode` exists for struct `TestGenericTrait<StructNoCodec>`, but its trait bounds were not satisfied
[INFO] [stdout]    --> tests/mod.rs:446:4
[INFO] [stdout]     |
[INFO] [stdout] 440 |     struct TestGenericTrait<T: TraitNoCodec> {
[INFO] [stdout]     |     ----------------------------------------
[INFO] [stdout]     |     |
[INFO] [stdout]     |     method `encode` not found for this struct
[INFO] [stdout]     |     doesn't satisfy `<_ as __Deref>::Target = _`
[INFO] [stdout]     |     doesn't satisfy `TestGenericTrait<StructNoCodec>: Encode`
[INFO] [stdout]     |     doesn't satisfy `TestGenericTrait<StructNoCodec>: WrapperTypeEncode`
[INFO] [stdout] ...
[INFO] [stdout] 446 |     a.encode();
[INFO] [stdout]     |       ^^^^^^ method cannot be called on `TestGenericTrait<StructNoCodec>` due to unsatisfied trait bounds
[INFO] [stdout]     |
[INFO] [stdout]     = note: the following trait bounds were not satisfied:
[INFO] [stdout]             `<TestGenericTrait<StructNoCodec> as Deref>::Target = _`
[INFO] [stdout]             which is required by `TestGenericTrait<StructNoCodec>: Encode`
[INFO] [stdout]             `TestGenericTrait<StructNoCodec>: WrapperTypeEncode`
[INFO] [stdout]             which is required by `TestGenericTrait<StructNoCodec>: Encode`
[INFO] [stdout] note: the trait `WrapperTypeEncode` must be implemented
[INFO] [stdout]    --> /opt/rustwide/workdir/src/codec.rs:339:1
[INFO] [stdout]     |
[INFO] [stdout] 339 | pub trait WrapperTypeEncode: Deref {}
[INFO] [stdout]     | ^^^^^^^^^^^^^^^^^^^^^^^^^^^^^^^^^^
[INFO] [stdout] 
[INFO] [stdout] 
[INFO] [stdout] error[E0599]: the method `encode` exists for struct `Recursive<u32>`, but its trait bounds were not satisfied
[INFO] [stdout]    --> tests/mod.rs:458:6
[INFO] [stdout]     |
[INFO] [stdout] 452 |     struct Recursive<N> {
[INFO] [stdout]     |     -------------------
[INFO] [stdout]     |     |
[INFO] [stdout]     |     method `encode` not found for this struct
[INFO] [stdout]     |     doesn't satisfy `<_ as __Deref>::Target = _`
[INFO] [stdout]     |     doesn't satisfy `_: Encode`
[INFO] [stdout]     |     doesn't satisfy `_: WrapperTypeEncode`
[INFO] [stdout] ...
[INFO] [stdout] 458 |     val.encode();
[INFO] [stdout]     |         ^^^^^^ method cannot be called on `Recursive<u32>` due to unsatisfied trait bounds
[INFO] [stdout]     |
[INFO] [stdout]     = note: the following trait bounds were not satisfied:
[INFO] [stdout]             `<recursive_variant_1_encode_works::Recursive<u32> as Deref>::Target = _`
[INFO] [stdout]             which is required by `recursive_variant_1_encode_works::Recursive<u32>: Encode`
[INFO] [stdout]             `recursive_variant_1_encode_works::Recursive<u32>: WrapperTypeEncode`
[INFO] [stdout]             which is required by `recursive_variant_1_encode_works::Recursive<u32>: Encode`
[INFO] [stdout] note: the trait `WrapperTypeEncode` must be implemented
[INFO] [stdout]    --> /opt/rustwide/workdir/src/codec.rs:339:1
[INFO] [stdout]     |
[INFO] [stdout] 339 | pub trait WrapperTypeEncode: Deref {}
[INFO] [stdout]     | ^^^^^^^^^^^^^^^^^^^^^^^^^^^^^^^^^^
[INFO] [stdout] 
[INFO] [stdout] 
[INFO] [stdout] error[E0599]: no method named `encode` found for struct `Compact` in the current scope
[INFO] [stdout]   --> tests/single_field_struct_encoding.rs:98:18
[INFO] [stdout]    |
[INFO] [stdout] 98 |     assert_eq!(ucom.encode(), ucom_encoded);
[INFO] [stdout]    |                     ^^^^^^ method not found in `Compact<U>`
[INFO] [stdout]    |
[INFO] [stdout] help: one of the expressions' fields has a method of the same name
[INFO] [stdout]    |
[INFO] [stdout] 98 |     assert_eq!(ucom.0.0.encode(), ucom_encoded);
[INFO] [stdout]    |                     ++++
[INFO] [stdout] 
[INFO] [stdout] 
[INFO] [stdout] error[E0599]: the method `encode` exists for struct `Recursive<u32, i32, u32>`, but its trait bounds were not satisfied
[INFO] [stdout]    --> tests/mod.rs:470:6
[INFO] [stdout]     |
[INFO] [stdout] 464 |     struct Recursive<A, B, N> {
[INFO] [stdout]     |     -------------------------
[INFO] [stdout]     |     |
[INFO] [stdout]     |     method `encode` not found for this struct
[INFO] [stdout]     |     doesn't satisfy `<_ as __Deref>::Target = _`
[INFO] [stdout]     |     doesn't satisfy `_: Encode`
[INFO] [stdout]     |     doesn't satisfy `_: WrapperTypeEncode`
[INFO] [stdout] ...
[INFO] [stdout] 470 |     val.encode();
[INFO] [stdout]     |         ^^^^^^ method cannot be called on `Recursive<u32, i32, u32>` due to unsatisfied trait bounds
[INFO] [stdout]     |
[INFO] [stdout]     = note: the following trait bounds were not satisfied:
[INFO] [stdout]             `<recursive_variant_2_encode_works::Recursive<u32, i32, u32> as Deref>::Target = _`
[INFO] [stdout]             which is required by `recursive_variant_2_encode_works::Recursive<u32, i32, u32>: Encode`
[INFO] [stdout]             `recursive_variant_2_encode_works::Recursive<u32, i32, u32>: WrapperTypeEncode`
[INFO] [stdout]             which is required by `recursive_variant_2_encode_works::Recursive<u32, i32, u32>: Encode`
[INFO] [stdout] note: the trait `WrapperTypeEncode` must be implemented
[INFO] [stdout]    --> /opt/rustwide/workdir/src/codec.rs:339:1
[INFO] [stdout]     |
[INFO] [stdout] 339 | pub trait WrapperTypeEncode: Deref {}
[INFO] [stdout]     | ^^^^^^^^^^^^^^^^^^^^^^^^^^^^^^^^^^
[INFO] [stdout] 
[INFO] [stdout] 
[INFO] [stdout] error[E0599]: the method `encode` exists for struct `Ucas`, but its trait bounds were not satisfied
[INFO] [stdout]    --> tests/single_field_struct_encoding.rs:99:18
[INFO] [stdout]     |
[INFO] [stdout] 51  | struct Ucas(#[codec(compact)] U);
[INFO] [stdout]     | -----------
[INFO] [stdout]     | |
[INFO] [stdout]     | method `encode` not found for this struct
[INFO] [stdout]     | doesn't satisfy `<Ucas as Deref>::Target = _`
[INFO] [stdout]     | doesn't satisfy `Ucas: Encode`
[INFO] [stdout]     | doesn't satisfy `Ucas: WrapperTypeEncode`
[INFO] [stdout] ...
[INFO] [stdout] 99  |     assert_eq!(ucas.encode(), ucas_encoded);
[INFO] [stdout]     |                     ^^^^^^ method cannot be called on `Ucas` due to unsatisfied trait bounds
[INFO] [stdout]     |
[INFO] [stdout]     = note: the following trait bounds were not satisfied:
[INFO] [stdout]             `<Ucas as Deref>::Target = _`
[INFO] [stdout]             which is required by `Ucas: Encode`
[INFO] [stdout]             `Ucas: WrapperTypeEncode`
[INFO] [stdout]             which is required by `Ucas: Encode`
[INFO] [stdout] note: the trait `WrapperTypeEncode` must be implemented
[INFO] [stdout]    --> /opt/rustwide/workdir/src/codec.rs:339:1
[INFO] [stdout]     |
[INFO] [stdout] 339 | pub trait WrapperTypeEncode: Deref {}
[INFO] [stdout]     | ^^^^^^^^^^^^^^^^^^^^^^^^^^^^^^^^^^
[INFO] [stdout] 
[INFO] [stdout] 
[INFO] [stdout] error[E0599]: the method `encode` exists for struct `Test<u32>`, but its trait bounds were not satisfied
[INFO] [stdout]    --> tests/mod.rs:489:6
[INFO] [stdout]     |
[INFO] [stdout] 484 |     pub struct Test<N> {
[INFO] [stdout]     |     ------------------
[INFO] [stdout]     |     |
[INFO] [stdout]     |     method `encode` not found for this struct
[INFO] [stdout]     |     doesn't satisfy `<Test<u32> as Deref>::Target = _`
[INFO] [stdout]     |     doesn't satisfy `Test<u32>: Encode`
[INFO] [stdout]     |     doesn't satisfy `Test<u32>: WrapperTypeEncode`
[INFO] [stdout] ...
[INFO] [stdout] 489 |     val.encode();
[INFO] [stdout]     |         ^^^^^^ method cannot be called on `Test<u32>` due to unsatisfied trait bounds
[INFO] [stdout]     |
[INFO] [stdout]     = note: the following trait bounds were not satisfied:
[INFO] [stdout]             `<Test<u32> as Deref>::Target = _`
[INFO] [stdout]             which is required by `Test<u32>: Encode`
[INFO] [stdout]             `Test<u32>: WrapperTypeEncode`
[INFO] [stdout]             which is required by `Test<u32>: Encode`
[INFO] [stdout] note: the trait `WrapperTypeEncode` must be implemented
[INFO] [stdout]    --> /opt/rustwide/workdir/src/codec.rs:339:1
[INFO] [stdout]     |
[INFO] [stdout] 339 | pub trait WrapperTypeEncode: Deref {}
[INFO] [stdout]     | ^^^^^^^^^^^^^^^^^^^^^^^^^^^^^^^^^^
[INFO] [stdout] 
[INFO] [stdout] 
[INFO] [stdout] error[E0599]: the method `encode` exists for struct `USkipcas`, but its trait bounds were not satisfied
[INFO] [stdout]    --> tests/single_field_struct_encoding.rs:100:24
[INFO] [stdout]     |
[INFO] [stdout] 54  | struct USkipcas(#[codec(compact)] USkip);
[INFO] [stdout]     | ---------------
[INFO] [stdout]     | |
[INFO] [stdout]     | method `encode` not found for this struct
[INFO] [stdout]     | doesn't satisfy `<USkipcas as Deref>::Target = _`
[INFO] [stdout]     | doesn't satisfy `USkipcas: Encode`
[INFO] [stdout]     | doesn't satisfy `USkipcas: WrapperTypeEncode`
[INFO] [stdout] ...
[INFO] [stdout] 100 |     assert_eq!(u_skip_cas.encode(), u_skip_cas_encoded);
[INFO] [stdout]     |                           ^^^^^^ method cannot be called on `USkipcas` due to unsatisfied trait bounds
[INFO] [stdout]     |
[INFO] [stdout]     = note: the following trait bounds were not satisfied:
[INFO] [stdout]             `<USkipcas as Deref>::Target = _`
[INFO] [stdout]             which is required by `USkipcas: Encode`
[INFO] [stdout]             `USkipcas: WrapperTypeEncode`
[INFO] [stdout]             which is required by `USkipcas: Encode`
[INFO] [stdout] note: the trait `WrapperTypeEncode` must be implemented
[INFO] [stdout]    --> /opt/rustwide/workdir/src/codec.rs:339:1
[INFO] [stdout]     |
[INFO] [stdout] 339 | pub trait WrapperTypeEncode: Deref {}
[INFO] [stdout]     | ^^^^^^^^^^^^^^^^^^^^^^^^^^^^^^^^^^
[INFO] [stdout] 
[INFO] [stdout] 
[INFO] [stdout] error[E0599]: the method `encode` exists for struct `SSkipcas`, but its trait bounds were not satisfied
[INFO] [stdout]    --> tests/single_field_struct_encoding.rs:101:24
[INFO] [stdout]     |
[INFO] [stdout] 57  | struct SSkipcas(#[codec(compact)] SSkip);
[INFO] [stdout]     | ---------------
[INFO] [stdout]     | |
[INFO] [stdout]     | method `encode` not found for this struct
[INFO] [stdout]     | doesn't satisfy `<SSkipcas as Deref>::Target = _`
[INFO] [stdout]     | doesn't satisfy `SSkipcas: Encode`
[INFO] [stdout]     | doesn't satisfy `SSkipcas: WrapperTypeEncode`
[INFO] [stdout] ...
[INFO] [stdout] 101 |     assert_eq!(s_skip_cas.encode(), s_skip_cas_encoded);
[INFO] [stdout]     |                           ^^^^^^ method cannot be called on `SSkipcas` due to unsatisfied trait bounds
[INFO] [stdout]     |
[INFO] [stdout]     = note: the following trait bounds were not satisfied:
[INFO] [stdout]             `<SSkipcas as Deref>::Target = _`
[INFO] [stdout]             which is required by `SSkipcas: Encode`
[INFO] [stdout]             `SSkipcas: WrapperTypeEncode`
[INFO] [stdout]             which is required by `SSkipcas: Encode`
[INFO] [stdout] note: the trait `WrapperTypeEncode` must be implemented
[INFO] [stdout]    --> /opt/rustwide/workdir/src/codec.rs:339:1
[INFO] [stdout]     |
[INFO] [stdout] 339 | pub trait WrapperTypeEncode: Deref {}
[INFO] [stdout]     | ^^^^^^^^^^^^^^^^^^^^^^^^^^^^^^^^^^
[INFO] [stdout] 
[INFO] [stdout] 
[INFO] [stdout] error[E0599]: the method `encode` exists for struct `Uh<u32>`, but its trait bounds were not satisfied
[INFO] [stdout]    --> tests/single_field_struct_encoding.rs:102:16
[INFO] [stdout]     |
[INFO] [stdout] 60  | struct Uh<T: HasCompact>(#[codec(encoded_as = "<T as HasCompact>::Type")] T);
[INFO] [stdout]     | ------------------------
[INFO] [stdout]     | |
[INFO] [stdout]     | method `encode` not found for this struct
[INFO] [stdout]     | doesn't satisfy `<Uh<u32> as Deref>::Target = _`
[INFO] [stdout]     | doesn't satisfy `Uh<u32>: Encode`
[INFO] [stdout]     | doesn't satisfy `Uh<u32>: WrapperTypeEncode`
[INFO] [stdout] ...
[INFO] [stdout] 102 |     assert_eq!(uh.encode(), uh_encoded);
[INFO] [stdout]     |                   ^^^^^^ method cannot be called on `Uh<u32>` due to unsatisfied trait bounds
[INFO] [stdout]     |
[INFO] [stdout]     = note: the following trait bounds were not satisfied:
[INFO] [stdout]             `<Uh<u32> as Deref>::Target = _`
[INFO] [stdout]             which is required by `Uh<u32>: Encode`
[INFO] [stdout]             `Uh<u32>: WrapperTypeEncode`
[INFO] [stdout]             which is required by `Uh<u32>: Encode`
[INFO] [stdout] note: the trait `WrapperTypeEncode` must be implemented
[INFO] [stdout]    --> /opt/rustwide/workdir/src/codec.rs:339:1
[INFO] [stdout]     |
[INFO] [stdout] 339 | pub trait WrapperTypeEncode: Deref {}
[INFO] [stdout]     | ^^^^^^^^^^^^^^^^^^^^^^^^^^^^^^^^^^
[INFO] [stdout] 
[INFO] [stdout] 
[INFO] [stdout] error[E0277]: the trait bound `EmptyEnumDerive: WrapperTypeEncode` is not satisfied
[INFO] [stdout]    --> tests/mod.rs:498:24
[INFO] [stdout]     |
[INFO] [stdout] 498 |     impls_encode_decode::<EmptyEnumDerive>();
[INFO] [stdout]     |                           ^^^^^^^^^^^^^^^ the trait `WrapperTypeEncode` is not implemented for `EmptyEnumDerive`
[INFO] [stdout]     |
[INFO] [stdout]     = help: the following other types implement trait `WrapperTypeEncode`:
[INFO] [stdout]               &T
[INFO] [stdout]               &mut T
[INFO] [stdout]               Arc<T>
[INFO] [stdout]               Box<T>
[INFO] [stdout]               Cow<'a, T>
[INFO] [stdout]               Rc<T>
[INFO] [stdout]               Vec<T>
[INFO] [stdout]               parity_scale_codec::Ref<'a, T, U>
[INFO] [stdout]               std::string::String
[INFO] [stdout]     = note: required for `EmptyEnumDerive` to implement `Encode`
[INFO] [stdout] note: required by a bound in `impls_encode_decode`
[INFO] [stdout]    --> tests/mod.rs:497:28
[INFO] [stdout]     |
[INFO] [stdout] 497 |     fn impls_encode_decode<T: Encode + Decode>() {}
[INFO] [stdout]     |                               ^^^^^^ required by this bound in `impls_encode_decode`
[INFO] [stdout] 
[INFO] [stdout] 
[INFO] [stdout] error[E0599]: the function or associated item `decode` exists for struct `S`, but its trait bounds were not satisfied
[INFO] [stdout]    --> tests/single_field_struct_encoding.rs:104:19
[INFO] [stdout]     |
[INFO] [stdout] 9   | struct S {
[INFO] [stdout]     | --------
[INFO] [stdout]     | |
[INFO] [stdout]     | function or associated item `decode` not found for this struct
[INFO] [stdout]     | doesn't satisfy `<S as WrapperTypeDecode>::Wrapped = _`
[INFO] [stdout]     | doesn't satisfy `S: Decode`
[INFO] [stdout]     | doesn't satisfy `S: WrapperTypeDecode`
[INFO] [stdout] ...
[INFO] [stdout] 104 |     assert_eq!(s, S::decode(&mut s_encoded).unwrap());
[INFO] [stdout]     |                      ^^^^^^ function or associated item cannot be called on `S` due to unsatisfied trait bounds
[INFO] [stdout]     |
[INFO] [stdout]     = note: the following trait bounds were not satisfied:
[INFO] [stdout]             `<S as WrapperTypeDecode>::Wrapped = _`
[INFO] [stdout]             which is required by `S: Decode`
[INFO] [stdout]             `S: WrapperTypeDecode`
[INFO] [stdout]             which is required by `S: Decode`
[INFO] [stdout]             `<&S as WrapperTypeDecode>::Wrapped = _`
[INFO] [stdout]             which is required by `&S: Decode`
[INFO] [stdout]             `&S: WrapperTypeDecode`
[INFO] [stdout]             which is required by `&S: Decode`
[INFO] [stdout]             `<&mut S as WrapperTypeDecode>::Wrapped = _`
[INFO] [stdout]             which is required by `&mut S: Decode`
[INFO] [stdout]             `&mut S: WrapperTypeDecode`
[INFO] [stdout]             which is required by `&mut S: Decode`
[INFO] [stdout] note: the trait `WrapperTypeDecode` must be implemented
[INFO] [stdout]    --> /opt/rustwide/workdir/src/codec.rs:488:1
[INFO] [stdout]     |
[INFO] [stdout] 488 | pub trait WrapperTypeDecode: Sized {
[INFO] [stdout]     | ^^^^^^^^^^^^^^^^^^^^^^^^^^^^^^^^^^
[INFO] [stdout] 
[INFO] [stdout] 
[INFO] [stdout] error[E0277]: the trait bound `EmptyEnumDerive: WrapperTypeDecode` is not satisfied
[INFO] [stdout]    --> tests/mod.rs:498:24
[INFO] [stdout]     |
[INFO] [stdout] 498 |     impls_encode_decode::<EmptyEnumDerive>();
[INFO] [stdout]     |                           ^^^^^^^^^^^^^^^ the trait `WrapperTypeDecode` is not implemented for `EmptyEnumDerive`
[INFO] [stdout]     |
[INFO] [stdout]     = help: the following other types implement trait `WrapperTypeDecode`:
[INFO] [stdout]               Arc<T>
[INFO] [stdout]               Box<T>
[INFO] [stdout]               Rc<T>
[INFO] [stdout]     = note: required for `EmptyEnumDerive` to implement `Decode`
[INFO] [stdout] note: required by a bound in `impls_encode_decode`
[INFO] [stdout]    --> tests/mod.rs:497:37
[INFO] [stdout]     |
[INFO] [stdout] 497 |     fn impls_encode_decode<T: Encode + Decode>() {}
[INFO] [stdout]     |                                        ^^^^^^ required by this bound in `impls_encode_decode`
[INFO] [stdout] 
[INFO] [stdout] 
[INFO] [stdout] error[E0599]: the function or associated item `decode` exists for struct `SSkip`, but its trait bounds were not satisfied
[INFO] [stdout]    --> tests/single_field_struct_encoding.rs:105:28
[INFO] [stdout]     |
[INFO] [stdout] 15  | struct SSkip {
[INFO] [stdout]     | ------------
[INFO] [stdout]     | |
[INFO] [stdout]     | function or associated item `decode` not found for this struct
[INFO] [stdout]     | doesn't satisfy `<SSkip as WrapperTypeDecode>::Wrapped = _`
[INFO] [stdout]     | doesn't satisfy `SSkip: Decode`
[INFO] [stdout]     | doesn't satisfy `SSkip: WrapperTypeDecode`
[INFO] [stdout] ...
[INFO] [stdout] 105 |     assert_eq!(s_skip, SSkip::decode(&mut s_skip_encoded).unwrap());
[INFO] [stdout]     |                               ^^^^^^ function or associated item cannot be called on `SSkip` due to unsatisfied trait bounds
[INFO] [stdout]     |
[INFO] [stdout]     = note: the following trait bounds were not satisfied:
[INFO] [stdout]             `<SSkip as WrapperTypeDecode>::Wrapped = _`
[INFO] [stdout]             which is required by `SSkip: Decode`
[INFO] [stdout]             `SSkip: WrapperTypeDecode`
[INFO] [stdout]             which is required by `SSkip: Decode`
[INFO] [stdout]             `<&SSkip as WrapperTypeDecode>::Wrapped = _`
[INFO] [stdout]             which is required by `&SSkip: Decode`
[INFO] [stdout]             `&SSkip: WrapperTypeDecode`
[INFO] [stdout]             which is required by `&SSkip: Decode`
[INFO] [stdout]             `<&mut SSkip as WrapperTypeDecode>::Wrapped = _`
[INFO] [stdout]             which is required by `&mut SSkip: Decode`
[INFO] [stdout]             `&mut SSkip: WrapperTypeDecode`
[INFO] [stdout]             which is required by `&mut SSkip: Decode`
[INFO] [stdout] note: the trait `WrapperTypeDecode` must be implemented
[INFO] [stdout]    --> /opt/rustwide/workdir/src/codec.rs:488:1
[INFO] [stdout]     |
[INFO] [stdout] 488 | pub trait WrapperTypeDecode: Sized {
[INFO] [stdout]     | ^^^^^^^^^^^^^^^^^^^^^^^^^^^^^^^^^^
[INFO] [stdout] 
[INFO] [stdout] 
[INFO] [stdout] error[E0599]: the variant or associated item `decode` exists for enum `EmptyEnumDerive`, but its trait bounds were not satisfied
[INFO] [stdout]    --> tests/mod.rs:501:20
[INFO] [stdout]     |
[INFO] [stdout] 495 |     enum EmptyEnumDerive {}
[INFO] [stdout]     |     --------------------
[INFO] [stdout]     |     |
[INFO] [stdout]     |     variant or associated item `decode` not found for this enum
[INFO] [stdout]     |     doesn't satisfy `<_ as WrapperTypeDecode>::Wrapped = _`
[INFO] [stdout]     |     doesn't satisfy `EmptyEnumDerive: Decode`
[INFO] [stdout]     |     doesn't satisfy `EmptyEnumDerive: WrapperTypeDecode`
[INFO] [stdout] ...
[INFO] [stdout] 501 |         EmptyEnumDerive::decode(&mut &[1, 2, 3][..]),
[INFO] [stdout]     |                          ^^^^^^ variant or associated item cannot be called on `EmptyEnumDerive` due to unsatisfied trait bounds
[INFO] [stdout]     |
[INFO] [stdout]     = note: the following trait bounds were not satisfied:
[INFO] [stdout]             `<EmptyEnumDerive as WrapperTypeDecode>::Wrapped = _`
[INFO] [stdout]             which is required by `EmptyEnumDerive: Decode`
[INFO] [stdout]             `EmptyEnumDerive: WrapperTypeDecode`
[INFO] [stdout]             which is required by `EmptyEnumDerive: Decode`
[INFO] [stdout]             `<&EmptyEnumDerive as WrapperTypeDecode>::Wrapped = _`
[INFO] [stdout]             which is required by `&EmptyEnumDerive: Decode`
[INFO] [stdout]             `&EmptyEnumDerive: WrapperTypeDecode`
[INFO] [stdout]             which is required by `&EmptyEnumDerive: Decode`
[INFO] [stdout]             `<&mut EmptyEnumDerive as WrapperTypeDecode>::Wrapped = _`
[INFO] [stdout]             which is required by `&mut EmptyEnumDerive: Decode`
[INFO] [stdout]             `&mut EmptyEnumDerive: WrapperTypeDecode`
[INFO] [stdout]             which is required by `&mut EmptyEnumDerive: Decode`
[INFO] [stdout] note: the trait `WrapperTypeDecode` must be implemented
[INFO] [stdout]    --> /opt/rustwide/workdir/src/codec.rs:488:1
[INFO] [stdout]     |
[INFO] [stdout] 488 | pub trait WrapperTypeDecode: Sized {
[INFO] [stdout]     | ^^^^^^^^^^^^^^^^^^^^^^^^^^^^^^^^^^
[INFO] [stdout] 
[INFO] [stdout] 
[INFO] [stdout] error[E0599]: the function or associated item `decode` exists for struct `Sc`, but its trait bounds were not satisfied
[INFO] [stdout]    --> tests/single_field_struct_encoding.rs:106:21
[INFO] [stdout]     |
[INFO] [stdout] 24  | struct Sc {
[INFO] [stdout]     | ---------
[INFO] [stdout]     | |
[INFO] [stdout]     | function or associated item `decode` not found for this struct
[INFO] [stdout]     | doesn't satisfy `<Sc as WrapperTypeDecode>::Wrapped = _`
[INFO] [stdout]     | doesn't satisfy `Sc: Decode`
[INFO] [stdout]     | doesn't satisfy `Sc: WrapperTypeDecode`
[INFO] [stdout] ...
[INFO] [stdout] 106 |     assert_eq!(sc, Sc::decode(&mut sc_encoded).unwrap());
[INFO] [stdout]     |                        ^^^^^^ function or associated item cannot be called on `Sc` due to unsatisfied trait bounds
[INFO] [stdout]     |
[INFO] [stdout]     = note: the following trait bounds were not satisfied:
[INFO] [stdout]             `<Sc as WrapperTypeDecode>::Wrapped = _`
[INFO] [stdout]             which is required by `Sc: Decode`
[INFO] [stdout]             `Sc: WrapperTypeDecode`
[INFO] [stdout]             which is required by `Sc: Decode`
[INFO] [stdout]             `<&Sc as WrapperTypeDecode>::Wrapped = _`
[INFO] [stdout]             which is required by `&Sc: Decode`
[INFO] [stdout]             `&Sc: WrapperTypeDecode`
[INFO] [stdout]             which is required by `&Sc: Decode`
[INFO] [stdout]             `<&mut Sc as WrapperTypeDecode>::Wrapped = _`
[INFO] [stdout]             which is required by `&mut Sc: Decode`
[INFO] [stdout]             `&mut Sc: WrapperTypeDecode`
[INFO] [stdout]             which is required by `&mut Sc: Decode`
[INFO] [stdout] note: the trait `WrapperTypeDecode` must be implemented
[INFO] [stdout]    --> /opt/rustwide/workdir/src/codec.rs:488:1
[INFO] [stdout]     |
[INFO] [stdout] 488 | pub trait WrapperTypeDecode: Sized {
[INFO] [stdout]     | ^^^^^^^^^^^^^^^^^^^^^^^^^^^^^^^^^^
[INFO] [stdout] 
[INFO] [stdout] 
[INFO] [stdout] error[E0599]: the function or associated item `decode` exists for struct `Sh<_>`, but its trait bounds were not satisfied
[INFO] [stdout]    --> tests/single_field_struct_encoding.rs:107:21
[INFO] [stdout]     |
[INFO] [stdout] 30  | struct Sh<T: HasCompact> {
[INFO] [stdout]     | ------------------------
[INFO] [stdout]     | |
[INFO] [stdout]     | function or associated item `decode` not found for this struct
[INFO] [stdout]     | doesn't satisfy `<Sh<_> as WrapperTypeDecode>::Wrapped = _`
[INFO] [stdout]     | doesn't satisfy `Sh<_>: Decode`
[INFO] [stdout]     | doesn't satisfy `Sh<_>: WrapperTypeDecode`
[INFO] [stdout] ...
[INFO] [stdout] 107 |     assert_eq!(sh, Sh::decode(&mut sh_encoded).unwrap());
[INFO] [stdout]     |                        ^^^^^^ function or associated item cannot be called on `Sh<_>` due to unsatisfied trait bounds
[INFO] [stdout]     |
[INFO] [stdout]     = note: the following trait bounds were not satisfied:
[INFO] [stdout]             `<Sh<_> as WrapperTypeDecode>::Wrapped = _`
[INFO] [stdout]             which is required by `Sh<_>: Decode`
[INFO] [stdout]             `Sh<_>: WrapperTypeDecode`
[INFO] [stdout]             which is required by `Sh<_>: Decode`
[INFO] [stdout]             `<&Sh<_> as WrapperTypeDecode>::Wrapped = _`
[INFO] [stdout]             which is required by `&Sh<_>: Decode`
[INFO] [stdout]             `&Sh<_>: WrapperTypeDecode`
[INFO] [stdout]             which is required by `&Sh<_>: Decode`
[INFO] [stdout]             `<&mut Sh<_> as WrapperTypeDecode>::Wrapped = _`
[INFO] [stdout]             which is required by `&mut Sh<_>: Decode`
[INFO] [stdout]             `&mut Sh<_>: WrapperTypeDecode`
[INFO] [stdout]             which is required by `&mut Sh<_>: Decode`
[INFO] [stdout] note: the trait `WrapperTypeDecode` must be implemented
[INFO] [stdout]    --> /opt/rustwide/workdir/src/codec.rs:488:1
[INFO] [stdout]     |
[INFO] [stdout] 488 | pub trait WrapperTypeDecode: Sized {
[INFO] [stdout]     | ^^^^^^^^^^^^^^^^^^^^^^^^^^^^^^^^^^
[INFO] [stdout] 
[INFO] [stdout] 
[INFO] [stdout] error[E0599]: the function or associated item `decode` exists for struct `U`, but its trait bounds were not satisfied
[INFO] [stdout]    --> tests/single_field_struct_encoding.rs:108:19
[INFO] [stdout]     |
[INFO] [stdout] 37  | struct U(u32);
[INFO] [stdout]     | --------
[INFO] [stdout]     | |
[INFO] [stdout]     | function or associated item `decode` not found for this struct
[INFO] [stdout]     | doesn't satisfy `<U as WrapperTypeDecode>::Wrapped = _`
[INFO] [stdout]     | doesn't satisfy `U: Decode`
[INFO] [stdout]     | doesn't satisfy `U: WrapperTypeDecode`
[INFO] [stdout] ...
[INFO] [stdout] 108 |     assert_eq!(u, U::decode(&mut u_encoded).unwrap());
[INFO] [stdout]     |                      ^^^^^^ function or associated item cannot be called on `U` due to unsatisfied trait bounds
[INFO] [stdout]     |
[INFO] [stdout]     = note: the following trait bounds were not satisfied:
[INFO] [stdout]             `<U as WrapperTypeDecode>::Wrapped = _`
[INFO] [stdout]             which is required by `U: Decode`
[INFO] [stdout]             `U: WrapperTypeDecode`
[INFO] [stdout]             which is required by `U: Decode`
[INFO] [stdout]             `<&U as WrapperTypeDecode>::Wrapped = _`
[INFO] [stdout]             which is required by `&U: Decode`
[INFO] [stdout]             `&U: WrapperTypeDecode`
[INFO] [stdout]             which is required by `&U: Decode`
[INFO] [stdout]             `<&mut U as WrapperTypeDecode>::Wrapped = _`
[INFO] [stdout]             which is required by `&mut U: Decode`
[INFO] [stdout]             `&mut U: WrapperTypeDecode`
[INFO] [stdout]             which is required by `&mut U: Decode`
[INFO] [stdout] note: the trait `WrapperTypeDecode` must be implemented
[INFO] [stdout]    --> /opt/rustwide/workdir/src/codec.rs:488:1
[INFO] [stdout]     |
[INFO] [stdout] 488 | pub trait WrapperTypeDecode: Sized {
[INFO] [stdout]     | ^^^^^^^^^^^^^^^^^^^^^^^^^^^^^^^^^^
[INFO] [stdout] 
[INFO] [stdout] 
[INFO] [stdout] error[E0599]: the method `encode` exists for struct `Something<NotEncode, u32>`, but its trait bounds were not satisfied
[INFO] [stdout]    --> tests/mod.rs:600:5
[INFO] [stdout]     |
[INFO] [stdout] 583 |       struct Something<T, N> {
[INFO] [stdout]     |       ----------------------
[INFO] [stdout]     |       |
[INFO] [stdout]     |       method `encode` not found for this struct
[INFO] [stdout]     |       doesn't satisfy `<Something<NotEncode, u32> as Deref>::Target = _`
[INFO] [stdout]     |       doesn't satisfy `Something<NotEncode, u32>: Encode`
[INFO] [stdout]     |       doesn't satisfy `Something<NotEncode, u32>: WrapperTypeEncode`
[INFO] [stdout] ...
[INFO] [stdout] 599 | /         Something::<NotEncode, u32> { hello: Hello { _phantom: Default::default() }, val: 32u32 }
[INFO] [stdout] 600 | |             .encode();
[INFO] [stdout]     | |             -^^^^^^ method cannot be called on `Something<NotEncode, u32>` due to unsatisfied trait bounds
[INFO] [stdout]     | |_____________|
[INFO] [stdout]     | 
[INFO] [stdout]     |
[INFO] [stdout]     = note: the following trait bounds were not satisfied:
[INFO] [stdout]             `<Something<NotEncode, u32> as Deref>::Target = _`
[INFO] [stdout]             which is required by `Something<NotEncode, u32>: Encode`
[INFO] [stdout]             `Something<NotEncode, u32>: WrapperTypeEncode`
[INFO] [stdout]             which is required by `Something<NotEncode, u32>: Encode`
[INFO] [stdout] note: the trait `WrapperTypeEncode` must be implemented
[INFO] [stdout]    --> /opt/rustwide/workdir/src/codec.rs:339:1
[INFO] [stdout]     |
[INFO] [stdout] 339 | pub trait WrapperTypeEncode: Deref {}
[INFO] [stdout]     | ^^^^^^^^^^^^^^^^^^^^^^^^^^^^^^^^^^
[INFO] [stdout] 
[INFO] [stdout] 
[INFO] [stdout] error[E0599]: the function or associated item `decode` exists for struct `Something<NotEncode, u32>`, but its trait bounds were not satisfied
[INFO] [stdout]    --> tests/mod.rs:602:31
[INFO] [stdout]     |
[INFO] [stdout] 583 |     struct Something<T, N> {
[INFO] [stdout]     |     ----------------------
[INFO] [stdout]     |     |
[INFO] [stdout]     |     function or associated item `decode` not found for this struct
[INFO] [stdout]     |     doesn't satisfy `<_ as WrapperTypeDecode>::Wrapped = _`
[INFO] [stdout]     |     doesn't satisfy `Something<NotEncode, u32>: Decode`
[INFO] [stdout]     |     doesn't satisfy `Something<NotEncode, u32>: WrapperTypeDecode`
[INFO] [stdout] ...
[INFO] [stdout] 602 |     Something::<NotEncode, u32>::decode(&mut &encoded[..]).unwrap();
[INFO] [stdout]     |                                  ^^^^^^ function or associated item cannot be called on `Something<NotEncode, u32>` due to unsatisfied trait bounds
[INFO] [stdout]     |
[INFO] [stdout]     = note: the following trait bounds were not satisfied:
[INFO] [stdout]             `<Something<NotEncode, u32> as WrapperTypeDecode>::Wrapped = _`
[INFO] [stdout]             which is required by `Something<NotEncode, u32>: Decode`
[INFO] [stdout]             `Something<NotEncode, u32>: WrapperTypeDecode`
[INFO] [stdout]             which is required by `Something<NotEncode, u32>: Decode`
[INFO] [stdout]             `<&Something<NotEncode, u32> as WrapperTypeDecode>::Wrapped = _`
[INFO] [stdout]             which is required by `&Something<NotEncode, u32>: Decode`
[INFO] [stdout]             `&Something<NotEncode, u32>: WrapperTypeDecode`
[INFO] [stdout]             which is required by `&Something<NotEncode, u32>: Decode`
[INFO] [stdout]             `<&mut Something<NotEncode, u32> as WrapperTypeDecode>::Wrapped = _`
[INFO] [stdout]             which is required by `&mut Something<NotEncode, u32>: Decode`
[INFO] [stdout]             `&mut Something<NotEncode, u32>: WrapperTypeDecode`
[INFO] [stdout]             which is required by `&mut Something<NotEncode, u32>: Decode`
[INFO] [stdout] note: the trait `WrapperTypeDecode` must be implemented
[INFO] [stdout]    --> /opt/rustwide/workdir/src/codec.rs:488:1
[INFO] [stdout]     |
[INFO] [stdout] 488 | pub trait WrapperTypeDecode: Sized {
[INFO] [stdout]     | ^^^^^^^^^^^^^^^^^^^^^^^^^^^^^^^^^^
[INFO] [stdout] 
[INFO] [stdout] 
[INFO] [stdout] error[E0599]: the function or associated item `decode` exists for struct `USkip`, but its trait bounds were not satisfied
[INFO] [stdout]    --> tests/single_field_struct_encoding.rs:109:28
[INFO] [stdout]     |
[INFO] [stdout] 45  | struct USkip(#[codec(skip)] u32, u32, #[codec(skip)] u32);
[INFO] [stdout]     | ------------
[INFO] [stdout]     | |
[INFO] [stdout]     | function or associated item `decode` not found for this struct
[INFO] [stdout]     | doesn't satisfy `<USkip as WrapperTypeDecode>::Wrapped = _`
[INFO] [stdout]     | doesn't satisfy `USkip: Decode`
[INFO] [stdout]     | doesn't satisfy `USkip: WrapperTypeDecode`
[INFO] [stdout] ...
[INFO] [stdout] 109 |     assert_eq!(u_skip, USkip::decode(&mut u_skip_encoded).unwrap());
[INFO] [stdout]     |                               ^^^^^^ function or associated item cannot be called on `USkip` due to unsatisfied trait bounds
[INFO] [stdout]     |
[INFO] [stdout]     = note: the following trait bounds were not satisfied:
[INFO] [stdout]             `<USkip as WrapperTypeDecode>::Wrapped = _`
[INFO] [stdout]             which is required by `USkip: Decode`
[INFO] [stdout]             `USkip: WrapperTypeDecode`
[INFO] [stdout]             which is required by `USkip: Decode`
[INFO] [stdout]             `<&USkip as WrapperTypeDecode>::Wrapped = _`
[INFO] [stdout]             which is required by `&USkip: Decode`
[INFO] [stdout]             `&USkip: WrapperTypeDecode`
[INFO] [stdout]             which is required by `&USkip: Decode`
[INFO] [stdout]             `<&mut USkip as WrapperTypeDecode>::Wrapped = _`
[INFO] [stdout]             which is required by `&mut USkip: Decode`
[INFO] [stdout]             `&mut USkip: WrapperTypeDecode`
[INFO] [stdout]             which is required by `&mut USkip: Decode`
[INFO] [stdout] note: the trait `WrapperTypeDecode` must be implemented
[INFO] [stdout]    --> /opt/rustwide/workdir/src/codec.rs:488:1
[INFO] [stdout]     |
[INFO] [stdout] 488 | pub trait WrapperTypeDecode: Sized {
[INFO] [stdout]     | ^^^^^^^^^^^^^^^^^^^^^^^^^^^^^^^^^^
[INFO] [stdout] 
[INFO] [stdout] 
[INFO] [stdout] error[E0599]: the function or associated item `decode` exists for struct `Uc`, but its trait bounds were not satisfied
[INFO] [stdout]    --> tests/single_field_struct_encoding.rs:110:21
[INFO] [stdout]     |
[INFO] [stdout] 48  | struct Uc(#[codec(compact)] u32);
[INFO] [stdout]     | ---------
[INFO] [stdout]     | |
[INFO] [stdout]     | function or associated item `decode` not found for this struct
[INFO] [stdout]     | doesn't satisfy `<Uc as WrapperTypeDecode>::Wrapped = _`
[INFO] [stdout]     | doesn't satisfy `Uc: Decode`
[INFO] [stdout]     | doesn't satisfy `Uc: WrapperTypeDecode`
[INFO] [stdout] ...
[INFO] [stdout] 110 |     assert_eq!(uc, Uc::decode(&mut uc_encoded).unwrap());
[INFO] [stdout]     |                        ^^^^^^ function or associated item cannot be called on `Uc` due to unsatisfied trait bounds
[INFO] [stdout]     |
[INFO] [stdout]     = note: the following trait bounds were not satisfied:
[INFO] [stdout]             `<Uc as WrapperTypeDecode>::Wrapped = _`
[INFO] [stdout]             which is required by `Uc: Decode`
[INFO] [stdout]             `Uc: WrapperTypeDecode`
[INFO] [stdout]             which is required by `Uc: Decode`
[INFO] [stdout]             `<&Uc as WrapperTypeDecode>::Wrapped = _`
[INFO] [stdout]             which is required by `&Uc: Decode`
[INFO] [stdout]             `&Uc: WrapperTypeDecode`
[INFO] [stdout]             which is required by `&Uc: Decode`
[INFO] [stdout]             `<&mut Uc as WrapperTypeDecode>::Wrapped = _`
[INFO] [stdout]             which is required by `&mut Uc: Decode`
[INFO] [stdout]             `&mut Uc: WrapperTypeDecode`
[INFO] [stdout]             which is required by `&mut Uc: Decode`
[INFO] [stdout] note: the trait `WrapperTypeDecode` must be implemented
[INFO] [stdout]    --> /opt/rustwide/workdir/src/codec.rs:488:1
[INFO] [stdout]     |
[INFO] [stdout] 488 | pub trait WrapperTypeDecode: Sized {
[INFO] [stdout]     | ^^^^^^^^^^^^^^^^^^^^^^^^^^^^^^^^^^
[INFO] [stdout] 
[INFO] [stdout] 
[INFO] [stdout] error: aborting due to 120 previous errors
[INFO] [stdout] 
[INFO] [stdout] 
[INFO] [stdout] Some errors have detailed explanations: E0277, E0432, E0599.
[INFO] [stdout] 
[INFO] [stdout] For more information about an error, try `rustc --explain E0277`.
[INFO] [stdout] 
[INFO] [stdout] error[E0599]: the function or associated item `decode` exists for struct `Compact<U>`, but its trait bounds were not satisfied
[INFO] [stdout]    --> tests/single_field_struct_encoding.rs:111:35
[INFO] [stdout]     |
[INFO] [stdout] 111 |     assert_eq!(ucom, <Compact::<U>>::decode(&mut ucom_encoded).unwrap());
[INFO] [stdout]     |                                      ^^^^^^ function or associated item cannot be called on `Compact<U>` due to unsatisfied trait bounds
[INFO] [stdout]     |
[INFO] [stdout]     = note: the following trait bounds were not satisfied:
[INFO] [stdout]             `<&Compact<U> as WrapperTypeDecode>::Wrapped = _`
[INFO] [stdout]             which is required by `&Compact<U>: Decode`
[INFO] [stdout]             `&Compact<U>: WrapperTypeDecode`
[INFO] [stdout]             which is required by `&Compact<U>: Decode`
[INFO] [stdout]             `<&mut Compact<U> as WrapperTypeDecode>::Wrapped = _`
[INFO] [stdout]             which is required by `&mut Compact<U>: Decode`
[INFO] [stdout]             `&mut Compact<U>: WrapperTypeDecode`
[INFO] [stdout]             which is required by `&mut Compact<U>: Decode`
[INFO] [stdout] 
[INFO] [stdout] 
[INFO] [stdout] error[E0599]: the function or associated item `decode` exists for struct `Ucas`, but its trait bounds were not satisfied
[INFO] [stdout]    --> tests/single_field_struct_encoding.rs:112:25
[INFO] [stdout]     |
[INFO] [stdout] 51  | struct Ucas(#[codec(compact)] U);
[INFO] [stdout]     | -----------
[INFO] [stdout]     | |
[INFO] [stdout]     | function or associated item `decode` not found for this struct
[INFO] [stdout]     | doesn't satisfy `<Ucas as WrapperTypeDecode>::Wrapped = _`
[INFO] [stdout]     | doesn't satisfy `Ucas: Decode`
[INFO] [stdout]     | doesn't satisfy `Ucas: WrapperTypeDecode`
[INFO] [stdout] ...
[INFO] [stdout] 112 |     assert_eq!(ucas, Ucas::decode(&mut ucas_encoded).unwrap());
[INFO] [stdout]     |                            ^^^^^^ function or associated item cannot be called on `Ucas` due to unsatisfied trait bounds
[INFO] [stdout]     |
[INFO] [stdout]     = note: the following trait bounds were not satisfied:
[INFO] [stdout]             `<Ucas as WrapperTypeDecode>::Wrapped = _`
[INFO] [stdout]             which is required by `Ucas: Decode`
[INFO] [stdout]             `Ucas: WrapperTypeDecode`
[INFO] [stdout]             which is required by `Ucas: Decode`
[INFO] [stdout]             `<&Ucas as WrapperTypeDecode>::Wrapped = _`
[INFO] [stdout]             which is required by `&Ucas: Decode`
[INFO] [stdout]             `&Ucas: WrapperTypeDecode`
[INFO] [stdout]             which is required by `&Ucas: Decode`
[INFO] [stdout]             `<&mut Ucas as WrapperTypeDecode>::Wrapped = _`
[INFO] [stdout]             which is required by `&mut Ucas: Decode`
[INFO] [stdout]             `&mut Ucas: WrapperTypeDecode`
[INFO] [stdout]             which is required by `&mut Ucas: Decode`
[INFO] [stdout] note: the trait `WrapperTypeDecode` must be implemented
[INFO] [stdout]    --> /opt/rustwide/workdir/src/codec.rs:488:1
[INFO] [stdout]     |
[INFO] [stdout] 488 | pub trait WrapperTypeDecode: Sized {
[INFO] [stdout]     | ^^^^^^^^^^^^^^^^^^^^^^^^^^^^^^^^^^
[INFO] [stdout] 
[INFO] [stdout] 
[INFO] [stdout] error[E0599]: the function or associated item `decode` exists for struct `USkipcas`, but its trait bounds were not satisfied
[INFO] [stdout]    --> tests/single_field_struct_encoding.rs:113:35
[INFO] [stdout]     |
[INFO] [stdout] 54  | struct USkipcas(#[codec(compact)] USkip);
[INFO] [stdout]     | ---------------
[INFO] [stdout]     | |
[INFO] [stdout]     | function or associated item `decode` not found for this struct
[INFO] [stdout]     | doesn't satisfy `<USkipcas as WrapperTypeDecode>::Wrapped = _`
[INFO] [stdout]     | doesn't satisfy `USkipcas: Decode`
[INFO] [stdout]     | doesn't satisfy `USkipcas: WrapperTypeDecode`
[INFO] [stdout] ...
[INFO] [stdout] 113 |     assert_eq!(u_skip_cas, USkipcas::decode(&mut u_skip_cas_encoded).unwrap());
[INFO] [stdout]     |                                      ^^^^^^ function or associated item cannot be called on `USkipcas` due to unsatisfied trait bounds
[INFO] [stdout]     |
[INFO] [stdout]     = note: the following trait bounds were not satisfied:
[INFO] [stdout]             `<USkipcas as WrapperTypeDecode>::Wrapped = _`
[INFO] [stdout]             which is required by `USkipcas: Decode`
[INFO] [stdout]             `USkipcas: WrapperTypeDecode`
[INFO] [stdout]             which is required by `USkipcas: Decode`
[INFO] [stdout]             `<&USkipcas as WrapperTypeDecode>::Wrapped = _`
[INFO] [stdout]             which is required by `&USkipcas: Decode`
[INFO] [stdout]             `&USkipcas: WrapperTypeDecode`
[INFO] [stdout]             which is required by `&USkipcas: Decode`
[INFO] [stdout]             `<&mut USkipcas as WrapperTypeDecode>::Wrapped = _`
[INFO] [stdout]             which is required by `&mut USkipcas: Decode`
[INFO] [stdout]             `&mut USkipcas: WrapperTypeDecode`
[INFO] [stdout]             which is required by `&mut USkipcas: Decode`
[INFO] [stdout] note: the trait `WrapperTypeDecode` must be implemented
[INFO] [stdout]    --> /opt/rustwide/workdir/src/codec.rs:488:1
[INFO] [stdout]     |
[INFO] [stdout] 488 | pub trait WrapperTypeDecode: Sized {
[INFO] [stdout]     | ^^^^^^^^^^^^^^^^^^^^^^^^^^^^^^^^^^
[INFO] [stdout] 
[INFO] [stdout] 
[INFO] [stderr] error: could not compile `parity-scale-codec` due to 121 previous errors
[INFO] [stdout] error[E0599]: the function or associated item `decode` exists for struct `SSkipcas`, but its trait bounds were not satisfied
[INFO] [stdout]    --> tests/single_field_struct_encoding.rs:114:35
[INFO] [stdout]     |
[INFO] [stdout] 57  | struct SSkipcas(#[codec(compact)] SSkip);
[INFO] [stdout]     | ---------------
[INFO] [stdout]     | |
[INFO] [stdout]     | function or associated item `decode` not found for this struct
[INFO] [stdout]     | doesn't satisfy `<SSkipcas as WrapperTypeDecode>::Wrapped = _`
[INFO] [stdout]     | doesn't satisfy `SSkipcas: Decode`
[INFO] [stdout]     | doesn't satisfy `SSkipcas: WrapperTypeDecode`
[INFO] [stdout] ...
[INFO] [stdout] 114 |     assert_eq!(s_skip_cas, SSkipcas::decode(&mut s_skip_cas_encoded).unwrap());
[INFO] [stdout]     |                                      ^^^^^^ function or associated item cannot be called on `SSkipcas` due to unsatisfied trait bounds
[INFO] [stdout]     |
[INFO] [stdout]     = note: the following trait bounds were not satisfied:
[INFO] [stdout]             `<SSkipcas as WrapperTypeDecode>::Wrapped = _`
[INFO] [stdout]             which is required by `SSkipcas: Decode`
[INFO] [stdout]             `SSkipcas: WrapperTypeDecode`
[INFO] [stdout]             which is required by `SSkipcas: Decode`
[INFO] [stdout]             `<&SSkipcas as WrapperTypeDecode>::Wrapped = _`
[INFO] [stdout]             which is required by `&SSkipcas: Decode`
[INFO] [stdout]             `&SSkipcas: WrapperTypeDecode`
[INFO] [stdout]             which is required by `&SSkipcas: Decode`
[INFO] [stdout]             `<&mut SSkipcas as WrapperTypeDecode>::Wrapped = _`
[INFO] [stdout]             which is required by `&mut SSkipcas: Decode`
[INFO] [stdout]             `&mut SSkipcas: WrapperTypeDecode`
[INFO] [stdout]             which is required by `&mut SSkipcas: Decode`
[INFO] [stdout] note: the trait `WrapperTypeDecode` must be implemented
[INFO] [stdout]    --> /opt/rustwide/workdir/src/codec.rs:488:1
[INFO] [stdout]     |
[INFO] [stdout] 488 | pub trait WrapperTypeDecode: Sized {
[INFO] [stdout]     | ^^^^^^^^^^^^^^^^^^^^^^^^^^^^^^^^^^
[INFO] [stdout] 
[INFO] [stdout] 
[INFO] [stdout] error[E0599]: the function or associated item `decode` exists for struct `Uh<_>`, but its trait bounds were not satisfied
[INFO] [stdout]    --> tests/single_field_struct_encoding.rs:115:21
[INFO] [stdout]     |
[INFO] [stdout] 60  | struct Uh<T: HasCompact>(#[codec(encoded_as = "<T as HasCompact>::Type")] T);
[INFO] [stdout]     | ------------------------
[INFO] [stdout]     | |
[INFO] [stdout]     | function or associated item `decode` not found for this struct
[INFO] [stdout]     | doesn't satisfy `<Uh<_> as WrapperTypeDecode>::Wrapped = _`
[INFO] [stdout]     | doesn't satisfy `Uh<_>: Decode`
[INFO] [stdout]     | doesn't satisfy `Uh<_>: WrapperTypeDecode`
[INFO] [stdout] ...
[INFO] [stdout] 115 |     assert_eq!(uh, Uh::decode(&mut uh_encoded).unwrap());
[INFO] [stdout]     |                        ^^^^^^ function or associated item cannot be called on `Uh<_>` due to unsatisfied trait bounds
[INFO] [stdout]     |
[INFO] [stdout]     = note: the following trait bounds were not satisfied:
[INFO] [stdout]             `<Uh<_> as WrapperTypeDecode>::Wrapped = _`
[INFO] [stdout]             which is required by `Uh<_>: Decode`
[INFO] [stdout]             `Uh<_>: WrapperTypeDecode`
[INFO] [stdout]             which is required by `Uh<_>: Decode`
[INFO] [stdout]             `<&Uh<_> as WrapperTypeDecode>::Wrapped = _`
[INFO] [stdout]             which is required by `&Uh<_>: Decode`
[INFO] [stdout]             `&Uh<_>: WrapperTypeDecode`
[INFO] [stdout]             which is required by `&Uh<_>: Decode`
[INFO] [stdout]             `<&mut Uh<_> as WrapperTypeDecode>::Wrapped = _`
[INFO] [stdout]             which is required by `&mut Uh<_>: Decode`
[INFO] [stdout]             `&mut Uh<_>: WrapperTypeDecode`
[INFO] [stdout]             which is required by `&mut Uh<_>: Decode`
[INFO] [stdout] note: the trait `WrapperTypeDecode` must be implemented
[INFO] [stdout]    --> /opt/rustwide/workdir/src/codec.rs:488:1
[INFO] [stdout]     |
[INFO] [stdout] 488 | pub trait WrapperTypeDecode: Sized {
[INFO] [stdout]     | ^^^^^^^^^^^^^^^^^^^^^^^^^^^^^^^^^^
[INFO] [stdout] 
[INFO] [stdout] 
[INFO] [stdout] warning: unused import: `Encode`
[INFO] [stdout]  --> tests/single_field_struct_encoding.rs:5:43
[INFO] [stdout]   |
[INFO] [stdout] 5 | use parity_scale_codec::{Compact, Decode, Encode, HasCompact};
[INFO] [stdout]   |                                           ^^^^^^
[INFO] [stdout]   |
[INFO] [stdout]   = note: `#[warn(unused_imports)]` on by default
[INFO] [stdout] 
[INFO] [stdout] 
[INFO] [stdout] warning: unused import: `Decode`
[INFO] [stdout]  --> tests/single_field_struct_encoding.rs:5:35
[INFO] [stdout]   |
[INFO] [stdout] 5 | use parity_scale_codec::{Compact, Decode, Encode, HasCompact};
[INFO] [stdout]   |                                   ^^^^^^
[INFO] [stdout] 
[INFO] [stdout] 
[INFO] [stdout] error: aborting due to 64 previous errors; 2 warnings emitted
[INFO] [stdout] 
[INFO] [stdout] 
[INFO] [stdout] Some errors have detailed explanations: E0432, E0599.
[INFO] [stdout] 
[INFO] [stdout] For more information about an error, try `rustc --explain E0432`.
[INFO] [stdout] 
[INFO] [stderr] error: could not compile `parity-scale-codec` due to 65 previous errors; 2 warnings emitted
[INFO] running `Command { std: "docker" "inspect" "43c8617be171b5c8dbf68d6ae26250a7634d5539345927a9d6e7b2ae64591b6d", kill_on_drop: false }`
[INFO] running `Command { std: "docker" "rm" "-f" "43c8617be171b5c8dbf68d6ae26250a7634d5539345927a9d6e7b2ae64591b6d", kill_on_drop: false }`
[INFO] [stdout] 43c8617be171b5c8dbf68d6ae26250a7634d5539345927a9d6e7b2ae64591b6d
