[INFO] fetching crate panduck-html 0.1.1...
[INFO] testing panduck-html-0.1.1 against 1.69.0 for beta-1.70-1
[INFO] extracting crate panduck-html 0.1.1 into /workspace/builds/worker-0-tc1/source
[INFO] validating manifest of crates.io crate panduck-html 0.1.1 on toolchain 1.69.0
[INFO] running `Command { std: CARGO_HOME="/workspace/cargo-home" RUSTUP_HOME="/workspace/rustup-home" "/workspace/cargo-home/bin/cargo" "+1.69.0" "metadata" "--manifest-path" "Cargo.toml" "--no-deps", kill_on_drop: false }`
[INFO] started tweaking crates.io crate panduck-html 0.1.1
[INFO] finished tweaking crates.io crate panduck-html 0.1.1
[INFO] tweaked toml for crates.io crate panduck-html 0.1.1 written to /workspace/builds/worker-0-tc1/source/Cargo.toml
[INFO] running `Command { std: CARGO_HOME="/workspace/cargo-home" RUSTUP_HOME="/workspace/rustup-home" __CARGO_TEST_CHANNEL_OVERRIDE_DO_NOT_USE_THIS="nightly" "/workspace/cargo-home/bin/cargo" "+1.69.0" "generate-lockfile" "--manifest-path" "Cargo.toml" "-Zno-index-update", kill_on_drop: false }`
[INFO] running `Command { std: CARGO_HOME="/workspace/cargo-home" RUSTUP_HOME="/workspace/rustup-home" "/workspace/cargo-home/bin/cargo" "+1.69.0" "fetch" "--manifest-path" "Cargo.toml", kill_on_drop: false }`
[INFO] [stderr]  Downloading crates ...
[INFO] [stderr]   Downloaded slugify v0.1.0
[INFO] [stderr]   Downloaded notedown-error v1.1.10
[INFO] [stderr]   Downloaded pandoc_ast v0.8.4
[INFO] [stderr]   Downloaded text-utils v0.4.3
[INFO] [stderr]   Downloaded ducc v0.1.5
[INFO] [stderr]   Downloaded notedown_ast v0.16.3
[INFO] [stderr]   Downloaded ariadne v0.1.5
[INFO] [stderr]   Downloaded entities v1.0.1
[INFO] [stderr]   Downloaded css-color-parser v0.1.2
[INFO] [stderr]   Downloaded onig v6.4.0
[INFO] [stderr]   Downloaded notedown-rt v0.3.2
[INFO] [stderr]   Downloaded str_indices v0.4.1
[INFO] [stderr]   Downloaded yggdrasil-shared v0.2.2
[INFO] [stderr]   Downloaded panduck-core v0.1.4
[INFO] [stderr]   Downloaded html_parser v0.6.3
[INFO] [stderr]   Downloaded comrak v0.14.0
[INFO] [stderr]   Downloaded unidecode v0.3.0
[INFO] [stderr]   Downloaded katex v0.4.6
[INFO] [stderr]   Downloaded emojic v0.4.1
[INFO] [stderr]   Downloaded ducc-sys v0.1.2
[INFO] [stderr]   Downloaded syntect v4.6.0
[INFO] [stderr]   Downloaded notedown_ast v0.14.14
[INFO] running `Command { std: "docker" "create" "-v" "/var/lib/crater-agent-workspace/builds/worker-0-tc1/target:/opt/rustwide/target:rw,Z" "-v" "/var/lib/crater-agent-workspace/builds/worker-0-tc1/source:/opt/rustwide/workdir:ro,Z" "-v" "/var/lib/crater-agent-workspace/cargo-home:/opt/rustwide/cargo-home:ro,Z" "-v" "/var/lib/crater-agent-workspace/rustup-home:/opt/rustwide/rustup-home:ro,Z" "-e" "SOURCE_DIR=/opt/rustwide/workdir" "-e" "CARGO_TARGET_DIR=/opt/rustwide/target" "-e" "CARGO_HOME=/opt/rustwide/cargo-home" "-e" "RUSTUP_HOME=/opt/rustwide/rustup-home" "-w" "/opt/rustwide/workdir" "-m" "1610612736" "--user" "0:0" "--network" "none" "ghcr.io/rust-lang/crates-build-env/linux@sha256:5ff2268d62e97bff2cde7d5815dd6ed5b47097566f13b8d0ca110b04b60e07ed" "/opt/rustwide/cargo-home/bin/cargo" "+1.69.0" "metadata" "--no-deps" "--format-version=1", kill_on_drop: false }`
[INFO] [stdout] b37099a58d42b8d70396122bca89a90efea46ed02652fa816884fb7348bcb93e
[INFO] running `Command { std: "docker" "start" "-a" "b37099a58d42b8d70396122bca89a90efea46ed02652fa816884fb7348bcb93e", kill_on_drop: false }`
[INFO] running `Command { std: "docker" "inspect" "b37099a58d42b8d70396122bca89a90efea46ed02652fa816884fb7348bcb93e", kill_on_drop: false }`
[INFO] running `Command { std: "docker" "rm" "-f" "b37099a58d42b8d70396122bca89a90efea46ed02652fa816884fb7348bcb93e", kill_on_drop: false }`
[INFO] [stdout] b37099a58d42b8d70396122bca89a90efea46ed02652fa816884fb7348bcb93e
[INFO] running `Command { std: "docker" "create" "-v" "/var/lib/crater-agent-workspace/builds/worker-0-tc1/target:/opt/rustwide/target:rw,Z" "-v" "/var/lib/crater-agent-workspace/builds/worker-0-tc1/source:/opt/rustwide/workdir:ro,Z" "-v" "/var/lib/crater-agent-workspace/cargo-home:/opt/rustwide/cargo-home:ro,Z" "-v" "/var/lib/crater-agent-workspace/rustup-home:/opt/rustwide/rustup-home:ro,Z" "-e" "SOURCE_DIR=/opt/rustwide/workdir" "-e" "CARGO_TARGET_DIR=/opt/rustwide/target" "-e" "CARGO_INCREMENTAL=0" "-e" "RUST_BACKTRACE=full" "-e" "RUSTFLAGS=--cap-lints=warn" "-e" "RUSTDOCFLAGS=--cap-lints=warn" "-e" "CARGO_HOME=/opt/rustwide/cargo-home" "-e" "RUSTUP_HOME=/opt/rustwide/rustup-home" "-w" "/opt/rustwide/workdir" "-m" "1610612736" "--user" "0:0" "--network" "none" "ghcr.io/rust-lang/crates-build-env/linux@sha256:5ff2268d62e97bff2cde7d5815dd6ed5b47097566f13b8d0ca110b04b60e07ed" "/opt/rustwide/cargo-home/bin/cargo" "+1.69.0" "build" "--frozen" "--message-format=json", kill_on_drop: false }`
[INFO] [stdout] 59ff5e1ab3fd5c72a88b581b340baf3daeb79ef6c87b7365676a4bab906fdb44
[INFO] running `Command { std: "docker" "start" "-a" "59ff5e1ab3fd5c72a88b581b340baf3daeb79ef6c87b7365676a4bab906fdb44", kill_on_drop: false }`
[INFO] [stderr]    Compiling syn v1.0.109
[INFO] [stderr]    Compiling num-traits v0.2.15
[INFO] [stderr]    Compiling indexmap v1.9.3
[INFO] [stderr]    Compiling value-bag v1.0.0-alpha.9
[INFO] [stderr]    Compiling getrandom v0.2.9
[INFO] [stderr]    Compiling jobserver v0.1.26
[INFO] [stderr]    Compiling crc32fast v1.3.2
[INFO] [stderr]    Compiling log v0.4.17
[INFO] [stderr]    Compiling unidecode v0.3.0
[INFO] [stderr]    Compiling safemem v0.3.3
[INFO] [stderr]    Compiling bit-vec v0.6.3
[INFO] [stderr]    Compiling time-core v0.1.0
[INFO] [stderr]    Compiling lazy_static v0.1.16
[INFO] [stderr]    Compiling serde v1.0.160
[INFO] [stderr]    Compiling smawk v0.3.1
[INFO] [stderr]    Compiling rust_decimal v1.29.1
[INFO] [stderr]    Compiling time v0.3.20
[INFO] [stderr]    Compiling css-color-parser v0.1.2
[INFO] [stderr]    Compiling line-wrap v0.1.1
[INFO] [stderr]    Compiling ahash v0.7.6
[INFO] [stderr]    Compiling cc v1.0.79
[INFO] [stderr]    Compiling miniz_oxide v0.7.1
[INFO] [stderr]    Compiling thiserror-impl v1.0.40
[INFO] [stderr]    Compiling hashbrown v0.12.3
[INFO] [stderr]    Compiling hashbrown v0.11.2
[INFO] [stderr]    Compiling slugify v0.1.0
[INFO] [stderr]    Compiling bit-set v0.5.3
[INFO] [stderr]    Compiling html-escape v0.2.13
[INFO] [stderr]    Compiling quick-xml v0.28.2
[INFO] [stderr]    Compiling katex v0.4.6
[INFO] [stderr]    Compiling cesu8 v1.1.0
[INFO] [stderr]    Compiling arrayvec v0.7.2
[INFO] [stderr]    Compiling walkdir v2.3.3
[INFO] [stderr]    Compiling fancy-regex v0.7.1
[INFO] [stderr]    Compiling arrayvec v0.5.2
[INFO] [stderr]    Compiling lazycell v1.3.0
[INFO] [stderr]    Compiling emojic v0.4.1
[INFO] [stderr]    Compiling flate2 v1.0.26
[INFO] [stderr]    Compiling unicode-segmentation v1.10.1
[INFO] [stderr]    Compiling unicode-linebreak v0.1.4
[INFO] [stderr]    Compiling onig_sys v69.8.1
[INFO] [stderr]    Compiling ducc-sys v0.1.2
[INFO] [stderr]    Compiling typed-arena v2.0.2
[INFO] [stderr]    Compiling num-integer v0.1.45
[INFO] [stderr]    Compiling num-complex v0.4.3
[INFO] [stderr]    Compiling thiserror v1.0.40
[INFO] [stderr]    Compiling num-bigint v0.4.3
[INFO] [stderr]    Compiling num-iter v0.1.43
[INFO] [stderr]    Compiling onig v6.4.0
[INFO] [stderr]    Compiling num-rational v0.4.1
[INFO] [stderr]    Compiling bincode v1.3.3
[INFO] [stderr]    Compiling serde_json v1.0.96
[INFO] [stderr]    Compiling url v2.3.1
[INFO] [stderr]    Compiling plist v1.4.3
[INFO] [stderr]    Compiling textwrap v0.14.2
[INFO] [stderr]    Compiling num v0.4.0
[INFO] [stderr]    Compiling text-utils v0.4.3
[INFO] [stderr]    Compiling notedown_ast v0.14.14
[INFO] [stderr]    Compiling darling_core v0.14.4
[INFO] [stdout] error[E0554]: `#![feature]` may not be used on the stable release channel
[INFO] [stdout]  --> /opt/rustwide/cargo-home/registry/src/github.com-1ecc6299db9ec823/notedown_ast-0.14.14/src/lib.rs:2:1
[INFO] [stdout]   |
[INFO] [stdout] 2 | #![feature(box_syntax)]
[INFO] [stdout]   | ^^^^^^^^^^^^^^^^^^^^^^^
[INFO] [stdout] 
[INFO] [stdout] 
[INFO] [stdout] error[E0554]: `#![feature]` may not be used on the stable release channel
[INFO] [stdout]  --> /opt/rustwide/cargo-home/registry/src/github.com-1ecc6299db9ec823/notedown_ast-0.14.14/src/lib.rs:3:1
[INFO] [stdout]   |
[INFO] [stdout] 3 | #![feature(map_first_last)]
[INFO] [stdout]   | ^^^^^^^^^^^^^^^^^^^^^^^^^^^
[INFO] [stdout] 
[INFO] [stdout] 
[INFO] [stdout] error[E0554]: `#![feature]` may not be used on the stable release channel
[INFO] [stdout]  --> /opt/rustwide/cargo-home/registry/src/github.com-1ecc6299db9ec823/notedown_ast-0.14.14/src/lib.rs:4:1
[INFO] [stdout]   |
[INFO] [stdout] 4 | #![feature(arbitrary_enum_discriminant)]
[INFO] [stdout]   | ^^^^^^^^^^^^^^^^^^^^^^^^^^^^^^^^^^^^^^^^ help: remove the attribute
[INFO] [stdout]   |
[INFO] [stdout]   = help: the feature `arbitrary_enum_discriminant` has been stable since `1.66.0` and no longer requires an attribute to enable
[INFO] [stdout] 
[INFO] [stdout] 
[INFO] [stderr]    Compiling ducc v0.1.5
[INFO] [stdout] error[E0554]: `#![feature]` may not be used on the stable release channel
[INFO] [stdout]  --> /opt/rustwide/cargo-home/registry/src/github.com-1ecc6299db9ec823/notedown_ast-0.14.14/src/lib.rs:3:12
[INFO] [stdout]   |
[INFO] [stdout] 3 | #![feature(map_first_last)]
[INFO] [stdout]   |            ^^^^^^^^^^^^^^
[INFO] [stdout] 
[INFO] [stdout] 
[INFO] [stderr]    Compiling syntect v4.6.0
[INFO] [stdout] error: aborting due to 4 previous errors
[INFO] [stdout] 
[INFO] [stdout] 
[INFO] [stdout] For more information about this error, try `rustc --explain E0554`.
[INFO] [stdout] 
[INFO] [stderr] error: could not compile `notedown_ast` due to 5 previous errors
[INFO] [stderr] warning: build failed, waiting for other jobs to finish...
[INFO] running `Command { std: "docker" "inspect" "59ff5e1ab3fd5c72a88b581b340baf3daeb79ef6c87b7365676a4bab906fdb44", kill_on_drop: false }`
[INFO] running `Command { std: "docker" "rm" "-f" "59ff5e1ab3fd5c72a88b581b340baf3daeb79ef6c87b7365676a4bab906fdb44", kill_on_drop: false }`
[INFO] [stdout] 59ff5e1ab3fd5c72a88b581b340baf3daeb79ef6c87b7365676a4bab906fdb44
