[INFO] fetching crate packable 0.8.0...
[INFO] testing packable-0.8.0 against 1.69.0 for beta-1.70-1
[INFO] extracting crate packable 0.8.0 into /workspace/builds/worker-6-tc1/source
[INFO] validating manifest of crates.io crate packable 0.8.0 on toolchain 1.69.0
[INFO] running `Command { std: CARGO_HOME="/workspace/cargo-home" RUSTUP_HOME="/workspace/rustup-home" "/workspace/cargo-home/bin/cargo" "+1.69.0" "metadata" "--manifest-path" "Cargo.toml" "--no-deps", kill_on_drop: false }`
[INFO] started tweaking crates.io crate packable 0.8.0
[INFO] finished tweaking crates.io crate packable 0.8.0
[INFO] tweaked toml for crates.io crate packable 0.8.0 written to /workspace/builds/worker-6-tc1/source/Cargo.toml
[INFO] running `Command { std: CARGO_HOME="/workspace/cargo-home" RUSTUP_HOME="/workspace/rustup-home" __CARGO_TEST_CHANNEL_OVERRIDE_DO_NOT_USE_THIS="nightly" "/workspace/cargo-home/bin/cargo" "+1.69.0" "generate-lockfile" "--manifest-path" "Cargo.toml" "-Zno-index-update", kill_on_drop: false }`
[INFO] running `Command { std: CARGO_HOME="/workspace/cargo-home" RUSTUP_HOME="/workspace/rustup-home" "/workspace/cargo-home/bin/cargo" "+1.69.0" "fetch" "--manifest-path" "Cargo.toml", kill_on_drop: false }`
[INFO] [stderr]  Downloading crates ...
[INFO] [stderr]   Downloaded packable-derive v0.7.0
[INFO] running `Command { std: "docker" "create" "-v" "/var/lib/crater-agent-workspace/builds/worker-6-tc1/target:/opt/rustwide/target:rw,Z" "-v" "/var/lib/crater-agent-workspace/builds/worker-6-tc1/source:/opt/rustwide/workdir:ro,Z" "-v" "/var/lib/crater-agent-workspace/cargo-home:/opt/rustwide/cargo-home:ro,Z" "-v" "/var/lib/crater-agent-workspace/rustup-home:/opt/rustwide/rustup-home:ro,Z" "-e" "SOURCE_DIR=/opt/rustwide/workdir" "-e" "CARGO_TARGET_DIR=/opt/rustwide/target" "-e" "CARGO_HOME=/opt/rustwide/cargo-home" "-e" "RUSTUP_HOME=/opt/rustwide/rustup-home" "-w" "/opt/rustwide/workdir" "-m" "1610612736" "--user" "0:0" "--network" "none" "ghcr.io/rust-lang/crates-build-env/linux@sha256:5ff2268d62e97bff2cde7d5815dd6ed5b47097566f13b8d0ca110b04b60e07ed" "/opt/rustwide/cargo-home/bin/cargo" "+1.69.0" "metadata" "--no-deps" "--format-version=1", kill_on_drop: false }`
[INFO] [stdout] 54316b28cf01f9d23d5086d78934d32c5f032b52dfa85d9f63ff640d893f898d
[INFO] running `Command { std: "docker" "start" "-a" "54316b28cf01f9d23d5086d78934d32c5f032b52dfa85d9f63ff640d893f898d", kill_on_drop: false }`
[INFO] running `Command { std: "docker" "inspect" "54316b28cf01f9d23d5086d78934d32c5f032b52dfa85d9f63ff640d893f898d", kill_on_drop: false }`
[INFO] running `Command { std: "docker" "rm" "-f" "54316b28cf01f9d23d5086d78934d32c5f032b52dfa85d9f63ff640d893f898d", kill_on_drop: false }`
[INFO] [stdout] 54316b28cf01f9d23d5086d78934d32c5f032b52dfa85d9f63ff640d893f898d
[INFO] running `Command { std: "docker" "create" "-v" "/var/lib/crater-agent-workspace/builds/worker-6-tc1/target:/opt/rustwide/target:rw,Z" "-v" "/var/lib/crater-agent-workspace/builds/worker-6-tc1/source:/opt/rustwide/workdir:ro,Z" "-v" "/var/lib/crater-agent-workspace/cargo-home:/opt/rustwide/cargo-home:ro,Z" "-v" "/var/lib/crater-agent-workspace/rustup-home:/opt/rustwide/rustup-home:ro,Z" "-e" "SOURCE_DIR=/opt/rustwide/workdir" "-e" "CARGO_TARGET_DIR=/opt/rustwide/target" "-e" "CARGO_INCREMENTAL=0" "-e" "RUST_BACKTRACE=full" "-e" "RUSTFLAGS=--cap-lints=warn" "-e" "RUSTDOCFLAGS=--cap-lints=warn" "-e" "CARGO_HOME=/opt/rustwide/cargo-home" "-e" "RUSTUP_HOME=/opt/rustwide/rustup-home" "-w" "/opt/rustwide/workdir" "-m" "1610612736" "--user" "0:0" "--network" "none" "ghcr.io/rust-lang/crates-build-env/linux@sha256:5ff2268d62e97bff2cde7d5815dd6ed5b47097566f13b8d0ca110b04b60e07ed" "/opt/rustwide/cargo-home/bin/cargo" "+1.69.0" "build" "--frozen" "--message-format=json", kill_on_drop: false }`
[INFO] [stdout] ef9c96f1ef0a795cc586fc18b598850f5fef0cecae7abb399aa62999359e9ba7
[INFO] running `Command { std: "docker" "start" "-a" "ef9c96f1ef0a795cc586fc18b598850f5fef0cecae7abb399aa62999359e9ba7", kill_on_drop: false }`
[INFO] [stderr]    Compiling autocfg v1.1.0
[INFO] [stderr]    Compiling version_check v0.9.4
[INFO] [stderr]    Compiling proc-macro2 v1.0.56
[INFO] [stderr]    Compiling quote v1.0.26
[INFO] [stderr]    Compiling unicode-ident v1.0.8
[INFO] [stderr]    Compiling syn v1.0.109
[INFO] [stderr]    Compiling hashbrown v0.12.3
[INFO] [stderr]    Compiling winnow v0.4.4
[INFO] [stderr]    Compiling toml_datetime v0.6.1
[INFO] [stderr]    Compiling once_cell v1.17.1
[INFO] [stderr]    Compiling proc-macro-error-attr v1.0.4
[INFO] [stderr]    Compiling proc-macro-error v1.0.4
[INFO] [stderr]    Compiling indexmap v1.9.3
[INFO] [stderr]    Compiling packable v0.8.0 (/opt/rustwide/workdir)
[INFO] [stderr]    Compiling toml_edit v0.19.8
[INFO] [stderr]    Compiling proc-macro-crate v1.3.1
[INFO] [stderr]    Compiling packable-derive v0.7.0
[INFO] [stderr]     Finished dev [unoptimized + debuginfo] target(s) in 7.98s
[INFO] running `Command { std: "docker" "inspect" "ef9c96f1ef0a795cc586fc18b598850f5fef0cecae7abb399aa62999359e9ba7", kill_on_drop: false }`
[INFO] running `Command { std: "docker" "rm" "-f" "ef9c96f1ef0a795cc586fc18b598850f5fef0cecae7abb399aa62999359e9ba7", kill_on_drop: false }`
[INFO] [stdout] ef9c96f1ef0a795cc586fc18b598850f5fef0cecae7abb399aa62999359e9ba7
[INFO] running `Command { std: "docker" "create" "-v" "/var/lib/crater-agent-workspace/builds/worker-6-tc1/target:/opt/rustwide/target:rw,Z" "-v" "/var/lib/crater-agent-workspace/builds/worker-6-tc1/source:/opt/rustwide/workdir:ro,Z" "-v" "/var/lib/crater-agent-workspace/cargo-home:/opt/rustwide/cargo-home:ro,Z" "-v" "/var/lib/crater-agent-workspace/rustup-home:/opt/rustwide/rustup-home:ro,Z" "-e" "SOURCE_DIR=/opt/rustwide/workdir" "-e" "CARGO_TARGET_DIR=/opt/rustwide/target" "-e" "CARGO_INCREMENTAL=0" "-e" "RUST_BACKTRACE=full" "-e" "RUSTFLAGS=--cap-lints=warn" "-e" "RUSTDOCFLAGS=--cap-lints=warn" "-e" "CARGO_HOME=/opt/rustwide/cargo-home" "-e" "RUSTUP_HOME=/opt/rustwide/rustup-home" "-w" "/opt/rustwide/workdir" "-m" "1610612736" "--user" "0:0" "--network" "none" "ghcr.io/rust-lang/crates-build-env/linux@sha256:5ff2268d62e97bff2cde7d5815dd6ed5b47097566f13b8d0ca110b04b60e07ed" "/opt/rustwide/cargo-home/bin/cargo" "+1.69.0" "test" "--frozen" "--no-run" "--message-format=json", kill_on_drop: false }`
[INFO] [stdout] c6ad6e565c488d3cf62470e8a3af3ab81d98f2737e9422ebd5d36e873eda907c
[INFO] running `Command { std: "docker" "start" "-a" "c6ad6e565c488d3cf62470e8a3af3ab81d98f2737e9422ebd5d36e873eda907c", kill_on_drop: false }`
[INFO] [stderr]    Compiling packable v0.8.0 (/opt/rustwide/workdir)
[INFO] [stdout] error[E0432]: unresolved imports `packable::packer::IoPacker`, `packable::unpacker::IoUnpacker`
[INFO] [stdout]  --> tests/common/mod.rs:7:14
[INFO] [stdout]   |
[INFO] [stdout] 7 |     packer::{IoPacker, SlicePacker},
[INFO] [stdout]   |              ^^^^^^^^ no `IoPacker` in `packer`
[INFO] [stdout] 8 |     unpacker::IoUnpacker,
[INFO] [stdout]   |     ^^^^^^^^^^^^^^^^^^^^ no `IoUnpacker` in `unpacker`
[INFO] [stdout]   |
[INFO] [stdout] help: a similar name exists in the module
[INFO] [stdout]   |
[INFO] [stdout] 7 |     packer::{Packer, SlicePacker},
[INFO] [stdout]   |              ~~~~~~
[INFO] [stdout] help: a similar name exists in the module
[INFO] [stdout]   |
[INFO] [stdout] 8 |     unpacker::Unpacker,
[INFO] [stdout]   |               ~~~~~~~~
[INFO] [stdout] 
[INFO] [stdout] 
[INFO] [stdout] error[E0432]: unresolved imports `packable::packer::IoPacker`, `packable::unpacker::IoUnpacker`
[INFO] [stdout]  --> tests/common/mod.rs:7:14
[INFO] [stdout]   |
[INFO] [stdout] 7 |     packer::{IoPacker, SlicePacker},
[INFO] [stdout]   |              ^^^^^^^^ no `IoPacker` in `packer`
[INFO] [stdout] 8 |     unpacker::IoUnpacker,
[INFO] [stdout]   |     ^^^^^^^^^^^^^^^^^^^^ no `IoUnpacker` in `unpacker`
[INFO] [stdout]   |
[INFO] [stdout] help: a similar name exists in the module
[INFO] [stdout]   |
[INFO] [stdout] 7 |     packer::{Packer, SlicePacker},
[INFO] [stdout]   |              ~~~~~~
[INFO] [stdout] help: a similar name exists in the module
[INFO] [stdout]   |
[INFO] [stdout] 8 |     unpacker::Unpacker,
[INFO] [stdout]   |               ~~~~~~~~
[INFO] [stdout] 
[INFO] [stdout] 
[INFO] [stdout] error[E0432]: unresolved imports `packable::packer::IoPacker`, `packable::unpacker::IoUnpacker`
[INFO] [stdout]  --> tests/common/mod.rs:7:14
[INFO] [stdout]   |
[INFO] [stdout] 7 |     packer::{IoPacker, SlicePacker},
[INFO] [stdout]   |              ^^^^^^^^ no `IoPacker` in `packer`
[INFO] [stdout] 8 |     unpacker::IoUnpacker,
[INFO] [stdout]   |     ^^^^^^^^^^^^^^^^^^^^ no `IoUnpacker` in `unpacker`
[INFO] [stdout]   |
[INFO] [stdout] help: a similar name exists in the module
[INFO] [stdout]   |
[INFO] [stdout] 7 |     packer::{Packer, SlicePacker},
[INFO] [stdout]   |              ~~~~~~
[INFO] [stdout] help: a similar name exists in the module
[INFO] [stdout]   |
[INFO] [stdout] 8 |     unpacker::Unpacker,
[INFO] [stdout]   |               ~~~~~~~~
[INFO] [stdout] 
[INFO] [stdout] 
[INFO] [stdout] error[E0432]: unresolved imports `packable::packer::IoPacker`, `packable::unpacker::IoUnpacker`
[INFO] [stdout]  --> tests/common/mod.rs:7:14
[INFO] [stdout]   |
[INFO] [stdout] 7 |     packer::{IoPacker, SlicePacker},
[INFO] [stdout]   |              ^^^^^^^^ no `IoPacker` in `packer`
[INFO] [stdout] 8 |     unpacker::IoUnpacker,
[INFO] [stdout]   |     ^^^^^^^^^^^^^^^^^^^^ no `IoUnpacker` in `unpacker`
[INFO] [stdout]   |
[INFO] [stdout] help: a similar name exists in the module
[INFO] [stdout]   |
[INFO] [stdout] 7 |     packer::{Packer, SlicePacker},
[INFO] [stdout]   |              ~~~~~~
[INFO] [stdout] help: a similar name exists in the module
[INFO] [stdout]   |
[INFO] [stdout] 8 |     unpacker::Unpacker,
[INFO] [stdout]   |               ~~~~~~~~
[INFO] [stdout] 
[INFO] [stdout] 
[INFO] [stdout] error[E0432]: unresolved imports `packable::packer::IoPacker`, `packable::unpacker::IoUnpacker`
[INFO] [stdout]  --> tests/common/mod.rs:7:14
[INFO] [stdout]   |
[INFO] [stdout] 7 |     packer::{IoPacker, SlicePacker},
[INFO] [stdout]   |              ^^^^^^^^ no `IoPacker` in `packer`
[INFO] [stdout] 8 |     unpacker::IoUnpacker,
[INFO] [stdout]   |     ^^^^^^^^^^^^^^^^^^^^ no `IoUnpacker` in `unpacker`
[INFO] [stdout]   |
[INFO] [stdout] help: a similar name exists in the module
[INFO] [stdout]   |
[INFO] [stdout] 7 |     packer::{Packer, SlicePacker},
[INFO] [stdout]   |              ~~~~~~
[INFO] [stdout] help: a similar name exists in the module
[INFO] [stdout]   |
[INFO] [stdout] 8 |     unpacker::Unpacker,
[INFO] [stdout]   |               ~~~~~~~~
[INFO] [stdout] 
[INFO] [stdout] 
[INFO] [stdout] error[E0432]: unresolved imports `packable::packer::IoPacker`, `packable::unpacker::IoUnpacker`
[INFO] [stdout]  --> tests/common/mod.rs:7:14
[INFO] [stdout]   |
[INFO] [stdout] 7 |     packer::{IoPacker, SlicePacker},
[INFO] [stdout]   |              ^^^^^^^^ no `IoPacker` in `packer`
[INFO] [stdout] 8 |     unpacker::IoUnpacker,
[INFO] [stdout]   |     ^^^^^^^^^^^^^^^^^^^^ no `IoUnpacker` in `unpacker`
[INFO] [stdout]   |
[INFO] [stdout] help: a similar name exists in the module
[INFO] [stdout]   |
[INFO] [stdout] 7 |     packer::{Packer, SlicePacker},
[INFO] [stdout]   |              ~~~~~~
[INFO] [stdout] help: a similar name exists in the module
[INFO] [stdout]   |
[INFO] [stdout] 8 |     unpacker::Unpacker,
[INFO] [stdout]   |               ~~~~~~~~
[INFO] [stdout] 
[INFO] [stdout] 
[INFO] [stdout] error[E0432]: unresolved imports `packable::packer::IoPacker`, `packable::unpacker::IoUnpacker`
[INFO] [stdout]  --> tests/common/mod.rs:7:14
[INFO] [stdout]   |
[INFO] [stdout] 7 |     packer::{IoPacker, SlicePacker},
[INFO] [stdout]   |              ^^^^^^^^ no `IoPacker` in `packer`
[INFO] [stdout] 8 |     unpacker::IoUnpacker,
[INFO] [stdout]   |     ^^^^^^^^^^^^^^^^^^^^ no `IoUnpacker` in `unpacker`
[INFO] [stdout]   |
[INFO] [stdout] help: a similar name exists in the module
[INFO] [stdout]   |
[INFO] [stdout] 7 |     packer::{Packer, SlicePacker},
[INFO] [stdout]   |              ~~~~~~
[INFO] [stdout] help: a similar name exists in the module
[INFO] [stdout]   |
[INFO] [stdout] 8 |     unpacker::Unpacker,
[INFO] [stdout]   |               ~~~~~~~~
[INFO] [stdout] 
[INFO] [stdout] 
[INFO] [stdout] error: aborting due to previous error
[INFO] [stdout] 
[INFO] [stdout] 
[INFO] [stdout] error: aborting due to previous error
[INFO] [stdout] 
[INFO] [stdout] 
[INFO] [stdout] For more information about this error, try `rustc --explain E0432`.
[INFO] [stdout] 
[INFO] [stderr] error: could not compile `packable` due to 2 previous errors
[INFO] [stderr] warning: build failed, waiting for other jobs to finish...
[INFO] [stdout] For more information about this error, try `rustc --explain E0432`.
[INFO] [stdout] 
[INFO] [stdout] error: aborting due to previous error
[INFO] [stdout] 
[INFO] [stdout] 
[INFO] [stdout] For more information about this error, try `rustc --explain E0432`.
[INFO] [stdout] 
[INFO] [stderr] error: could not compile `packable` due to 2 previous errors
[INFO] [stderr] error: could not compile `packable` due to 2 previous errors
[INFO] [stdout] error[E0432]: unresolved imports `packable::packer::IoPacker`, `packable::unpacker::IoUnpacker`
[INFO] [stdout]  --> tests/common/mod.rs:7:14
[INFO] [stdout]   |
[INFO] [stdout] 7 |     packer::{IoPacker, SlicePacker},
[INFO] [stdout]   |              ^^^^^^^^ no `IoPacker` in `packer`
[INFO] [stdout] 8 |     unpacker::IoUnpacker,
[INFO] [stdout]   |     ^^^^^^^^^^^^^^^^^^^^ no `IoUnpacker` in `unpacker`
[INFO] [stdout]   |
[INFO] [stdout] help: a similar name exists in the module
[INFO] [stdout]   |
[INFO] [stdout] 7 |     packer::{Packer, SlicePacker},
[INFO] [stdout]   |              ~~~~~~
[INFO] [stdout] help: a similar name exists in the module
[INFO] [stdout]   |
[INFO] [stdout] 8 |     unpacker::Unpacker,
[INFO] [stdout]   |               ~~~~~~~~
[INFO] [stdout] 
[INFO] [stdout] 
[INFO] [stdout] error: aborting due to previous error
[INFO] [stdout] 
[INFO] [stdout] 
[INFO] [stdout] For more information about this error, try `rustc --explain E0432`.
[INFO] [stdout] 
[INFO] [stdout] error[E0432]: unresolved imports `packable::packer::IoPacker`, `packable::unpacker::IoUnpacker`
[INFO] [stdout]  --> tests/common/mod.rs:7:14
[INFO] [stdout]   |
[INFO] [stdout] 7 |     packer::{IoPacker, SlicePacker},
[INFO] [stdout]   |              ^^^^^^^^ no `IoPacker` in `packer`
[INFO] [stdout] 8 |     unpacker::IoUnpacker,
[INFO] [stdout]   |     ^^^^^^^^^^^^^^^^^^^^ no `IoUnpacker` in `unpacker`
[INFO] [stdout]   |
[INFO] [stdout] help: a similar name exists in the module
[INFO] [stdout]   |
[INFO] [stdout] 7 |     packer::{Packer, SlicePacker},
[INFO] [stdout]   |              ~~~~~~
[INFO] [stdout] help: a similar name exists in the module
[INFO] [stdout]   |
[INFO] [stdout] 8 |     unpacker::Unpacker,
[INFO] [stdout]   |               ~~~~~~~~
[INFO] [stdout] 
[INFO] [stdout] 
[INFO] [stdout] error[E0432]: unresolved imports `packable::packer::IoPacker`, `packable::unpacker::IoUnpacker`
[INFO] [stdout]  --> tests/common/mod.rs:7:14
[INFO] [stdout]   |
[INFO] [stdout] 7 |     packer::{IoPacker, SlicePacker},
[INFO] [stdout]   |              ^^^^^^^^ no `IoPacker` in `packer`
[INFO] [stdout] 8 |     unpacker::IoUnpacker,
[INFO] [stdout]   |     ^^^^^^^^^^^^^^^^^^^^ no `IoUnpacker` in `unpacker`
[INFO] [stdout]   |
[INFO] [stdout] help: a similar name exists in the module
[INFO] [stdout]   |
[INFO] [stdout] 7 |     packer::{Packer, SlicePacker},
[INFO] [stdout]   |              ~~~~~~
[INFO] [stdout] help: a similar name exists in the module
[INFO] [stdout]   |
[INFO] [stdout] 8 |     unpacker::Unpacker,
[INFO] [stdout]   |               ~~~~~~~~
[INFO] [stdout] 
[INFO] [stdout] 
[INFO] [stderr] error: could not compile `packable` due to 2 previous errors
[INFO] [stdout] error: aborting due to previous error
[INFO] [stdout] 
[INFO] [stdout] 
[INFO] [stdout] For more information about this error, try `rustc --explain E0432`.
[INFO] [stdout] 
[INFO] [stdout] error: aborting due to previous error
[INFO] [stdout] 
[INFO] [stdout] 
[INFO] [stdout] For more information about this error, try `rustc --explain E0432`.
[INFO] [stdout] 
[INFO] [stderr] error: could not compile `packable` due to 2 previous errors
[INFO] [stderr] error: could not compile `packable` due to 2 previous errors
[INFO] [stdout] error: aborting due to previous error
[INFO] [stdout] 
[INFO] [stdout] 
[INFO] [stdout] For more information about this error, try `rustc --explain E0432`.
[INFO] [stdout] 
[INFO] [stdout] error: aborting due to previous error
[INFO] [stdout] 
[INFO] [stdout] 
[INFO] [stdout] For more information about this error, try `rustc --explain E0432`.
[INFO] [stdout] 
[INFO] [stdout] error[E0432]: unresolved imports `packable::packer::IoPacker`, `packable::unpacker::IoUnpacker`
[INFO] [stdout]  --> tests/common/mod.rs:7:14
[INFO] [stdout]   |
[INFO] [stdout] 7 |     packer::{IoPacker, SlicePacker},
[INFO] [stdout]   |              ^^^^^^^^ no `IoPacker` in `packer`
[INFO] [stdout] 8 |     unpacker::IoUnpacker,
[INFO] [stdout]   |     ^^^^^^^^^^^^^^^^^^^^ no `IoUnpacker` in `unpacker`
[INFO] [stdout]   |
[INFO] [stdout] help: a similar name exists in the module
[INFO] [stdout]   |
[INFO] [stdout] 7 |     packer::{Packer, SlicePacker},
[INFO] [stdout]   |              ~~~~~~
[INFO] [stdout] help: a similar name exists in the module
[INFO] [stdout]   |
[INFO] [stdout] 8 |     unpacker::Unpacker,
[INFO] [stdout]   |               ~~~~~~~~
[INFO] [stdout] 
[INFO] [stdout] 
[INFO] [stderr] error: could not compile `packable` due to 2 previous errors
[INFO] [stderr] error: could not compile `packable` due to 2 previous errors
[INFO] [stdout] error[E0277]: the trait bound `String: packable::Packable` is not satisfied
[INFO] [stdout]   --> tests/string.rs:9:30
[INFO] [stdout]    |
[INFO] [stdout] 9  |         common::generic_test(&"yellow submarine".to_owned()).0.len(),
[INFO] [stdout]    |         -------------------- ^^^^^^^^^^^^^^^^^^^^^^^^^^^^^^ the trait `packable::Packable` is not implemented for `String`
[INFO] [stdout]    |         |
[INFO] [stdout]    |         required by a bound introduced by this call
[INFO] [stdout]    |
[INFO] [stdout]    = help: the following other types implement trait `packable::Packable`:
[INFO] [stdout]              (A, B)
[INFO] [stdout]              (A, B, C)
[INFO] [stdout]              (A, B, C, D)
[INFO] [stdout]              (A, B, C, D, E)
[INFO] [stdout]              (A, B, C, D, E, F)
[INFO] [stdout]              (A, B, C, D, E, F, G)
[INFO] [stdout]              (A, B, C, D, E, F, G, H)
[INFO] [stdout]              (A, B, C, D, E, F, G, H, I)
[INFO] [stdout]            and 27 others
[INFO] [stdout] note: required by a bound in `generic_test`
[INFO] [stdout]   --> tests/common/mod.rs:48:8
[INFO] [stdout]    |
[INFO] [stdout] 46 | pub fn generic_test<P>(packable: &P) -> (Vec<u8>, P)
[INFO] [stdout]    |        ------------ required by a bound in this function
[INFO] [stdout] 47 | where
[INFO] [stdout] 48 |     P: Packable<UnpackVisitor = ()> + PartialEq + Debug,
[INFO] [stdout]    |        ^^^^^^^^^^^^^^^^^^^^^^^^^^^^ required by this bound in `generic_test`
[INFO] [stdout] 
[INFO] [stdout] 
[INFO] [stdout] error: aborting due to previous error
[INFO] [stdout] 
[INFO] [stdout] 
[INFO] [stdout] For more information about this error, try `rustc --explain E0432`.
[INFO] [stdout] 
[INFO] [stdout] error: aborting due to 2 previous errors
[INFO] [stdout] 
[INFO] [stdout] 
[INFO] [stdout] Some errors have detailed explanations: E0277, E0432.
[INFO] [stdout] 
[INFO] [stdout] For more information about an error, try `rustc --explain E0277`.
[INFO] [stdout] 
[INFO] [stdout] error[E0277]: the trait bound `[Option<u32>]: packable::Packable` is not satisfied
[INFO] [stdout]  --> tests/boxed_slice.rs:9:9
[INFO] [stdout]   |
[INFO] [stdout] 9 |         common::generic_test(&vec![Some(0u32), None].into_boxed_slice()).0.len(),
[INFO] [stdout]   |         ^^^^^^^^^^^^^^^^^^^^ the trait `packable::Packable` is not implemented for `[Option<u32>]`
[INFO] [stdout]   |
[INFO] [stdout]   = help: the trait `packable::Packable` is implemented for `[T; N]`
[INFO] [stdout]   = note: required for `Box<[Option<u32>]>` to implement `packable::Packable`
[INFO] [stdout] 
[INFO] [stdout] 
[INFO] [stderr] error: could not compile `packable` due to 2 previous errors
[INFO] [stderr] error: could not compile `packable` due to 3 previous errors
[INFO] [stdout] error: aborting due to 2 previous errors
[INFO] [stdout] 
[INFO] [stdout] 
[INFO] [stdout] Some errors have detailed explanations: E0277, E0432.
[INFO] [stdout] 
[INFO] [stdout] For more information about an error, try `rustc --explain E0277`.
[INFO] [stdout] 
[INFO] [stderr] error: could not compile `packable` due to 3 previous errors
[INFO] [stdout] error[E0432]: unresolved imports `packable::packer::IoPacker`, `packable::unpacker::IoUnpacker`
[INFO] [stdout]  --> tests/common/mod.rs:7:14
[INFO] [stdout]   |
[INFO] [stdout] 7 |     packer::{IoPacker, SlicePacker},
[INFO] [stdout]   |              ^^^^^^^^ no `IoPacker` in `packer`
[INFO] [stdout] 8 |     unpacker::IoUnpacker,
[INFO] [stdout]   |     ^^^^^^^^^^^^^^^^^^^^ no `IoUnpacker` in `unpacker`
[INFO] [stdout]   |
[INFO] [stdout] help: a similar name exists in the module
[INFO] [stdout]   |
[INFO] [stdout] 7 |     packer::{Packer, SlicePacker},
[INFO] [stdout]   |              ~~~~~~
[INFO] [stdout] help: a similar name exists in the module
[INFO] [stdout]   |
[INFO] [stdout] 8 |     unpacker::Unpacker,
[INFO] [stdout]   |               ~~~~~~~~
[INFO] [stdout] 
[INFO] [stdout] 
[INFO] [stdout] error[E0432]: unresolved imports `packable::packer::IoPacker`, `packable::unpacker::IoUnpacker`
[INFO] [stdout]  --> tests/common/mod.rs:7:14
[INFO] [stdout]   |
[INFO] [stdout] 7 |     packer::{IoPacker, SlicePacker},
[INFO] [stdout]   |              ^^^^^^^^ no `IoPacker` in `packer`
[INFO] [stdout] 8 |     unpacker::IoUnpacker,
[INFO] [stdout]   |     ^^^^^^^^^^^^^^^^^^^^ no `IoUnpacker` in `unpacker`
[INFO] [stdout]   |
[INFO] [stdout] help: a similar name exists in the module
[INFO] [stdout]   |
[INFO] [stdout] 7 |     packer::{Packer, SlicePacker},
[INFO] [stdout]   |              ~~~~~~
[INFO] [stdout] help: a similar name exists in the module
[INFO] [stdout]   |
[INFO] [stdout] 8 |     unpacker::Unpacker,
[INFO] [stdout]   |               ~~~~~~~~
[INFO] [stdout] 
[INFO] [stdout] 
[INFO] [stdout] error[E0277]: the trait bound `Vec<Option<u32>>: packable::Packable` is not satisfied
[INFO] [stdout]   --> tests/vec.rs:9:30
[INFO] [stdout]    |
[INFO] [stdout] 9  |         common::generic_test(&vec![Some(0u32), None]).0.len(),
[INFO] [stdout]    |         -------------------- ^^^^^^^^^^^^^^^^^^^^^^^ the trait `packable::Packable` is not implemented for `Vec<Option<u32>>`
[INFO] [stdout]    |         |
[INFO] [stdout]    |         required by a bound introduced by this call
[INFO] [stdout]    |
[INFO] [stdout]    = help: the following other types implement trait `packable::Packable`:
[INFO] [stdout]              (A, B)
[INFO] [stdout]              (A, B, C)
[INFO] [stdout]              (A, B, C, D)
[INFO] [stdout]              (A, B, C, D, E)
[INFO] [stdout]              (A, B, C, D, E, F)
[INFO] [stdout]              (A, B, C, D, E, F, G)
[INFO] [stdout]              (A, B, C, D, E, F, G, H)
[INFO] [stdout]              (A, B, C, D, E, F, G, H, I)
[INFO] [stdout]            and 27 others
[INFO] [stdout] note: required by a bound in `generic_test`
[INFO] [stdout]   --> tests/common/mod.rs:48:8
[INFO] [stdout]    |
[INFO] [stdout] 46 | pub fn generic_test<P>(packable: &P) -> (Vec<u8>, P)
[INFO] [stdout]    |        ------------ required by a bound in this function
[INFO] [stdout] 47 | where
[INFO] [stdout] 48 |     P: Packable<UnpackVisitor = ()> + PartialEq + Debug,
[INFO] [stdout]    |        ^^^^^^^^^^^^^^^^^^^^^^^^^^^^ required by this bound in `generic_test`
[INFO] [stdout] 
[INFO] [stdout] 
[INFO] [stdout] error: aborting due to 2 previous errors
[INFO] [stdout] 
[INFO] [stdout] 
[INFO] [stdout] Some errors have detailed explanations: E0277, E0432.
[INFO] [stdout] 
[INFO] [stdout] For more information about an error, try `rustc --explain E0277`.
[INFO] [stdout] 
[INFO] [stderr] error: could not compile `packable` due to 3 previous errors
[INFO] [stdout] error: aborting due to previous error
[INFO] [stdout] 
[INFO] [stdout] 
[INFO] [stdout] For more information about this error, try `rustc --explain E0432`.
[INFO] [stdout] 
[INFO] [stderr] error: could not compile `packable` due to 2 previous errors
[INFO] running `Command { std: "docker" "inspect" "c6ad6e565c488d3cf62470e8a3af3ab81d98f2737e9422ebd5d36e873eda907c", kill_on_drop: false }`
[INFO] running `Command { std: "docker" "rm" "-f" "c6ad6e565c488d3cf62470e8a3af3ab81d98f2737e9422ebd5d36e873eda907c", kill_on_drop: false }`
[INFO] [stdout] c6ad6e565c488d3cf62470e8a3af3ab81d98f2737e9422ebd5d36e873eda907c
