[INFO] fetching crate oxrdf 0.1.5...
[INFO] testing oxrdf-0.1.5 against 1.69.0 for beta-1.70-1
[INFO] extracting crate oxrdf 0.1.5 into /workspace/builds/worker-1-tc1/source
[INFO] validating manifest of crates.io crate oxrdf 0.1.5 on toolchain 1.69.0
[INFO] running `Command { std: CARGO_HOME="/workspace/cargo-home" RUSTUP_HOME="/workspace/rustup-home" "/workspace/cargo-home/bin/cargo" "+1.69.0" "metadata" "--manifest-path" "Cargo.toml" "--no-deps", kill_on_drop: false }`
[INFO] started tweaking crates.io crate oxrdf 0.1.5
[INFO] finished tweaking crates.io crate oxrdf 0.1.5
[INFO] tweaked toml for crates.io crate oxrdf 0.1.5 written to /workspace/builds/worker-1-tc1/source/Cargo.toml
[INFO] running `Command { std: CARGO_HOME="/workspace/cargo-home" RUSTUP_HOME="/workspace/rustup-home" __CARGO_TEST_CHANNEL_OVERRIDE_DO_NOT_USE_THIS="nightly" "/workspace/cargo-home/bin/cargo" "+1.69.0" "generate-lockfile" "--manifest-path" "Cargo.toml" "-Zno-index-update", kill_on_drop: false }`
[INFO] running `Command { std: CARGO_HOME="/workspace/cargo-home" RUSTUP_HOME="/workspace/rustup-home" "/workspace/cargo-home/bin/cargo" "+1.69.0" "fetch" "--manifest-path" "Cargo.toml", kill_on_drop: false }`
[INFO] [stderr]  Downloading crates ...
[INFO] [stderr]   Downloaded oxilangtag v0.1.3
[INFO] [stderr]   Downloaded oxiri v0.2.2
[INFO] [stderr]   Downloaded oxsdatatypes v0.1.1
[INFO] running `Command { std: "docker" "create" "-v" "/var/lib/crater-agent-workspace/builds/worker-1-tc1/target:/opt/rustwide/target:rw,Z" "-v" "/var/lib/crater-agent-workspace/builds/worker-1-tc1/source:/opt/rustwide/workdir:ro,Z" "-v" "/var/lib/crater-agent-workspace/cargo-home:/opt/rustwide/cargo-home:ro,Z" "-v" "/var/lib/crater-agent-workspace/rustup-home:/opt/rustwide/rustup-home:ro,Z" "-e" "SOURCE_DIR=/opt/rustwide/workdir" "-e" "CARGO_TARGET_DIR=/opt/rustwide/target" "-e" "CARGO_HOME=/opt/rustwide/cargo-home" "-e" "RUSTUP_HOME=/opt/rustwide/rustup-home" "-w" "/opt/rustwide/workdir" "-m" "1610612736" "--user" "0:0" "--network" "none" "ghcr.io/rust-lang/crates-build-env/linux@sha256:5ff2268d62e97bff2cde7d5815dd6ed5b47097566f13b8d0ca110b04b60e07ed" "/opt/rustwide/cargo-home/bin/cargo" "+1.69.0" "metadata" "--no-deps" "--format-version=1", kill_on_drop: false }`
[INFO] [stdout] c85770d9d203bd5e4ade3784c547ecac74474de13b907fd9fe1dcf15cb812a93
[INFO] running `Command { std: "docker" "start" "-a" "c85770d9d203bd5e4ade3784c547ecac74474de13b907fd9fe1dcf15cb812a93", kill_on_drop: false }`
[INFO] running `Command { std: "docker" "inspect" "c85770d9d203bd5e4ade3784c547ecac74474de13b907fd9fe1dcf15cb812a93", kill_on_drop: false }`
[INFO] running `Command { std: "docker" "rm" "-f" "c85770d9d203bd5e4ade3784c547ecac74474de13b907fd9fe1dcf15cb812a93", kill_on_drop: false }`
[INFO] [stdout] c85770d9d203bd5e4ade3784c547ecac74474de13b907fd9fe1dcf15cb812a93
[INFO] running `Command { std: "docker" "create" "-v" "/var/lib/crater-agent-workspace/builds/worker-1-tc1/target:/opt/rustwide/target:rw,Z" "-v" "/var/lib/crater-agent-workspace/builds/worker-1-tc1/source:/opt/rustwide/workdir:ro,Z" "-v" "/var/lib/crater-agent-workspace/cargo-home:/opt/rustwide/cargo-home:ro,Z" "-v" "/var/lib/crater-agent-workspace/rustup-home:/opt/rustwide/rustup-home:ro,Z" "-e" "SOURCE_DIR=/opt/rustwide/workdir" "-e" "CARGO_TARGET_DIR=/opt/rustwide/target" "-e" "CARGO_INCREMENTAL=0" "-e" "RUST_BACKTRACE=full" "-e" "RUSTFLAGS=--cap-lints=warn" "-e" "RUSTDOCFLAGS=--cap-lints=warn" "-e" "CARGO_HOME=/opt/rustwide/cargo-home" "-e" "RUSTUP_HOME=/opt/rustwide/rustup-home" "-w" "/opt/rustwide/workdir" "-m" "1610612736" "--user" "0:0" "--network" "none" "ghcr.io/rust-lang/crates-build-env/linux@sha256:5ff2268d62e97bff2cde7d5815dd6ed5b47097566f13b8d0ca110b04b60e07ed" "/opt/rustwide/cargo-home/bin/cargo" "+1.69.0" "build" "--frozen" "--message-format=json", kill_on_drop: false }`
[INFO] [stdout] baea68c83cf0afe90e6222838e43821c0e82c980775f79fa09fc36a48e82594c
[INFO] running `Command { std: "docker" "start" "-a" "baea68c83cf0afe90e6222838e43821c0e82c980775f79fa09fc36a48e82594c", kill_on_drop: false }`
[INFO] [stderr]    Compiling libc v0.2.142
[INFO] [stderr]    Compiling oxilangtag v0.1.3
[INFO] [stderr]    Compiling oxiri v0.2.2
[INFO] [stderr]    Compiling getrandom v0.2.9
[INFO] [stderr]    Compiling rand_core v0.6.4
[INFO] [stderr]    Compiling rand_chacha v0.3.1
[INFO] [stderr]    Compiling rand v0.8.5
[INFO] [stderr]    Compiling oxrdf v0.1.5 (/opt/rustwide/workdir)
[INFO] [stderr]     Finished dev [unoptimized + debuginfo] target(s) in 3.73s
[INFO] running `Command { std: "docker" "inspect" "baea68c83cf0afe90e6222838e43821c0e82c980775f79fa09fc36a48e82594c", kill_on_drop: false }`
[INFO] running `Command { std: "docker" "rm" "-f" "baea68c83cf0afe90e6222838e43821c0e82c980775f79fa09fc36a48e82594c", kill_on_drop: false }`
[INFO] [stdout] baea68c83cf0afe90e6222838e43821c0e82c980775f79fa09fc36a48e82594c
[INFO] running `Command { std: "docker" "create" "-v" "/var/lib/crater-agent-workspace/builds/worker-1-tc1/target:/opt/rustwide/target:rw,Z" "-v" "/var/lib/crater-agent-workspace/builds/worker-1-tc1/source:/opt/rustwide/workdir:ro,Z" "-v" "/var/lib/crater-agent-workspace/cargo-home:/opt/rustwide/cargo-home:ro,Z" "-v" "/var/lib/crater-agent-workspace/rustup-home:/opt/rustwide/rustup-home:ro,Z" "-e" "SOURCE_DIR=/opt/rustwide/workdir" "-e" "CARGO_TARGET_DIR=/opt/rustwide/target" "-e" "CARGO_INCREMENTAL=0" "-e" "RUST_BACKTRACE=full" "-e" "RUSTFLAGS=--cap-lints=warn" "-e" "RUSTDOCFLAGS=--cap-lints=warn" "-e" "CARGO_HOME=/opt/rustwide/cargo-home" "-e" "RUSTUP_HOME=/opt/rustwide/rustup-home" "-w" "/opt/rustwide/workdir" "-m" "1610612736" "--user" "0:0" "--network" "none" "ghcr.io/rust-lang/crates-build-env/linux@sha256:5ff2268d62e97bff2cde7d5815dd6ed5b47097566f13b8d0ca110b04b60e07ed" "/opt/rustwide/cargo-home/bin/cargo" "+1.69.0" "test" "--frozen" "--no-run" "--message-format=json", kill_on_drop: false }`
[INFO] [stdout] 6c69668358ea6559091b11a362d13051486577e2538b7944e8f08b1570d2df2b
[INFO] running `Command { std: "docker" "start" "-a" "6c69668358ea6559091b11a362d13051486577e2538b7944e8f08b1570d2df2b", kill_on_drop: false }`
[INFO] [stderr]     Blocking waiting for file lock on package cache
[INFO] [stderr]    Compiling oxrdf v0.1.5 (/opt/rustwide/workdir)
[INFO] [stderr]     Finished test [unoptimized + debuginfo] target(s) in 0.90s
[INFO] running `Command { std: "docker" "inspect" "6c69668358ea6559091b11a362d13051486577e2538b7944e8f08b1570d2df2b", kill_on_drop: false }`
[INFO] running `Command { std: "docker" "rm" "-f" "6c69668358ea6559091b11a362d13051486577e2538b7944e8f08b1570d2df2b", kill_on_drop: false }`
[INFO] [stdout] 6c69668358ea6559091b11a362d13051486577e2538b7944e8f08b1570d2df2b
[INFO] running `Command { std: "docker" "create" "-v" "/var/lib/crater-agent-workspace/builds/worker-1-tc1/target:/opt/rustwide/target:rw,Z" "-v" "/var/lib/crater-agent-workspace/builds/worker-1-tc1/source:/opt/rustwide/workdir:ro,Z" "-v" "/var/lib/crater-agent-workspace/cargo-home:/opt/rustwide/cargo-home:ro,Z" "-v" "/var/lib/crater-agent-workspace/rustup-home:/opt/rustwide/rustup-home:ro,Z" "-e" "SOURCE_DIR=/opt/rustwide/workdir" "-e" "CARGO_TARGET_DIR=/opt/rustwide/target" "-e" "CARGO_INCREMENTAL=0" "-e" "RUST_BACKTRACE=full" "-e" "RUSTFLAGS=--cap-lints=warn" "-e" "RUSTDOCFLAGS=--cap-lints=warn" "-e" "CARGO_HOME=/opt/rustwide/cargo-home" "-e" "RUSTUP_HOME=/opt/rustwide/rustup-home" "-w" "/opt/rustwide/workdir" "-m" "1610612736" "--user" "0:0" "--network" "none" "ghcr.io/rust-lang/crates-build-env/linux@sha256:5ff2268d62e97bff2cde7d5815dd6ed5b47097566f13b8d0ca110b04b60e07ed" "/opt/rustwide/cargo-home/bin/cargo" "+1.69.0" "test" "--frozen", kill_on_drop: false }`
[INFO] [stdout] 5c7c42a1db52dbe73d8834cb0ff1f79f08cb81a4323514b5dc8129bc7e5c3ff5
[INFO] running `Command { std: "docker" "start" "-a" "5c7c42a1db52dbe73d8834cb0ff1f79f08cb81a4323514b5dc8129bc7e5c3ff5", kill_on_drop: false }`
[INFO] [stderr]     Finished test [unoptimized + debuginfo] target(s) in 0.02s
[INFO] [stderr]      Running unittests src/lib.rs (/opt/rustwide/target/debug/deps/oxrdf-47b39ac98b53eda6)
[INFO] [stdout] 
[INFO] [stdout] running 7 tests
[INFO] [stdout] test literal::tests::test_simple_literal_equality ... ok
[INFO] [stdout] test blank_node::tests::test_equals ... ok
[INFO] [stdout] test blank_node::tests::new_numerical ... ok
[INFO] [stdout] test blank_node::tests::as_str_full ... ok
[INFO] [stdout] test blank_node::tests::as_str_partial ... ok
[INFO] [stdout] test blank_node::tests::new_validation ... ok
[INFO] [stdout] test literal::tests::test_float_format ... ok
[INFO] [stdout] 
[INFO] [stdout] test result: ok. 7 passed; 0 failed; 0 ignored; 0 measured; 0 filtered out; finished in 0.00s
[INFO] [stdout] 
[INFO] [stderr]    Doc-tests oxrdf
[INFO] [stdout] 
[INFO] [stdout] running 29 tests
[INFO] [stdout] test src/blank_node.rs - blank_node::BlankNode (line 15) ... ok
[INFO] [stdout] test src/blank_node.rs - blank_node::BlankNodeRef<'a>::unique_id (line 185) ... ok
[INFO] [stdout] test src/blank_node.rs - blank_node::BlankNodeRef (line 126) ... ok
[INFO] [stdout] test src/lib.rs - (line 20) ... ok
[INFO] [stdout] test src/dataset.rs - dataset (line 4) ... ok
[INFO] [stdout] test src/dataset.rs - dataset::GraphViewMut (line 1253) ... ok
[INFO] [stdout] test src/dataset.rs - dataset::Dataset::graph (line 113) ... ok
[INFO] [stdout] test src/parser.rs - parser::Term::from_str (line 92) ... FAILED
[INFO] [stdout] test src/named_node.rs - named_node::NamedNodeRef (line 97) ... ok
[INFO] [stdout] test src/literal.rs - literal::LiteralRef (line 429) ... ok
[INFO] [stdout] test src/dataset.rs - dataset::Dataset (line 45) ... ok
[INFO] [stdout] test src/dataset.rs - dataset::Dataset::canonicalize (line 496) ... ok
[INFO] [stdout] test src/literal.rs - literal::Literal (line 16) ... ok
[INFO] [stdout] test src/graph.rs - graph::Graph (line 36) ... ok
[INFO] [stdout] test src/named_node.rs - named_node::NamedNode (line 8) ... ok
[INFO] [stdout] test src/dataset.rs - dataset::GraphView (line 918) ... ok
[INFO] [stdout] test src/graph.rs - graph (line 4) ... ok
[INFO] [stdout] test src/dataset.rs - dataset::Dataset::graph_mut (line 136) ... ok
[INFO] [stdout] test src/parser.rs - parser::NamedNode::from_str (line 22) ... ok
[INFO] [stdout] test src/parser.rs - parser::Variable::from_str (line 117) ... ok
[INFO] [stdout] test src/triple.rs - triple::Quad (line 1049) ... ok
[INFO] [stdout] test src/graph.rs - graph::Graph::canonicalize (line 186) ... ok
[INFO] [stdout] test src/parser.rs - parser::Literal::from_str (line 66) ... ok
[INFO] [stdout] test src/parser.rs - parser::BlankNode::from_str (line 44) ... ok
[INFO] [stdout] test src/triple.rs - triple::QuadRef (line 1127) ... ok
[INFO] [stdout] test src/triple.rs - triple::Triple (line 700) ... ok
[INFO] [stdout] test src/triple.rs - triple::TripleRef (line 771) ... ok
[INFO] [stdout] test src/variable.rs - variable::Variable (line 8) ... ok
[INFO] [stdout] test src/variable.rs - variable::VariableRef (line 69) ... ok
[INFO] [stdout] 
[INFO] [stdout] failures:
[INFO] [stdout] 
[INFO] [stdout] ---- src/parser.rs - parser::Term::from_str (line 92) stdout ----
[INFO] [stdout] error[E0277]: the trait bound `oxrdf::Term: From<oxrdf::Triple>` is not satisfied
[INFO] [stdout]   --> src/parser.rs:101:3
[INFO] [stdout]    |
[INFO] [stdout] 12 | ).into());
[INFO] [stdout]    |   ^^^^ the trait `From<oxrdf::Triple>` is not implemented for `oxrdf::Term`
[INFO] [stdout]    |
[INFO] [stdout]    = help: the following other types implement trait `From<T>`:
[INFO] [stdout]              <oxrdf::Term as From<BlankNodeRef<'_>>>
[INFO] [stdout]              <oxrdf::Term as From<LiteralRef<'_>>>
[INFO] [stdout]              <oxrdf::Term as From<NamedNodeRef<'_>>>
[INFO] [stdout]              <oxrdf::Term as From<NamedOrBlankNode>>
[INFO] [stdout]              <oxrdf::Term as From<NamedOrBlankNodeRef<'_>>>
[INFO] [stdout]              <oxrdf::Term as From<Subject>>
[INFO] [stdout]              <oxrdf::Term as From<SubjectRef<'_>>>
[INFO] [stdout]              <oxrdf::Term as From<TermRef<'a>>>
[INFO] [stdout]            and 3 others
[INFO] [stdout]    = note: required for `oxrdf::Triple` to implement `Into<oxrdf::Term>`
[INFO] [stdout] 
[INFO] [stdout] error: aborting due to previous error
[INFO] [stdout] 
[INFO] [stdout] For more information about this error, try `rustc --explain E0277`.
[INFO] [stdout] Couldn't compile the test.
[INFO] [stdout] 
[INFO] [stdout] failures:
[INFO] [stdout]     src/parser.rs - parser::Term::from_str (line 92)
[INFO] [stdout] 
[INFO] [stdout] test result: FAILED. 28 passed; 1 failed; 0 ignored; 0 measured; 0 filtered out; finished in 3.68s
[INFO] [stdout] 
[INFO] [stderr] error: doctest failed, to rerun pass `--doc`
[INFO] running `Command { std: "docker" "inspect" "5c7c42a1db52dbe73d8834cb0ff1f79f08cb81a4323514b5dc8129bc7e5c3ff5", kill_on_drop: false }`
[INFO] running `Command { std: "docker" "rm" "-f" "5c7c42a1db52dbe73d8834cb0ff1f79f08cb81a4323514b5dc8129bc7e5c3ff5", kill_on_drop: false }`
[INFO] [stdout] 5c7c42a1db52dbe73d8834cb0ff1f79f08cb81a4323514b5dc8129bc7e5c3ff5
