[INFO] fetching crate osqp-rust 0.6.2...
[INFO] testing osqp-rust-0.6.2 against 1.69.0 for beta-1.70-1
[INFO] extracting crate osqp-rust 0.6.2 into /workspace/builds/worker-3-tc1/source
[INFO] validating manifest of crates.io crate osqp-rust 0.6.2 on toolchain 1.69.0
[INFO] running `Command { std: CARGO_HOME="/workspace/cargo-home" RUSTUP_HOME="/workspace/rustup-home" "/workspace/cargo-home/bin/cargo" "+1.69.0" "metadata" "--manifest-path" "Cargo.toml" "--no-deps", kill_on_drop: false }`
[INFO] started tweaking crates.io crate osqp-rust 0.6.2
[INFO] finished tweaking crates.io crate osqp-rust 0.6.2
[INFO] tweaked toml for crates.io crate osqp-rust 0.6.2 written to /workspace/builds/worker-3-tc1/source/Cargo.toml
[INFO] running `Command { std: CARGO_HOME="/workspace/cargo-home" RUSTUP_HOME="/workspace/rustup-home" __CARGO_TEST_CHANNEL_OVERRIDE_DO_NOT_USE_THIS="nightly" "/workspace/cargo-home/bin/cargo" "+1.69.0" "generate-lockfile" "--manifest-path" "Cargo.toml" "-Zno-index-update", kill_on_drop: false }`
[INFO] running `Command { std: CARGO_HOME="/workspace/cargo-home" RUSTUP_HOME="/workspace/rustup-home" "/workspace/cargo-home/bin/cargo" "+1.69.0" "fetch" "--manifest-path" "Cargo.toml", kill_on_drop: false }`
[INFO] [stderr]  Downloading crates ...
[INFO] [stderr]   Downloaded osqp-rust-sys v0.6.2
[INFO] running `Command { std: "docker" "create" "-v" "/var/lib/crater-agent-workspace/builds/worker-3-tc1/target:/opt/rustwide/target:rw,Z" "-v" "/var/lib/crater-agent-workspace/builds/worker-3-tc1/source:/opt/rustwide/workdir:ro,Z" "-v" "/var/lib/crater-agent-workspace/cargo-home:/opt/rustwide/cargo-home:ro,Z" "-v" "/var/lib/crater-agent-workspace/rustup-home:/opt/rustwide/rustup-home:ro,Z" "-e" "SOURCE_DIR=/opt/rustwide/workdir" "-e" "CARGO_TARGET_DIR=/opt/rustwide/target" "-e" "CARGO_HOME=/opt/rustwide/cargo-home" "-e" "RUSTUP_HOME=/opt/rustwide/rustup-home" "-w" "/opt/rustwide/workdir" "-m" "1610612736" "--user" "0:0" "--network" "none" "ghcr.io/rust-lang/crates-build-env/linux@sha256:5ff2268d62e97bff2cde7d5815dd6ed5b47097566f13b8d0ca110b04b60e07ed" "/opt/rustwide/cargo-home/bin/cargo" "+1.69.0" "metadata" "--no-deps" "--format-version=1", kill_on_drop: false }`
[INFO] [stdout] 82c6e16a830d42e0d4173e3ff4ecdf83a7e7637870b0428f5942238c1193ae01
[INFO] running `Command { std: "docker" "start" "-a" "82c6e16a830d42e0d4173e3ff4ecdf83a7e7637870b0428f5942238c1193ae01", kill_on_drop: false }`
[INFO] running `Command { std: "docker" "inspect" "82c6e16a830d42e0d4173e3ff4ecdf83a7e7637870b0428f5942238c1193ae01", kill_on_drop: false }`
[INFO] running `Command { std: "docker" "rm" "-f" "82c6e16a830d42e0d4173e3ff4ecdf83a7e7637870b0428f5942238c1193ae01", kill_on_drop: false }`
[INFO] [stdout] 82c6e16a830d42e0d4173e3ff4ecdf83a7e7637870b0428f5942238c1193ae01
[INFO] running `Command { std: "docker" "create" "-v" "/var/lib/crater-agent-workspace/builds/worker-3-tc1/target:/opt/rustwide/target:rw,Z" "-v" "/var/lib/crater-agent-workspace/builds/worker-3-tc1/source:/opt/rustwide/workdir:ro,Z" "-v" "/var/lib/crater-agent-workspace/cargo-home:/opt/rustwide/cargo-home:ro,Z" "-v" "/var/lib/crater-agent-workspace/rustup-home:/opt/rustwide/rustup-home:ro,Z" "-e" "SOURCE_DIR=/opt/rustwide/workdir" "-e" "CARGO_TARGET_DIR=/opt/rustwide/target" "-e" "CARGO_INCREMENTAL=0" "-e" "RUST_BACKTRACE=full" "-e" "RUSTFLAGS=--cap-lints=warn" "-e" "RUSTDOCFLAGS=--cap-lints=warn" "-e" "CARGO_HOME=/opt/rustwide/cargo-home" "-e" "RUSTUP_HOME=/opt/rustwide/rustup-home" "-w" "/opt/rustwide/workdir" "-m" "1610612736" "--user" "0:0" "--network" "none" "ghcr.io/rust-lang/crates-build-env/linux@sha256:5ff2268d62e97bff2cde7d5815dd6ed5b47097566f13b8d0ca110b04b60e07ed" "/opt/rustwide/cargo-home/bin/cargo" "+1.69.0" "build" "--frozen" "--message-format=json", kill_on_drop: false }`
[INFO] [stdout] 87248c2cd72190f736675501bda39ab3616fdda2970775a542570da62af125b6
[INFO] running `Command { std: "docker" "start" "-a" "87248c2cd72190f736675501bda39ab3616fdda2970775a542570da62af125b6", kill_on_drop: false }`
[INFO] [stderr]    Compiling osqp-rust-sys v0.6.2
[INFO] [stdout] error[E0554]: `#![feature]` may not be used on the stable release channel
[INFO] [stdout]  --> /opt/rustwide/cargo-home/registry/src/github.com-1ecc6299db9ec823/osqp-rust-sys-0.6.2/lib.rs:8:1
[INFO] [stdout]   |
[INFO] [stdout] 8 | #![feature(extern_types)]
[INFO] [stdout]   | ^^^^^^^^^^^^^^^^^^^^^^^^^
[INFO] [stdout] 
[INFO] [stdout] 
[INFO] [stdout] error[E0554]: `#![feature]` may not be used on the stable release channel
[INFO] [stdout]  --> /opt/rustwide/cargo-home/registry/src/github.com-1ecc6299db9ec823/osqp-rust-sys-0.6.2/lib.rs:9:1
[INFO] [stdout]   |
[INFO] [stdout] 9 | #![feature(linkage)]
[INFO] [stdout]   | ^^^^^^^^^^^^^^^^^^^^
[INFO] [stdout] 
[INFO] [stdout] 
[INFO] [stdout] error[E0554]: `#![feature]` may not be used on the stable release channel
[INFO] [stdout]   --> /opt/rustwide/cargo-home/registry/src/github.com-1ecc6299db9ec823/osqp-rust-sys-0.6.2/lib.rs:10:1
[INFO] [stdout]    |
[INFO] [stdout] 10 | #![feature(register_tool)]
[INFO] [stdout]    | ^^^^^^^^^^^^^^^^^^^^^^^^^^
[INFO] [stdout] 
[INFO] [stdout] 
[INFO] [stdout] error: aborting due to 3 previous errors
[INFO] [stdout] 
[INFO] [stdout] 
[INFO] [stdout] For more information about this error, try `rustc --explain E0554`.
[INFO] [stdout] 
[INFO] [stderr] error: could not compile `osqp-rust-sys` due to 4 previous errors
[INFO] running `Command { std: "docker" "inspect" "87248c2cd72190f736675501bda39ab3616fdda2970775a542570da62af125b6", kill_on_drop: false }`
[INFO] running `Command { std: "docker" "rm" "-f" "87248c2cd72190f736675501bda39ab3616fdda2970775a542570da62af125b6", kill_on_drop: false }`
[INFO] [stdout] 87248c2cd72190f736675501bda39ab3616fdda2970775a542570da62af125b6
