[INFO] fetching crate osaka 0.3.0...
[INFO] testing osaka-0.3.0 against 1.69.0 for beta-1.70-1
[INFO] extracting crate osaka 0.3.0 into /workspace/builds/worker-5-tc1/source
[INFO] validating manifest of crates.io crate osaka 0.3.0 on toolchain 1.69.0
[INFO] running `Command { std: CARGO_HOME="/workspace/cargo-home" RUSTUP_HOME="/workspace/rustup-home" "/workspace/cargo-home/bin/cargo" "+1.69.0" "metadata" "--manifest-path" "Cargo.toml" "--no-deps", kill_on_drop: false }`
[INFO] started tweaking crates.io crate osaka 0.3.0
[INFO] finished tweaking crates.io crate osaka 0.3.0
[INFO] tweaked toml for crates.io crate osaka 0.3.0 written to /workspace/builds/worker-5-tc1/source/Cargo.toml
[INFO] running `Command { std: CARGO_HOME="/workspace/cargo-home" RUSTUP_HOME="/workspace/rustup-home" __CARGO_TEST_CHANNEL_OVERRIDE_DO_NOT_USE_THIS="nightly" "/workspace/cargo-home/bin/cargo" "+1.69.0" "generate-lockfile" "--manifest-path" "Cargo.toml" "-Zno-index-update", kill_on_drop: false }`
[INFO] running `Command { std: CARGO_HOME="/workspace/cargo-home" RUSTUP_HOME="/workspace/rustup-home" "/workspace/cargo-home/bin/cargo" "+1.69.0" "fetch" "--manifest-path" "Cargo.toml", kill_on_drop: false }`
[INFO] [stderr]  Downloading crates ...
[INFO] [stderr]   Downloaded osaka-macros v0.2.10
[INFO] running `Command { std: "docker" "create" "-v" "/var/lib/crater-agent-workspace/builds/worker-5-tc1/target:/opt/rustwide/target:rw,Z" "-v" "/var/lib/crater-agent-workspace/builds/worker-5-tc1/source:/opt/rustwide/workdir:ro,Z" "-v" "/var/lib/crater-agent-workspace/cargo-home:/opt/rustwide/cargo-home:ro,Z" "-v" "/var/lib/crater-agent-workspace/rustup-home:/opt/rustwide/rustup-home:ro,Z" "-e" "SOURCE_DIR=/opt/rustwide/workdir" "-e" "CARGO_TARGET_DIR=/opt/rustwide/target" "-e" "CARGO_HOME=/opt/rustwide/cargo-home" "-e" "RUSTUP_HOME=/opt/rustwide/rustup-home" "-w" "/opt/rustwide/workdir" "-m" "1610612736" "--user" "0:0" "--network" "none" "ghcr.io/rust-lang/crates-build-env/linux@sha256:5ff2268d62e97bff2cde7d5815dd6ed5b47097566f13b8d0ca110b04b60e07ed" "/opt/rustwide/cargo-home/bin/cargo" "+1.69.0" "metadata" "--no-deps" "--format-version=1", kill_on_drop: false }`
[INFO] [stdout] c7ca45d68bc283d58e4f79fdb124dcd00a4572fff5d5062c359b9fcb05703268
[INFO] running `Command { std: "docker" "start" "-a" "c7ca45d68bc283d58e4f79fdb124dcd00a4572fff5d5062c359b9fcb05703268", kill_on_drop: false }`
[INFO] running `Command { std: "docker" "inspect" "c7ca45d68bc283d58e4f79fdb124dcd00a4572fff5d5062c359b9fcb05703268", kill_on_drop: false }`
[INFO] running `Command { std: "docker" "rm" "-f" "c7ca45d68bc283d58e4f79fdb124dcd00a4572fff5d5062c359b9fcb05703268", kill_on_drop: false }`
[INFO] [stdout] c7ca45d68bc283d58e4f79fdb124dcd00a4572fff5d5062c359b9fcb05703268
[INFO] running `Command { std: "docker" "create" "-v" "/var/lib/crater-agent-workspace/builds/worker-5-tc1/target:/opt/rustwide/target:rw,Z" "-v" "/var/lib/crater-agent-workspace/builds/worker-5-tc1/source:/opt/rustwide/workdir:ro,Z" "-v" "/var/lib/crater-agent-workspace/cargo-home:/opt/rustwide/cargo-home:ro,Z" "-v" "/var/lib/crater-agent-workspace/rustup-home:/opt/rustwide/rustup-home:ro,Z" "-e" "SOURCE_DIR=/opt/rustwide/workdir" "-e" "CARGO_TARGET_DIR=/opt/rustwide/target" "-e" "CARGO_INCREMENTAL=0" "-e" "RUST_BACKTRACE=full" "-e" "RUSTFLAGS=--cap-lints=warn" "-e" "RUSTDOCFLAGS=--cap-lints=warn" "-e" "CARGO_HOME=/opt/rustwide/cargo-home" "-e" "RUSTUP_HOME=/opt/rustwide/rustup-home" "-w" "/opt/rustwide/workdir" "-m" "1610612736" "--user" "0:0" "--network" "none" "ghcr.io/rust-lang/crates-build-env/linux@sha256:5ff2268d62e97bff2cde7d5815dd6ed5b47097566f13b8d0ca110b04b60e07ed" "/opt/rustwide/cargo-home/bin/cargo" "+1.69.0" "build" "--frozen" "--message-format=json", kill_on_drop: false }`
[INFO] [stdout] 69f5fa73c876ed44b2938a3c3cfb53b7d289954144b9962cf3cf8b682b3ba484
[INFO] running `Command { std: "docker" "start" "-a" "69f5fa73c876ed44b2938a3c3cfb53b7d289954144b9962cf3cf8b682b3ba484", kill_on_drop: false }`
[INFO] [stderr]    Compiling proc-macro2 v0.4.30
[INFO] [stderr]    Compiling libc v0.2.142
[INFO] [stderr]    Compiling unicode-xid v0.1.0
[INFO] [stderr]    Compiling syn v0.15.44
[INFO] [stderr]    Compiling cfg-if v0.1.10
[INFO] [stderr]    Compiling quote v0.6.13
[INFO] [stderr]    Compiling iovec v0.1.4
[INFO] [stderr]    Compiling net2 v0.2.38
[INFO] [stderr]    Compiling mio v0.6.23
[INFO] [stderr]    Compiling osaka-macros v0.2.10
[INFO] [stderr]    Compiling osaka v0.3.0 (/opt/rustwide/workdir)
[INFO] [stdout] error[E0557]: feature has been removed
[INFO] [stdout]  --> src/lib.rs:1:41
[INFO] [stdout]   |
[INFO] [stdout] 1 | #![feature(generators, generator_trait, register_attr)]
[INFO] [stdout]   |                                         ^^^^^^^^^^^^^ feature has been removed
[INFO] [stdout]   |
[INFO] [stdout]   = note: removed in favor of `#![register_tool]`
[INFO] [stdout] 
[INFO] [stdout] 
[INFO] [stdout] error: cannot find attribute `register_attr` in this scope
[INFO] [stdout]  --> src/lib.rs:2:4
[INFO] [stdout]   |
[INFO] [stdout] 2 | #![register_attr(osaka)]
[INFO] [stdout]   |    ^^^^^^^^^^^^^ help: a built-in attribute with a similar name exists: `register_tool`
[INFO] [stdout] 
[INFO] [stdout] 
[INFO] [stdout] error: cannot determine resolution for the attribute macro `derive`
[INFO] [stdout]   --> src/lib.rs:62:3
[INFO] [stdout]    |
[INFO] [stdout] 62 | #[derive(Clone)]
[INFO] [stdout]    |   ^^^^^^
[INFO] [stdout]    |
[INFO] [stdout]    = note: import resolution is stuck, try simplifying macro imports
[INFO] [stdout] 
[INFO] [stdout] 
[INFO] [stdout] error: cannot determine resolution for the attribute macro `derive`
[INFO] [stdout]   --> src/lib.rs:74:3
[INFO] [stdout]    |
[INFO] [stdout] 74 | #[derive(Clone)]
[INFO] [stdout]    |   ^^^^^^
[INFO] [stdout]    |
[INFO] [stdout]    = note: import resolution is stuck, try simplifying macro imports
[INFO] [stdout] 
[INFO] [stdout] 
[INFO] [stdout] error: cannot determine resolution for the attribute macro `derive`
[INFO] [stdout]    --> src/lib.rs:140:3
[INFO] [stdout]     |
[INFO] [stdout] 140 | #[derive(Clone)]
[INFO] [stdout]     |   ^^^^^^
[INFO] [stdout]     |
[INFO] [stdout]     = note: import resolution is stuck, try simplifying macro imports
[INFO] [stdout] 
[INFO] [stdout] 
[INFO] [stdout] error: cannot determine resolution for the macro `debug`
[INFO] [stdout]    --> src/lib.rs:255:21
[INFO] [stdout]     |
[INFO] [stdout] 255 |                     debug!("going to poll with timeout {:?} and {} tokens",
[INFO] [stdout]     |                     ^^^^^
[INFO] [stdout]     |
[INFO] [stdout]     = note: import resolution is stuck, try simplifying macro imports
[INFO] [stdout] 
[INFO] [stdout] 
[INFO] [stdout] error: cannot determine resolution for the macro `debug`
[INFO] [stdout]    --> src/lib.rs:267:33
[INFO] [stdout]     |
[INFO] [stdout] 267 | ...                   debug!("token {:?} activated", token.m);
[INFO] [stdout]     |                       ^^^^^
[INFO] [stdout]     |
[INFO] [stdout]     = note: import resolution is stuck, try simplifying macro imports
[INFO] [stdout] 
[INFO] [stdout] 
[INFO] [stdout] error: cannot determine resolution for the macro `debug`
[INFO] [stdout]    --> src/lib.rs:343:25
[INFO] [stdout]     |
[INFO] [stdout] 343 |                         debug!("task wakeup caused by deadline");
[INFO] [stdout]     |                         ^^^^^
[INFO] [stdout]     |
[INFO] [stdout]     = note: import resolution is stuck, try simplifying macro imports
[INFO] [stdout] 
[INFO] [stdout] 
[INFO] [stdout] error: cannot determine resolution for the macro `debug`
[INFO] [stdout]    --> src/lib.rs:352:29
[INFO] [stdout]     |
[INFO] [stdout] 352 | ...                   debug!("task wakeup caused by token readyness");
[INFO] [stdout]     |                       ^^^^^
[INFO] [stdout]     |
[INFO] [stdout]     = note: import resolution is stuck, try simplifying macro imports
[INFO] [stdout] 
[INFO] [stdout] 
[INFO] [stdout] error[E0554]: `#![feature]` may not be used on the stable release channel
[INFO] [stdout]  --> src/lib.rs:1:1
[INFO] [stdout]   |
[INFO] [stdout] 1 | #![feature(generators, generator_trait, register_attr)]
[INFO] [stdout]   | ^^^^^^^^^^^^^^^^^^^^^^^^^^^^^^^^^^^^^^^^^^^^^^^^^^^^^^^
[INFO] [stdout] 
[INFO] [stdout] 
[INFO] [stdout] error[E0554]: `#![feature]` may not be used on the stable release channel
[INFO] [stdout]  --> src/lib.rs:3:1
[INFO] [stdout]   |
[INFO] [stdout] 3 | #![feature(termination_trait_lib)]
[INFO] [stdout]   | ^^^^^^^^^^^^^^^^^^^^^^^^^^^^^^^^^^
[INFO] [stdout] 
[INFO] [stdout] 
[INFO] [stdout] warning: unused import: `warn`
[INFO] [stdout]   --> src/lib.rs:13:11
[INFO] [stdout]    |
[INFO] [stdout] 13 | use log::{warn, debug};
[INFO] [stdout]    |           ^^^^
[INFO] [stdout]    |
[INFO] [stdout]    = note: `#[warn(unused_imports)]` on by default
[INFO] [stdout] 
[INFO] [stdout] 
[INFO] [stdout] error[E0554]: `#![feature]` may not be used on the stable release channel
[INFO] [stdout]  --> src/lib.rs:1:24
[INFO] [stdout]   |
[INFO] [stdout] 1 | #![feature(generators, generator_trait, register_attr)]
[INFO] [stdout]   |                        ^^^^^^^^^^^^^^^
[INFO] [stdout] 
[INFO] [stdout] 
[INFO] [stdout] error[E0554]: `#![feature]` may not be used on the stable release channel
[INFO] [stdout]  --> src/lib.rs:3:12
[INFO] [stdout]   |
[INFO] [stdout] 3 | #![feature(termination_trait_lib)]
[INFO] [stdout]   |            ^^^^^^^^^^^^^^^^^^^^^
[INFO] [stdout] 
[INFO] [stdout] 
[INFO] [stdout] warning: the feature `termination_trait_lib` has been stable since 1.61.0 and no longer requires an attribute to enable
[INFO] [stdout]  --> src/lib.rs:3:12
[INFO] [stdout]   |
[INFO] [stdout] 3 | #![feature(termination_trait_lib)]
[INFO] [stdout]   |            ^^^^^^^^^^^^^^^^^^^^^
[INFO] [stdout]   |
[INFO] [stdout]   = note: `#[warn(stable_features)]` on by default
[INFO] [stdout] 
[INFO] [stdout] 
[INFO] [stdout] warning: trait objects without an explicit `dyn` are deprecated
[INFO] [stdout]    --> src/lib.rs:216:16
[INFO] [stdout]     |
[INFO] [stdout] 216 |         f: Box<Future<R>>,
[INFO] [stdout]     |                ^^^^^^^^^
[INFO] [stdout]     |
[INFO] [stdout]     = warning: this is accepted in the current edition (Rust 2015) but is a hard error in Rust 2021!
[INFO] [stdout]     = note: for more information, see <https://doc.rust-lang.org/nightly/edition-guide/rust-2021/warnings-promoted-to-error.html>
[INFO] [stdout]     = note: `#[warn(bare_trait_objects)]` on by default
[INFO] [stdout] help: use `dyn`
[INFO] [stdout]     |
[INFO] [stdout] 216 |         f: Box<dyn Future<R>>,
[INFO] [stdout]     |                +++
[INFO] [stdout] 
[INFO] [stdout] 
[INFO] [stdout] warning: trait objects without an explicit `dyn` are deprecated
[INFO] [stdout]    --> src/lib.rs:307:23
[INFO] [stdout]     |
[INFO] [stdout] 307 |     pub fn new(f: Box<Future<R>>, a: Again) -> Self {
[INFO] [stdout]     |                       ^^^^^^^^^
[INFO] [stdout]     |
[INFO] [stdout]     = warning: this is accepted in the current edition (Rust 2015) but is a hard error in Rust 2021!
[INFO] [stdout]     = note: for more information, see <https://doc.rust-lang.org/nightly/edition-guide/rust-2021/warnings-promoted-to-error.html>
[INFO] [stdout] help: use `dyn`
[INFO] [stdout]     |
[INFO] [stdout] 307 |     pub fn new(f: Box<dyn Future<R>>, a: Again) -> Self {
[INFO] [stdout]     |                       +++
[INFO] [stdout] 
[INFO] [stdout] 
[INFO] [stdout] error[E0053]: method `report` has an incompatible type for trait
[INFO] [stdout]    --> src/lib.rs:380:28
[INFO] [stdout]     |
[INFO] [stdout] 380 |     fn report(mut self) -> i32 {
[INFO] [stdout]     |                            ^^^
[INFO] [stdout]     |                            |
[INFO] [stdout]     |                            expected `ExitCode`, found `i32`
[INFO] [stdout]     |                            help: change the output type to match the trait: `ExitCode`
[INFO] [stdout]     |
[INFO] [stdout]     = note: expected signature `fn(Task<_>) -> ExitCode`
[INFO] [stdout]                found signature `fn(Task<_>) -> i32`
[INFO] [stdout] 
[INFO] [stdout] 
[INFO] [stdout] error[E0061]: this method takes 1 argument but 0 arguments were supplied
[INFO] [stdout]    --> src/lib.rs:125:30
[INFO] [stdout]     |
[INFO] [stdout] 125 |         match Pin::new(self).resume() {
[INFO] [stdout]     |                              ^^^^^^-- an argument of type `()` is missing
[INFO] [stdout]     |
[INFO] [stdout] note: method defined here
[INFO] [stdout]    --> /rustc/84c898d65adf2f39a5a98507f1fe0ce10a2b8dbc/library/core/src/ops/generator.rs:114:8
[INFO] [stdout] help: provide the argument
[INFO] [stdout]     |
[INFO] [stdout] 125 |         match Pin::new(self).resume(()) {
[INFO] [stdout]     |                                    ~~~~
[INFO] [stdout] 
[INFO] [stdout] 
[INFO] [stdout] error[E0599]: no method named `clone` found for mutable reference `&mut Again` in the current scope
[INFO] [stdout]    --> src/lib.rs:370:39
[INFO] [stdout]     |
[INFO] [stdout] 370 |                 FutureResult::Again(a.clone())
[INFO] [stdout]     |                                       ^^^^^ method not found in `&mut Again`
[INFO] [stdout]     |
[INFO] [stdout]     = help: items from traits can only be used if the trait is implemented and in scope
[INFO] [stdout]     = note: the trait `Clone` defines an item `clone`, but is explicitly unimplemented
[INFO] [stdout] 
[INFO] [stdout] 
[INFO] [stdout] error: aborting due to 16 previous errors; 4 warnings emitted
[INFO] [stdout] 
[INFO] [stdout] 
[INFO] [stdout] Some errors have detailed explanations: E0053, E0061, E0554, E0557, E0599.
[INFO] [stdout] 
[INFO] [stdout] For more information about an error, try `rustc --explain E0053`.
[INFO] [stdout] 
[INFO] [stderr] error: could not compile `osaka` due to 17 previous errors; 4 warnings emitted
[INFO] running `Command { std: "docker" "inspect" "69f5fa73c876ed44b2938a3c3cfb53b7d289954144b9962cf3cf8b682b3ba484", kill_on_drop: false }`
[INFO] running `Command { std: "docker" "rm" "-f" "69f5fa73c876ed44b2938a3c3cfb53b7d289954144b9962cf3cf8b682b3ba484", kill_on_drop: false }`
[INFO] [stdout] 69f5fa73c876ed44b2938a3c3cfb53b7d289954144b9962cf3cf8b682b3ba484
