[INFO] fetching crate opentelemetry-jaeger 0.18.0...
[INFO] testing opentelemetry-jaeger-0.18.0 against 1.69.0 for beta-1.70-1
[INFO] extracting crate opentelemetry-jaeger 0.18.0 into /workspace/builds/worker-3-tc1/source
[INFO] validating manifest of crates.io crate opentelemetry-jaeger 0.18.0 on toolchain 1.69.0
[INFO] running `Command { std: CARGO_HOME="/workspace/cargo-home" RUSTUP_HOME="/workspace/rustup-home" "/workspace/cargo-home/bin/cargo" "+1.69.0" "metadata" "--manifest-path" "Cargo.toml" "--no-deps", kill_on_drop: false }`
[INFO] started tweaking crates.io crate opentelemetry-jaeger 0.18.0
[INFO] finished tweaking crates.io crate opentelemetry-jaeger 0.18.0
[INFO] tweaked toml for crates.io crate opentelemetry-jaeger 0.18.0 written to /workspace/builds/worker-3-tc1/source/Cargo.toml
[INFO] running `Command { std: CARGO_HOME="/workspace/cargo-home" RUSTUP_HOME="/workspace/rustup-home" __CARGO_TEST_CHANNEL_OVERRIDE_DO_NOT_USE_THIS="nightly" "/workspace/cargo-home/bin/cargo" "+1.69.0" "generate-lockfile" "--manifest-path" "Cargo.toml" "-Zno-index-update", kill_on_drop: false }`
[INFO] running `Command { std: CARGO_HOME="/workspace/cargo-home" RUSTUP_HOME="/workspace/rustup-home" "/workspace/cargo-home/bin/cargo" "+1.69.0" "fetch" "--manifest-path" "Cargo.toml", kill_on_drop: false }`
[INFO] [stderr]  Downloading crates ...
[INFO] [stderr]   Downloaded opentelemetry_api v0.19.0
[INFO] [stderr]   Downloaded opentelemetry-http v0.8.0
[INFO] [stderr]   Downloaded thrift v0.17.0
[INFO] [stderr]   Downloaded castaway v0.1.2
[INFO] [stderr]   Downloaded isahc v1.7.2
[INFO] [stderr]   Downloaded opentelemetry_sdk v0.19.0
[INFO] [stderr]   Downloaded opentelemetry-semantic-conventions v0.11.0
[INFO] [stderr]   Downloaded opentelemetry v0.19.0
[INFO] running `Command { std: "docker" "create" "-v" "/var/lib/crater-agent-workspace/builds/worker-3-tc1/target:/opt/rustwide/target:rw,Z" "-v" "/var/lib/crater-agent-workspace/builds/worker-3-tc1/source:/opt/rustwide/workdir:ro,Z" "-v" "/var/lib/crater-agent-workspace/cargo-home:/opt/rustwide/cargo-home:ro,Z" "-v" "/var/lib/crater-agent-workspace/rustup-home:/opt/rustwide/rustup-home:ro,Z" "-e" "SOURCE_DIR=/opt/rustwide/workdir" "-e" "CARGO_TARGET_DIR=/opt/rustwide/target" "-e" "CARGO_HOME=/opt/rustwide/cargo-home" "-e" "RUSTUP_HOME=/opt/rustwide/rustup-home" "-w" "/opt/rustwide/workdir" "-m" "1610612736" "--user" "0:0" "--network" "none" "ghcr.io/rust-lang/crates-build-env/linux@sha256:5ff2268d62e97bff2cde7d5815dd6ed5b47097566f13b8d0ca110b04b60e07ed" "/opt/rustwide/cargo-home/bin/cargo" "+1.69.0" "metadata" "--no-deps" "--format-version=1", kill_on_drop: false }`
[INFO] [stdout] feb9a9ad187681eaad70c1ec8257a30a3a0c0a42585fb1122f6d19d73b031546
[INFO] running `Command { std: "docker" "start" "-a" "feb9a9ad187681eaad70c1ec8257a30a3a0c0a42585fb1122f6d19d73b031546", kill_on_drop: false }`
[INFO] running `Command { std: "docker" "inspect" "feb9a9ad187681eaad70c1ec8257a30a3a0c0a42585fb1122f6d19d73b031546", kill_on_drop: false }`
[INFO] running `Command { std: "docker" "rm" "-f" "feb9a9ad187681eaad70c1ec8257a30a3a0c0a42585fb1122f6d19d73b031546", kill_on_drop: false }`
[INFO] [stdout] feb9a9ad187681eaad70c1ec8257a30a3a0c0a42585fb1122f6d19d73b031546
[INFO] running `Command { std: "docker" "create" "-v" "/var/lib/crater-agent-workspace/builds/worker-3-tc1/target:/opt/rustwide/target:rw,Z" "-v" "/var/lib/crater-agent-workspace/builds/worker-3-tc1/source:/opt/rustwide/workdir:ro,Z" "-v" "/var/lib/crater-agent-workspace/cargo-home:/opt/rustwide/cargo-home:ro,Z" "-v" "/var/lib/crater-agent-workspace/rustup-home:/opt/rustwide/rustup-home:ro,Z" "-e" "SOURCE_DIR=/opt/rustwide/workdir" "-e" "CARGO_TARGET_DIR=/opt/rustwide/target" "-e" "CARGO_INCREMENTAL=0" "-e" "RUST_BACKTRACE=full" "-e" "RUSTFLAGS=--cap-lints=warn" "-e" "RUSTDOCFLAGS=--cap-lints=warn" "-e" "CARGO_HOME=/opt/rustwide/cargo-home" "-e" "RUSTUP_HOME=/opt/rustwide/rustup-home" "-w" "/opt/rustwide/workdir" "-m" "1610612736" "--user" "0:0" "--network" "none" "ghcr.io/rust-lang/crates-build-env/linux@sha256:5ff2268d62e97bff2cde7d5815dd6ed5b47097566f13b8d0ca110b04b60e07ed" "/opt/rustwide/cargo-home/bin/cargo" "+1.69.0" "build" "--frozen" "--message-format=json", kill_on_drop: false }`
[INFO] [stdout] cb050741e7265b43369d054f44c8c021473bc1e31d79c8fefa9aee7759df25b3
[INFO] running `Command { std: "docker" "start" "-a" "cb050741e7265b43369d054f44c8c021473bc1e31d79c8fefa9aee7759df25b3", kill_on_drop: false }`
[INFO] [stderr]    Compiling futures-core v0.3.28
[INFO] [stderr]    Compiling futures-channel v0.3.28
[INFO] [stderr]    Compiling futures-task v0.3.28
[INFO] [stderr]    Compiling futures-sink v0.3.28
[INFO] [stderr]    Compiling futures-util v0.3.28
[INFO] [stderr]    Compiling syn v2.0.15
[INFO] [stderr]    Compiling futures-io v0.3.28
[INFO] [stderr]    Compiling crossbeam-utils v0.8.15
[INFO] [stderr]    Compiling async-trait v0.1.68
[INFO] [stderr]    Compiling urlencoding v2.1.2
[INFO] [stderr]    Compiling rand v0.8.5
[INFO] [stderr]    Compiling threadpool v1.8.1
[INFO] [stderr]    Compiling ordered-float v2.10.0
[INFO] [stderr]    Compiling integer-encoding v3.0.4
[INFO] [stderr]    Compiling thrift v0.17.0
[INFO] [stderr]    Compiling crossbeam-channel v0.5.8
[INFO] [stderr]    Compiling futures-macro v0.3.28
[INFO] [stderr]    Compiling thiserror-impl v1.0.40
[INFO] [stderr]    Compiling thiserror v1.0.40
[INFO] [stderr]    Compiling futures-executor v0.3.28
[INFO] [stderr]    Compiling opentelemetry_api v0.19.0
[INFO] [stderr]    Compiling futures v0.3.28
[INFO] [stderr]    Compiling opentelemetry_sdk v0.19.0
[INFO] [stderr]    Compiling opentelemetry v0.19.0
[INFO] [stderr]    Compiling opentelemetry-semantic-conventions v0.11.0
[INFO] [stderr]    Compiling opentelemetry-jaeger v0.18.0 (/opt/rustwide/workdir)
[INFO] [stderr]     Finished dev [unoptimized + debuginfo] target(s) in 24.64s
[INFO] running `Command { std: "docker" "inspect" "cb050741e7265b43369d054f44c8c021473bc1e31d79c8fefa9aee7759df25b3", kill_on_drop: false }`
[INFO] running `Command { std: "docker" "rm" "-f" "cb050741e7265b43369d054f44c8c021473bc1e31d79c8fefa9aee7759df25b3", kill_on_drop: false }`
[INFO] [stdout] cb050741e7265b43369d054f44c8c021473bc1e31d79c8fefa9aee7759df25b3
[INFO] running `Command { std: "docker" "create" "-v" "/var/lib/crater-agent-workspace/builds/worker-3-tc1/target:/opt/rustwide/target:rw,Z" "-v" "/var/lib/crater-agent-workspace/builds/worker-3-tc1/source:/opt/rustwide/workdir:ro,Z" "-v" "/var/lib/crater-agent-workspace/cargo-home:/opt/rustwide/cargo-home:ro,Z" "-v" "/var/lib/crater-agent-workspace/rustup-home:/opt/rustwide/rustup-home:ro,Z" "-e" "SOURCE_DIR=/opt/rustwide/workdir" "-e" "CARGO_TARGET_DIR=/opt/rustwide/target" "-e" "CARGO_INCREMENTAL=0" "-e" "RUST_BACKTRACE=full" "-e" "RUSTFLAGS=--cap-lints=warn" "-e" "RUSTDOCFLAGS=--cap-lints=warn" "-e" "CARGO_HOME=/opt/rustwide/cargo-home" "-e" "RUSTUP_HOME=/opt/rustwide/rustup-home" "-w" "/opt/rustwide/workdir" "-m" "1610612736" "--user" "0:0" "--network" "none" "ghcr.io/rust-lang/crates-build-env/linux@sha256:5ff2268d62e97bff2cde7d5815dd6ed5b47097566f13b8d0ca110b04b60e07ed" "/opt/rustwide/cargo-home/bin/cargo" "+1.69.0" "test" "--frozen" "--no-run" "--message-format=json", kill_on_drop: false }`
[INFO] [stdout] 97923666808d4893042aa40eb45d4e92057290d7ef1e8205eba46cb51cbb13f9
[INFO] running `Command { std: "docker" "start" "-a" "97923666808d4893042aa40eb45d4e92057290d7ef1e8205eba46cb51cbb13f9", kill_on_drop: false }`
[INFO] [stderr]    Compiling tokio v1.28.0
[INFO] [stderr]    Compiling mio v0.8.6
[INFO] [stderr]    Compiling opentelemetry-jaeger v0.18.0 (/opt/rustwide/workdir)
[INFO] [stdout] error[E0433]: failed to resolve: could not find `testing` in `opentelemetry`
[INFO] [stdout]    --> src/lib.rs:582:13
[INFO] [stdout]     |
[INFO] [stdout] 582 |             testing::trace::TestSpan,
[INFO] [stdout]     |             ^^^^^^^ could not find `testing` in `opentelemetry`
[INFO] [stdout] 
[INFO] [stdout] 
[INFO] [stdout] error[E0433]: failed to resolve: could not find `test` in `tokio`
[INFO] [stdout]    --> src/exporter/config/mod.rs:109:14
[INFO] [stdout]     |
[INFO] [stdout] 109 |     #[tokio::test]
[INFO] [stdout]     |              ^^^^ could not find `test` in `tokio`
[INFO] [stdout] 
[INFO] [stdout] 
[INFO] [stdout] error[E0599]: no function or associated item named `from_u128` found for struct `TraceId` in the current scope
[INFO] [stdout]    --> src/lib.rs:601:34
[INFO] [stdout]     |
[INFO] [stdout] 601 |                         TraceId::from_u128(TRACE_ID),
[INFO] [stdout]     |                                  ^^^^^^^^^ function or associated item not found in `TraceId`
[INFO] [stdout] 
[INFO] [stdout] 
[INFO] [stdout] error[E0599]: no function or associated item named `from_u64` found for struct `SpanId` in the current scope
[INFO] [stdout]    --> src/lib.rs:602:33
[INFO] [stdout]     |
[INFO] [stdout] 602 |                         SpanId::from_u64(SPAN_ID),
[INFO] [stdout]     |                                 ^^^^^^^^ function or associated item not found in `SpanId`
[INFO] [stdout] 
[INFO] [stdout] 
[INFO] [stdout] error[E0599]: no function or associated item named `from_u128` found for struct `TraceId` in the current scope
[INFO] [stdout]    --> src/lib.rs:613:34
[INFO] [stdout]     |
[INFO] [stdout] 613 |                         TraceId::from_u128(TRACE_ID),
[INFO] [stdout]     |                                  ^^^^^^^^^ function or associated item not found in `TraceId`
[INFO] [stdout] 
[INFO] [stdout] 
[INFO] [stdout] error[E0599]: no function or associated item named `from_u64` found for struct `SpanId` in the current scope
[INFO] [stdout]    --> src/lib.rs:614:33
[INFO] [stdout]     |
[INFO] [stdout] 614 |                         SpanId::from_u64(SPAN_ID),
[INFO] [stdout]     |                                 ^^^^^^^^ function or associated item not found in `SpanId`
[INFO] [stdout] 
[INFO] [stdout] 
[INFO] [stdout] error[E0599]: no function or associated item named `from_u128` found for struct `TraceId` in the current scope
[INFO] [stdout]    --> src/lib.rs:625:34
[INFO] [stdout]     |
[INFO] [stdout] 625 |                         TraceId::from_u128(TRACE_ID),
[INFO] [stdout]     |                                  ^^^^^^^^^ function or associated item not found in `TraceId`
[INFO] [stdout] 
[INFO] [stdout] 
[INFO] [stdout] error[E0599]: no function or associated item named `from_u64` found for struct `SpanId` in the current scope
[INFO] [stdout]    --> src/lib.rs:626:33
[INFO] [stdout]     |
[INFO] [stdout] 626 |                         SpanId::from_u64(SPAN_ID),
[INFO] [stdout]     |                                 ^^^^^^^^ function or associated item not found in `SpanId`
[INFO] [stdout] 
[INFO] [stdout] 
[INFO] [stdout] error[E0599]: no function or associated item named `from_u128` found for struct `TraceId` in the current scope
[INFO] [stdout]    --> src/lib.rs:637:34
[INFO] [stdout]     |
[INFO] [stdout] 637 |                         TraceId::from_u128(TRACE_ID),
[INFO] [stdout]     |                                  ^^^^^^^^^ function or associated item not found in `TraceId`
[INFO] [stdout] 
[INFO] [stdout] 
[INFO] [stdout] error[E0599]: no function or associated item named `from_u64` found for struct `SpanId` in the current scope
[INFO] [stdout]    --> src/lib.rs:638:33
[INFO] [stdout]     |
[INFO] [stdout] 638 |                         SpanId::from_u64(SPAN_ID),
[INFO] [stdout]     |                                 ^^^^^^^^ function or associated item not found in `SpanId`
[INFO] [stdout] 
[INFO] [stdout] 
[INFO] [stdout] error[E0599]: no function or associated item named `from_u128` found for struct `TraceId` in the current scope
[INFO] [stdout]    --> src/lib.rs:669:34
[INFO] [stdout]     |
[INFO] [stdout] 669 |                         TraceId::from_u128(TRACE_ID),
[INFO] [stdout]     |                                  ^^^^^^^^^ function or associated item not found in `TraceId`
[INFO] [stdout] 
[INFO] [stdout] 
[INFO] [stdout] error[E0599]: no function or associated item named `from_u64` found for struct `SpanId` in the current scope
[INFO] [stdout]    --> src/lib.rs:670:33
[INFO] [stdout]     |
[INFO] [stdout] 670 |                         SpanId::from_u64(SPAN_ID),
[INFO] [stdout]     |                                 ^^^^^^^^ function or associated item not found in `SpanId`
[INFO] [stdout] 
[INFO] [stdout] 
[INFO] [stdout] error[E0599]: no function or associated item named `from_u128` found for struct `TraceId` in the current scope
[INFO] [stdout]    --> src/lib.rs:679:34
[INFO] [stdout]     |
[INFO] [stdout] 679 |                         TraceId::from_u128(TRACE_ID),
[INFO] [stdout]     |                                  ^^^^^^^^^ function or associated item not found in `TraceId`
[INFO] [stdout] 
[INFO] [stdout] 
[INFO] [stdout] error[E0599]: no function or associated item named `from_u64` found for struct `SpanId` in the current scope
[INFO] [stdout]    --> src/lib.rs:680:33
[INFO] [stdout]     |
[INFO] [stdout] 680 |                         SpanId::from_u64(SPAN_ID),
[INFO] [stdout]     |                                 ^^^^^^^^ function or associated item not found in `SpanId`
[INFO] [stdout] 
[INFO] [stdout] 
[INFO] [stdout] error[E0599]: no function or associated item named `from_u128` found for struct `TraceId` in the current scope
[INFO] [stdout]    --> src/lib.rs:689:34
[INFO] [stdout]     |
[INFO] [stdout] 689 |                         TraceId::from_u128(TRACE_ID),
[INFO] [stdout]     |                                  ^^^^^^^^^ function or associated item not found in `TraceId`
[INFO] [stdout] 
[INFO] [stdout] 
[INFO] [stdout] error[E0599]: no function or associated item named `from_u64` found for struct `SpanId` in the current scope
[INFO] [stdout]    --> src/lib.rs:690:33
[INFO] [stdout]     |
[INFO] [stdout] 690 |                         SpanId::from_u64(SPAN_ID),
[INFO] [stdout]     |                                 ^^^^^^^^ function or associated item not found in `SpanId`
[INFO] [stdout] 
[INFO] [stdout] 
[INFO] [stdout] error[E0599]: no function or associated item named `from_u128` found for struct `TraceId` in the current scope
[INFO] [stdout]    --> src/lib.rs:792:30
[INFO] [stdout]     |
[INFO] [stdout] 792 |                     TraceId::from_u128(TRACE_ID),
[INFO] [stdout]     |                              ^^^^^^^^^ function or associated item not found in `TraceId`
[INFO] [stdout] 
[INFO] [stdout] 
[INFO] [stdout] error[E0599]: no function or associated item named `from_u64` found for struct `SpanId` in the current scope
[INFO] [stdout]    --> src/lib.rs:793:29
[INFO] [stdout]     |
[INFO] [stdout] 793 |                     SpanId::from_u64(SPAN_ID),
[INFO] [stdout]     |                             ^^^^^^^^ function or associated item not found in `SpanId`
[INFO] [stdout] 
[INFO] [stdout] 
[INFO] [stdout] error: aborting due to 18 previous errors
[INFO] [stdout] 
[INFO] [stdout] 
[INFO] [stdout] Some errors have detailed explanations: E0433, E0599.
[INFO] [stdout] 
[INFO] [stdout] For more information about an error, try `rustc --explain E0433`.
[INFO] [stdout] 
[INFO] [stderr] error: could not compile `opentelemetry-jaeger` due to 19 previous errors
[INFO] running `Command { std: "docker" "inspect" "97923666808d4893042aa40eb45d4e92057290d7ef1e8205eba46cb51cbb13f9", kill_on_drop: false }`
[INFO] running `Command { std: "docker" "rm" "-f" "97923666808d4893042aa40eb45d4e92057290d7ef1e8205eba46cb51cbb13f9", kill_on_drop: false }`
[INFO] [stdout] 97923666808d4893042aa40eb45d4e92057290d7ef1e8205eba46cb51cbb13f9
