[INFO] fetching crate opentelemetry-datadog 0.7.0...
[INFO] testing opentelemetry-datadog-0.7.0 against 1.69.0 for beta-1.70-1
[INFO] extracting crate opentelemetry-datadog 0.7.0 into /workspace/builds/worker-2-tc1/source
[INFO] validating manifest of crates.io crate opentelemetry-datadog 0.7.0 on toolchain 1.69.0
[INFO] running `Command { std: CARGO_HOME="/workspace/cargo-home" RUSTUP_HOME="/workspace/rustup-home" "/workspace/cargo-home/bin/cargo" "+1.69.0" "metadata" "--manifest-path" "Cargo.toml" "--no-deps", kill_on_drop: false }`
[INFO] started tweaking crates.io crate opentelemetry-datadog 0.7.0
[INFO] finished tweaking crates.io crate opentelemetry-datadog 0.7.0
[INFO] tweaked toml for crates.io crate opentelemetry-datadog 0.7.0 written to /workspace/builds/worker-2-tc1/source/Cargo.toml
[INFO] running `Command { std: CARGO_HOME="/workspace/cargo-home" RUSTUP_HOME="/workspace/rustup-home" __CARGO_TEST_CHANNEL_OVERRIDE_DO_NOT_USE_THIS="nightly" "/workspace/cargo-home/bin/cargo" "+1.69.0" "generate-lockfile" "--manifest-path" "Cargo.toml" "-Zno-index-update", kill_on_drop: false }`
[INFO] running `Command { std: CARGO_HOME="/workspace/cargo-home" RUSTUP_HOME="/workspace/rustup-home" "/workspace/cargo-home/bin/cargo" "+1.69.0" "fetch" "--manifest-path" "Cargo.toml", kill_on_drop: false }`
[INFO] [stderr]     Blocking waiting for file lock on package cache
[INFO] [stderr]  Downloading crates ...
[INFO] [stderr]   Downloaded opentelemetry_sdk v0.19.0
[INFO] [stderr]   Downloaded opentelemetry_api v0.19.0
[INFO] [stderr]   Downloaded opentelemetry-http v0.8.0
[INFO] [stderr]   Downloaded opentelemetry v0.19.0
[INFO] [stderr]   Downloaded opentelemetry-semantic-conventions v0.11.0
[INFO] running `Command { std: "docker" "create" "-v" "/var/lib/crater-agent-workspace/builds/worker-2-tc1/target:/opt/rustwide/target:rw,Z" "-v" "/var/lib/crater-agent-workspace/builds/worker-2-tc1/source:/opt/rustwide/workdir:ro,Z" "-v" "/var/lib/crater-agent-workspace/cargo-home:/opt/rustwide/cargo-home:ro,Z" "-v" "/var/lib/crater-agent-workspace/rustup-home:/opt/rustwide/rustup-home:ro,Z" "-e" "SOURCE_DIR=/opt/rustwide/workdir" "-e" "CARGO_TARGET_DIR=/opt/rustwide/target" "-e" "CARGO_HOME=/opt/rustwide/cargo-home" "-e" "RUSTUP_HOME=/opt/rustwide/rustup-home" "-w" "/opt/rustwide/workdir" "-m" "1610612736" "--user" "0:0" "--network" "none" "ghcr.io/rust-lang/crates-build-env/linux@sha256:5ff2268d62e97bff2cde7d5815dd6ed5b47097566f13b8d0ca110b04b60e07ed" "/opt/rustwide/cargo-home/bin/cargo" "+1.69.0" "metadata" "--no-deps" "--format-version=1", kill_on_drop: false }`
[INFO] [stdout] 0f03174070c5315802fbb318fadad6b23c7fe059b3f96efad540d3d51b58c70a
[INFO] running `Command { std: "docker" "start" "-a" "0f03174070c5315802fbb318fadad6b23c7fe059b3f96efad540d3d51b58c70a", kill_on_drop: false }`
[INFO] running `Command { std: "docker" "inspect" "0f03174070c5315802fbb318fadad6b23c7fe059b3f96efad540d3d51b58c70a", kill_on_drop: false }`
[INFO] running `Command { std: "docker" "rm" "-f" "0f03174070c5315802fbb318fadad6b23c7fe059b3f96efad540d3d51b58c70a", kill_on_drop: false }`
[INFO] [stdout] 0f03174070c5315802fbb318fadad6b23c7fe059b3f96efad540d3d51b58c70a
[INFO] running `Command { std: "docker" "create" "-v" "/var/lib/crater-agent-workspace/builds/worker-2-tc1/target:/opt/rustwide/target:rw,Z" "-v" "/var/lib/crater-agent-workspace/builds/worker-2-tc1/source:/opt/rustwide/workdir:ro,Z" "-v" "/var/lib/crater-agent-workspace/cargo-home:/opt/rustwide/cargo-home:ro,Z" "-v" "/var/lib/crater-agent-workspace/rustup-home:/opt/rustwide/rustup-home:ro,Z" "-e" "SOURCE_DIR=/opt/rustwide/workdir" "-e" "CARGO_TARGET_DIR=/opt/rustwide/target" "-e" "CARGO_INCREMENTAL=0" "-e" "RUST_BACKTRACE=full" "-e" "RUSTFLAGS=--cap-lints=warn" "-e" "RUSTDOCFLAGS=--cap-lints=warn" "-e" "CARGO_HOME=/opt/rustwide/cargo-home" "-e" "RUSTUP_HOME=/opt/rustwide/rustup-home" "-w" "/opt/rustwide/workdir" "-m" "1610612736" "--user" "0:0" "--network" "none" "ghcr.io/rust-lang/crates-build-env/linux@sha256:5ff2268d62e97bff2cde7d5815dd6ed5b47097566f13b8d0ca110b04b60e07ed" "/opt/rustwide/cargo-home/bin/cargo" "+1.69.0" "build" "--frozen" "--message-format=json", kill_on_drop: false }`
[INFO] [stdout] cc41d0482c4fb237f50bf97445a13afb21556bba4b0352a500c48c92088d2189
[INFO] running `Command { std: "docker" "start" "-a" "cc41d0482c4fb237f50bf97445a13afb21556bba4b0352a500c48c92088d2189", kill_on_drop: false }`
[INFO] [stderr]    Compiling futures-core v0.3.28
[INFO] [stderr]    Compiling futures-util v0.3.28
[INFO] [stderr]    Compiling indexmap v1.9.3
[INFO] [stderr]    Compiling futures-sink v0.3.28
[INFO] [stderr]    Compiling futures-channel v0.3.28
[INFO] [stderr]    Compiling futures-io v0.3.28
[INFO] [stderr]    Compiling urlencoding v2.1.2
[INFO] [stderr]    Compiling paste v1.0.12
[INFO] [stderr]    Compiling unicode-bidi v0.3.13
[INFO] [stderr]    Compiling bytes v1.4.0
[INFO] [stderr]    Compiling futures-macro v0.3.28
[INFO] [stderr]    Compiling async-trait v0.1.68
[INFO] [stderr]    Compiling rand v0.8.5
[INFO] [stderr]    Compiling byteorder v1.4.3
[INFO] [stderr]    Compiling itertools v0.10.5
[INFO] [stderr]    Compiling idna v0.3.0
[INFO] [stderr]    Compiling http v0.2.9
[INFO] [stderr]    Compiling rmp v0.8.11
[INFO] [stderr]    Compiling url v2.3.1
[INFO] [stderr]    Compiling opentelemetry_api v0.19.0
[INFO] [stderr]    Compiling futures-executor v0.3.28
[INFO] [stderr]    Compiling opentelemetry_sdk v0.19.0
[INFO] [stderr]    Compiling opentelemetry-http v0.8.0
[INFO] [stderr]    Compiling opentelemetry v0.19.0
[INFO] [stderr]    Compiling opentelemetry-semantic-conventions v0.11.0
[INFO] [stderr]    Compiling opentelemetry-datadog v0.7.0 (/opt/rustwide/workdir)
[INFO] [stderr]     Finished dev [unoptimized + debuginfo] target(s) in 7.65s
[INFO] running `Command { std: "docker" "inspect" "cc41d0482c4fb237f50bf97445a13afb21556bba4b0352a500c48c92088d2189", kill_on_drop: false }`
[INFO] running `Command { std: "docker" "rm" "-f" "cc41d0482c4fb237f50bf97445a13afb21556bba4b0352a500c48c92088d2189", kill_on_drop: false }`
[INFO] [stdout] cc41d0482c4fb237f50bf97445a13afb21556bba4b0352a500c48c92088d2189
[INFO] running `Command { std: "docker" "create" "-v" "/var/lib/crater-agent-workspace/builds/worker-2-tc1/target:/opt/rustwide/target:rw,Z" "-v" "/var/lib/crater-agent-workspace/builds/worker-2-tc1/source:/opt/rustwide/workdir:ro,Z" "-v" "/var/lib/crater-agent-workspace/cargo-home:/opt/rustwide/cargo-home:ro,Z" "-v" "/var/lib/crater-agent-workspace/rustup-home:/opt/rustwide/rustup-home:ro,Z" "-e" "SOURCE_DIR=/opt/rustwide/workdir" "-e" "CARGO_TARGET_DIR=/opt/rustwide/target" "-e" "CARGO_INCREMENTAL=0" "-e" "RUST_BACKTRACE=full" "-e" "RUSTFLAGS=--cap-lints=warn" "-e" "RUSTDOCFLAGS=--cap-lints=warn" "-e" "CARGO_HOME=/opt/rustwide/cargo-home" "-e" "RUSTUP_HOME=/opt/rustwide/rustup-home" "-w" "/opt/rustwide/workdir" "-m" "1610612736" "--user" "0:0" "--network" "none" "ghcr.io/rust-lang/crates-build-env/linux@sha256:5ff2268d62e97bff2cde7d5815dd6ed5b47097566f13b8d0ca110b04b60e07ed" "/opt/rustwide/cargo-home/bin/cargo" "+1.69.0" "test" "--frozen" "--no-run" "--message-format=json", kill_on_drop: false }`
[INFO] [stdout] 881a1d8fc7d30bfdbd636bf562992d373465fac713935de5ca6b5ab6c73dab18
[INFO] running `Command { std: "docker" "start" "-a" "881a1d8fc7d30bfdbd636bf562992d373465fac713935de5ca6b5ab6c73dab18", kill_on_drop: false }`
[INFO] [stderr]    Compiling libz-sys v1.1.9
[INFO] [stderr]    Compiling libnghttp2-sys v0.1.7+1.45.0
[INFO] [stderr]    Compiling openssl-sys v0.9.87
[INFO] [stderr]    Compiling curl-sys v0.4.61+curl-8.0.1
[INFO] [stderr]    Compiling syn v1.0.109
[INFO] [stderr]    Compiling concurrent-queue v2.2.0
[INFO] [stderr]    Compiling polling v2.8.0
[INFO] [stderr]    Compiling curl v0.4.44
[INFO] [stderr]    Compiling event-listener v2.5.3
[INFO] [stderr]    Compiling tracing v0.1.37
[INFO] [stderr]    Compiling socket2 v0.4.9
[INFO] [stderr]    Compiling parking v2.1.0
[INFO] [stderr]    Compiling fastrand v1.9.0
[INFO] [stderr]    Compiling isahc v1.7.2
[INFO] [stderr]    Compiling waker-fn v1.1.0
[INFO] [stderr]    Compiling encoding_rs v0.8.32
[INFO] [stderr]    Compiling castaway v0.1.2
[INFO] [stderr]    Compiling mime v0.3.17
[INFO] [stderr]    Compiling async-channel v1.8.0
[INFO] [stderr]    Compiling futures-lite v1.13.0
[INFO] [stderr]    Compiling sluice v0.5.5
[INFO] [stderr]    Compiling pin-project-internal v1.0.12
[INFO] [stderr]    Compiling pin-project v1.0.12
[INFO] [stderr]    Compiling tracing-futures v0.2.5
[INFO] [stderr]    Compiling opentelemetry-datadog v0.7.0 (/opt/rustwide/workdir)
[INFO] [stdout] error[E0433]: failed to resolve: could not find `testing` in `opentelemetry`
[INFO] [stdout]    --> src/lib.rs:316:28
[INFO] [stdout]     |
[INFO] [stdout] 316 |         use opentelemetry::testing::trace::TestSpan;
[INFO] [stdout]     |                            ^^^^^^^ could not find `testing` in `opentelemetry`
[INFO] [stdout] 
[INFO] [stdout] 
[INFO] [stdout] error[E0599]: no function or associated item named `from_u128` found for struct `opentelemetry::trace::TraceId` in the current scope
[INFO] [stdout]    --> src/exporter/model/mod.rs:207:22
[INFO] [stdout]     |
[INFO] [stdout] 207 |             TraceId::from_u128(trace_id),
[INFO] [stdout]     |                      ^^^^^^^^^ function or associated item not found in `TraceId`
[INFO] [stdout] 
[INFO] [stdout] 
[INFO] [stdout] error[E0599]: no function or associated item named `from_u64` found for struct `opentelemetry::trace::SpanId` in the current scope
[INFO] [stdout]    --> src/exporter/model/mod.rs:208:21
[INFO] [stdout]     |
[INFO] [stdout] 208 |             SpanId::from_u64(span_id),
[INFO] [stdout]     |                     ^^^^^^^^ function or associated item not found in `SpanId`
[INFO] [stdout] 
[INFO] [stdout] 
[INFO] [stdout] error[E0599]: no function or associated item named `from_u64` found for struct `opentelemetry::trace::SpanId` in the current scope
[INFO] [stdout]    --> src/exporter/model/mod.rs:227:37
[INFO] [stdout]     |
[INFO] [stdout] 227 |             parent_span_id: SpanId::from_u64(parent_span_id),
[INFO] [stdout]     |                                     ^^^^^^^^ function or associated item not found in `SpanId`
[INFO] [stdout] 
[INFO] [stdout] 
[INFO] [stdout] error[E0599]: no function or associated item named `from_u128` found for struct `opentelemetry::trace::TraceId` in the current scope
[INFO] [stdout]    --> src/lib.rs:326:124
[INFO] [stdout]     |
[INFO] [stdout] 326 | ...arbage")], SpanContext::new(TraceId::from_u128(1234), SpanId::INVALID, TRACE_FLAG_DEFERRED, true, TraceState::default())),
[INFO] [stdout]     |                                         ^^^^^^^^^ function or associated item not found in `TraceId`
[INFO] [stdout] 
[INFO] [stdout] 
[INFO] [stdout] error[E0599]: no function or associated item named `from_u128` found for struct `opentelemetry::trace::TraceId` in the current scope
[INFO] [stdout]    --> src/lib.rs:327:119
[INFO] [stdout]     |
[INFO] [stdout] 327 | ...R, "12")], SpanContext::new(TraceId::from_u128(1234), SpanId::from_u64(12), TRACE_FLAG_DEFERRED, true, TraceState::default())),
[INFO] [stdout]     |                                         ^^^^^^^^^ function or associated item not found in `TraceId`
[INFO] [stdout] 
[INFO] [stdout] 
[INFO] [stdout] error[E0599]: no function or associated item named `from_u64` found for struct `opentelemetry::trace::SpanId` in the current scope
[INFO] [stdout]    --> src/lib.rs:327:144
[INFO] [stdout]     |
[INFO] [stdout] 327 | ...new(TraceId::from_u128(1234), SpanId::from_u64(12), TRACE_FLAG_DEFERRED, true, TraceState::default())),
[INFO] [stdout]     |                                          ^^^^^^^^ function or associated item not found in `SpanId`
[INFO] [stdout] 
[INFO] [stdout] 
[INFO] [stdout] error[E0599]: no function or associated item named `from_u128` found for struct `opentelemetry::trace::TraceId` in the current scope
[INFO] [stdout]    --> src/lib.rs:328:160
[INFO] [stdout]     |
[INFO] [stdout] 328 | ...ER, "0")], SpanContext::new(TraceId::from_u128(1234), SpanId::from_u64(12), TraceFlags::default(), true, TraceState::default())),
[INFO] [stdout]     |                                         ^^^^^^^^^ function or associated item not found in `TraceId`
[INFO] [stdout] 
[INFO] [stdout] 
[INFO] [stdout] error[E0599]: no function or associated item named `from_u64` found for struct `opentelemetry::trace::SpanId` in the current scope
[INFO] [stdout]    --> src/lib.rs:328:185
[INFO] [stdout]     |
[INFO] [stdout] 328 | ...new(TraceId::from_u128(1234), SpanId::from_u64(12), TraceFlags::default(), true, TraceState::default())),
[INFO] [stdout]     |                                          ^^^^^^^^ function or associated item not found in `SpanId`
[INFO] [stdout] 
[INFO] [stdout] 
[INFO] [stdout] error[E0599]: no function or associated item named `from_u128` found for struct `opentelemetry::trace::TraceId` in the current scope
[INFO] [stdout]    --> src/lib.rs:329:160
[INFO] [stdout]     |
[INFO] [stdout] 329 | ...ER, "1")], SpanContext::new(TraceId::from_u128(1234), SpanId::from_u64(12), TraceFlags::SAMPLED, true, TraceState::default())),
[INFO] [stdout]     |                                         ^^^^^^^^^ function or associated item not found in `TraceId`
[INFO] [stdout] 
[INFO] [stdout] 
[INFO] [stdout] error[E0599]: no function or associated item named `from_u64` found for struct `opentelemetry::trace::SpanId` in the current scope
[INFO] [stdout]    --> src/lib.rs:329:185
[INFO] [stdout]     |
[INFO] [stdout] 329 | ...new(TraceId::from_u128(1234), SpanId::from_u64(12), TraceFlags::SAMPLED, true, TraceState::default())),
[INFO] [stdout]     |                                          ^^^^^^^^ function or associated item not found in `SpanId`
[INFO] [stdout] 
[INFO] [stdout] 
[INFO] [stdout] error[E0599]: no function or associated item named `from_u128` found for struct `opentelemetry::trace::TraceId` in the current scope
[INFO] [stdout]    --> src/lib.rs:340:119
[INFO] [stdout]     |
[INFO] [stdout] 340 | ...R, "12")], SpanContext::new(TraceId::from_u128(1234), SpanId::from_u64(12), TRACE_FLAG_DEFERRED, true, TraceState::default())),
[INFO] [stdout]     |                                         ^^^^^^^^^ function or associated item not found in `TraceId`
[INFO] [stdout] 
[INFO] [stdout] 
[INFO] [stdout] error[E0599]: no function or associated item named `from_u64` found for struct `opentelemetry::trace::SpanId` in the current scope
[INFO] [stdout]    --> src/lib.rs:340:144
[INFO] [stdout]     |
[INFO] [stdout] 340 | ...new(TraceId::from_u128(1234), SpanId::from_u64(12), TRACE_FLAG_DEFERRED, true, TraceState::default())),
[INFO] [stdout]     |                                          ^^^^^^^^ function or associated item not found in `SpanId`
[INFO] [stdout] 
[INFO] [stdout] 
[INFO] [stdout] error[E0599]: no function or associated item named `from_u128` found for struct `opentelemetry::trace::TraceId` in the current scope
[INFO] [stdout]    --> src/lib.rs:341:160
[INFO] [stdout]     |
[INFO] [stdout] 341 | ...ER, "0")], SpanContext::new(TraceId::from_u128(1234), SpanId::from_u64(12), TraceFlags::default(), true, TraceState::default())),
[INFO] [stdout]     |                                         ^^^^^^^^^ function or associated item not found in `TraceId`
[INFO] [stdout] 
[INFO] [stdout] 
[INFO] [stdout] error[E0599]: no function or associated item named `from_u64` found for struct `opentelemetry::trace::SpanId` in the current scope
[INFO] [stdout]    --> src/lib.rs:341:185
[INFO] [stdout]     |
[INFO] [stdout] 341 | ...new(TraceId::from_u128(1234), SpanId::from_u64(12), TraceFlags::default(), true, TraceState::default())),
[INFO] [stdout]     |                                          ^^^^^^^^ function or associated item not found in `SpanId`
[INFO] [stdout] 
[INFO] [stdout] 
[INFO] [stdout] error[E0599]: no function or associated item named `from_u128` found for struct `opentelemetry::trace::TraceId` in the current scope
[INFO] [stdout]    --> src/lib.rs:342:160
[INFO] [stdout]     |
[INFO] [stdout] 342 | ...ER, "1")], SpanContext::new(TraceId::from_u128(1234), SpanId::from_u64(12), TraceFlags::SAMPLED, true, TraceState::default())),
[INFO] [stdout]     |                                         ^^^^^^^^^ function or associated item not found in `TraceId`
[INFO] [stdout] 
[INFO] [stdout] 
[INFO] [stdout] error[E0599]: no function or associated item named `from_u64` found for struct `opentelemetry::trace::SpanId` in the current scope
[INFO] [stdout]    --> src/lib.rs:342:185
[INFO] [stdout]     |
[INFO] [stdout] 342 | ...new(TraceId::from_u128(1234), SpanId::from_u64(12), TraceFlags::SAMPLED, true, TraceState::default())),
[INFO] [stdout]     |                                          ^^^^^^^^ function or associated item not found in `SpanId`
[INFO] [stdout] 
[INFO] [stdout] 
[INFO] [stdout] error: aborting due to 17 previous errors
[INFO] [stdout] 
[INFO] [stdout] 
[INFO] [stdout] Some errors have detailed explanations: E0433, E0599.
[INFO] [stdout] 
[INFO] [stdout] For more information about an error, try `rustc --explain E0433`.
[INFO] [stdout] 
[INFO] [stderr] error: could not compile `opentelemetry-datadog` due to 18 previous errors
[INFO] running `Command { std: "docker" "inspect" "881a1d8fc7d30bfdbd636bf562992d373465fac713935de5ca6b5ab6c73dab18", kill_on_drop: false }`
[INFO] running `Command { std: "docker" "rm" "-f" "881a1d8fc7d30bfdbd636bf562992d373465fac713935de5ca6b5ab6c73dab18", kill_on_drop: false }`
[INFO] [stdout] 881a1d8fc7d30bfdbd636bf562992d373465fac713935de5ca6b5ab6c73dab18
