[INFO] fetching crate openraft 0.7.6...
[INFO] testing openraft-0.7.6 against 1.69.0 for beta-1.70-1
[INFO] extracting crate openraft 0.7.6 into /workspace/builds/worker-7-tc1/source
[INFO] validating manifest of crates.io crate openraft 0.7.6 on toolchain 1.69.0
[INFO] running `Command { std: CARGO_HOME="/workspace/cargo-home" RUSTUP_HOME="/workspace/rustup-home" "/workspace/cargo-home/bin/cargo" "+1.69.0" "metadata" "--manifest-path" "Cargo.toml" "--no-deps", kill_on_drop: false }`
[INFO] started tweaking crates.io crate openraft 0.7.6
[INFO] finished tweaking crates.io crate openraft 0.7.6
[INFO] tweaked toml for crates.io crate openraft 0.7.6 written to /workspace/builds/worker-7-tc1/source/Cargo.toml
[INFO] running `Command { std: CARGO_HOME="/workspace/cargo-home" RUSTUP_HOME="/workspace/rustup-home" __CARGO_TEST_CHANNEL_OVERRIDE_DO_NOT_USE_THIS="nightly" "/workspace/cargo-home/bin/cargo" "+1.69.0" "generate-lockfile" "--manifest-path" "Cargo.toml" "-Zno-index-update", kill_on_drop: false }`
[INFO] running `Command { std: CARGO_HOME="/workspace/cargo-home" RUSTUP_HOME="/workspace/rustup-home" "/workspace/cargo-home/bin/cargo" "+1.69.0" "fetch" "--manifest-path" "Cargo.toml", kill_on_drop: false }`
[INFO] [stderr]  Downloading crates ...
[INFO] [stderr]   Downloaded anyerror v0.1.8
[INFO] running `Command { std: "docker" "create" "-v" "/var/lib/crater-agent-workspace/builds/worker-7-tc1/target:/opt/rustwide/target:rw,Z" "-v" "/var/lib/crater-agent-workspace/builds/worker-7-tc1/source:/opt/rustwide/workdir:ro,Z" "-v" "/var/lib/crater-agent-workspace/cargo-home:/opt/rustwide/cargo-home:ro,Z" "-v" "/var/lib/crater-agent-workspace/rustup-home:/opt/rustwide/rustup-home:ro,Z" "-e" "SOURCE_DIR=/opt/rustwide/workdir" "-e" "CARGO_TARGET_DIR=/opt/rustwide/target" "-e" "CARGO_HOME=/opt/rustwide/cargo-home" "-e" "RUSTUP_HOME=/opt/rustwide/rustup-home" "-w" "/opt/rustwide/workdir" "-m" "1610612736" "--user" "0:0" "--network" "none" "ghcr.io/rust-lang/crates-build-env/linux@sha256:5ff2268d62e97bff2cde7d5815dd6ed5b47097566f13b8d0ca110b04b60e07ed" "/opt/rustwide/cargo-home/bin/cargo" "+1.69.0" "metadata" "--no-deps" "--format-version=1", kill_on_drop: false }`
[INFO] [stdout] 6fe11da984a0ad326fa33447807941866254b2654144663259adc81f5a296e4a
[INFO] running `Command { std: "docker" "start" "-a" "6fe11da984a0ad326fa33447807941866254b2654144663259adc81f5a296e4a", kill_on_drop: false }`
[INFO] running `Command { std: "docker" "inspect" "6fe11da984a0ad326fa33447807941866254b2654144663259adc81f5a296e4a", kill_on_drop: false }`
[INFO] running `Command { std: "docker" "rm" "-f" "6fe11da984a0ad326fa33447807941866254b2654144663259adc81f5a296e4a", kill_on_drop: false }`
[INFO] [stdout] 6fe11da984a0ad326fa33447807941866254b2654144663259adc81f5a296e4a
[INFO] running `Command { std: "docker" "create" "-v" "/var/lib/crater-agent-workspace/builds/worker-7-tc1/target:/opt/rustwide/target:rw,Z" "-v" "/var/lib/crater-agent-workspace/builds/worker-7-tc1/source:/opt/rustwide/workdir:ro,Z" "-v" "/var/lib/crater-agent-workspace/cargo-home:/opt/rustwide/cargo-home:ro,Z" "-v" "/var/lib/crater-agent-workspace/rustup-home:/opt/rustwide/rustup-home:ro,Z" "-e" "SOURCE_DIR=/opt/rustwide/workdir" "-e" "CARGO_TARGET_DIR=/opt/rustwide/target" "-e" "CARGO_INCREMENTAL=0" "-e" "RUST_BACKTRACE=full" "-e" "RUSTFLAGS=--cap-lints=warn" "-e" "RUSTDOCFLAGS=--cap-lints=warn" "-e" "CARGO_HOME=/opt/rustwide/cargo-home" "-e" "RUSTUP_HOME=/opt/rustwide/rustup-home" "-w" "/opt/rustwide/workdir" "-m" "1610612736" "--user" "0:0" "--network" "none" "ghcr.io/rust-lang/crates-build-env/linux@sha256:5ff2268d62e97bff2cde7d5815dd6ed5b47097566f13b8d0ca110b04b60e07ed" "/opt/rustwide/cargo-home/bin/cargo" "+1.69.0" "build" "--frozen" "--message-format=json", kill_on_drop: false }`
[INFO] [stdout] 042c16b24231ce556ea7d55e21fb5909c338904bf616a1cf273ff95880cc725c
[INFO] running `Command { std: "docker" "start" "-a" "042c16b24231ce556ea7d55e21fb5909c338904bf616a1cf273ff95880cc725c", kill_on_drop: false }`
[INFO] [stderr]    Compiling libc v0.2.142
[INFO] [stderr]    Compiling syn v1.0.109
[INFO] [stderr]    Compiling pin-project-lite v0.2.9
[INFO] [stderr]    Compiling futures-core v0.3.28
[INFO] [stderr]    Compiling slab v0.4.8
[INFO] [stderr]    Compiling futures-task v0.3.28
[INFO] [stderr]    Compiling syn v2.0.15
[INFO] [stderr]    Compiling memchr v2.5.0
[INFO] [stderr]    Compiling futures-channel v0.3.28
[INFO] [stderr]    Compiling futures-util v0.3.28
[INFO] [stderr]    Compiling futures-sink v0.3.28
[INFO] [stderr]    Compiling serde v1.0.160
[INFO] [stderr]    Compiling proc-macro-error-attr v1.0.4
[INFO] [stderr]    Compiling indexmap v1.9.3
[INFO] [stderr]    Compiling pin-utils v0.1.0
[INFO] [stderr]    Compiling futures-io v0.3.28
[INFO] [stderr]    Compiling anyhow v1.0.71
[INFO] [stderr]    Compiling tracing-core v0.1.30
[INFO] [stderr]    Compiling tokio v1.28.0
[INFO] [stderr]    Compiling thiserror v1.0.40
[INFO] [stderr]    Compiling ppv-lite86 v0.2.17
[INFO] [stderr]    Compiling getrandom v0.2.9
[INFO] [stderr]    Compiling os_str_bytes v6.5.0
[INFO] [stderr]    Compiling async-trait v0.1.68
[INFO] [stderr]    Compiling hashbrown v0.12.3
[INFO] [stderr]    Compiling rand_core v0.6.4
[INFO] [stderr]    Compiling clap_lex v0.2.4
[INFO] [stderr]    Compiling rand_chacha v0.3.1
[INFO] [stderr]    Compiling num_cpus v1.15.0
[INFO] [stderr]    Compiling atty v0.2.14
[INFO] [stderr]    Compiling textwrap v0.16.0
[INFO] [stderr]    Compiling bytes v1.4.0
[INFO] [stderr]    Compiling convert_case v0.4.0
[INFO] [stderr]    Compiling utf8-width v0.1.6
[INFO] [stderr]    Compiling rand v0.8.5
[INFO] [stderr]    Compiling maplit v1.0.2
[INFO] [stderr]    Compiling proc-macro-error v1.0.4
[INFO] [stderr]    Compiling serde_derive v1.0.160
[INFO] [stderr]    Compiling futures-macro v0.3.28
[INFO] [stderr]    Compiling tracing-attributes v0.1.24
[INFO] [stderr]    Compiling thiserror-impl v1.0.40
[INFO] [stderr]    Compiling tokio-macros v2.1.0
[INFO] [stderr]    Compiling pin-project-internal v1.0.12
[INFO] [stderr]    Compiling clap_derive v3.2.25
[INFO] [stderr]    Compiling derive_more v0.99.17
[INFO] [stderr]    Compiling tracing v0.1.37
[INFO] [stderr]    Compiling pin-project v1.0.12
[INFO] [stderr]    Compiling tracing-futures v0.2.5
[INFO] [stderr]    Compiling clap v3.2.25
[INFO] [stderr]    Compiling futures-executor v0.3.28
[INFO] [stderr]    Compiling futures v0.3.28
[INFO] [stderr]    Compiling byte-unit v4.0.19
[INFO] [stderr]    Compiling anyerror v0.1.8
[INFO] [stderr]    Compiling openraft v0.7.6 (/opt/rustwide/workdir)
[INFO] [stderr]     Finished dev [unoptimized + debuginfo] target(s) in 51.36s
[INFO] running `Command { std: "docker" "inspect" "042c16b24231ce556ea7d55e21fb5909c338904bf616a1cf273ff95880cc725c", kill_on_drop: false }`
[INFO] running `Command { std: "docker" "rm" "-f" "042c16b24231ce556ea7d55e21fb5909c338904bf616a1cf273ff95880cc725c", kill_on_drop: false }`
[INFO] [stdout] 042c16b24231ce556ea7d55e21fb5909c338904bf616a1cf273ff95880cc725c
[INFO] running `Command { std: "docker" "create" "-v" "/var/lib/crater-agent-workspace/builds/worker-7-tc1/target:/opt/rustwide/target:rw,Z" "-v" "/var/lib/crater-agent-workspace/builds/worker-7-tc1/source:/opt/rustwide/workdir:ro,Z" "-v" "/var/lib/crater-agent-workspace/cargo-home:/opt/rustwide/cargo-home:ro,Z" "-v" "/var/lib/crater-agent-workspace/rustup-home:/opt/rustwide/rustup-home:ro,Z" "-e" "SOURCE_DIR=/opt/rustwide/workdir" "-e" "CARGO_TARGET_DIR=/opt/rustwide/target" "-e" "CARGO_INCREMENTAL=0" "-e" "RUST_BACKTRACE=full" "-e" "RUSTFLAGS=--cap-lints=warn" "-e" "RUSTDOCFLAGS=--cap-lints=warn" "-e" "CARGO_HOME=/opt/rustwide/cargo-home" "-e" "RUSTUP_HOME=/opt/rustwide/rustup-home" "-w" "/opt/rustwide/workdir" "-m" "1610612736" "--user" "0:0" "--network" "none" "ghcr.io/rust-lang/crates-build-env/linux@sha256:5ff2268d62e97bff2cde7d5815dd6ed5b47097566f13b8d0ca110b04b60e07ed" "/opt/rustwide/cargo-home/bin/cargo" "+1.69.0" "test" "--frozen" "--no-run" "--message-format=json", kill_on_drop: false }`
[INFO] [stdout] 98ecb8a498e0df037784c8887c36b3d1b9524d6898d7d55efb9b77004ab70c95
[INFO] running `Command { std: "docker" "start" "-a" "98ecb8a498e0df037784c8887c36b3d1b9524d6898d7d55efb9b77004ab70c95", kill_on_drop: false }`
[INFO] [stderr]    Compiling log v0.4.17
[INFO] [stderr]    Compiling regex-syntax v0.6.29
[INFO] [stderr]    Compiling crossbeam-utils v0.8.15
[INFO] [stderr]    Compiling regex-syntax v0.7.1
[INFO] [stderr]    Compiling overload v0.1.1
[INFO] [stderr]    Compiling sharded-slab v0.1.4
[INFO] [stderr]    Compiling thread_local v1.1.7
[INFO] [stderr]    Compiling time-core v0.1.0
[INFO] [stderr]    Compiling nu-ansi-term v0.46.0
[INFO] [stderr]    Compiling smallvec v1.10.0
[INFO] [stderr]    Compiling itoa v1.0.6
[INFO] [stderr]    Compiling yansi v0.5.1
[INFO] [stderr]    Compiling time v0.3.20
[INFO] [stderr]    Compiling tracing-log v0.1.3
[INFO] [stderr]    Compiling diff v0.1.13
[INFO] [stderr]    Compiling crossbeam-channel v0.5.8
[INFO] [stderr]    Compiling pretty_assertions v1.3.0
[INFO] [stderr]    Compiling regex v1.8.1
[INFO] [stderr]    Compiling regex-automata v0.1.10
[INFO] [stderr]    Compiling matchers v0.1.0
[INFO] [stderr]    Compiling tracing-subscriber v0.3.17
[INFO] [stderr]    Compiling tracing-appender v0.2.2
[INFO] [stderr]    Compiling openraft v0.7.6 (/opt/rustwide/workdir)
[INFO] [stdout] error[E0432]: unresolved import `openraft_memstore`
[INFO] [stdout]   --> tests/fixtures/mod.rs:46:5
[INFO] [stdout]    |
[INFO] [stdout] 46 | use openraft_memstore::ClientRequest as MemClientRequest;
[INFO] [stdout]    |     ^^^^^^^^^^^^^^^^^ use of undeclared crate or module `openraft_memstore`
[INFO] [stdout] 
[INFO] [stdout] 
[INFO] [stdout] error[E0432]: unresolved import `openraft_memstore`
[INFO] [stdout]   --> tests/fixtures/mod.rs:47:5
[INFO] [stdout]    |
[INFO] [stdout] 47 | use openraft_memstore::ClientRequest;
[INFO] [stdout]    |     ^^^^^^^^^^^^^^^^^ use of undeclared crate or module `openraft_memstore`
[INFO] [stdout] 
[INFO] [stdout] 
[INFO] [stdout] error[E0432]: unresolved import `openraft_memstore`
[INFO] [stdout]   --> tests/fixtures/mod.rs:48:5
[INFO] [stdout]    |
[INFO] [stdout] 48 | use openraft_memstore::ClientResponse;
[INFO] [stdout]    |     ^^^^^^^^^^^^^^^^^ use of undeclared crate or module `openraft_memstore`
[INFO] [stdout] 
[INFO] [stdout] 
[INFO] [stdout] error[E0432]: unresolved import `openraft_memstore`
[INFO] [stdout]   --> tests/fixtures/mod.rs:49:5
[INFO] [stdout]    |
[INFO] [stdout] 49 | use openraft_memstore::ClientResponse as MemClientResponse;
[INFO] [stdout]    |     ^^^^^^^^^^^^^^^^^ use of undeclared crate or module `openraft_memstore`
[INFO] [stdout] 
[INFO] [stdout] 
[INFO] [stdout] error[E0432]: unresolved import `openraft_memstore`
[INFO] [stdout]   --> tests/fixtures/mod.rs:50:5
[INFO] [stdout]    |
[INFO] [stdout] 50 | use openraft_memstore::MemStore;
[INFO] [stdout]    |     ^^^^^^^^^^^^^^^^^ use of undeclared crate or module `openraft_memstore`
[INFO] [stdout] 
[INFO] [stdout] 
[INFO] [stdout] error[E0432]: unresolved import `openraft_memstore`
[INFO] [stdout]   --> tests/fixtures/mod.rs:46:5
[INFO] [stdout]    |
[INFO] [stdout] 46 | use openraft_memstore::ClientRequest as MemClientRequest;
[INFO] [stdout]    |     ^^^^^^^^^^^^^^^^^ use of undeclared crate or module `openraft_memstore`
[INFO] [stdout] 
[INFO] [stdout] 
[INFO] [stdout] error[E0432]: unresolved import `openraft_memstore`
[INFO] [stdout]   --> tests/fixtures/mod.rs:47:5
[INFO] [stdout]    |
[INFO] [stdout] 47 | use openraft_memstore::ClientRequest;
[INFO] [stdout]    |     ^^^^^^^^^^^^^^^^^ use of undeclared crate or module `openraft_memstore`
[INFO] [stdout] 
[INFO] [stdout] 
[INFO] [stdout] error[E0432]: unresolved import `openraft_memstore`
[INFO] [stdout]   --> tests/fixtures/mod.rs:48:5
[INFO] [stdout]    |
[INFO] [stdout] 48 | use openraft_memstore::ClientResponse;
[INFO] [stdout]    |     ^^^^^^^^^^^^^^^^^ use of undeclared crate or module `openraft_memstore`
[INFO] [stdout] 
[INFO] [stdout] 
[INFO] [stdout] error[E0432]: unresolved import `openraft_memstore`
[INFO] [stdout]   --> tests/fixtures/mod.rs:49:5
[INFO] [stdout]    |
[INFO] [stdout] 49 | use openraft_memstore::ClientResponse as MemClientResponse;
[INFO] [stdout]    |     ^^^^^^^^^^^^^^^^^ use of undeclared crate or module `openraft_memstore`
[INFO] [stdout] 
[INFO] [stdout] 
[INFO] [stdout] error[E0432]: unresolved import `openraft_memstore`
[INFO] [stdout]   --> tests/fixtures/mod.rs:50:5
[INFO] [stdout]    |
[INFO] [stdout] 50 | use openraft_memstore::MemStore;
[INFO] [stdout]    |     ^^^^^^^^^^^^^^^^^ use of undeclared crate or module `openraft_memstore`
[INFO] [stdout] 
[INFO] [stdout] 
[INFO] [stdout] error[E0432]: unresolved import `openraft_memstore`
[INFO] [stdout]   --> tests/fixtures/mod.rs:46:5
[INFO] [stdout]    |
[INFO] [stdout] 46 | use openraft_memstore::ClientRequest as MemClientRequest;
[INFO] [stdout]    |     ^^^^^^^^^^^^^^^^^ use of undeclared crate or module `openraft_memstore`
[INFO] [stdout] 
[INFO] [stdout] 
[INFO] [stdout] error[E0432]: unresolved import `openraft_memstore`
[INFO] [stdout]   --> tests/fixtures/mod.rs:47:5
[INFO] [stdout]    |
[INFO] [stdout] 47 | use openraft_memstore::ClientRequest;
[INFO] [stdout]    |     ^^^^^^^^^^^^^^^^^ use of undeclared crate or module `openraft_memstore`
[INFO] [stdout] 
[INFO] [stdout] 
[INFO] [stdout] error[E0432]: unresolved import `openraft_memstore`
[INFO] [stdout]   --> tests/fixtures/mod.rs:48:5
[INFO] [stdout]    |
[INFO] [stdout] 48 | use openraft_memstore::ClientResponse;
[INFO] [stdout]    |     ^^^^^^^^^^^^^^^^^ use of undeclared crate or module `openraft_memstore`
[INFO] [stdout] 
[INFO] [stdout] 
[INFO] [stdout] error[E0432]: unresolved import `openraft_memstore`
[INFO] [stdout]   --> tests/fixtures/mod.rs:49:5
[INFO] [stdout]    |
[INFO] [stdout] 49 | use openraft_memstore::ClientResponse as MemClientResponse;
[INFO] [stdout]    |     ^^^^^^^^^^^^^^^^^ use of undeclared crate or module `openraft_memstore`
[INFO] [stdout] 
[INFO] [stdout] 
[INFO] [stdout] error[E0432]: unresolved import `openraft_memstore`
[INFO] [stdout]   --> tests/fixtures/mod.rs:50:5
[INFO] [stdout]    |
[INFO] [stdout] 50 | use openraft_memstore::MemStore;
[INFO] [stdout]    |     ^^^^^^^^^^^^^^^^^ use of undeclared crate or module `openraft_memstore`
[INFO] [stdout] 
[INFO] [stdout] 
[INFO] [stdout] error[E0432]: unresolved import `openraft_memstore`
[INFO] [stdout]   --> tests/metrics/../fixtures/mod.rs:46:5
[INFO] [stdout]    |
[INFO] [stdout] 46 | use openraft_memstore::ClientRequest as MemClientRequest;
[INFO] [stdout]    |     ^^^^^^^^^^^^^^^^^ use of undeclared crate or module `openraft_memstore`
[INFO] [stdout] 
[INFO] [stdout] 
[INFO] [stdout] error[E0432]: unresolved import `openraft_memstore`
[INFO] [stdout]   --> tests/metrics/../fixtures/mod.rs:47:5
[INFO] [stdout]    |
[INFO] [stdout] 47 | use openraft_memstore::ClientRequest;
[INFO] [stdout]    |     ^^^^^^^^^^^^^^^^^ use of undeclared crate or module `openraft_memstore`
[INFO] [stdout] 
[INFO] [stdout] 
[INFO] [stdout] error[E0432]: unresolved import `openraft_memstore`
[INFO] [stdout]   --> tests/metrics/../fixtures/mod.rs:48:5
[INFO] [stdout]    |
[INFO] [stdout] 48 | use openraft_memstore::ClientResponse;
[INFO] [stdout]    |     ^^^^^^^^^^^^^^^^^ use of undeclared crate or module `openraft_memstore`
[INFO] [stdout] 
[INFO] [stdout] 
[INFO] [stdout] error[E0432]: unresolved import `openraft_memstore`
[INFO] [stdout]   --> tests/metrics/../fixtures/mod.rs:49:5
[INFO] [stdout]    |
[INFO] [stdout] 49 | use openraft_memstore::ClientResponse as MemClientResponse;
[INFO] [stdout]    |     ^^^^^^^^^^^^^^^^^ use of undeclared crate or module `openraft_memstore`
[INFO] [stdout] 
[INFO] [stdout] 
[INFO] [stdout] error[E0432]: unresolved import `openraft_memstore`
[INFO] [stdout]   --> tests/metrics/../fixtures/mod.rs:50:5
[INFO] [stdout]    |
[INFO] [stdout] 50 | use openraft_memstore::MemStore;
[INFO] [stdout]    |     ^^^^^^^^^^^^^^^^^ use of undeclared crate or module `openraft_memstore`
[INFO] [stdout] 
[INFO] [stdout] 
[INFO] [stdout] error[E0432]: unresolved import `openraft_memstore`
[INFO] [stdout]   --> tests/fixtures/mod.rs:46:5
[INFO] [stdout]    |
[INFO] [stdout] 46 | use openraft_memstore::ClientRequest as MemClientRequest;
[INFO] [stdout]    |     ^^^^^^^^^^^^^^^^^ use of undeclared crate or module `openraft_memstore`
[INFO] [stdout] 
[INFO] [stdout] 
[INFO] [stdout] error[E0432]: unresolved import `openraft_memstore`
[INFO] [stdout]   --> tests/fixtures/mod.rs:46:5
[INFO] [stdout]    |
[INFO] [stdout] 46 | use openraft_memstore::ClientRequest as MemClientRequest;
[INFO] [stdout]    |     ^^^^^^^^^^^^^^^^^ use of undeclared crate or module `openraft_memstore`
[INFO] [stdout] 
[INFO] [stdout] 
[INFO] [stdout] error[E0432]: unresolved import `openraft_memstore`
[INFO] [stdout]   --> tests/fixtures/mod.rs:47:5
[INFO] [stdout]    |
[INFO] [stdout] 47 | use openraft_memstore::ClientRequest;
[INFO] [stdout]    |     ^^^^^^^^^^^^^^^^^ use of undeclared crate or module `openraft_memstore`
[INFO] [stdout] 
[INFO] [stdout] 
[INFO] [stdout] error[E0432]: unresolved import `openraft_memstore`
[INFO] [stdout]   --> tests/fixtures/mod.rs:47:5
[INFO] [stdout]    |
[INFO] [stdout] 47 | use openraft_memstore::ClientRequest;
[INFO] [stdout]    |     ^^^^^^^^^^^^^^^^^ use of undeclared crate or module `openraft_memstore`
[INFO] [stdout] 
[INFO] [stdout] 
[INFO] [stdout] error[E0432]: unresolved import `openraft_memstore`
[INFO] [stdout]   --> tests/fixtures/mod.rs:48:5
[INFO] [stdout]    |
[INFO] [stdout] 48 | use openraft_memstore::ClientResponse;
[INFO] [stdout]    |     ^^^^^^^^^^^^^^^^^ use of undeclared crate or module `openraft_memstore`
[INFO] [stdout] 
[INFO] [stdout] 
[INFO] [stdout] error[E0432]: unresolved import `openraft_memstore`
[INFO] [stdout]   --> tests/fixtures/mod.rs:48:5
[INFO] [stdout]    |
[INFO] [stdout] 48 | use openraft_memstore::ClientResponse;
[INFO] [stdout]    |     ^^^^^^^^^^^^^^^^^ use of undeclared crate or module `openraft_memstore`
[INFO] [stdout] 
[INFO] [stdout] 
[INFO] [stdout] error[E0432]: unresolved import `openraft_memstore`
[INFO] [stdout]   --> tests/fixtures/mod.rs:49:5
[INFO] [stdout]    |
[INFO] [stdout] 49 | use openraft_memstore::ClientResponse as MemClientResponse;
[INFO] [stdout]    |     ^^^^^^^^^^^^^^^^^ use of undeclared crate or module `openraft_memstore`
[INFO] [stdout] 
[INFO] [stdout] 
[INFO] [stdout] error[E0432]: unresolved import `openraft_memstore`
[INFO] [stdout]   --> tests/fixtures/mod.rs:49:5
[INFO] [stdout]    |
[INFO] [stdout] 49 | use openraft_memstore::ClientResponse as MemClientResponse;
[INFO] [stdout]    |     ^^^^^^^^^^^^^^^^^ use of undeclared crate or module `openraft_memstore`
[INFO] [stdout] 
[INFO] [stdout] 
[INFO] [stdout] error[E0432]: unresolved import `openraft_memstore`
[INFO] [stdout]   --> tests/fixtures/mod.rs:50:5
[INFO] [stdout]    |
[INFO] [stdout] 50 | use openraft_memstore::MemStore;
[INFO] [stdout]    |     ^^^^^^^^^^^^^^^^^ use of undeclared crate or module `openraft_memstore`
[INFO] [stdout] 
[INFO] [stdout] 
[INFO] [stdout] error[E0432]: unresolved import `openraft_memstore`
[INFO] [stdout]   --> tests/fixtures/mod.rs:50:5
[INFO] [stdout]    |
[INFO] [stdout] 50 | use openraft_memstore::MemStore;
[INFO] [stdout]    |     ^^^^^^^^^^^^^^^^^ use of undeclared crate or module `openraft_memstore`
[INFO] [stdout] 
[INFO] [stdout] 
[INFO] [stdout] error[E0432]: unresolved import `openraft_memstore`
[INFO] [stdout]   --> tests/snapshot/../fixtures/mod.rs:46:5
[INFO] [stdout]    |
[INFO] [stdout] 46 | use openraft_memstore::ClientRequest as MemClientRequest;
[INFO] [stdout]    |     ^^^^^^^^^^^^^^^^^ use of undeclared crate or module `openraft_memstore`
[INFO] [stdout] 
[INFO] [stdout] 
[INFO] [stdout] error[E0432]: unresolved import `openraft_memstore`
[INFO] [stdout]   --> tests/snapshot/../fixtures/mod.rs:47:5
[INFO] [stdout]    |
[INFO] [stdout] 47 | use openraft_memstore::ClientRequest;
[INFO] [stdout]    |     ^^^^^^^^^^^^^^^^^ use of undeclared crate or module `openraft_memstore`
[INFO] [stdout] 
[INFO] [stdout] 
[INFO] [stdout] error[E0432]: unresolved import `openraft_memstore`
[INFO] [stdout]   --> tests/snapshot/../fixtures/mod.rs:48:5
[INFO] [stdout]    |
[INFO] [stdout] 48 | use openraft_memstore::ClientResponse;
[INFO] [stdout]    |     ^^^^^^^^^^^^^^^^^ use of undeclared crate or module `openraft_memstore`
[INFO] [stdout] 
[INFO] [stdout] 
[INFO] [stdout] error[E0432]: unresolved import `openraft_memstore`
[INFO] [stdout]   --> tests/snapshot/../fixtures/mod.rs:49:5
[INFO] [stdout]    |
[INFO] [stdout] 49 | use openraft_memstore::ClientResponse as MemClientResponse;
[INFO] [stdout]    |     ^^^^^^^^^^^^^^^^^ use of undeclared crate or module `openraft_memstore`
[INFO] [stdout] 
[INFO] [stdout] 
[INFO] [stdout] error[E0432]: unresolved import `openraft_memstore`
[INFO] [stdout]   --> tests/snapshot/../fixtures/mod.rs:50:5
[INFO] [stdout]    |
[INFO] [stdout] 50 | use openraft_memstore::MemStore;
[INFO] [stdout]    |     ^^^^^^^^^^^^^^^^^ use of undeclared crate or module `openraft_memstore`
[INFO] [stdout] 
[INFO] [stdout] 
[INFO] [stdout] error[E0599]: no method named `set_defensive` found for struct `Arc<StoreExt<_, _, _>>` in the current scope
[INFO] [stdout]    --> tests/metrics/../fixtures/mod.rs:256:17
[INFO] [stdout]     |
[INFO] [stdout] 256 |             sto.set_defensive(want);
[INFO] [stdout]     |                 ^^^^^^^^^^^^^ method not found in `Arc<StoreExt<_, _, _>>`
[INFO] [stdout] 
[INFO] [stdout] 
[INFO] [stdout] error[E0599]: no method named `is_defensive` found for struct `Arc<StoreExt<_, _, _>>` in the current scope
[INFO] [stdout]    --> tests/metrics/../fixtures/mod.rs:257:20
[INFO] [stdout]     |
[INFO] [stdout] 257 |             if sto.is_defensive() != want {
[INFO] [stdout]     |                    ^^^^^^^^^^^^ method not found in `Arc<StoreExt<_, _, _>>`
[INFO] [stdout] 
[INFO] [stdout] 
[INFO] [stdout] error[E0277]: the trait bound `RaftRouter: RaftNetwork<_>` is not satisfied
[INFO] [stdout]    --> tests/metrics/../fixtures/mod.rs:267:55
[INFO] [stdout]     |
[INFO] [stdout] 267 |         let node = Raft::new(id, self.config.clone(), self.clone(), sto.clone());
[INFO] [stdout]     |                    ---------                          ^^^^^^^^^^^^ the trait `RaftNetwork<_>` is not implemented for `RaftRouter`
[INFO] [stdout]     |                    |
[INFO] [stdout]     |                    required by a bound introduced by this call
[INFO] [stdout]     |
[INFO] [stdout]     = help: the trait `RaftNetwork<[type error]>` is implemented for `RaftRouter`
[INFO] [stdout] note: required by a bound in `Raft::<D, R, N, S>::new`
[INFO] [stdout]    --> /opt/rustwide/workdir/src/raft.rs:80:41
[INFO] [stdout]     |
[INFO] [stdout] 80  | impl<D: AppData, R: AppDataResponse, N: RaftNetwork<D>, S: RaftStorage<D, R>> Raft<D, R, N, S> {
[INFO] [stdout]     |                                         ^^^^^^^^^^^^^^ required by this bound in `Raft::<D, R, N, S>::new`
[INFO] [stdout] 
[INFO] [stdout] 
[INFO] [stdout] error[E0277]: the trait bound `RaftRouter: RaftNetwork<_>` is not satisfied
[INFO] [stdout]    --> tests/metrics/../fixtures/mod.rs:267:20
[INFO] [stdout]     |
[INFO] [stdout] 267 |         let node = Raft::new(id, self.config.clone(), self.clone(), sto.clone());
[INFO] [stdout]     |                    ^^^^ the trait `RaftNetwork<_>` is not implemented for `RaftRouter`
[INFO] [stdout]     |
[INFO] [stdout]     = help: the trait `RaftNetwork<[type error]>` is implemented for `RaftRouter`
[INFO] [stdout] note: required by a bound in `Raft`
[INFO] [stdout]    --> /opt/rustwide/workdir/src/raft.rs:76:52
[INFO] [stdout]     |
[INFO] [stdout] 76  | pub struct Raft<D: AppData, R: AppDataResponse, N: RaftNetwork<D>, S: RaftStorage<D, R>> {
[INFO] [stdout]     |                                                    ^^^^^^^^^^^^^^ required by this bound in `Raft`
[INFO] [stdout] 
[INFO] [stdout] 
[INFO] [stdout] error[E0277]: the trait bound `RaftRouter: RaftNetwork<_>` is not satisfied
[INFO] [stdout]    --> tests/metrics/../fixtures/mod.rs:267:20
[INFO] [stdout]     |
[INFO] [stdout] 267 |         let node = Raft::new(id, self.config.clone(), self.clone(), sto.clone());
[INFO] [stdout]     |                    ^^^^^^^^^^^^^^^^^^^^^^^^^^^^^^^^^^^^^^^^^^^^^^^^^^^^^^^^^^^^^ the trait `RaftNetwork<_>` is not implemented for `RaftRouter`
[INFO] [stdout]     |
[INFO] [stdout]     = help: the trait `RaftNetwork<[type error]>` is implemented for `RaftRouter`
[INFO] [stdout] note: required by a bound in `Raft`
[INFO] [stdout]    --> /opt/rustwide/workdir/src/raft.rs:76:52
[INFO] [stdout]     |
[INFO] [stdout] 76  | pub struct Raft<D: AppData, R: AppDataResponse, N: RaftNetwork<D>, S: RaftStorage<D, R>> {
[INFO] [stdout]     |                                                    ^^^^^^^^^^^^^^ required by this bound in `Raft`
[INFO] [stdout] 
[INFO] [stdout] 
[INFO] [stdout] error[E0599]: no method named `set_defensive` found for struct `Arc<StoreExt<_, _, _>>` in the current scope
[INFO] [stdout]    --> tests/fixtures/mod.rs:256:17
[INFO] [stdout]     |
[INFO] [stdout] 256 |             sto.set_defensive(want);
[INFO] [stdout]     |                 ^^^^^^^^^^^^^ method not found in `Arc<StoreExt<_, _, _>>`
[INFO] [stdout] 
[INFO] [stdout] 
[INFO] [stdout] error[E0599]: no method named `is_defensive` found for struct `Arc<StoreExt<_, _, _>>` in the current scope
[INFO] [stdout]    --> tests/fixtures/mod.rs:257:20
[INFO] [stdout]     |
[INFO] [stdout] 257 |             if sto.is_defensive() != want {
[INFO] [stdout]     |                    ^^^^^^^^^^^^ method not found in `Arc<StoreExt<_, _, _>>`
[INFO] [stdout] 
[INFO] [stdout] 
[INFO] [stdout] error[E0277]: the trait bound `RaftRouter: RaftNetwork<_>` is not satisfied
[INFO] [stdout]    --> tests/fixtures/mod.rs:267:55
[INFO] [stdout]     |
[INFO] [stdout] 267 |         let node = Raft::new(id, self.config.clone(), self.clone(), sto.clone());
[INFO] [stdout]     |                    ---------                          ^^^^^^^^^^^^ the trait `RaftNetwork<_>` is not implemented for `RaftRouter`
[INFO] [stdout]     |                    |
[INFO] [stdout]     |                    required by a bound introduced by this call
[INFO] [stdout]     |
[INFO] [stdout]     = help: the trait `RaftNetwork<[type error]>` is implemented for `RaftRouter`
[INFO] [stdout] note: required by a bound in `Raft::<D, R, N, S>::new`
[INFO] [stdout]    --> /opt/rustwide/workdir/src/raft.rs:80:41
[INFO] [stdout]     |
[INFO] [stdout] 80  | impl<D: AppData, R: AppDataResponse, N: RaftNetwork<D>, S: RaftStorage<D, R>> Raft<D, R, N, S> {
[INFO] [stdout]     |                                         ^^^^^^^^^^^^^^ required by this bound in `Raft::<D, R, N, S>::new`
[INFO] [stdout] 
[INFO] [stdout] 
[INFO] [stdout] error[E0599]: no method named `set_defensive` found for struct `Arc<StoreExt<_, _, _>>` in the current scope
[INFO] [stdout]    --> tests/fixtures/mod.rs:256:17
[INFO] [stdout]     |
[INFO] [stdout] 256 |             sto.set_defensive(want);
[INFO] [stdout]     |                 ^^^^^^^^^^^^^ method not found in `Arc<StoreExt<_, _, _>>`
[INFO] [stdout] 
[INFO] [stdout] 
[INFO] [stdout] error[E0599]: no method named `set_defensive` found for struct `Arc<StoreExt<_, _, _>>` in the current scope
[INFO] [stdout]    --> tests/fixtures/mod.rs:256:17
[INFO] [stdout]     |
[INFO] [stdout] 256 |             sto.set_defensive(want);
[INFO] [stdout]     |                 ^^^^^^^^^^^^^ method not found in `Arc<StoreExt<_, _, _>>`
[INFO] [stdout] 
[INFO] [stdout] 
[INFO] [stdout] error[E0599]: no method named `is_defensive` found for struct `Arc<StoreExt<_, _, _>>` in the current scope
[INFO] [stdout]    --> tests/fixtures/mod.rs:257:20
[INFO] [stdout]     |
[INFO] [stdout] 257 |             if sto.is_defensive() != want {
[INFO] [stdout]     |                    ^^^^^^^^^^^^ method not found in `Arc<StoreExt<_, _, _>>`
[INFO] [stdout] 
[INFO] [stdout] 
[INFO] [stdout] error[E0599]: no method named `is_defensive` found for struct `Arc<StoreExt<_, _, _>>` in the current scope
[INFO] [stdout]    --> tests/fixtures/mod.rs:257:20
[INFO] [stdout]     |
[INFO] [stdout] 257 |             if sto.is_defensive() != want {
[INFO] [stdout]     |                    ^^^^^^^^^^^^ method not found in `Arc<StoreExt<_, _, _>>`
[INFO] [stdout] 
[INFO] [stdout] 
[INFO] [stdout] error[E0277]: the trait bound `RaftRouter: RaftNetwork<_>` is not satisfied
[INFO] [stdout]    --> tests/fixtures/mod.rs:267:20
[INFO] [stdout]     |
[INFO] [stdout] 267 |         let node = Raft::new(id, self.config.clone(), self.clone(), sto.clone());
[INFO] [stdout]     |                    ^^^^ the trait `RaftNetwork<_>` is not implemented for `RaftRouter`
[INFO] [stdout]     |
[INFO] [stdout]     = help: the trait `RaftNetwork<[type error]>` is implemented for `RaftRouter`
[INFO] [stdout] note: required by a bound in `Raft`
[INFO] [stdout]    --> /opt/rustwide/workdir/src/raft.rs:76:52
[INFO] [stdout]     |
[INFO] [stdout] 76  | pub struct Raft<D: AppData, R: AppDataResponse, N: RaftNetwork<D>, S: RaftStorage<D, R>> {
[INFO] [stdout]     |                                                    ^^^^^^^^^^^^^^ required by this bound in `Raft`
[INFO] [stdout] 
[INFO] [stdout] 
[INFO] [stdout] error[E0277]: the trait bound `RaftRouter: RaftNetwork<_>` is not satisfied
[INFO] [stdout]    --> tests/fixtures/mod.rs:267:20
[INFO] [stdout]     |
[INFO] [stdout] 267 |         let node = Raft::new(id, self.config.clone(), self.clone(), sto.clone());
[INFO] [stdout]     |                    ^^^^^^^^^^^^^^^^^^^^^^^^^^^^^^^^^^^^^^^^^^^^^^^^^^^^^^^^^^^^^ the trait `RaftNetwork<_>` is not implemented for `RaftRouter`
[INFO] [stdout]     |
[INFO] [stdout]     = help: the trait `RaftNetwork<[type error]>` is implemented for `RaftRouter`
[INFO] [stdout] note: required by a bound in `Raft`
[INFO] [stdout]    --> /opt/rustwide/workdir/src/raft.rs:76:52
[INFO] [stdout]     |
[INFO] [stdout] 76  | pub struct Raft<D: AppData, R: AppDataResponse, N: RaftNetwork<D>, S: RaftStorage<D, R>> {
[INFO] [stdout]     |                                                    ^^^^^^^^^^^^^^ required by this bound in `Raft`
[INFO] [stdout] 
[INFO] [stdout] 
[INFO] [stdout] error[E0277]: the trait bound `RaftRouter: RaftNetwork<_>` is not satisfied
[INFO] [stdout]    --> tests/fixtures/mod.rs:267:55
[INFO] [stdout]     |
[INFO] [stdout] 267 |         let node = Raft::new(id, self.config.clone(), self.clone(), sto.clone());
[INFO] [stdout]     |                    ---------                          ^^^^^^^^^^^^ the trait `RaftNetwork<_>` is not implemented for `RaftRouter`
[INFO] [stdout]     |                    |
[INFO] [stdout]     |                    required by a bound introduced by this call
[INFO] [stdout]     |
[INFO] [stdout]     = help: the trait `RaftNetwork<[type error]>` is implemented for `RaftRouter`
[INFO] [stdout] note: required by a bound in `Raft::<D, R, N, S>::new`
[INFO] [stdout]    --> /opt/rustwide/workdir/src/raft.rs:80:41
[INFO] [stdout]     |
[INFO] [stdout] 80  | impl<D: AppData, R: AppDataResponse, N: RaftNetwork<D>, S: RaftStorage<D, R>> Raft<D, R, N, S> {
[INFO] [stdout]     |                                         ^^^^^^^^^^^^^^ required by this bound in `Raft::<D, R, N, S>::new`
[INFO] [stdout] 
[INFO] [stdout] 
[INFO] [stdout] error[E0277]: the trait bound `RaftRouter: RaftNetwork<_>` is not satisfied
[INFO] [stdout]    --> tests/fixtures/mod.rs:267:55
[INFO] [stdout]     |
[INFO] [stdout] 267 |         let node = Raft::new(id, self.config.clone(), self.clone(), sto.clone());
[INFO] [stdout]     |                    ---------                          ^^^^^^^^^^^^ the trait `RaftNetwork<_>` is not implemented for `RaftRouter`
[INFO] [stdout]     |                    |
[INFO] [stdout]     |                    required by a bound introduced by this call
[INFO] [stdout]     |
[INFO] [stdout]     = help: the trait `RaftNetwork<[type error]>` is implemented for `RaftRouter`
[INFO] [stdout] note: required by a bound in `Raft::<D, R, N, S>::new`
[INFO] [stdout]    --> /opt/rustwide/workdir/src/raft.rs:80:41
[INFO] [stdout]     |
[INFO] [stdout] 80  | impl<D: AppData, R: AppDataResponse, N: RaftNetwork<D>, S: RaftStorage<D, R>> Raft<D, R, N, S> {
[INFO] [stdout]     |                                         ^^^^^^^^^^^^^^ required by this bound in `Raft::<D, R, N, S>::new`
[INFO] [stdout] 
[INFO] [stdout] 
[INFO] [stdout] error[E0277]: the trait bound `RaftRouter: RaftNetwork<_>` is not satisfied
[INFO] [stdout]    --> tests/fixtures/mod.rs:267:20
[INFO] [stdout]     |
[INFO] [stdout] 267 |         let node = Raft::new(id, self.config.clone(), self.clone(), sto.clone());
[INFO] [stdout]     |                    ^^^^ the trait `RaftNetwork<_>` is not implemented for `RaftRouter`
[INFO] [stdout]     |
[INFO] [stdout]     = help: the trait `RaftNetwork<[type error]>` is implemented for `RaftRouter`
[INFO] [stdout] note: required by a bound in `Raft`
[INFO] [stdout]    --> /opt/rustwide/workdir/src/raft.rs:76:52
[INFO] [stdout]     |
[INFO] [stdout] 76  | pub struct Raft<D: AppData, R: AppDataResponse, N: RaftNetwork<D>, S: RaftStorage<D, R>> {
[INFO] [stdout]     |                                                    ^^^^^^^^^^^^^^ required by this bound in `Raft`
[INFO] [stdout] 
[INFO] [stdout] 
[INFO] [stdout] error[E0277]: the trait bound `RaftRouter: RaftNetwork<_>` is not satisfied
[INFO] [stdout]    --> tests/fixtures/mod.rs:267:20
[INFO] [stdout]     |
[INFO] [stdout] 267 |         let node = Raft::new(id, self.config.clone(), self.clone(), sto.clone());
[INFO] [stdout]     |                    ^^^^^^^^^^^^^^^^^^^^^^^^^^^^^^^^^^^^^^^^^^^^^^^^^^^^^^^^^^^^^ the trait `RaftNetwork<_>` is not implemented for `RaftRouter`
[INFO] [stdout]     |
[INFO] [stdout]     = help: the trait `RaftNetwork<[type error]>` is implemented for `RaftRouter`
[INFO] [stdout] note: required by a bound in `Raft`
[INFO] [stdout]    --> /opt/rustwide/workdir/src/raft.rs:76:52
[INFO] [stdout]     |
[INFO] [stdout] 76  | pub struct Raft<D: AppData, R: AppDataResponse, N: RaftNetwork<D>, S: RaftStorage<D, R>> {
[INFO] [stdout]     |                                                    ^^^^^^^^^^^^^^ required by this bound in `Raft`
[INFO] [stdout] 
[INFO] [stdout] 
[INFO] [stdout] error[E0277]: the trait bound `RaftRouter: RaftNetwork<_>` is not satisfied
[INFO] [stdout]    --> tests/fixtures/mod.rs:267:20
[INFO] [stdout]     |
[INFO] [stdout] 267 |         let node = Raft::new(id, self.config.clone(), self.clone(), sto.clone());
[INFO] [stdout]     |                    ^^^^ the trait `RaftNetwork<_>` is not implemented for `RaftRouter`
[INFO] [stdout]     |
[INFO] [stdout]     = help: the trait `RaftNetwork<[type error]>` is implemented for `RaftRouter`
[INFO] [stdout] note: required by a bound in `Raft`
[INFO] [stdout]    --> /opt/rustwide/workdir/src/raft.rs:76:52
[INFO] [stdout]     |
[INFO] [stdout] 76  | pub struct Raft<D: AppData, R: AppDataResponse, N: RaftNetwork<D>, S: RaftStorage<D, R>> {
[INFO] [stdout]     |                                                    ^^^^^^^^^^^^^^ required by this bound in `Raft`
[INFO] [stdout] 
[INFO] [stdout] 
[INFO] [stdout] error[E0277]: the trait bound `RaftRouter: RaftNetwork<_>` is not satisfied
[INFO] [stdout]    --> tests/fixtures/mod.rs:267:20
[INFO] [stdout]     |
[INFO] [stdout] 267 |         let node = Raft::new(id, self.config.clone(), self.clone(), sto.clone());
[INFO] [stdout]     |                    ^^^^^^^^^^^^^^^^^^^^^^^^^^^^^^^^^^^^^^^^^^^^^^^^^^^^^^^^^^^^^ the trait `RaftNetwork<_>` is not implemented for `RaftRouter`
[INFO] [stdout]     |
[INFO] [stdout]     = help: the trait `RaftNetwork<[type error]>` is implemented for `RaftRouter`
[INFO] [stdout] note: required by a bound in `Raft`
[INFO] [stdout]    --> /opt/rustwide/workdir/src/raft.rs:76:52
[INFO] [stdout]     |
[INFO] [stdout] 76  | pub struct Raft<D: AppData, R: AppDataResponse, N: RaftNetwork<D>, S: RaftStorage<D, R>> {
[INFO] [stdout]     |                                                    ^^^^^^^^^^^^^^ required by this bound in `Raft`
[INFO] [stdout] 
[INFO] [stdout] 
[INFO] [stdout] error[E0599]: no method named `set_defensive` found for struct `Arc<StoreExt<_, _, _>>` in the current scope
[INFO] [stdout]    --> tests/fixtures/mod.rs:256:17
[INFO] [stdout]     |
[INFO] [stdout] 256 |             sto.set_defensive(want);
[INFO] [stdout]     |                 ^^^^^^^^^^^^^ method not found in `Arc<StoreExt<_, _, _>>`
[INFO] [stdout] 
[INFO] [stdout] 
[INFO] [stdout] error[E0599]: no method named `is_defensive` found for struct `Arc<StoreExt<_, _, _>>` in the current scope
[INFO] [stdout]    --> tests/fixtures/mod.rs:257:20
[INFO] [stdout]     |
[INFO] [stdout] 257 |             if sto.is_defensive() != want {
[INFO] [stdout]     |                    ^^^^^^^^^^^^ method not found in `Arc<StoreExt<_, _, _>>`
[INFO] [stdout] 
[INFO] [stdout] 
[INFO] [stdout] error[E0599]: no method named `set_defensive` found for struct `Arc<StoreExt<_, _, _>>` in the current scope
[INFO] [stdout]    --> tests/fixtures/mod.rs:256:17
[INFO] [stdout]     |
[INFO] [stdout] 256 |             sto.set_defensive(want);
[INFO] [stdout]     |                 ^^^^^^^^^^^^^ method not found in `Arc<StoreExt<_, _, _>>`
[INFO] [stdout] 
[INFO] [stdout] 
[INFO] [stdout] error[E0277]: the trait bound `RaftRouter: RaftNetwork<_>` is not satisfied
[INFO] [stdout]    --> tests/fixtures/mod.rs:267:55
[INFO] [stdout]     |
[INFO] [stdout] 267 |         let node = Raft::new(id, self.config.clone(), self.clone(), sto.clone());
[INFO] [stdout]     |                    ---------                          ^^^^^^^^^^^^ the trait `RaftNetwork<_>` is not implemented for `RaftRouter`
[INFO] [stdout]     |                    |
[INFO] [stdout]     |                    required by a bound introduced by this call
[INFO] [stdout]     |
[INFO] [stdout]     = help: the trait `RaftNetwork<[type error]>` is implemented for `RaftRouter`
[INFO] [stdout] note: required by a bound in `Raft::<D, R, N, S>::new`
[INFO] [stdout]    --> /opt/rustwide/workdir/src/raft.rs:80:41
[INFO] [stdout]     |
[INFO] [stdout] 80  | impl<D: AppData, R: AppDataResponse, N: RaftNetwork<D>, S: RaftStorage<D, R>> Raft<D, R, N, S> {
[INFO] [stdout]     |                                         ^^^^^^^^^^^^^^ required by this bound in `Raft::<D, R, N, S>::new`
[INFO] [stdout] 
[INFO] [stdout] 
[INFO] [stdout] error[E0277]: the trait bound `RaftRouter: RaftNetwork<_>` is not satisfied
[INFO] [stdout]    --> tests/fixtures/mod.rs:267:20
[INFO] [stdout]     |
[INFO] [stdout] 267 |         let node = Raft::new(id, self.config.clone(), self.clone(), sto.clone());
[INFO] [stdout]     |                    ^^^^ the trait `RaftNetwork<_>` is not implemented for `RaftRouter`
[INFO] [stdout]     |
[INFO] [stdout]     = help: the trait `RaftNetwork<[type error]>` is implemented for `RaftRouter`
[INFO] [stdout] note: required by a bound in `Raft`
[INFO] [stdout]    --> /opt/rustwide/workdir/src/raft.rs:76:52
[INFO] [stdout]     |
[INFO] [stdout] 76  | pub struct Raft<D: AppData, R: AppDataResponse, N: RaftNetwork<D>, S: RaftStorage<D, R>> {
[INFO] [stdout]     |                                                    ^^^^^^^^^^^^^^ required by this bound in `Raft`
[INFO] [stdout] 
[INFO] [stdout] 
[INFO] [stdout] error[E0277]: the trait bound `RaftRouter: RaftNetwork<_>` is not satisfied
[INFO] [stdout]    --> tests/fixtures/mod.rs:267:20
[INFO] [stdout]     |
[INFO] [stdout] 267 |         let node = Raft::new(id, self.config.clone(), self.clone(), sto.clone());
[INFO] [stdout]     |                    ^^^^^^^^^^^^^^^^^^^^^^^^^^^^^^^^^^^^^^^^^^^^^^^^^^^^^^^^^^^^^ the trait `RaftNetwork<_>` is not implemented for `RaftRouter`
[INFO] [stdout]     |
[INFO] [stdout]     = help: the trait `RaftNetwork<[type error]>` is implemented for `RaftRouter`
[INFO] [stdout] note: required by a bound in `Raft`
[INFO] [stdout]    --> /opt/rustwide/workdir/src/raft.rs:76:52
[INFO] [stdout]     |
[INFO] [stdout] 76  | pub struct Raft<D: AppData, R: AppDataResponse, N: RaftNetwork<D>, S: RaftStorage<D, R>> {
[INFO] [stdout]     |                                                    ^^^^^^^^^^^^^^ required by this bound in `Raft`
[INFO] [stdout] 
[INFO] [stdout] 
[INFO] [stdout] error[E0599]: no method named `is_defensive` found for struct `Arc<StoreExt<_, _, _>>` in the current scope
[INFO] [stdout]    --> tests/fixtures/mod.rs:257:20
[INFO] [stdout]     |
[INFO] [stdout] 257 |             if sto.is_defensive() != want {
[INFO] [stdout]     |                    ^^^^^^^^^^^^ method not found in `Arc<StoreExt<_, _, _>>`
[INFO] [stdout] 
[INFO] [stdout] 
[INFO] [stdout] error[E0277]: the trait bound `RaftRouter: RaftNetwork<_>` is not satisfied
[INFO] [stdout]    --> tests/fixtures/mod.rs:267:55
[INFO] [stdout]     |
[INFO] [stdout] 267 |         let node = Raft::new(id, self.config.clone(), self.clone(), sto.clone());
[INFO] [stdout]     |                    ---------                          ^^^^^^^^^^^^ the trait `RaftNetwork<_>` is not implemented for `RaftRouter`
[INFO] [stdout]     |                    |
[INFO] [stdout]     |                    required by a bound introduced by this call
[INFO] [stdout]     |
[INFO] [stdout]     = help: the trait `RaftNetwork<[type error]>` is implemented for `RaftRouter`
[INFO] [stdout] note: required by a bound in `Raft::<D, R, N, S>::new`
[INFO] [stdout]    --> /opt/rustwide/workdir/src/raft.rs:80:41
[INFO] [stdout]     |
[INFO] [stdout] 80  | impl<D: AppData, R: AppDataResponse, N: RaftNetwork<D>, S: RaftStorage<D, R>> Raft<D, R, N, S> {
[INFO] [stdout]     |                                         ^^^^^^^^^^^^^^ required by this bound in `Raft::<D, R, N, S>::new`
[INFO] [stdout] 
[INFO] [stdout] 
[INFO] [stdout] error[E0277]: the trait bound `RaftRouter: RaftNetwork<_>` is not satisfied
[INFO] [stdout]    --> tests/fixtures/mod.rs:267:20
[INFO] [stdout]     |
[INFO] [stdout] 267 |         let node = Raft::new(id, self.config.clone(), self.clone(), sto.clone());
[INFO] [stdout]     |                    ^^^^ the trait `RaftNetwork<_>` is not implemented for `RaftRouter`
[INFO] [stdout]     |
[INFO] [stdout]     = help: the trait `RaftNetwork<[type error]>` is implemented for `RaftRouter`
[INFO] [stdout] note: required by a bound in `Raft`
[INFO] [stdout]    --> /opt/rustwide/workdir/src/raft.rs:76:52
[INFO] [stdout]     |
[INFO] [stdout] 76  | pub struct Raft<D: AppData, R: AppDataResponse, N: RaftNetwork<D>, S: RaftStorage<D, R>> {
[INFO] [stdout]     |                                                    ^^^^^^^^^^^^^^ required by this bound in `Raft`
[INFO] [stdout] 
[INFO] [stdout] 
[INFO] [stdout] error[E0277]: the trait bound `RaftRouter: RaftNetwork<_>` is not satisfied
[INFO] [stdout]    --> tests/fixtures/mod.rs:267:20
[INFO] [stdout]     |
[INFO] [stdout] 267 |         let node = Raft::new(id, self.config.clone(), self.clone(), sto.clone());
[INFO] [stdout]     |                    ^^^^^^^^^^^^^^^^^^^^^^^^^^^^^^^^^^^^^^^^^^^^^^^^^^^^^^^^^^^^^ the trait `RaftNetwork<_>` is not implemented for `RaftRouter`
[INFO] [stdout]     |
[INFO] [stdout]     = help: the trait `RaftNetwork<[type error]>` is implemented for `RaftRouter`
[INFO] [stdout] note: required by a bound in `Raft`
[INFO] [stdout]    --> /opt/rustwide/workdir/src/raft.rs:76:52
[INFO] [stdout]     |
[INFO] [stdout] 76  | pub struct Raft<D: AppData, R: AppDataResponse, N: RaftNetwork<D>, S: RaftStorage<D, R>> {
[INFO] [stdout]     |                                                    ^^^^^^^^^^^^^^ required by this bound in `Raft`
[INFO] [stdout] 
[INFO] [stdout] 
[INFO] [stdout] warning: unused import: `openraft::RaftStorage`
[INFO] [stdout]   --> tests/initialization.rs:12:5
[INFO] [stdout]    |
[INFO] [stdout] 12 | use openraft::RaftStorage;
[INFO] [stdout]    |     ^^^^^^^^^^^^^^^^^^^^^
[INFO] [stdout]    |
[INFO] [stdout]    = note: `#[warn(unused_imports)]` on by default
[INFO] [stdout] 
[INFO] [stdout] 
[INFO] [stdout] warning: unused import: `openraft::DefensiveCheck`
[INFO] [stdout]   --> tests/fixtures/mod.rs:37:5
[INFO] [stdout]    |
[INFO] [stdout] 37 | use openraft::DefensiveCheck;
[INFO] [stdout]    |     ^^^^^^^^^^^^^^^^^^^^^^^^
[INFO] [stdout] 
[INFO] [stdout] 
[INFO] [stdout] warning: unused import: `anyhow::Context`
[INFO] [stdout]   --> tests/fixtures/mod.rs:15:5
[INFO] [stdout]    |
[INFO] [stdout] 15 | use anyhow::Context;
[INFO] [stdout]    |     ^^^^^^^^^^^^^^^
[INFO] [stdout] 
[INFO] [stdout] 
[INFO] [stdout] warning: unused import: `openraft::storage::RaftStorage`
[INFO] [stdout]   --> tests/fixtures/mod.rs:34:5
[INFO] [stdout]    |
[INFO] [stdout] 34 | use openraft::storage::RaftStorage;
[INFO] [stdout]    |     ^^^^^^^^^^^^^^^^^^^^^^^^^^^^^^
[INFO] [stdout] 
[INFO] [stdout] 
[INFO] [stdout] error: aborting due to 10 previous errors; 4 warnings emitted
[INFO] [stdout] 
[INFO] [stdout] 
[INFO] [stdout] Some errors have detailed explanations: E0277, E0432, E0599.
[INFO] [stdout] 
[INFO] [stdout] For more information about an error, try `rustc --explain E0277`.
[INFO] [stdout] 
[INFO] [stdout] error[E0599]: no method named `set_defensive` found for struct `Arc<StoreExt<_, _, _>>` in the current scope
[INFO] [stdout]    --> tests/snapshot/../fixtures/mod.rs:256:17
[INFO] [stdout]     |
[INFO] [stdout] 256 |             sto.set_defensive(want);
[INFO] [stdout]     |                 ^^^^^^^^^^^^^ method not found in `Arc<StoreExt<_, _, _>>`
[INFO] [stdout] 
[INFO] [stdout] 
[INFO] [stdout] error[E0599]: no method named `is_defensive` found for struct `Arc<StoreExt<_, _, _>>` in the current scope
[INFO] [stdout]    --> tests/snapshot/../fixtures/mod.rs:257:20
[INFO] [stdout]     |
[INFO] [stdout] 257 |             if sto.is_defensive() != want {
[INFO] [stdout]     |                    ^^^^^^^^^^^^ method not found in `Arc<StoreExt<_, _, _>>`
[INFO] [stdout] 
[INFO] [stdout] 
[INFO] [stderr] error: could not compile `openraft` due to 11 previous errors; 4 warnings emitted
[INFO] [stderr] warning: build failed, waiting for other jobs to finish...
[INFO] [stdout] error[E0277]: the trait bound `RaftRouter: RaftNetwork<_>` is not satisfied
[INFO] [stdout]    --> tests/snapshot/../fixtures/mod.rs:267:55
[INFO] [stdout]     |
[INFO] [stdout] 267 |         let node = Raft::new(id, self.config.clone(), self.clone(), sto.clone());
[INFO] [stdout]     |                    ---------                          ^^^^^^^^^^^^ the trait `RaftNetwork<_>` is not implemented for `RaftRouter`
[INFO] [stdout]     |                    |
[INFO] [stdout]     |                    required by a bound introduced by this call
[INFO] [stdout]     |
[INFO] [stdout]     = help: the trait `RaftNetwork<[type error]>` is implemented for `RaftRouter`
[INFO] [stdout] note: required by a bound in `Raft::<D, R, N, S>::new`
[INFO] [stdout]    --> /opt/rustwide/workdir/src/raft.rs:80:41
[INFO] [stdout]     |
[INFO] [stdout] 80  | impl<D: AppData, R: AppDataResponse, N: RaftNetwork<D>, S: RaftStorage<D, R>> Raft<D, R, N, S> {
[INFO] [stdout]     |                                         ^^^^^^^^^^^^^^ required by this bound in `Raft::<D, R, N, S>::new`
[INFO] [stdout] 
[INFO] [stdout] 
[INFO] [stdout] error[E0277]: the trait bound `RaftRouter: RaftNetwork<_>` is not satisfied
[INFO] [stdout]    --> tests/snapshot/../fixtures/mod.rs:267:20
[INFO] [stdout]     |
[INFO] [stdout] 267 |         let node = Raft::new(id, self.config.clone(), self.clone(), sto.clone());
[INFO] [stdout]     |                    ^^^^ the trait `RaftNetwork<_>` is not implemented for `RaftRouter`
[INFO] [stdout]     |
[INFO] [stdout]     = help: the trait `RaftNetwork<[type error]>` is implemented for `RaftRouter`
[INFO] [stdout] note: required by a bound in `Raft`
[INFO] [stdout]    --> /opt/rustwide/workdir/src/raft.rs:76:52
[INFO] [stdout]     |
[INFO] [stdout] 76  | pub struct Raft<D: AppData, R: AppDataResponse, N: RaftNetwork<D>, S: RaftStorage<D, R>> {
[INFO] [stdout]     |                                                    ^^^^^^^^^^^^^^ required by this bound in `Raft`
[INFO] [stdout] 
[INFO] [stdout] 
[INFO] [stdout] error[E0277]: the trait bound `RaftRouter: RaftNetwork<_>` is not satisfied
[INFO] [stdout]    --> tests/snapshot/../fixtures/mod.rs:267:20
[INFO] [stdout]     |
[INFO] [stdout] 267 |         let node = Raft::new(id, self.config.clone(), self.clone(), sto.clone());
[INFO] [stdout]     |                    ^^^^^^^^^^^^^^^^^^^^^^^^^^^^^^^^^^^^^^^^^^^^^^^^^^^^^^^^^^^^^ the trait `RaftNetwork<_>` is not implemented for `RaftRouter`
[INFO] [stdout]     |
[INFO] [stdout]     = help: the trait `RaftNetwork<[type error]>` is implemented for `RaftRouter`
[INFO] [stdout] note: required by a bound in `Raft`
[INFO] [stdout]    --> /opt/rustwide/workdir/src/raft.rs:76:52
[INFO] [stdout]     |
[INFO] [stdout] 76  | pub struct Raft<D: AppData, R: AppDataResponse, N: RaftNetwork<D>, S: RaftStorage<D, R>> {
[INFO] [stdout]     |                                                    ^^^^^^^^^^^^^^ required by this bound in `Raft`
[INFO] [stdout] 
[INFO] [stdout] 
[INFO] [stdout] warning: unused import: `openraft::DefensiveCheck`
[INFO] [stdout]   --> tests/fixtures/mod.rs:37:5
[INFO] [stdout]    |
[INFO] [stdout] 37 | use openraft::DefensiveCheck;
[INFO] [stdout]    |     ^^^^^^^^^^^^^^^^^^^^^^^^
[INFO] [stdout]    |
[INFO] [stdout]    = note: `#[warn(unused_imports)]` on by default
[INFO] [stdout] 
[INFO] [stdout] 
[INFO] [stdout] warning: unused import: `anyhow::Context`
[INFO] [stdout]   --> tests/fixtures/mod.rs:15:5
[INFO] [stdout]    |
[INFO] [stdout] 15 | use anyhow::Context;
[INFO] [stdout]    |     ^^^^^^^^^^^^^^^
[INFO] [stdout] 
[INFO] [stdout] 
[INFO] [stdout] warning: unused import: `openraft::storage::RaftStorage`
[INFO] [stdout]   --> tests/fixtures/mod.rs:34:5
[INFO] [stdout]    |
[INFO] [stdout] 34 | use openraft::storage::RaftStorage;
[INFO] [stdout]    |     ^^^^^^^^^^^^^^^^^^^^^^^^^^^^^^
[INFO] [stdout] 
[INFO] [stdout] 
[INFO] [stdout] warning: unused import: `openraft::RaftStorage`
[INFO] [stdout]   --> tests/elect_compare_last_log.rs:13:5
[INFO] [stdout]    |
[INFO] [stdout] 13 | use openraft::RaftStorage;
[INFO] [stdout]    |     ^^^^^^^^^^^^^^^^^^^^^
[INFO] [stdout] 
[INFO] [stdout] 
[INFO] [stdout] error: aborting due to 10 previous errors; 4 warnings emitted
[INFO] [stdout] 
[INFO] [stdout] 
[INFO] [stdout] Some errors have detailed explanations: E0277, E0432, E0599.
[INFO] [stdout] 
[INFO] [stdout] For more information about an error, try `rustc --explain E0277`.
[INFO] [stdout] 
[INFO] [stderr] error: could not compile `openraft` due to 11 previous errors; 4 warnings emitted
[INFO] [stdout] warning: unused import: `openraft::DefensiveCheck`
[INFO] [stdout]   --> tests/fixtures/mod.rs:37:5
[INFO] [stdout]    |
[INFO] [stdout] 37 | use openraft::DefensiveCheck;
[INFO] [stdout]    |     ^^^^^^^^^^^^^^^^^^^^^^^^
[INFO] [stdout]    |
[INFO] [stdout]    = note: `#[warn(unused_imports)]` on by default
[INFO] [stdout] 
[INFO] [stdout] 
[INFO] [stdout] warning: unused import: `anyhow::Context`
[INFO] [stdout]   --> tests/fixtures/mod.rs:15:5
[INFO] [stdout]    |
[INFO] [stdout] 15 | use anyhow::Context;
[INFO] [stdout]    |     ^^^^^^^^^^^^^^^
[INFO] [stdout] 
[INFO] [stdout] 
[INFO] [stdout] warning: unused import: `openraft::storage::RaftStorage`
[INFO] [stdout]   --> tests/fixtures/mod.rs:34:5
[INFO] [stdout]    |
[INFO] [stdout] 34 | use openraft::storage::RaftStorage;
[INFO] [stdout]    |     ^^^^^^^^^^^^^^^^^^^^^^^^^^^^^^
[INFO] [stdout] 
[INFO] [stdout] 
[INFO] [stdout] error: aborting due to 10 previous errors; 3 warnings emitted
[INFO] [stdout] 
[INFO] [stdout] 
[INFO] [stdout] warning: unused import: `openraft::DefensiveCheck`
[INFO] [stdout]   --> tests/fixtures/mod.rs:37:5
[INFO] [stdout]    |
[INFO] [stdout] 37 | use openraft::DefensiveCheck;
[INFO] [stdout]    |     ^^^^^^^^^^^^^^^^^^^^^^^^
[INFO] [stdout]    |
[INFO] [stdout]    = note: `#[warn(unused_imports)]` on by default
[INFO] [stdout] 
[INFO] [stdout] 
[INFO] [stdout] warning: unused import: `anyhow::Context`
[INFO] [stdout]   --> tests/fixtures/mod.rs:15:5
[INFO] [stdout]    |
[INFO] [stdout] 15 | use anyhow::Context;
[INFO] [stdout]    |     ^^^^^^^^^^^^^^^
[INFO] [stdout] 
[INFO] [stdout] 
[INFO] [stdout] warning: unused import: `openraft::storage::RaftStorage`
[INFO] [stdout]   --> tests/fixtures/mod.rs:34:5
[INFO] [stdout]    |
[INFO] [stdout] 34 | use openraft::storage::RaftStorage;
[INFO] [stdout]    |     ^^^^^^^^^^^^^^^^^^^^^^^^^^^^^^
[INFO] [stdout] 
[INFO] [stdout] 
[INFO] [stdout] Some errors have detailed explanations: E0277, E0432, E0599.
[INFO] [stdout] 
[INFO] [stdout] For more information about an error, try `rustc --explain E0277`.
[INFO] [stdout] 
[INFO] [stdout] error: aborting due to 10 previous errors; 3 warnings emitted
[INFO] [stdout] 
[INFO] [stdout] 
[INFO] [stderr] error: could not compile `openraft` due to 11 previous errors; 3 warnings emitted
[INFO] [stdout] Some errors have detailed explanations: E0277, E0432, E0599.
[INFO] [stdout] 
[INFO] [stdout] For more information about an error, try `rustc --explain E0277`.
[INFO] [stdout] 
[INFO] [stderr] error: could not compile `openraft` due to 11 previous errors; 3 warnings emitted
[INFO] [stdout] warning: unused import: `openraft::DefensiveCheck`
[INFO] [stdout]   --> tests/fixtures/mod.rs:37:5
[INFO] [stdout]    |
[INFO] [stdout] 37 | use openraft::DefensiveCheck;
[INFO] [stdout]    |     ^^^^^^^^^^^^^^^^^^^^^^^^
[INFO] [stdout]    |
[INFO] [stdout]    = note: `#[warn(unused_imports)]` on by default
[INFO] [stdout] 
[INFO] [stdout] 
[INFO] [stdout] warning: unused import: `anyhow::Context`
[INFO] [stdout]   --> tests/fixtures/mod.rs:15:5
[INFO] [stdout]    |
[INFO] [stdout] 15 | use anyhow::Context;
[INFO] [stdout]    |     ^^^^^^^^^^^^^^^
[INFO] [stdout] 
[INFO] [stdout] 
[INFO] [stdout] warning: unused import: `openraft::storage::RaftStorage`
[INFO] [stdout]   --> tests/fixtures/mod.rs:34:5
[INFO] [stdout]    |
[INFO] [stdout] 34 | use openraft::storage::RaftStorage;
[INFO] [stdout]    |     ^^^^^^^^^^^^^^^^^^^^^^^^^^^^^^
[INFO] [stdout] 
[INFO] [stdout] 
[INFO] [stdout] error: aborting due to 10 previous errors; 3 warnings emitted
[INFO] [stdout] 
[INFO] [stdout] 
[INFO] [stdout] Some errors have detailed explanations: E0277, E0432, E0599.
[INFO] [stdout] 
[INFO] [stdout] For more information about an error, try `rustc --explain E0277`.
[INFO] [stdout] 
[INFO] [stderr] error: could not compile `openraft` due to 11 previous errors; 3 warnings emitted
[INFO] [stdout] error[E0599]: no method named `send_vote` found for struct `Arc<RaftRouter>` in the current scope
[INFO] [stdout]    --> tests/metrics/t30_leader_metrics.rs:188:14
[INFO] [stdout]     |
[INFO] [stdout] 187 | /         router
[INFO] [stdout] 188 | |             .send_vote(leader, VoteRequest {
[INFO] [stdout]     | |             -^^^^^^^^^ method not found in `Arc<RaftRouter>`
[INFO] [stdout]     | |_____________|
[INFO] [stdout]     | 
[INFO] [stdout]     |
[INFO] [stdout]     = help: items from traits can only be used if the trait is implemented and in scope
[INFO] [stdout]     = note: the following trait defines an item `send_vote`, perhaps you need to implement it:
[INFO] [stdout]             candidate #1: `RaftNetwork`
[INFO] [stdout] 
[INFO] [stdout] 
[INFO] [stdout] warning: unused import: `openraft::DefensiveCheck`
[INFO] [stdout]   --> tests/metrics/../fixtures/mod.rs:37:5
[INFO] [stdout]    |
[INFO] [stdout] 37 | use openraft::DefensiveCheck;
[INFO] [stdout]    |     ^^^^^^^^^^^^^^^^^^^^^^^^
[INFO] [stdout]    |
[INFO] [stdout]    = note: `#[warn(unused_imports)]` on by default
[INFO] [stdout] 
[INFO] [stdout] 
[INFO] [stdout] warning: unused import: `anyhow::Context`
[INFO] [stdout]   --> tests/metrics/../fixtures/mod.rs:15:5
[INFO] [stdout]    |
[INFO] [stdout] 15 | use anyhow::Context;
[INFO] [stdout]    |     ^^^^^^^^^^^^^^^
[INFO] [stdout] 
[INFO] [stdout] 
[INFO] [stdout] warning: unused import: `openraft::storage::RaftStorage`
[INFO] [stdout]   --> tests/metrics/../fixtures/mod.rs:34:5
[INFO] [stdout]    |
[INFO] [stdout] 34 | use openraft::storage::RaftStorage;
[INFO] [stdout]    |     ^^^^^^^^^^^^^^^^^^^^^^^^^^^^^^
[INFO] [stdout] 
[INFO] [stdout] 
[INFO] [stdout] warning: unused import: `openraft::RaftStorageDebug`
[INFO] [stdout]  --> tests/metrics/t20_metrics_state_machine_consistency.rs:6:5
[INFO] [stdout]   |
[INFO] [stdout] 6 | use openraft::RaftStorageDebug;
[INFO] [stdout]   |     ^^^^^^^^^^^^^^^^^^^^^^^^^^
[INFO] [stdout] 
[INFO] [stdout] 
[INFO] [stdout] warning: unused import: `openraft::RaftNetwork`
[INFO] [stdout]   --> tests/metrics/t30_leader_metrics.rs:11:5
[INFO] [stdout]    |
[INFO] [stdout] 11 | use openraft::RaftNetwork;
[INFO] [stdout]    |     ^^^^^^^^^^^^^^^^^^^^^
[INFO] [stdout] 
[INFO] [stdout] 
[INFO] [stdout] error: aborting due to 11 previous errors; 5 warnings emitted
[INFO] [stdout] 
[INFO] [stdout] 
[INFO] [stdout] Some errors have detailed explanations: E0277, E0432, E0599.
[INFO] [stdout] 
[INFO] [stdout] For more information about an error, try `rustc --explain E0277`.
[INFO] [stdout] 
[INFO] [stderr] error: could not compile `openraft` due to 12 previous errors; 5 warnings emitted
[INFO] [stdout] error[E0599]: no method named `send_append_entries` found for struct `Arc<RaftRouter>` in the current scope
[INFO] [stdout]    --> tests/snapshot/snapshot_overrides_membership.rs:103:20
[INFO] [stdout]     |
[INFO] [stdout] 103 |             router.send_append_entries(1, req).await?;
[INFO] [stdout]     |                    ^^^^^^^^^^^^^^^^^^^ method not found in `Arc<RaftRouter>`
[INFO] [stdout]     |
[INFO] [stdout]     = help: items from traits can only be used if the trait is implemented and in scope
[INFO] [stdout]     = note: the following trait defines an item `send_append_entries`, perhaps you need to implement it:
[INFO] [stdout]             candidate #1: `RaftNetwork`
[INFO] [stdout] 
[INFO] [stdout] 
[INFO] [stdout] warning: unused import: `openraft::DefensiveCheck`
[INFO] [stdout]   --> tests/snapshot/../fixtures/mod.rs:37:5
[INFO] [stdout]    |
[INFO] [stdout] 37 | use openraft::DefensiveCheck;
[INFO] [stdout]    |     ^^^^^^^^^^^^^^^^^^^^^^^^
[INFO] [stdout]    |
[INFO] [stdout]    = note: `#[warn(unused_imports)]` on by default
[INFO] [stdout] 
[INFO] [stdout] 
[INFO] [stdout] warning: unused import: `anyhow::Context`
[INFO] [stdout]   --> tests/snapshot/../fixtures/mod.rs:15:5
[INFO] [stdout]    |
[INFO] [stdout] 15 | use anyhow::Context;
[INFO] [stdout]    |     ^^^^^^^^^^^^^^^
[INFO] [stdout] 
[INFO] [stdout] 
[INFO] [stdout] warning: unused import: `openraft::storage::RaftStorage`
[INFO] [stdout]   --> tests/snapshot/../fixtures/mod.rs:34:5
[INFO] [stdout]    |
[INFO] [stdout] 34 | use openraft::storage::RaftStorage;
[INFO] [stdout]    |     ^^^^^^^^^^^^^^^^^^^^^^^^^^^^^^
[INFO] [stdout] 
[INFO] [stdout] 
[INFO] [stdout] warning: unused import: `openraft::RaftNetwork`
[INFO] [stdout]   --> tests/snapshot/snapshot_overrides_membership.rs:12:5
[INFO] [stdout]    |
[INFO] [stdout] 12 | use openraft::RaftNetwork;
[INFO] [stdout]    |     ^^^^^^^^^^^^^^^^^^^^^
[INFO] [stdout] 
[INFO] [stdout] 
[INFO] [stdout] error: aborting due to 11 previous errors; 4 warnings emitted
[INFO] [stdout] 
[INFO] [stdout] 
[INFO] [stdout] Some errors have detailed explanations: E0277, E0432, E0599.
[INFO] [stdout] 
[INFO] [stdout] For more information about an error, try `rustc --explain E0277`.
[INFO] [stdout] 
[INFO] [stderr] error: could not compile `openraft` due to 12 previous errors; 4 warnings emitted
[INFO] running `Command { std: "docker" "inspect" "98ecb8a498e0df037784c8887c36b3d1b9524d6898d7d55efb9b77004ab70c95", kill_on_drop: false }`
[INFO] running `Command { std: "docker" "rm" "-f" "98ecb8a498e0df037784c8887c36b3d1b9524d6898d7d55efb9b77004ab70c95", kill_on_drop: false }`
[INFO] [stdout] 98ecb8a498e0df037784c8887c36b3d1b9524d6898d7d55efb9b77004ab70c95
