[INFO] fetching crate openmls 0.4.1...
[INFO] testing openmls-0.4.1 against 1.69.0 for beta-1.70-1
[INFO] extracting crate openmls 0.4.1 into /workspace/builds/worker-1-tc1/source
[INFO] validating manifest of crates.io crate openmls 0.4.1 on toolchain 1.69.0
[INFO] running `Command { std: CARGO_HOME="/workspace/cargo-home" RUSTUP_HOME="/workspace/rustup-home" "/workspace/cargo-home/bin/cargo" "+1.69.0" "metadata" "--manifest-path" "Cargo.toml" "--no-deps", kill_on_drop: false }`
[INFO] started tweaking crates.io crate openmls 0.4.1
[INFO] finished tweaking crates.io crate openmls 0.4.1
[INFO] tweaked toml for crates.io crate openmls 0.4.1 written to /workspace/builds/worker-1-tc1/source/Cargo.toml
[INFO] running `Command { std: CARGO_HOME="/workspace/cargo-home" RUSTUP_HOME="/workspace/rustup-home" __CARGO_TEST_CHANNEL_OVERRIDE_DO_NOT_USE_THIS="nightly" "/workspace/cargo-home/bin/cargo" "+1.69.0" "generate-lockfile" "--manifest-path" "Cargo.toml" "-Zno-index-update", kill_on_drop: false }`
[INFO] running `Command { std: CARGO_HOME="/workspace/cargo-home" RUSTUP_HOME="/workspace/rustup-home" "/workspace/cargo-home/bin/cargo" "+1.69.0" "fetch" "--manifest-path" "Cargo.toml", kill_on_drop: false }`
[INFO] [stderr]  Downloading crates ...
[INFO] [stderr]   Downloaded typetag v0.1.8
[INFO] [stderr]   Downloaded typetag-impl v0.1.8
[INFO] [stderr]   Downloaded inventory v0.2.3
[INFO] [stderr]   Downloaded tls_codec_derive v0.2.0
[INFO] [stderr]   Downloaded p384 v0.9.0
[INFO] [stderr]   Downloaded openmls_traits v0.1.0
[INFO] [stderr]   Downloaded rstest_reuse v0.3.0
[INFO] [stderr]   Downloaded hpke-rs-evercrypt v0.1.2
[INFO] [stderr]   Downloaded openmls_evercrypt v0.1.0
[INFO] [stderr]   Downloaded openmls_memory_keystore v0.1.0
[INFO] [stderr]   Downloaded openmls_rust_crypto v0.1.0
[INFO] [stderr]   Downloaded tls_codec v0.2.0
[INFO] [stderr]   Downloaded ff v0.11.1
[INFO] [stderr]   Downloaded hpke-rs-crypto v0.1.1
[INFO] [stderr]   Downloaded x25519-dalek-ng v1.1.1
[INFO] [stderr]   Downloaded rstest v0.13.0
[INFO] [stderr]   Downloaded rstest_macros v0.13.0
[INFO] [stderr]   Downloaded hpke-rs v0.1.0
[INFO] [stderr]   Downloaded evercrypt-sys v0.0.9
[INFO] [stderr]   Downloaded evercrypt v0.0.11
[INFO] [stderr]   Downloaded hpke-rs-rust-crypto v0.1.1
[INFO] running `Command { std: "docker" "create" "-v" "/var/lib/crater-agent-workspace/builds/worker-1-tc1/target:/opt/rustwide/target:rw,Z" "-v" "/var/lib/crater-agent-workspace/builds/worker-1-tc1/source:/opt/rustwide/workdir:ro,Z" "-v" "/var/lib/crater-agent-workspace/cargo-home:/opt/rustwide/cargo-home:ro,Z" "-v" "/var/lib/crater-agent-workspace/rustup-home:/opt/rustwide/rustup-home:ro,Z" "-e" "SOURCE_DIR=/opt/rustwide/workdir" "-e" "CARGO_TARGET_DIR=/opt/rustwide/target" "-e" "CARGO_HOME=/opt/rustwide/cargo-home" "-e" "RUSTUP_HOME=/opt/rustwide/rustup-home" "-w" "/opt/rustwide/workdir" "-m" "1610612736" "--user" "0:0" "--network" "none" "ghcr.io/rust-lang/crates-build-env/linux@sha256:5ff2268d62e97bff2cde7d5815dd6ed5b47097566f13b8d0ca110b04b60e07ed" "/opt/rustwide/cargo-home/bin/cargo" "+1.69.0" "metadata" "--no-deps" "--format-version=1", kill_on_drop: false }`
[INFO] [stdout] f8bd3cbeaa6456502465b6625be760f26da439cbf71b7034b3b4fd1a9af60ed9
[INFO] running `Command { std: "docker" "start" "-a" "f8bd3cbeaa6456502465b6625be760f26da439cbf71b7034b3b4fd1a9af60ed9", kill_on_drop: false }`
[INFO] running `Command { std: "docker" "inspect" "f8bd3cbeaa6456502465b6625be760f26da439cbf71b7034b3b4fd1a9af60ed9", kill_on_drop: false }`
[INFO] running `Command { std: "docker" "rm" "-f" "f8bd3cbeaa6456502465b6625be760f26da439cbf71b7034b3b4fd1a9af60ed9", kill_on_drop: false }`
[INFO] [stdout] f8bd3cbeaa6456502465b6625be760f26da439cbf71b7034b3b4fd1a9af60ed9
[INFO] running `Command { std: "docker" "create" "-v" "/var/lib/crater-agent-workspace/builds/worker-1-tc1/target:/opt/rustwide/target:rw,Z" "-v" "/var/lib/crater-agent-workspace/builds/worker-1-tc1/source:/opt/rustwide/workdir:ro,Z" "-v" "/var/lib/crater-agent-workspace/cargo-home:/opt/rustwide/cargo-home:ro,Z" "-v" "/var/lib/crater-agent-workspace/rustup-home:/opt/rustwide/rustup-home:ro,Z" "-e" "SOURCE_DIR=/opt/rustwide/workdir" "-e" "CARGO_TARGET_DIR=/opt/rustwide/target" "-e" "CARGO_INCREMENTAL=0" "-e" "RUST_BACKTRACE=full" "-e" "RUSTFLAGS=--cap-lints=warn" "-e" "RUSTDOCFLAGS=--cap-lints=warn" "-e" "CARGO_HOME=/opt/rustwide/cargo-home" "-e" "RUSTUP_HOME=/opt/rustwide/rustup-home" "-w" "/opt/rustwide/workdir" "-m" "1610612736" "--user" "0:0" "--network" "none" "ghcr.io/rust-lang/crates-build-env/linux@sha256:5ff2268d62e97bff2cde7d5815dd6ed5b47097566f13b8d0ca110b04b60e07ed" "/opt/rustwide/cargo-home/bin/cargo" "+1.69.0" "build" "--frozen" "--message-format=json", kill_on_drop: false }`
[INFO] [stdout] c2d7419e49a93b3e1e7ac642b1dd5c47c7d1490aa64f185b35c200ec8186ad22
[INFO] running `Command { std: "docker" "start" "-a" "c2d7419e49a93b3e1e7ac642b1dd5c47c7d1490aa64f185b35c200ec8186ad22", kill_on_drop: false }`
[INFO] [stderr]    Compiling syn v2.0.15
[INFO] [stderr]    Compiling syn v1.0.109
[INFO] [stderr]    Compiling crossbeam-utils v0.8.15
[INFO] [stderr]    Compiling serde v1.0.160
[INFO] [stderr]    Compiling memoffset v0.8.0
[INFO] [stderr]    Compiling crossbeam-epoch v0.9.14
[INFO] [stderr]    Compiling memchr v2.5.0
[INFO] [stderr]    Compiling cc v1.0.79
[INFO] [stderr]    Compiling erased-serde v0.3.25
[INFO] [stderr]    Compiling rayon-core v1.11.0
[INFO] [stderr]    Compiling adler v1.0.2
[INFO] [stderr]    Compiling gimli v0.27.2
[INFO] [stderr]    Compiling serde_json v1.0.96
[INFO] [stderr]    Compiling getrandom v0.2.9
[INFO] [stderr]    Compiling either v1.8.1
[INFO] [stderr]    Compiling rustc-demangle v0.1.23
[INFO] [stderr]    Compiling miniz_oxide v0.6.2
[INFO] [stderr]    Compiling ryu v1.0.13
[INFO] [stderr]    Compiling once_cell v1.17.1
[INFO] [stderr]    Compiling uuid v1.3.2
[INFO] [stderr]    Compiling crossbeam-channel v0.5.8
[INFO] [stderr]    Compiling object v0.30.3
[INFO] [stderr]    Compiling backtrace v0.3.67
[INFO] [stderr]    Compiling crossbeam-deque v0.8.3
[INFO] [stderr]    Compiling rayon v1.7.0
[INFO] [stderr]    Compiling addr2line v0.19.0
[INFO] [stderr]    Compiling ctor v0.1.26
[INFO] [stderr]    Compiling tls_codec_derive v0.2.0
[INFO] [stderr]    Compiling typetag-impl v0.1.8
[INFO] [stderr]    Compiling serde_derive v1.0.160
[INFO] [stderr]    Compiling zeroize_derive v1.4.2
[INFO] [stderr]    Compiling ghost v0.1.9
[INFO] [stderr]    Compiling thiserror-impl v1.0.40
[INFO] [stderr]    Compiling zeroize v1.6.0
[INFO] [stderr]    Compiling inventory v0.2.3
[INFO] [stderr]    Compiling thiserror v1.0.40
[INFO] [stderr]    Compiling tls_codec v0.2.0
[INFO] [stderr]    Compiling typetag v0.1.8
[INFO] [stderr]    Compiling openmls_traits v0.1.0
[INFO] [stderr]    Compiling openmls v0.4.1 (/opt/rustwide/workdir)
[INFO] [stderr]     Finished dev [unoptimized + debuginfo] target(s) in 40.59s
[INFO] running `Command { std: "docker" "inspect" "c2d7419e49a93b3e1e7ac642b1dd5c47c7d1490aa64f185b35c200ec8186ad22", kill_on_drop: false }`
[INFO] running `Command { std: "docker" "rm" "-f" "c2d7419e49a93b3e1e7ac642b1dd5c47c7d1490aa64f185b35c200ec8186ad22", kill_on_drop: false }`
[INFO] [stdout] c2d7419e49a93b3e1e7ac642b1dd5c47c7d1490aa64f185b35c200ec8186ad22
[INFO] running `Command { std: "docker" "create" "-v" "/var/lib/crater-agent-workspace/builds/worker-1-tc1/target:/opt/rustwide/target:rw,Z" "-v" "/var/lib/crater-agent-workspace/builds/worker-1-tc1/source:/opt/rustwide/workdir:ro,Z" "-v" "/var/lib/crater-agent-workspace/cargo-home:/opt/rustwide/cargo-home:ro,Z" "-v" "/var/lib/crater-agent-workspace/rustup-home:/opt/rustwide/rustup-home:ro,Z" "-e" "SOURCE_DIR=/opt/rustwide/workdir" "-e" "CARGO_TARGET_DIR=/opt/rustwide/target" "-e" "CARGO_INCREMENTAL=0" "-e" "RUST_BACKTRACE=full" "-e" "RUSTFLAGS=--cap-lints=warn" "-e" "RUSTDOCFLAGS=--cap-lints=warn" "-e" "CARGO_HOME=/opt/rustwide/cargo-home" "-e" "RUSTUP_HOME=/opt/rustwide/rustup-home" "-w" "/opt/rustwide/workdir" "-m" "1610612736" "--user" "0:0" "--network" "none" "ghcr.io/rust-lang/crates-build-env/linux@sha256:5ff2268d62e97bff2cde7d5815dd6ed5b47097566f13b8d0ca110b04b60e07ed" "/opt/rustwide/cargo-home/bin/cargo" "+1.69.0" "test" "--frozen" "--no-run" "--message-format=json", kill_on_drop: false }`
[INFO] [stdout] a803cddeb01611dc493568bfc7d73ed6949e587b366875bbb52a22d23bfe0bc3
[INFO] running `Command { std: "docker" "start" "-a" "a803cddeb01611dc493568bfc7d73ed6949e587b366875bbb52a22d23bfe0bc3", kill_on_drop: false }`
[INFO] [stderr]    Compiling syn v1.0.109
[INFO] [stderr]    Compiling libc v0.2.142
[INFO] [stderr]    Compiling futures-core v0.3.28
[INFO] [stderr]    Compiling log v0.4.17
[INFO] [stderr]    Compiling futures-io v0.3.28
[INFO] [stderr]    Compiling value-bag v1.0.0-alpha.9
[INFO] [stderr]    Compiling bitflags v1.3.2
[INFO] [stderr]    Compiling event-listener v2.5.3
[INFO] [stderr]    Compiling io-lifetimes v1.0.10
[INFO] [stderr]    Compiling fastrand v1.9.0
[INFO] [stderr]    Compiling concurrent-queue v2.2.0
[INFO] [stderr]    Compiling parking v2.1.0
[INFO] [stderr]    Compiling waker-fn v1.1.0
[INFO] [stderr]    Compiling rustix v0.37.18
[INFO] [stderr]    Compiling polling v2.8.0
[INFO] [stderr]    Compiling linux-raw-sys v0.3.6
[INFO] [stderr]    Compiling async-io v1.13.0
[INFO] [stderr]    Compiling async-task v4.4.0
[INFO] [stderr]    Compiling async-lock v2.7.0
[INFO] [stderr]    Compiling either v1.8.1
[INFO] [stderr]    Compiling futures-util v0.3.28
[INFO] [stderr]    Compiling futures-macro v0.3.28
[INFO] [stderr]    Compiling aho-corasick v1.0.1
[INFO] [stderr]    Compiling num-traits v0.2.15
[INFO] [stderr]    Compiling atomic-waker v1.1.1
[INFO] [stderr]    Compiling regex-syntax v0.7.1
[INFO] [stderr]    Compiling rstest_macros v0.13.0
[INFO] [stderr]    Compiling futures-lite v1.13.0
[INFO] [stderr]    Compiling futures-channel v0.3.28
[INFO] [stderr]    Compiling async-channel v1.8.0
[INFO] [stderr]    Compiling plotters-backend v0.3.4
[INFO] [stderr]    Compiling quick-error v1.2.3
[INFO] [stderr]    Compiling unicode-width v0.1.10
[INFO] [stderr]    Compiling itertools v0.10.5
[INFO] [stderr]    Compiling humantime v1.3.0
[INFO] [stderr]    Compiling rstest_reuse v0.3.0
[INFO] [stderr]    Compiling csv-core v0.1.10
[INFO] [stderr]    Compiling object v0.30.3
[INFO] [stderr]    Compiling textwrap v0.11.0
[INFO] [stderr]    Compiling plotters-svg v0.3.3
[INFO] [stderr]    Compiling cast v0.3.0
[INFO] [stderr]    Compiling half v1.8.2
[INFO] [stderr]    Compiling same-file v1.0.6
[INFO] [stderr]    Compiling termcolor v1.2.0
[INFO] [stderr]    Compiling walkdir v2.3.3
[INFO] [stderr]    Compiling csv v1.2.1
[INFO] [stderr]    Compiling clap v2.34.0
[INFO] [stderr]    Compiling serde_cbor v0.11.2
[INFO] [stderr]    Compiling tinytemplate v1.2.1
[INFO] [stderr]    Compiling async-executor v1.5.1
[INFO] [stderr]    Compiling oorandom v11.1.3
[INFO] [stderr]    Compiling futures-timer v3.0.2
[INFO] [stderr]    Compiling num_cpus v1.15.0
[INFO] [stderr]    Compiling socket2 v0.4.9
[INFO] [stderr]    Compiling atty v0.2.14
[INFO] [stderr]    Compiling getrandom v0.2.9
[INFO] [stderr]    Compiling criterion-plot v0.4.5
[INFO] [stderr]    Compiling rayon-core v1.11.0
[INFO] [stderr]    Compiling uuid v1.3.2
[INFO] [stderr]    Compiling plotters v0.3.4
[INFO] [stderr]    Compiling regex v1.8.1
[INFO] [stderr]    Compiling rayon v1.7.0
[INFO] [stderr]    Compiling backtrace v0.3.67
[INFO] [stderr]    Compiling tempfile v3.5.0
[INFO] [stderr]    Compiling futures-executor v0.3.28
[INFO] [stderr]    Compiling futures v0.3.28
[INFO] [stderr]    Compiling criterion v0.3.6
[INFO] [stderr]    Compiling ctor v0.1.26
[INFO] [stderr]    Compiling tls_codec_derive v0.2.0
[INFO] [stderr]    Compiling async-attributes v1.1.2
[INFO] [stderr]    Compiling typetag-impl v0.1.8
[INFO] [stderr]    Compiling inventory v0.2.3
[INFO] [stderr]    Compiling typetag v0.1.8
[INFO] [stderr]    Compiling tls_codec v0.2.0
[INFO] [stderr]    Compiling blocking v1.3.1
[INFO] [stderr]    Compiling kv-log-macro v1.0.7
[INFO] [stderr]    Compiling env_logger v0.7.1
[INFO] [stderr]    Compiling openmls_traits v0.1.0
[INFO] [stderr]    Compiling pretty_env_logger v0.4.0
[INFO] [stderr]    Compiling async-global-executor v2.3.1
[INFO] [stderr]    Compiling openmls v0.4.1 (/opt/rustwide/workdir)
[INFO] [stderr]    Compiling async-std v1.12.0
[INFO] [stderr]    Compiling rstest v0.13.0
[INFO] [stdout] error[E0433]: failed to resolve: could not find `rand` in the list of imported crates
[INFO] [stdout]   --> src/test_utils/test_framework/mod.rs:33:7
[INFO] [stdout]    |
[INFO] [stdout] 33 | use ::rand::{rngs::OsRng, RngCore};
[INFO] [stdout]    |       ^^^^ could not find `rand` in the list of imported crates
[INFO] [stdout] 
[INFO] [stdout] 
[INFO] [stdout] error[E0432]: unresolved imports `crate::group::tests::kat_messages`, `crate::group::tests::kat_messages`, `crate::group::tests::kat_transcripts`, `crate::group::tests::kat_transcripts`
[INFO] [stdout]   --> src/prelude_test.rs:10:5
[INFO] [stdout]    |
[INFO] [stdout] 10 |     kat_messages::{self, MessagesTestVector},
[INFO] [stdout]    |     ^^^^^^^^^^^^   ^^^^ no `kat_messages` in `group::tests`
[INFO] [stdout]    |     |
[INFO] [stdout]    |     could not find `kat_messages` in `tests`
[INFO] [stdout] 11 |     kat_transcripts::{self, TranscriptTestVector},
[INFO] [stdout]    |     ^^^^^^^^^^^^^^^   ^^^^ no `kat_transcripts` in `group::tests`
[INFO] [stdout]    |     |
[INFO] [stdout]    |     could not find `kat_transcripts` in `tests`
[INFO] [stdout] 
[INFO] [stdout] 
[INFO] [stdout] error[E0433]: failed to resolve: use of undeclared crate or module `rand`
[INFO] [stdout]  --> src/utils.rs:4:5
[INFO] [stdout]   |
[INFO] [stdout] 4 | use rand::{rngs::OsRng, RngCore};
[INFO] [stdout]   |     ^^^^ use of undeclared crate or module `rand`
[INFO] [stdout] 
[INFO] [stdout] 
[INFO] [stdout] error[E0432]: unresolved import `rand`
[INFO] [stdout]   --> src/test_utils/test_framework/mod.rs:33:7
[INFO] [stdout]    |
[INFO] [stdout] 33 | use ::rand::{rngs::OsRng, RngCore};
[INFO] [stdout]    |       ^^^^ could not find `rand` in the list of imported crates
[INFO] [stdout] 
[INFO] [stdout] 
[INFO] [stdout] error[E0433]: failed to resolve: could not find `rand` in the list of imported crates
[INFO] [stdout]   --> src/group/tests/utils.rs:18:7
[INFO] [stdout]    |
[INFO] [stdout] 18 | use ::rand::rngs::OsRng;
[INFO] [stdout]    |       ^^^^ could not find `rand` in the list of imported crates
[INFO] [stdout] 
[INFO] [stdout] 
[INFO] [stdout] error[E0432]: unresolved import `rand`
[INFO] [stdout]  --> src/utils.rs:4:5
[INFO] [stdout]   |
[INFO] [stdout] 4 | use rand::{rngs::OsRng, RngCore};
[INFO] [stdout]   |     ^^^^ use of undeclared crate or module `rand`
[INFO] [stdout] 
[INFO] [stdout] 
[INFO] [stdout] error[E0432]: unresolved import `rand`
[INFO] [stdout]   --> src/group/tests/utils.rs:19:7
[INFO] [stdout]    |
[INFO] [stdout] 19 | use ::rand::RngCore;
[INFO] [stdout]    |       ^^^^ could not find `rand` in the list of imported crates
[INFO] [stdout] 
[INFO] [stdout] 
[INFO] [stdout] error[E0432]: unresolved import `openmls_rust_crypto`
[INFO] [stdout]   --> src/test_utils/test_framework/mod.rs:34:5
[INFO] [stdout]    |
[INFO] [stdout] 34 | use openmls_rust_crypto::OpenMlsRustCrypto;
[INFO] [stdout]    |     ^^^^^^^^^^^^^^^^^^^ use of undeclared crate or module `openmls_rust_crypto`
[INFO] [stdout] 
[INFO] [stdout] 
[INFO] [stdout] error[E0432]: unresolved import `openmls_rust_crypto`
[INFO] [stdout]  --> src/test_utils/test_framework/client.rs:6:5
[INFO] [stdout]   |
[INFO] [stdout] 6 | use openmls_rust_crypto::OpenMlsRustCrypto;
[INFO] [stdout]   |     ^^^^^^^^^^^^^^^^^^^ use of undeclared crate or module `openmls_rust_crypto`
[INFO] [stdout] 
[INFO] [stdout] 
[INFO] [stdout] error[E0432]: unresolved import `openmls_rust_crypto`
[INFO] [stdout]   --> src/test_utils/mod.rs:86:9
[INFO] [stdout]    |
[INFO] [stdout] 86 | pub use openmls_rust_crypto::OpenMlsRustCrypto;
[INFO] [stdout]    |         ^^^^^^^^^^^^^^^^^^^ use of undeclared crate or module `openmls_rust_crypto`
[INFO] [stdout] 
[INFO] [stdout] 
[INFO] [stdout] error[E0432]: unresolved import `openmls_rust_crypto`
[INFO] [stdout]  --> src/ciphersuite/tests/test_ciphersuite.rs:2:5
[INFO] [stdout]   |
[INFO] [stdout] 2 | use openmls_rust_crypto::OpenMlsRustCrypto;
[INFO] [stdout]   |     ^^^^^^^^^^^^^^^^^^^ use of undeclared crate or module `openmls_rust_crypto`
[INFO] [stdout] 
[INFO] [stdout] 
[INFO] [stdout] error[E0432]: unresolved import `openmls_rust_crypto`
[INFO] [stdout]  --> src/ciphersuite/tests/test_secrets.rs:1:5
[INFO] [stdout]   |
[INFO] [stdout] 1 | use openmls_rust_crypto::OpenMlsRustCrypto;
[INFO] [stdout]   |     ^^^^^^^^^^^^^^^^^^^ use of undeclared crate or module `openmls_rust_crypto`
[INFO] [stdout] 
[INFO] [stdout] 
[INFO] [stdout] error[E0432]: unresolved import `openmls_rust_crypto`
[INFO] [stdout]  --> src/extensions/test_extensions.rs:6:5
[INFO] [stdout]   |
[INFO] [stdout] 6 | use openmls_rust_crypto::OpenMlsRustCrypto;
[INFO] [stdout]   |     ^^^^^^^^^^^^^^^^^^^ use of undeclared crate or module `openmls_rust_crypto`
[INFO] [stdout] 
[INFO] [stdout] 
[INFO] [stdout] error[E0432]: unresolved import `openmls_rust_crypto`
[INFO] [stdout]  --> src/framing/test_framing.rs:6:5
[INFO] [stdout]   |
[INFO] [stdout] 6 | use openmls_rust_crypto::OpenMlsRustCrypto;
[INFO] [stdout]   |     ^^^^^^^^^^^^^^^^^^^ use of undeclared crate or module `openmls_rust_crypto`
[INFO] [stdout] 
[INFO] [stdout] 
[INFO] [stdout] error[E0432]: unresolved import `openmls_rust_crypto`
[INFO] [stdout]  --> src/group/core_group/test_core_group.rs:1:5
[INFO] [stdout]   |
[INFO] [stdout] 1 | use openmls_rust_crypto::OpenMlsRustCrypto;
[INFO] [stdout]   |     ^^^^^^^^^^^^^^^^^^^ use of undeclared crate or module `openmls_rust_crypto`
[INFO] [stdout] 
[INFO] [stdout] 
[INFO] [stdout] error[E0432]: unresolved import `openmls_rust_crypto`
[INFO] [stdout]  --> src/group/core_group/test_duplicate_extension.rs:8:5
[INFO] [stdout]   |
[INFO] [stdout] 8 | use openmls_rust_crypto::OpenMlsRustCrypto;
[INFO] [stdout]   |     ^^^^^^^^^^^^^^^^^^^ use of undeclared crate or module `openmls_rust_crypto`
[INFO] [stdout] 
[INFO] [stdout] 
[INFO] [stdout] error[E0432]: unresolved import `openmls_rust_crypto`
[INFO] [stdout]   --> src/group/core_group/test_external_init.rs:13:5
[INFO] [stdout]    |
[INFO] [stdout] 13 | use openmls_rust_crypto::OpenMlsRustCrypto;
[INFO] [stdout]    |     ^^^^^^^^^^^^^^^^^^^ use of undeclared crate or module `openmls_rust_crypto`
[INFO] [stdout] 
[INFO] [stdout] 
[INFO] [stdout] error[E0432]: unresolved import `openmls_rust_crypto`
[INFO] [stdout]  --> src/group/core_group/test_proposals.rs:2:5
[INFO] [stdout]   |
[INFO] [stdout] 2 | use openmls_rust_crypto::OpenMlsRustCrypto;
[INFO] [stdout]   |     ^^^^^^^^^^^^^^^^^^^ use of undeclared crate or module `openmls_rust_crypto`
[INFO] [stdout] 
[INFO] [stdout] 
[INFO] [stdout] error[E0432]: unresolved import `openmls_rust_crypto`
[INFO] [stdout]  --> src/group/mls_group/test_mls_group.rs:1:5
[INFO] [stdout]   |
[INFO] [stdout] 1 | use openmls_rust_crypto::OpenMlsRustCrypto;
[INFO] [stdout]   |     ^^^^^^^^^^^^^^^^^^^ use of undeclared crate or module `openmls_rust_crypto`
[INFO] [stdout] 
[INFO] [stdout] 
[INFO] [stdout] error[E0432]: unresolved import `openmls_rust_crypto`
[INFO] [stdout]  --> src/group/tests/test_commit_validation.rs:4:5
[INFO] [stdout]   |
[INFO] [stdout] 4 | use openmls_rust_crypto::OpenMlsRustCrypto;
[INFO] [stdout]   |     ^^^^^^^^^^^^^^^^^^^ use of undeclared crate or module `openmls_rust_crypto`
[INFO] [stdout] 
[INFO] [stdout] 
[INFO] [stdout] error[E0432]: unresolved import `openmls_rust_crypto`
[INFO] [stdout]  --> src/group/tests/test_encoding.rs:5:5
[INFO] [stdout]   |
[INFO] [stdout] 5 | use openmls_rust_crypto::OpenMlsRustCrypto;
[INFO] [stdout]   |     ^^^^^^^^^^^^^^^^^^^ use of undeclared crate or module `openmls_rust_crypto`
[INFO] [stdout] 
[INFO] [stdout] 
[INFO] [stdout] error[E0432]: unresolved import `openmls_rust_crypto`
[INFO] [stdout]  --> src/group/tests/test_external_commit_validation.rs:5:5
[INFO] [stdout]   |
[INFO] [stdout] 5 | use openmls_rust_crypto::OpenMlsRustCrypto;
[INFO] [stdout]   |     ^^^^^^^^^^^^^^^^^^^ use of undeclared crate or module `openmls_rust_crypto`
[INFO] [stdout] 
[INFO] [stdout] 
[INFO] [stdout] error[E0432]: unresolved import `openmls_rust_crypto`
[INFO] [stdout]  --> src/group/tests/test_framing.rs:3:5
[INFO] [stdout]   |
[INFO] [stdout] 3 | use openmls_rust_crypto::OpenMlsRustCrypto;
[INFO] [stdout]   |     ^^^^^^^^^^^^^^^^^^^ use of undeclared crate or module `openmls_rust_crypto`
[INFO] [stdout] 
[INFO] [stdout] 
[INFO] [stdout] error[E0432]: unresolved import `openmls_rust_crypto`
[INFO] [stdout]  --> src/group/tests/test_framing_validation.rs:4:5
[INFO] [stdout]   |
[INFO] [stdout] 4 | use openmls_rust_crypto::OpenMlsRustCrypto;
[INFO] [stdout]   |     ^^^^^^^^^^^^^^^^^^^ use of undeclared crate or module `openmls_rust_crypto`
[INFO] [stdout] 
[INFO] [stdout] 
[INFO] [stdout] error[E0432]: unresolved import `openmls_rust_crypto`
[INFO] [stdout]   --> src/group/tests/test_group.rs:11:5
[INFO] [stdout]    |
[INFO] [stdout] 11 | use openmls_rust_crypto::OpenMlsRustCrypto;
[INFO] [stdout]    |     ^^^^^^^^^^^^^^^^^^^ use of undeclared crate or module `openmls_rust_crypto`
[INFO] [stdout] 
[INFO] [stdout] 
[INFO] [stdout] error[E0432]: unresolved import `openmls_rust_crypto`
[INFO] [stdout]  --> src/group/tests/test_past_secrets.rs:3:5
[INFO] [stdout]   |
[INFO] [stdout] 3 | use openmls_rust_crypto::OpenMlsRustCrypto;
[INFO] [stdout]   |     ^^^^^^^^^^^^^^^^^^^ use of undeclared crate or module `openmls_rust_crypto`
[INFO] [stdout] 
[INFO] [stdout] 
[INFO] [stdout] error[E0432]: unresolved import `openmls_rust_crypto`
[INFO] [stdout]  --> src/group/tests/test_proposal_validation.rs:4:5
[INFO] [stdout]   |
[INFO] [stdout] 4 | use openmls_rust_crypto::OpenMlsRustCrypto;
[INFO] [stdout]   |     ^^^^^^^^^^^^^^^^^^^ use of undeclared crate or module `openmls_rust_crypto`
[INFO] [stdout] 
[INFO] [stdout] 
[INFO] [stdout] error[E0432]: unresolved import `openmls_rust_crypto`
[INFO] [stdout]  --> src/group/tests/test_remove_operation.rs:5:5
[INFO] [stdout]   |
[INFO] [stdout] 5 | use openmls_rust_crypto::OpenMlsRustCrypto;
[INFO] [stdout]   |     ^^^^^^^^^^^^^^^^^^^ use of undeclared crate or module `openmls_rust_crypto`
[INFO] [stdout] 
[INFO] [stdout] 
[INFO] [stdout] error[E0432]: unresolved import `openmls_rust_crypto`
[INFO] [stdout]  --> src/group/tests/test_wire_format_policy.rs:3:5
[INFO] [stdout]   |
[INFO] [stdout] 3 | use openmls_rust_crypto::OpenMlsRustCrypto;
[INFO] [stdout]   |     ^^^^^^^^^^^^^^^^^^^ use of undeclared crate or module `openmls_rust_crypto`
[INFO] [stdout] 
[INFO] [stdout] 
[INFO] [stdout] error[E0432]: unresolved import `openmls_rust_crypto`
[INFO] [stdout]  --> src/key_packages/test_key_packages.rs:2:5
[INFO] [stdout]   |
[INFO] [stdout] 2 | use openmls_rust_crypto::OpenMlsRustCrypto;
[INFO] [stdout]   |     ^^^^^^^^^^^^^^^^^^^ use of undeclared crate or module `openmls_rust_crypto`
[INFO] [stdout] 
[INFO] [stdout] 
[INFO] [stdout] error[E0432]: unresolved import `openmls_rust_crypto`
[INFO] [stdout]  --> src/messages/tests/test_codec.rs:1:5
[INFO] [stdout]   |
[INFO] [stdout] 1 | use openmls_rust_crypto::OpenMlsRustCrypto;
[INFO] [stdout]   |     ^^^^^^^^^^^^^^^^^^^ use of undeclared crate or module `openmls_rust_crypto`
[INFO] [stdout] 
[INFO] [stdout] 
[INFO] [stdout] error[E0432]: unresolved import `openmls_rust_crypto`
[INFO] [stdout]  --> src/messages/tests/test_proposals.rs:1:5
[INFO] [stdout]   |
[INFO] [stdout] 1 | use openmls_rust_crypto::OpenMlsRustCrypto;
[INFO] [stdout]   |     ^^^^^^^^^^^^^^^^^^^ use of undeclared crate or module `openmls_rust_crypto`
[INFO] [stdout] 
[INFO] [stdout] 
[INFO] [stdout] error[E0432]: unresolved import `openmls_rust_crypto`
[INFO] [stdout]   --> src/messages/tests/test_welcome.rs:15:5
[INFO] [stdout]    |
[INFO] [stdout] 15 | use openmls_rust_crypto::OpenMlsRustCrypto;
[INFO] [stdout]    |     ^^^^^^^^^^^^^^^^^^^ use of undeclared crate or module `openmls_rust_crypto`
[INFO] [stdout] 
[INFO] [stdout] 
[INFO] [stdout] error[E0433]: failed to resolve: use of undeclared crate or module `rand`
[INFO] [stdout]   --> src/schedule/kat_key_schedule.rs:17:5
[INFO] [stdout]    |
[INFO] [stdout] 17 | use rand::{rngs::OsRng, RngCore};
[INFO] [stdout]    |     ^^^^ use of undeclared crate or module `rand`
[INFO] [stdout] 
[INFO] [stdout] 
[INFO] [stdout] error[E0432]: unresolved import `openmls_rust_crypto`
[INFO] [stdout]   --> src/schedule/kat_key_schedule.rs:13:5
[INFO] [stdout]    |
[INFO] [stdout] 13 | use openmls_rust_crypto::OpenMlsRustCrypto;
[INFO] [stdout]    |     ^^^^^^^^^^^^^^^^^^^ use of undeclared crate or module `openmls_rust_crypto`
[INFO] [stdout] 
[INFO] [stdout] 
[INFO] [stdout] error[E0432]: unresolved import `rand`
[INFO] [stdout]   --> src/schedule/kat_key_schedule.rs:17:5
[INFO] [stdout]    |
[INFO] [stdout] 17 | use rand::{rngs::OsRng, RngCore};
[INFO] [stdout]    |     ^^^^ use of undeclared crate or module `rand`
[INFO] [stdout] 
[INFO] [stdout] 
[INFO] [stdout] error[E0432]: unresolved import `openmls_rust_crypto`
[INFO] [stdout]  --> src/schedule/unit_tests.rs:4:5
[INFO] [stdout]   |
[INFO] [stdout] 4 | use openmls_rust_crypto::OpenMlsRustCrypto;
[INFO] [stdout]   |     ^^^^^^^^^^^^^^^^^^^ use of undeclared crate or module `openmls_rust_crypto`
[INFO] [stdout] 
[INFO] [stdout] 
[INFO] [stdout] error[E0432]: unresolved import `openmls_rust_crypto`
[INFO] [stdout]   --> src/treesync/tests_and_kats/tests/test_diff.rs:11:5
[INFO] [stdout]    |
[INFO] [stdout] 11 | use openmls_rust_crypto::OpenMlsRustCrypto;
[INFO] [stdout]    |     ^^^^^^^^^^^^^^^^^^^ use of undeclared crate or module `openmls_rust_crypto`
[INFO] [stdout] 
[INFO] [stdout] 
[INFO] [stdout] error[E0432]: unresolved import `openmls_rust_crypto`
[INFO] [stdout]  --> src/tree/tests_and_kats/unit_tests/test_secret_tree.rs:1:5
[INFO] [stdout]   |
[INFO] [stdout] 1 | use openmls_rust_crypto::OpenMlsRustCrypto;
[INFO] [stdout]   |     ^^^^^^^^^^^^^^^^^^^ use of undeclared crate or module `openmls_rust_crypto`
[INFO] [stdout] 
[INFO] [stdout] 
[INFO] [stdout] error[E0432]: unresolved import `openmls_rust_crypto`
[INFO] [stdout]  --> src/tree/tests_and_kats/unit_tests/test_sender_ratchet.rs:1:5
[INFO] [stdout]   |
[INFO] [stdout] 1 | use openmls_rust_crypto::OpenMlsRustCrypto;
[INFO] [stdout]   |     ^^^^^^^^^^^^^^^^^^^ use of undeclared crate or module `openmls_rust_crypto`
[INFO] [stdout] 
[INFO] [stdout] 
[INFO] [stdout] error[E0432]: unresolved import `openmls_rust_crypto`
[INFO] [stdout]    --> src/tree/tests_and_kats/kats/kat_encryption.rs:103:5
[INFO] [stdout]     |
[INFO] [stdout] 103 | use openmls_rust_crypto::OpenMlsRustCrypto;
[INFO] [stdout]     |     ^^^^^^^^^^^^^^^^^^^ use of undeclared crate or module `openmls_rust_crypto`
[INFO] [stdout] 
[INFO] [stdout] 
[INFO] [stdout] error[E0432]: unresolved import `openmls::test_utils`
[INFO] [stdout]  --> tests/test_credentials.rs:3:27
[INFO] [stdout]   |
[INFO] [stdout] 3 | use openmls::{prelude::*, test_utils::*, *};
[INFO] [stdout]   |                           ^^^^^^^^^^ could not find `test_utils` in `openmls`
[INFO] [stdout] 
[INFO] [stdout] 
[INFO] [stdout] error[E0433]: failed to resolve: could not find `test_utils` in `openmls`
[INFO] [stdout]  --> tests/test_managed_api.rs:3:5
[INFO] [stdout]   |
[INFO] [stdout] 3 |     test_utils::test_framework::{ActionType, CodecUse, MlsGroupTestSetup},
[INFO] [stdout]   |     ^^^^^^^^^^ could not find `test_utils` in `openmls`
[INFO] [stdout] 
[INFO] [stdout] 
[INFO] [stdout] error[E0433]: failed to resolve: could not find `test_utils` in `openmls`
[INFO] [stdout]  --> tests/test_decryption_key_index.rs:4:5
[INFO] [stdout]   |
[INFO] [stdout] 4 |     test_utils::{
[INFO] [stdout]   |     ^^^^^^^^^^ could not find `test_utils` in `openmls`
[INFO] [stdout] 
[INFO] [stdout] 
[INFO] [stdout] error[E0432]: unresolved import `openmls::test_utils`
[INFO] [stdout]  --> tests/test_managed_api.rs:4:5
[INFO] [stdout]   |
[INFO] [stdout] 4 |     test_utils::*,
[INFO] [stdout]   |     ^^^^^^^^^^ could not find `test_utils` in `openmls`
[INFO] [stdout] 
[INFO] [stdout] 
[INFO] [stdout] error[E0432]: unresolved import `openmls::test_utils`
[INFO] [stdout]  --> tests/test_decryption_key_index.rs:4:5
[INFO] [stdout]   |
[INFO] [stdout] 4 |     test_utils::{
[INFO] [stdout]   |     ^^^^^^^^^^ could not find `test_utils` in `openmls`
[INFO] [stdout] 
[INFO] [stdout] 
[INFO] [stdout] error: cannot find attribute `apply` in this scope
[INFO] [stdout]  --> tests/test_credentials.rs:6:3
[INFO] [stdout]   |
[INFO] [stdout] 6 | #[apply(ciphersuites_and_backends)]
[INFO] [stdout]   |   ^^^^^
[INFO] [stdout]   |
[INFO] [stdout]   = help: consider importing this attribute macro:
[INFO] [stdout]           rstest_reuse::apply
[INFO] [stdout] 
[INFO] [stdout] 
[INFO] [stdout] warning: unused import: `*`
[INFO] [stdout]  --> tests/test_credentials.rs:3:42
[INFO] [stdout]   |
[INFO] [stdout] 3 | use openmls::{prelude::*, test_utils::*, *};
[INFO] [stdout]   |                                          ^
[INFO] [stdout]   |
[INFO] [stdout]   = note: `#[warn(unused_imports)]` on by default
[INFO] [stdout] 
[INFO] [stdout] 
[INFO] [stdout] error[E0433]: failed to resolve: could not find `test_utils` in `openmls`
[INFO] [stdout]  --> tests/test_interop_scenarios.rs:3:5
[INFO] [stdout]   |
[INFO] [stdout] 3 |     test_utils::test_framework::{ActionType, CodecUse, MlsGroupTestSetup},
[INFO] [stdout]   |     ^^^^^^^^^^ could not find `test_utils` in `openmls`
[INFO] [stdout] 
[INFO] [stdout] 
[INFO] [stdout] error: cannot find attribute `apply` in this scope
[INFO] [stdout]  --> tests/test_managed_api.rs:8:3
[INFO] [stdout]   |
[INFO] [stdout] 8 | #[apply(ciphersuites)]
[INFO] [stdout]   |   ^^^^^
[INFO] [stdout]   |
[INFO] [stdout]   = help: consider importing this attribute macro:
[INFO] [stdout]           rstest_reuse::apply
[INFO] [stdout] 
[INFO] [stdout] 
[INFO] [stdout] warning: unused import: `*`
[INFO] [stdout]  --> tests/test_managed_api.rs:5:5
[INFO] [stdout]   |
[INFO] [stdout] 5 |     *,
[INFO] [stdout]   |     ^
[INFO] [stdout]   |
[INFO] [stdout]   = note: `#[warn(unused_imports)]` on by default
[INFO] [stdout] 
[INFO] [stdout] 
[INFO] [stdout] error[E0432]: unresolved import `openmls::test_utils`
[INFO] [stdout]  --> tests/test_interop_scenarios.rs:4:5
[INFO] [stdout]   |
[INFO] [stdout] 4 |     test_utils::*,
[INFO] [stdout]   |     ^^^^^^^^^^ could not find `test_utils` in `openmls`
[INFO] [stdout] 
[INFO] [stdout] 
[INFO] [stdout] error: cannot find attribute `apply` in this scope
[INFO] [stdout]   --> tests/test_decryption_key_index.rs:11:3
[INFO] [stdout]    |
[INFO] [stdout] 11 | #[apply(ciphersuites)]
[INFO] [stdout]    |   ^^^^^
[INFO] [stdout]    |
[INFO] [stdout]    = help: consider importing this attribute macro:
[INFO] [stdout]            rstest_reuse::apply
[INFO] [stdout] 
[INFO] [stdout] 
[INFO] [stdout] warning: unused import: `*`
[INFO] [stdout]  --> tests/test_decryption_key_index.rs:8:5
[INFO] [stdout]   |
[INFO] [stdout] 8 |     *,
[INFO] [stdout]   |     ^
[INFO] [stdout]   |
[INFO] [stdout]   = note: `#[warn(unused_imports)]` on by default
[INFO] [stdout] 
[INFO] [stdout] 
[INFO] [stdout] error[E0432]: unresolved import `openmls::test_utils`
[INFO] [stdout]  --> tests/test_key_packages.rs:3:27
[INFO] [stdout]   |
[INFO] [stdout] 3 | use openmls::{prelude::*, test_utils::*, *};
[INFO] [stdout]   |                           ^^^^^^^^^^ could not find `test_utils` in `openmls`
[INFO] [stdout] 
[INFO] [stdout] 
[INFO] [stdout] error[E0432]: unresolved import `openmls::test_utils`
[INFO] [stdout]  --> tests/test_mls_group.rs:1:27
[INFO] [stdout]   |
[INFO] [stdout] 1 | use openmls::{prelude::*, test_utils::*, *};
[INFO] [stdout]   |                           ^^^^^^^^^^ could not find `test_utils` in `openmls`
[INFO] [stdout] 
[INFO] [stdout] 
[INFO] [stdout] error[E0432]: unresolved import `openmls_rust_crypto`
[INFO] [stdout]  --> tests/test_mls_group.rs:4:5
[INFO] [stdout]   |
[INFO] [stdout] 4 | use openmls_rust_crypto::OpenMlsRustCrypto;
[INFO] [stdout]   |     ^^^^^^^^^^^^^^^^^^^ use of undeclared crate or module `openmls_rust_crypto`
[INFO] [stdout] 
[INFO] [stdout] 
[INFO] [stdout] error[E0432]: unresolved import `openmls::test_utils`
[INFO] [stdout]  --> tests/key_store.rs:2:27
[INFO] [stdout]   |
[INFO] [stdout] 2 | use openmls::{prelude::*, test_utils::*, *};
[INFO] [stdout]   |                           ^^^^^^^^^^ could not find `test_utils` in `openmls`
[INFO] [stdout] 
[INFO] [stdout] 
[INFO] [stdout] error[E0432]: unresolved import `openmls::test_utils`
[INFO] [stdout]  --> tests/book_code.rs:1:27
[INFO] [stdout]   |
[INFO] [stdout] 1 | use openmls::{prelude::*, test_utils::*, *};
[INFO] [stdout]   |                           ^^^^^^^^^^ could not find `test_utils` in `openmls`
[INFO] [stdout] 
[INFO] [stdout] 
[INFO] [stdout] error[E0432]: unresolved import `openmls_rust_crypto`
[INFO] [stdout]  --> tests/book_code.rs:4:5
[INFO] [stdout]   |
[INFO] [stdout] 4 | use openmls_rust_crypto::OpenMlsRustCrypto;
[INFO] [stdout]   |     ^^^^^^^^^^^^^^^^^^^ use of undeclared crate or module `openmls_rust_crypto`
[INFO] [stdout] 
[INFO] [stdout] 
[INFO] [stdout] error: cannot find attribute `apply` in this scope
[INFO] [stdout]   --> tests/test_mls_group.rs:77:3
[INFO] [stdout]    |
[INFO] [stdout] 77 | #[apply(ciphersuites_and_backends)]
[INFO] [stdout]    |   ^^^^^
[INFO] [stdout]    |
[INFO] [stdout]    = help: consider importing this attribute macro:
[INFO] [stdout]            rstest_reuse::apply
[INFO] [stdout] 
[INFO] [stdout] 
[INFO] [stdout] error: cannot find attribute `apply` in this scope
[INFO] [stdout]    --> tests/test_mls_group.rs:919:3
[INFO] [stdout]     |
[INFO] [stdout] 919 | #[apply(ciphersuites_and_backends)]
[INFO] [stdout]     |   ^^^^^
[INFO] [stdout]     |
[INFO] [stdout]     = help: consider importing this attribute macro:
[INFO] [stdout]             rstest_reuse::apply
[INFO] [stdout] 
[INFO] [stdout] 
[INFO] [stdout] error: cannot find attribute `apply` in this scope
[INFO] [stdout]    --> tests/test_mls_group.rs:967:3
[INFO] [stdout]     |
[INFO] [stdout] 967 | #[apply(ciphersuites_and_backends)]
[INFO] [stdout]     |   ^^^^^
[INFO] [stdout]     |
[INFO] [stdout]     = help: consider importing this attribute macro:
[INFO] [stdout]             rstest_reuse::apply
[INFO] [stdout] 
[INFO] [stdout] 
[INFO] [stdout] error[E0599]: no function or associated item named `test_default` found for struct `openmls::group::MlsGroupConfig` in the current scope
[INFO] [stdout]   --> tests/test_managed_api.rs:11:44
[INFO] [stdout]    |
[INFO] [stdout] 11 |     let mls_group_config = MlsGroupConfig::test_default();
[INFO] [stdout]    |                                            ^^^^^^^^^^^^ function or associated item not found in `MlsGroupConfig`
[INFO] [stdout] 
[INFO] [stdout] 
[INFO] [stdout] error: cannot find attribute `apply` in this scope
[INFO] [stdout]  --> tests/test_key_packages.rs:5:3
[INFO] [stdout]   |
[INFO] [stdout] 5 | #[apply(ciphersuites_and_backends)]
[INFO] [stdout]   |   ^^^^^
[INFO] [stdout]   |
[INFO] [stdout]   = help: consider importing this attribute macro:
[INFO] [stdout]           rstest_reuse::apply
[INFO] [stdout] 
[INFO] [stdout] 
[INFO] [stdout] error[E0599]: no function or associated item named `from_parts` found for struct `openmls::prelude::SignatureKeypair` in the current scope
[INFO] [stdout]   --> tests/test_credentials.rs:19:47
[INFO] [stdout]    |
[INFO] [stdout] 19 |     let signature_keypair = SignatureKeypair::from_parts(public_key, private_key);
[INFO] [stdout]    |                                               ^^^^^^^^^^ function or associated item not found in `SignatureKeypair`
[INFO] [stdout] 
[INFO] [stdout] 
[INFO] [stdout] error[E0369]: binary operation `==` cannot be applied to type `SignaturePrivateKey`
[INFO] [stdout]   --> tests/test_credentials.rs:26:5
[INFO] [stdout]    |
[INFO] [stdout] 26 |     assert_eq!(signature_private_key, original_private_key);
[INFO] [stdout]    |     ^^^^^^^^^^^^^^^^^^^^^^^^^^^^^^^^^^^^^^^^^^^^^^^^^^^^^^^
[INFO] [stdout]    |     |
[INFO] [stdout]    |     SignaturePrivateKey
[INFO] [stdout]    |     SignaturePrivateKey
[INFO] [stdout]    |
[INFO] [stdout]    = note: this error originates in the macro `assert_eq` (in Nightly builds, run with -Z macro-backtrace for more info)
[INFO] [stdout] 
[INFO] [stdout] 
[INFO] [stdout] warning: unused import: `*`
[INFO] [stdout]  --> tests/test_mls_group.rs:1:42
[INFO] [stdout]   |
[INFO] [stdout] 1 | use openmls::{prelude::*, test_utils::*, *};
[INFO] [stdout]   |                                          ^
[INFO] [stdout]   |
[INFO] [stdout]   = note: `#[warn(unused_imports)]` on by default
[INFO] [stdout] 
[INFO] [stdout] 
[INFO] [stdout] error[E0412]: cannot find type `KeyPackageBundlePayload` in this scope
[INFO] [stdout]    --> tests/test_key_packages.rs:65:27
[INFO] [stdout]     |
[INFO] [stdout] 65  |     let mut kpb_unsigned: KeyPackageBundlePayload = kpb.into();
[INFO] [stdout]     |                           ^^^^^^^^^^^^^^^^^^^^^^^ help: a struct with a similar name exists: `KeyPackageBundle`
[INFO] [stdout]     |
[INFO] [stdout]    ::: /opt/rustwide/workdir/src/key_packages/mod.rs:532:1
[INFO] [stdout]     |
[INFO] [stdout] 532 | pub struct KeyPackageBundle {
[INFO] [stdout]     | --------------------------- similarly named struct `KeyPackageBundle` defined here
[INFO] [stdout] 
[INFO] [stdout] 
[INFO] [stdout] warning: unused import: `*`
[INFO] [stdout]  --> tests/test_key_packages.rs:3:42
[INFO] [stdout]   |
[INFO] [stdout] 3 | use openmls::{prelude::*, test_utils::*, *};
[INFO] [stdout]   |                                          ^
[INFO] [stdout]   |
[INFO] [stdout]   = note: `#[warn(unused_imports)]` on by default
[INFO] [stdout] 
[INFO] [stdout] 
[INFO] [stdout] error: aborting due to 4 previous errors; 1 warning emitted
[INFO] [stdout] 
[INFO] [stdout] 
[INFO] [stdout] Some errors have detailed explanations: E0432, E0433, E0599.
[INFO] [stdout] 
[INFO] [stdout] For more information about an error, try `rustc --explain E0432`.
[INFO] [stdout] 
[INFO] [stdout] error: cannot find attribute `apply` in this scope
[INFO] [stdout]    --> tests/test_interop_scenarios.rs:269:3
[INFO] [stdout]     |
[INFO] [stdout] 269 | #[apply(ciphersuites)]
[INFO] [stdout]     |   ^^^^^
[INFO] [stdout]     |
[INFO] [stdout]     = help: consider importing this attribute macro:
[INFO] [stdout]             rstest_reuse::apply
[INFO] [stdout] 
[INFO] [stdout] 
[INFO] [stdout] error: cannot find attribute `apply` in this scope
[INFO] [stdout]    --> tests/test_interop_scenarios.rs:215:3
[INFO] [stdout]     |
[INFO] [stdout] 215 | #[apply(ciphersuites)]
[INFO] [stdout]     |   ^^^^^
[INFO] [stdout]     |
[INFO] [stdout]     = help: consider importing this attribute macro:
[INFO] [stdout]             rstest_reuse::apply
[INFO] [stdout] 
[INFO] [stdout] 
[INFO] [stdout] error: cannot find attribute `apply` in this scope
[INFO] [stdout]   --> tests/key_store.rs:43:3
[INFO] [stdout]    |
[INFO] [stdout] 43 | #[apply(ciphersuites_and_backends)]
[INFO] [stdout]    |   ^^^^^
[INFO] [stdout]    |
[INFO] [stdout]    = help: consider importing this attribute macro:
[INFO] [stdout]            rstest_reuse::apply
[INFO] [stdout] 
[INFO] [stdout] 
[INFO] [stdout] error: cannot find attribute `apply` in this scope
[INFO] [stdout]    --> tests/test_interop_scenarios.rs:172:3
[INFO] [stdout]     |
[INFO] [stdout] 172 | #[apply(ciphersuites)]
[INFO] [stdout]     |   ^^^^^
[INFO] [stdout]     |
[INFO] [stdout]     = help: consider importing this attribute macro:
[INFO] [stdout]             rstest_reuse::apply
[INFO] [stdout] 
[INFO] [stdout] 
[INFO] [stdout] error: cannot find attribute `apply` in this scope
[INFO] [stdout]  --> tests/key_store.rs:5:3
[INFO] [stdout]   |
[INFO] [stdout] 5 | #[apply(ciphersuites_and_backends)]
[INFO] [stdout]   |   ^^^^^
[INFO] [stdout]   |
[INFO] [stdout]   = help: consider importing this attribute macro:
[INFO] [stdout]           rstest_reuse::apply
[INFO] [stdout] 
[INFO] [stdout] 
[INFO] [stdout] error: cannot find attribute `apply` in this scope
[INFO] [stdout]    --> tests/test_interop_scenarios.rs:124:3
[INFO] [stdout]     |
[INFO] [stdout] 124 | #[apply(ciphersuites)]
[INFO] [stdout]     |   ^^^^^
[INFO] [stdout]     |
[INFO] [stdout]     = help: consider importing this attribute macro:
[INFO] [stdout]             rstest_reuse::apply
[INFO] [stdout] 
[INFO] [stdout] 
[INFO] [stdout] warning: unused import: `*`
[INFO] [stdout]  --> tests/key_store.rs:2:42
[INFO] [stdout]   |
[INFO] [stdout] 2 | use openmls::{prelude::*, test_utils::*, *};
[INFO] [stdout]   |                                          ^
[INFO] [stdout]   |
[INFO] [stdout]   = note: `#[warn(unused_imports)]` on by default
[INFO] [stdout] 
[INFO] [stdout] 
[INFO] [stdout] error: cannot find attribute `apply` in this scope
[INFO] [stdout]   --> tests/test_interop_scenarios.rs:68:3
[INFO] [stdout]    |
[INFO] [stdout] 68 | #[apply(ciphersuites)]
[INFO] [stdout]    |   ^^^^^
[INFO] [stdout]    |
[INFO] [stdout]    = help: consider importing this attribute macro:
[INFO] [stdout]            rstest_reuse::apply
[INFO] [stdout] 
[INFO] [stdout] 
[INFO] [stdout] error: cannot find attribute `apply` in this scope
[INFO] [stdout]   --> tests/test_interop_scenarios.rs:22:3
[INFO] [stdout]    |
[INFO] [stdout] 22 | #[apply(ciphersuites)]
[INFO] [stdout]    |   ^^^^^
[INFO] [stdout]    |
[INFO] [stdout]    = help: consider importing this attribute macro:
[INFO] [stdout]            rstest_reuse::apply
[INFO] [stdout] 
[INFO] [stdout] 
[INFO] [stdout] warning: unused import: `*`
[INFO] [stdout]  --> tests/test_interop_scenarios.rs:5:5
[INFO] [stdout]   |
[INFO] [stdout] 5 |     *,
[INFO] [stdout]   |     ^
[INFO] [stdout]   |
[INFO] [stdout]   = note: `#[warn(unused_imports)]` on by default
[INFO] [stdout] 
[INFO] [stdout] 
[INFO] [stdout] error[E0599]: no function or associated item named `test_default` found for struct `openmls::group::MlsGroupConfig` in the current scope
[INFO] [stdout]   --> tests/test_decryption_key_index.rs:16:44
[INFO] [stdout]    |
[INFO] [stdout] 16 |     let mls_group_config = MlsGroupConfig::test_default();
[INFO] [stdout]    |                                            ^^^^^^^^^^^^ function or associated item not found in `MlsGroupConfig`
[INFO] [stdout] 
[INFO] [stdout] 
[INFO] [stdout] error: cannot find attribute `apply` in this scope
[INFO] [stdout]   --> tests/book_code.rs:97:3
[INFO] [stdout]    |
[INFO] [stdout] 97 | #[apply(ciphersuites_and_backends)]
[INFO] [stdout]    |   ^^^^^
[INFO] [stdout]    |
[INFO] [stdout]    = help: consider importing this attribute macro:
[INFO] [stdout]            rstest_reuse::apply
[INFO] [stdout] 
[INFO] [stdout] 
[INFO] [stdout] error: aborting due to 4 previous errors; 1 warning emitted
[INFO] [stdout] 
[INFO] [stdout] 
[INFO] [stdout] Some errors have detailed explanations: E0369, E0432, E0599.
[INFO] [stdout] 
[INFO] [stdout] For more information about an error, try `rustc --explain E0369`.
[INFO] [stdout] 
[INFO] [stdout] error: aborting due to 4 previous errors; 1 warning emitted
[INFO] [stdout] 
[INFO] [stdout] 
[INFO] [stdout] Some errors have detailed explanations: E0432, E0433, E0599.
[INFO] [stdout] 
[INFO] [stdout] For more information about an error, try `rustc --explain E0432`.
[INFO] [stdout] 
[INFO] [stderr] error: could not compile `openmls` due to 5 previous errors; 1 warning emitted
[INFO] [stderr] warning: build failed, waiting for other jobs to finish...
[INFO] [stdout] error: cannot find attribute `apply` in this scope
[INFO] [stdout]     --> tests/book_code.rs:1089:3
[INFO] [stdout]      |
[INFO] [stdout] 1089 | #[apply(ciphersuites_and_backends)]
[INFO] [stdout]      |   ^^^^^
[INFO] [stdout]      |
[INFO] [stdout]      = help: consider importing this attribute macro:
[INFO] [stdout]              rstest_reuse::apply
[INFO] [stdout] 
[INFO] [stdout] 
[INFO] [stderr] error: could not compile `openmls` due to 5 previous errors; 1 warning emitted
[INFO] [stderr] error: could not compile `openmls` due to 5 previous errors; 1 warning emitted
[INFO] [stdout] warning: unused import: `*`
[INFO] [stdout]  --> tests/book_code.rs:1:42
[INFO] [stdout]   |
[INFO] [stdout] 1 | use openmls::{prelude::*, test_utils::*, *};
[INFO] [stdout]   |                                          ^
[INFO] [stdout]   |
[INFO] [stdout]   = note: `#[warn(unused_imports)]` on by default
[INFO] [stdout] 
[INFO] [stdout] 
[INFO] [stdout] error[E0599]: no function or associated item named `test_default` found for struct `openmls::group::MlsGroupConfig` in the current scope
[INFO] [stdout]   --> tests/test_interop_scenarios.rs:14:21
[INFO] [stdout]    |
[INFO] [stdout] 14 |     MlsGroupConfig::test_default()
[INFO] [stdout]    |                     ^^^^^^^^^^^^ function or associated item not found in `MlsGroupConfig`
[INFO] [stdout] 
[INFO] [stdout] 
[INFO] [stdout] error: aborting due to 3 previous errors; 1 warning emitted
[INFO] [stdout] 
[INFO] [stdout] 
[INFO] [stdout] error[E0369]: binary operation `==` cannot be applied to type `openmls::credentials::CredentialBundle`
[INFO] [stdout]   --> tests/key_store.rs:81:5
[INFO] [stdout]    |
[INFO] [stdout] 81 |     assert_eq!(credential_bundle, credential_bundle_to_store);
[INFO] [stdout]    |     ^^^^^^^^^^^^^^^^^^^^^^^^^^^^^^^^^^^^^^^^^^^^^^^^^^^^^^^^^
[INFO] [stdout]    |     |
[INFO] [stdout]    |     openmls::credentials::CredentialBundle
[INFO] [stdout]    |     openmls::credentials::CredentialBundle
[INFO] [stdout]    |
[INFO] [stdout]    = note: this error originates in the macro `assert_eq` (in Nightly builds, run with -Z macro-backtrace for more info)
[INFO] [stdout] 
[INFO] [stdout] 
[INFO] [stdout] Some errors have detailed explanations: E0412, E0432.
[INFO] [stdout] 
[INFO] [stdout] For more information about an error, try `rustc --explain E0412`.
[INFO] [stdout] 
[INFO] [stdout] error: aborting due to 4 previous errors; 1 warning emitted
[INFO] [stdout] 
[INFO] [stdout] 
[INFO] [stdout] Some errors have detailed explanations: E0369, E0432.
[INFO] [stdout] 
[INFO] [stdout] For more information about an error, try `rustc --explain E0369`.
[INFO] [stdout] 
[INFO] [stderr] error: could not compile `openmls` due to 4 previous errors; 1 warning emitted
[INFO] [stdout] error: aborting due to 9 previous errors; 1 warning emitted
[INFO] [stdout] 
[INFO] [stdout] 
[INFO] [stderr] error: could not compile `openmls` due to 5 previous errors; 1 warning emitted
[INFO] [stdout] Some errors have detailed explanations: E0432, E0433, E0599.
[INFO] [stdout] 
[INFO] [stdout] For more information about an error, try `rustc --explain E0432`.
[INFO] [stdout] 
[INFO] [stderr] error: could not compile `openmls` due to 10 previous errors; 1 warning emitted
[INFO] [stdout] error[E0425]: cannot find function `bytes_to_hex` in this scope
[INFO] [stdout]    --> tests/test_mls_group.rs:889:20
[INFO] [stdout]     |
[INFO] [stdout] 889 |         let name = bytes_to_hex(
[INFO] [stdout]     |                    ^^^^^^^^^^^^ not found in this scope
[INFO] [stdout] 
[INFO] [stdout] 
[INFO] [stdout] error[E0599]: no function or associated item named `test_default` found for struct `openmls::group::MlsGroupConfig` in the current scope
[INFO] [stdout]    --> tests/test_mls_group.rs:938:44
[INFO] [stdout]     |
[INFO] [stdout] 938 |     let mls_group_config = MlsGroupConfig::test_default();
[INFO] [stdout]     |                                            ^^^^^^^^^^^^ function or associated item not found in `MlsGroupConfig`
[INFO] [stdout] 
[INFO] [stdout] 
[INFO] [stdout] error[E0425]: cannot find function `bytes_to_hex` in this scope
[INFO] [stdout]     --> tests/book_code.rs:1060:16
[INFO] [stdout]      |
[INFO] [stdout] 1060 |     let name = bytes_to_hex(
[INFO] [stdout]      |                ^^^^^^^^^^^^ not found in this scope
[INFO] [stdout] 
[INFO] [stdout] 
[INFO] [stdout] error[E0599]: no function or associated item named `test_default` found for struct `openmls::group::MlsGroupConfig` in the current scope
[INFO] [stdout]     --> tests/test_mls_group.rs:1059:48
[INFO] [stdout]      |
[INFO] [stdout] 1059 |         let mls_group_config = MlsGroupConfig::test_default();
[INFO] [stdout]      |                                                ^^^^^^^^^^^^ function or associated item not found in `MlsGroupConfig`
[INFO] [stdout] 
[INFO] [stdout] 
[INFO] [stdout] error: aborting due to 8 previous errors; 1 warning emitted
[INFO] [stdout] 
[INFO] [stdout] 
[INFO] [stdout] Some errors have detailed explanations: E0425, E0432, E0599.
[INFO] [stdout] 
[INFO] [stdout] For more information about an error, try `rustc --explain E0425`.
[INFO] [stdout] 
[INFO] [stderr] error: could not compile `openmls` due to 9 previous errors; 1 warning emitted
[INFO] [stdout] error[E0599]: no function or associated item named `test_default` found for struct `openmls::group::MlsGroupConfig` in the current scope
[INFO] [stdout]     --> tests/book_code.rs:1107:44
[INFO] [stdout]      |
[INFO] [stdout] 1107 |     let mls_group_config = MlsGroupConfig::test_default();
[INFO] [stdout]      |                                            ^^^^^^^^^^^^ function or associated item not found in `MlsGroupConfig`
[INFO] [stdout] 
[INFO] [stdout] 
[INFO] [stdout] error: aborting due to 6 previous errors; 1 warning emitted
[INFO] [stdout] 
[INFO] [stdout] 
[INFO] [stdout] Some errors have detailed explanations: E0425, E0432, E0599.
[INFO] [stdout] 
[INFO] [stdout] For more information about an error, try `rustc --explain E0425`.
[INFO] [stdout] 
[INFO] [stderr] error: could not compile `openmls` due to 7 previous errors; 1 warning emitted
[INFO] [stdout] error[E0599]: no method named `unsigned` found for struct `key_packages::KeyPackageBundle` in the current scope
[INFO] [stdout]    --> src/key_packages/test_key_packages.rs:63:10
[INFO] [stdout]     |
[INFO] [stdout] 61  |       let mut kpb = KeyPackageBundle::new(&[ciphersuite], &credential_bundle, backend, Vec::new())
[INFO] [stdout]     |  ___________________-
[INFO] [stdout] 62  | |         .expect("An unexpected error occurred.")
[INFO] [stdout] 63  | |         .unsigned();
[INFO] [stdout]     | |         -^^^^^^^^ method not found in `KeyPackageBundle`
[INFO] [stdout]     | |_________|
[INFO] [stdout]     | 
[INFO] [stdout]     |
[INFO] [stdout]    ::: src/key_packages/mod.rs:532:1
[INFO] [stdout]     |
[INFO] [stdout] 532 |   pub struct KeyPackageBundle {
[INFO] [stdout]     |   --------------------------- method `unsigned` not found for this struct
[INFO] [stdout] 
[INFO] [stdout] 
[INFO] [stdout] error[E0599]: no method named `unsigned` found for struct `key_packages::KeyPackageBundle` in the current scope
[INFO] [stdout]    --> src/key_packages/test_key_packages.rs:94:23
[INFO] [stdout]     |
[INFO] [stdout] 94  |     let mut kpb = kpb.unsigned();
[INFO] [stdout]     |                       ^^^^^^^^ method not found in `KeyPackageBundle`
[INFO] [stdout]     |
[INFO] [stdout]    ::: src/key_packages/mod.rs:532:1
[INFO] [stdout]     |
[INFO] [stdout] 532 | pub struct KeyPackageBundle {
[INFO] [stdout]     | --------------------------- method `unsigned` not found for this struct
[INFO] [stdout] 
[INFO] [stdout] 
[INFO] [stdout] warning: unused import: `OpenMlsCryptoProvider`
[INFO] [stdout]  --> src/test_utils/test_framework/client.rs:7:70
[INFO] [stdout]   |
[INFO] [stdout] 7 | use openmls_traits::{key_store::OpenMlsKeyStore, types::Ciphersuite, OpenMlsCryptoProvider};
[INFO] [stdout]   |                                                                      ^^^^^^^^^^^^^^^^^^^^^
[INFO] [stdout]   |
[INFO] [stdout]   = note: `#[warn(unused_imports)]` on by default
[INFO] [stdout] 
[INFO] [stdout] 
[INFO] [stdout] warning: unused import: `key_store::OpenMlsKeyStore`
[INFO] [stdout]  --> src/test_utils/test_framework/client.rs:7:22
[INFO] [stdout]   |
[INFO] [stdout] 7 | use openmls_traits::{key_store::OpenMlsKeyStore, types::Ciphersuite, OpenMlsCryptoProvider};
[INFO] [stdout]   |                      ^^^^^^^^^^^^^^^^^^^^^^^^^^
[INFO] [stdout] 
[INFO] [stdout] 
[INFO] [stdout] warning: unused import: `crypto::OpenMlsCrypto`
[INFO] [stdout]   --> src/test_utils/test_framework/mod.rs:36:5
[INFO] [stdout]    |
[INFO] [stdout] 36 |     crypto::OpenMlsCrypto,
[INFO] [stdout]    |     ^^^^^^^^^^^^^^^^^^^^^
[INFO] [stdout] 
[INFO] [stdout] 
[INFO] [stdout] warning: unused import: `OpenMlsCryptoProvider`
[INFO] [stdout]   --> src/test_utils/test_framework/mod.rs:39:5
[INFO] [stdout]    |
[INFO] [stdout] 39 |     OpenMlsCryptoProvider,
[INFO] [stdout]    |     ^^^^^^^^^^^^^^^^^^^^^
[INFO] [stdout] 
[INFO] [stdout] 
[INFO] [stdout] warning: unused import: `key_store::OpenMlsKeyStore`
[INFO] [stdout]   --> src/test_utils/test_framework/mod.rs:37:5
[INFO] [stdout]    |
[INFO] [stdout] 37 |     key_store::OpenMlsKeyStore,
[INFO] [stdout]    |     ^^^^^^^^^^^^^^^^^^^^^^^^^^
[INFO] [stdout] 
[INFO] [stdout] 
[INFO] [stdout] warning: unused import: `openmls_traits::crypto::OpenMlsCrypto`
[INFO] [stdout]    --> src/tree/tests_and_kats/kats/kat_encryption.rs:446:9
[INFO] [stdout]     |
[INFO] [stdout] 446 |     use openmls_traits::crypto::OpenMlsCrypto;
[INFO] [stdout]     |         ^^^^^^^^^^^^^^^^^^^^^^^^^^^^^^^^^^^^^
[INFO] [stdout] 
[INFO] [stdout] 
[INFO] [stdout] warning: unused import: `openmls_traits::random::OpenMlsRand`
[INFO] [stdout]    --> src/tree/tests_and_kats/kats/kat_encryption.rs:302:9
[INFO] [stdout]     |
[INFO] [stdout] 302 |     use openmls_traits::random::OpenMlsRand;
[INFO] [stdout]     |         ^^^^^^^^^^^^^^^^^^^^^^^^^^^^^^^^^^^
[INFO] [stdout] 
[INFO] [stdout] 
[INFO] [stdout] warning: unused import: `random::OpenMlsRand`
[INFO] [stdout]   --> src/schedule/kat_key_schedule.rs:15:33
[INFO] [stdout]    |
[INFO] [stdout] 15 |     key_store::OpenMlsKeyStore, random::OpenMlsRand, types::HpkeKeyPair, OpenMlsCryptoProvider,
[INFO] [stdout]    |                                 ^^^^^^^^^^^^^^^^^^^
[INFO] [stdout] 
[INFO] [stdout] 
[INFO] [stdout] error: aborting due to 43 previous errors; 8 warnings emitted
[INFO] [stdout] 
[INFO] [stdout] 
[INFO] [stdout] Some errors have detailed explanations: E0432, E0433, E0599.
[INFO] [stdout] 
[INFO] [stdout] For more information about an error, try `rustc --explain E0432`.
[INFO] [stdout] 
[INFO] [stderr] error: could not compile `openmls` due to 44 previous errors; 8 warnings emitted
[INFO] running `Command { std: "docker" "inspect" "a803cddeb01611dc493568bfc7d73ed6949e587b366875bbb52a22d23bfe0bc3", kill_on_drop: false }`
[INFO] running `Command { std: "docker" "rm" "-f" "a803cddeb01611dc493568bfc7d73ed6949e587b366875bbb52a22d23bfe0bc3", kill_on_drop: false }`
[INFO] [stdout] a803cddeb01611dc493568bfc7d73ed6949e587b366875bbb52a22d23bfe0bc3
